[INFO] fetching crate gsk4-sys 0.9.2...
[INFO] testing gsk4-sys-0.9.2 against nightly-2024-10-28 for randomize-layout
[INFO] extracting crate gsk4-sys 0.9.2 into /workspace/builds/worker-0-tc1/source
[INFO] validating manifest of crates.io crate gsk4-sys 0.9.2 on toolchain nightly-2024-10-28
[INFO] running `Command { std: CARGO_HOME="/workspace/cargo-home" RUSTUP_HOME="/workspace/rustup-home" "/workspace/cargo-home/bin/cargo" "+nightly-2024-10-28" "metadata" "--manifest-path" "Cargo.toml" "--no-deps", kill_on_drop: false }`
[INFO] started tweaking crates.io crate gsk4-sys 0.9.2
[INFO] removed 0 missing tests
[INFO] finished tweaking crates.io crate gsk4-sys 0.9.2
[INFO] tweaked toml for crates.io crate gsk4-sys 0.9.2 written to /workspace/builds/worker-0-tc1/source/Cargo.toml
[INFO] running `Command { std: CARGO_HOME="/workspace/cargo-home" RUSTUP_HOME="/workspace/rustup-home" "/workspace/cargo-home/bin/cargo" "+nightly-2024-10-28" "generate-lockfile" "--manifest-path" "Cargo.toml", kill_on_drop: false }`
[INFO] [stderr]     Blocking waiting for file lock on package cache
[INFO] [stderr]     Updating crates.io index
[INFO] [stderr]      Locking 51 packages to latest compatible versions
[INFO] running `Command { std: CARGO_HOME="/workspace/cargo-home" RUSTUP_HOME="/workspace/rustup-home" "/workspace/cargo-home/bin/cargo" "+nightly-2024-10-28" "fetch" "--manifest-path" "Cargo.toml", kill_on_drop: false }`
[INFO] [stderr]  Downloading crates ...
[INFO] [stderr]   Downloaded system-deps v7.0.3
[INFO] [stderr]   Downloaded gio-sys v0.20.5
[INFO] [stderr]   Downloaded graphene-sys v0.20.4
[INFO] [stderr]   Downloaded gobject-sys v0.20.4
[INFO] [stderr]   Downloaded pango-sys v0.20.4
[INFO] [stderr]   Downloaded gdk4-sys v0.9.3
[INFO] [stderr]   Downloaded cairo-sys-rs v0.20.0
[INFO] [stderr]   Downloaded gdk-pixbuf-sys v0.20.4
[INFO] [stderr]   Downloaded glib-sys v0.20.5
[INFO] [stderr]   Downloaded cfg-expr v0.17.0
[INFO] running `Command { std: "docker" "create" "-v" "/var/lib/crater-agent-workspace/builds/worker-0-tc1/target:/opt/rustwide/target:rw,Z" "-v" "/var/lib/crater-agent-workspace/builds/worker-0-tc1/source:/opt/rustwide/workdir:ro,Z" "-v" "/var/lib/crater-agent-workspace/cargo-home:/opt/rustwide/cargo-home:ro,Z" "-v" "/var/lib/crater-agent-workspace/rustup-home:/opt/rustwide/rustup-home:ro,Z" "-e" "SOURCE_DIR=/opt/rustwide/workdir" "-e" "CARGO_TARGET_DIR=/opt/rustwide/target" "-e" "CARGO_HOME=/opt/rustwide/cargo-home" "-e" "RUSTUP_HOME=/opt/rustwide/rustup-home" "-w" "/opt/rustwide/workdir" "-m" "1610612736" "--user" "0:0" "--network" "none" "ghcr.io/rust-lang/crates-build-env/linux@sha256:4a844ea9eb2546a2d2c7022eacef16ef2e8229c7fbb2c7d4d55a9ceca922f72d" "/opt/rustwide/cargo-home/bin/cargo" "+nightly-2024-10-28" "metadata" "--no-deps" "--format-version=1", kill_on_drop: false }`
[INFO] [stdout] 9b723041b0a41f022f682dd9e379d33a5d8dfcef7e6b2b2d9d4fc1eebd05c857
[INFO] running `Command { std: "docker" "start" "-a" "9b723041b0a41f022f682dd9e379d33a5d8dfcef7e6b2b2d9d4fc1eebd05c857", kill_on_drop: false }`
[INFO] running `Command { std: "docker" "inspect" "9b723041b0a41f022f682dd9e379d33a5d8dfcef7e6b2b2d9d4fc1eebd05c857", kill_on_drop: false }`
[INFO] running `Command { std: "docker" "rm" "-f" "9b723041b0a41f022f682dd9e379d33a5d8dfcef7e6b2b2d9d4fc1eebd05c857", kill_on_drop: false }`
[INFO] [stdout] 9b723041b0a41f022f682dd9e379d33a5d8dfcef7e6b2b2d9d4fc1eebd05c857
[INFO] running `Command { std: "docker" "create" "-v" "/var/lib/crater-agent-workspace/builds/worker-0-tc1/target:/opt/rustwide/target:rw,Z" "-v" "/var/lib/crater-agent-workspace/builds/worker-0-tc1/source:/opt/rustwide/workdir:ro,Z" "-v" "/var/lib/crater-agent-workspace/cargo-home:/opt/rustwide/cargo-home:ro,Z" "-v" "/var/lib/crater-agent-workspace/rustup-home:/opt/rustwide/rustup-home:ro,Z" "-e" "SOURCE_DIR=/opt/rustwide/workdir" "-e" "CARGO_TARGET_DIR=/opt/rustwide/target" "-e" "CARGO_INCREMENTAL=0" "-e" "RUST_BACKTRACE=full" "-e" "RUSTFLAGS=--cap-lints=forbid" "-e" "RUSTDOCFLAGS=--cap-lints=forbid" "-e" "CARGO_HOME=/opt/rustwide/cargo-home" "-e" "RUSTUP_HOME=/opt/rustwide/rustup-home" "-w" "/opt/rustwide/workdir" "-m" "1610612736" "--user" "0:0" "--network" "none" "ghcr.io/rust-lang/crates-build-env/linux@sha256:4a844ea9eb2546a2d2c7022eacef16ef2e8229c7fbb2c7d4d55a9ceca922f72d" "/opt/rustwide/cargo-home/bin/cargo" "+nightly-2024-10-28" "build" "--frozen" "--message-format=json", kill_on_drop: false }`
[INFO] [stdout] dc8d3ee43849c8ecd960a468495fc9f7bd014597c7e07ea6b8b9372cab8c46cb
[INFO] running `Command { std: "docker" "start" "-a" "dc8d3ee43849c8ecd960a468495fc9f7bd014597c7e07ea6b8b9372cab8c46cb", kill_on_drop: false }`
[INFO] [stderr]    Compiling serde v1.0.214
[INFO] [stderr]    Compiling target-lexicon v0.12.16
[INFO] [stderr]    Compiling hashbrown v0.15.0
[INFO] [stderr]    Compiling equivalent v1.0.1
[INFO] [stderr]    Compiling winnow v0.6.20
[INFO] [stderr]    Compiling smallvec v1.13.2
[INFO] [stderr]    Compiling version-compare v0.2.0
[INFO] [stderr]    Compiling indexmap v2.6.0
[INFO] [stderr]    Compiling cfg-expr v0.17.0
[INFO] [stderr]    Compiling serde_spanned v0.6.8
[INFO] [stderr]    Compiling toml_datetime v0.6.8
[INFO] [stderr]    Compiling toml_edit v0.22.22
[INFO] [stderr]    Compiling toml v0.8.19
[INFO] [stderr]    Compiling system-deps v7.0.3
[INFO] [stderr]    Compiling glib-sys v0.20.5
[INFO] [stderr]    Compiling gobject-sys v0.20.4
[INFO] [stderr]    Compiling gio-sys v0.20.5
[INFO] [stderr]    Compiling gdk-pixbuf-sys v0.20.4
[INFO] [stderr]    Compiling pango-sys v0.20.4
[INFO] [stderr]    Compiling cairo-sys-rs v0.20.0
[INFO] [stderr]    Compiling gdk4-sys v0.9.3
[INFO] [stderr]    Compiling graphene-sys v0.20.4
[INFO] [stderr]    Compiling gsk4-sys v0.9.2 (/opt/rustwide/workdir)
[INFO] [stderr]     Finished `dev` profile [unoptimized + debuginfo] target(s) in 7.33s
[INFO] running `Command { std: "docker" "inspect" "dc8d3ee43849c8ecd960a468495fc9f7bd014597c7e07ea6b8b9372cab8c46cb", kill_on_drop: false }`
[INFO] running `Command { std: "docker" "rm" "-f" "dc8d3ee43849c8ecd960a468495fc9f7bd014597c7e07ea6b8b9372cab8c46cb", kill_on_drop: false }`
[INFO] [stdout] dc8d3ee43849c8ecd960a468495fc9f7bd014597c7e07ea6b8b9372cab8c46cb
[INFO] running `Command { std: "docker" "create" "-v" "/var/lib/crater-agent-workspace/builds/worker-0-tc1/target:/opt/rustwide/target:rw,Z" "-v" "/var/lib/crater-agent-workspace/builds/worker-0-tc1/source:/opt/rustwide/workdir:ro,Z" "-v" "/var/lib/crater-agent-workspace/cargo-home:/opt/rustwide/cargo-home:ro,Z" "-v" "/var/lib/crater-agent-workspace/rustup-home:/opt/rustwide/rustup-home:ro,Z" "-e" "SOURCE_DIR=/opt/rustwide/workdir" "-e" "CARGO_TARGET_DIR=/opt/rustwide/target" "-e" "CARGO_INCREMENTAL=0" "-e" "RUST_BACKTRACE=full" "-e" "RUSTFLAGS=--cap-lints=forbid" "-e" "RUSTDOCFLAGS=--cap-lints=forbid" "-e" "CARGO_HOME=/opt/rustwide/cargo-home" "-e" "RUSTUP_HOME=/opt/rustwide/rustup-home" "-w" "/opt/rustwide/workdir" "-m" "1610612736" "--user" "0:0" "--network" "none" "ghcr.io/rust-lang/crates-build-env/linux@sha256:4a844ea9eb2546a2d2c7022eacef16ef2e8229c7fbb2c7d4d55a9ceca922f72d" "/opt/rustwide/cargo-home/bin/cargo" "+nightly-2024-10-28" "test" "--frozen" "--no-run" "--message-format=json", kill_on_drop: false }`
[INFO] [stdout] 800e5d967027e76a7fa9f055ccbcbef1da1363b0d32afde923fcf32152d261f2
[INFO] running `Command { std: "docker" "start" "-a" "800e5d967027e76a7fa9f055ccbcbef1da1363b0d32afde923fcf32152d261f2", kill_on_drop: false }`
[INFO] [stderr]    Compiling once_cell v1.20.2
[INFO] [stderr]    Compiling shell-words v1.1.0
[INFO] [stderr]    Compiling tempfile v3.13.0
[INFO] [stderr]    Compiling gsk4-sys v0.9.2 (/opt/rustwide/workdir)
[INFO] [stderr]     Finished `test` profile [unoptimized + debuginfo] target(s) in 0.64s
[INFO] running `Command { std: "docker" "inspect" "800e5d967027e76a7fa9f055ccbcbef1da1363b0d32afde923fcf32152d261f2", kill_on_drop: false }`
[INFO] running `Command { std: "docker" "rm" "-f" "800e5d967027e76a7fa9f055ccbcbef1da1363b0d32afde923fcf32152d261f2", kill_on_drop: false }`
[INFO] [stdout] 800e5d967027e76a7fa9f055ccbcbef1da1363b0d32afde923fcf32152d261f2
[INFO] running `Command { std: "docker" "create" "-v" "/var/lib/crater-agent-workspace/builds/worker-0-tc1/target:/opt/rustwide/target:rw,Z" "-v" "/var/lib/crater-agent-workspace/builds/worker-0-tc1/source:/opt/rustwide/workdir:ro,Z" "-v" "/var/lib/crater-agent-workspace/cargo-home:/opt/rustwide/cargo-home:ro,Z" "-v" "/var/lib/crater-agent-workspace/rustup-home:/opt/rustwide/rustup-home:ro,Z" "-e" "SOURCE_DIR=/opt/rustwide/workdir" "-e" "CARGO_TARGET_DIR=/opt/rustwide/target" "-e" "CARGO_INCREMENTAL=0" "-e" "RUST_BACKTRACE=full" "-e" "RUSTFLAGS=--cap-lints=forbid" "-e" "RUSTDOCFLAGS=--cap-lints=forbid" "-e" "CARGO_HOME=/opt/rustwide/cargo-home" "-e" "RUSTUP_HOME=/opt/rustwide/rustup-home" "-w" "/opt/rustwide/workdir" "-m" "1610612736" "--user" "0:0" "--network" "none" "ghcr.io/rust-lang/crates-build-env/linux@sha256:4a844ea9eb2546a2d2c7022eacef16ef2e8229c7fbb2c7d4d55a9ceca922f72d" "/opt/rustwide/cargo-home/bin/cargo" "+nightly-2024-10-28" "test" "--frozen", kill_on_drop: false }`
[INFO] [stdout] 1377c6b08f78f94b44535b64e4670fcefab1fd7c7f58372344fe2e4505d4095f
[INFO] running `Command { std: "docker" "start" "-a" "1377c6b08f78f94b44535b64e4670fcefab1fd7c7f58372344fe2e4505d4095f", kill_on_drop: false }`
[INFO] [stderr]     Finished `test` profile [unoptimized + debuginfo] target(s) in 0.03s
[INFO] [stderr]      Running unittests src/lib.rs (/opt/rustwide/target/debug/deps/gsk4_sys-b21704b3bb1c1261)
[INFO] [stdout] 
[INFO] [stdout] running 0 tests
[INFO] [stdout] 
[INFO] [stdout] test result: ok. 0 passed; 0 failed; 0 ignored; 0 measured; 0 filtered out; finished in 0.00s
[INFO] [stdout] 
[INFO] [stderr]      Running tests/abi.rs (/opt/rustwide/target/debug/deps/abi-c4f515d043eb1582)
[INFO] [stdout] 
[INFO] [stdout] running 2 tests
[INFO] [stderr] tests/constant.c: In function 'main':
[INFO] [stderr] tests/constant.c:62:27: error: 'GSK_FILL_NODE' undeclared (first use in this function); did you mean 'GSK_CLIP_NODE'?
[INFO] [stderr]    62 |     PRINT_CONSTANT((gint) GSK_FILL_NODE);
[INFO] [stderr]       |                           ^~~~~~~~~~~~~
[INFO] [stderr] tests/constant.c:10:22: note: in definition of macro 'PRINT_CONSTANT'
[INFO] [stderr]    10 |     printf(_Generic((CONSTANT_NAME), \
[INFO] [stderr]       |                      ^~~~~~~~~~~~~
[INFO] [stderr] tests/constant.c:62:27: note: each undeclared identifier is reported only once for each function it appears in
[INFO] [stderr]    62 |     PRINT_CONSTANT((gint) GSK_FILL_NODE);
[INFO] [stderr]       |                           ^~~~~~~~~~~~~
[INFO] [stderr] tests/constant.c:10:22: note: in definition of macro 'PRINT_CONSTANT'
[INFO] [stderr]    10 |     printf(_Generic((CONSTANT_NAME), \
[INFO] [stderr]       |                      ^~~~~~~~~~~~~
[INFO] [stderr] tests/layout.c: In function 'main':
[INFO] [stderr] tests/layout.c:13:50: error: 'GskFillRule' undeclared (first use in this function)
[INFO] [stderr]    13 |     printf("%s;%zu;%zu\n", "GskFillRule", sizeof(GskFillRule), alignof(GskFillRule));
[INFO] [stderr]       |                                                  ^~~~~~~~~~~
[INFO] [stderr] tests/layout.c:13:50: note: each undeclared identifier is reported only once for each function it appears in
[INFO] [stderr] tests/layout.c:16:49: error: 'GskLineCap' undeclared (first use in this function)
[INFO] [stderr]    16 |     printf("%s;%zu;%zu\n", "GskLineCap", sizeof(GskLineCap), alignof(GskLineCap));
[INFO] [stderr]       |                                                 ^~~~~~~~~~
[INFO] [stderr] tests/constant.c:63:27: error: 'GSK_FILL_RULE_EVEN_ODD' undeclared (first use in this function); did you mean 'CAIRO_FILL_RULE_EVEN_ODD'?
[INFO] [stderr]    63 |     PRINT_CONSTANT((gint) GSK_FILL_RULE_EVEN_ODD);
[INFO] [stderr]       |                           ^~~~~~~~~~~~~~~~~~~~~~
[INFO] [stderr] tests/constant.c:10:22: note: in definition of macro 'PRINT_CONSTANT'
[INFO] [stderr]    10 |     printf(_Generic((CONSTANT_NAME), \
[INFO] [stderr]       |                      ^~~~~~~~~~~~~
[INFO] [stderr] tests/layout.c:17:50: error: 'GskLineJoin' undeclared (first use in this function)
[INFO] [stderr]    17 |     printf("%s;%zu;%zu\n", "GskLineJoin", sizeof(GskLineJoin), alignof(GskLineJoin));
[INFO] [stderr]       |                                                  ^~~~~~~~~~~
[INFO] [stderr] tests/layout.c:18:50: error: 'GskMaskMode' undeclared (first use in this function)
[INFO] [stderr]    18 |     printf("%s;%zu;%zu\n", "GskMaskMode", sizeof(GskMaskMode), alignof(GskMaskMode));
[INFO] [stderr]       |                                                  ^~~~~~~~~~~
[INFO] [stderr] tests/constant.c:64:27: error: 'GSK_FILL_RULE_WINDING' undeclared (first use in this function); did you mean 'CAIRO_FILL_RULE_WINDING'?
[INFO] [stderr]    64 |     PRINT_CONSTANT((gint) GSK_FILL_RULE_WINDING);
[INFO] [stderr]       |                           ^~~~~~~~~~~~~~~~~~~~~
[INFO] [stderr] tests/constant.c:10:22: note: in definition of macro 'PRINT_CONSTANT'
[INFO] [stderr]    10 |     printf(_Generic((CONSTANT_NAME), \
[INFO] [stderr]       |                      ^~~~~~~~~~~~~
[INFO] [stderr] tests/layout.c:20:55: error: 'GskPathDirection' undeclared (first use in this function); did you mean 'PangoDirection'?
[INFO] [stderr]    20 |     printf("%s;%zu;%zu\n", "GskPathDirection", sizeof(GskPathDirection), alignof(GskPathDirection));
[INFO] [stderr]       |                                                       ^~~~~~~~~~~~~~~~
[INFO] [stderr]       |                                                       PangoDirection
[INFO] [stderr] tests/constant.c:76:27: error: 'GSK_LINE_CAP_BUTT' undeclared (first use in this function); did you mean 'CAIRO_LINE_CAP_BUTT'?
[INFO] [stderr]    76 |     PRINT_CONSTANT((gint) GSK_LINE_CAP_BUTT);
[INFO] [stderr]       |                           ^~~~~~~~~~~~~~~~~
[INFO] [stderr] tests/constant.c:10:22: note: in definition of macro 'PRINT_CONSTANT'
[INFO] [stderr]    10 |     printf(_Generic((CONSTANT_NAME), \
[INFO] [stderr]       |                      ^~~~~~~~~~~~~
[INFO] [stderr] tests/constant.c:77:27: error: 'GSK_LINE_CAP_ROUND' undeclared (first use in this function); did you mean 'CAIRO_LINE_CAP_ROUND'?
[INFO] [stderr]    77 |     PRINT_CONSTANT((gint) GSK_LINE_CAP_ROUND);
[INFO] [stderr]       |                           ^~~~~~~~~~~~~~~~~~
[INFO] [stderr] tests/constant.c:10:22: note: in definition of macro 'PRINT_CONSTANT'
[INFO] [stderr]    10 |     printf(_Generic((CONSTANT_NAME), \
[INFO] [stderr]       |                      ^~~~~~~~~~~~~
[INFO] [stderr] tests/layout.c:21:58: error: 'GskPathForeachFlags' undeclared (first use in this function)
[INFO] [stderr]    21 |     printf("%s;%zu;%zu\n", "GskPathForeachFlags", sizeof(GskPathForeachFlags), alignof(GskPathForeachFlags));
[INFO] [stderr]       |                                                          ^~~~~~~~~~~~~~~~~~~
[INFO] [stderr] tests/layout.c:22:55: error: 'GskPathOperation' undeclared (first use in this function); did you mean 'GMountOperation'?
[INFO] [stderr]    22 |     printf("%s;%zu;%zu\n", "GskPathOperation", sizeof(GskPathOperation), alignof(GskPathOperation));
[INFO] [stderr]       |                                                       ^~~~~~~~~~~~~~~~
[INFO] [stderr]       |                                                       GMountOperation
[INFO] [stderr] tests/constant.c:78:27: error: 'GSK_LINE_CAP_SQUARE' undeclared (first use in this function); did you mean 'CAIRO_LINE_CAP_SQUARE'?
[INFO] [stderr]    78 |     PRINT_CONSTANT((gint) GSK_LINE_CAP_SQUARE);
[INFO] [stderr]       |                           ^~~~~~~~~~~~~~~~~~~
[INFO] [stderr] tests/constant.c:10:22: note: in definition of macro 'PRINT_CONSTANT'
[INFO] [stderr]    10 |     printf(_Generic((CONSTANT_NAME), \
[INFO] [stderr]       |                      ^~~~~~~~~~~~~
[INFO] [stderr] tests/layout.c:23:51: error: 'GskPathPoint' undeclared (first use in this function)
[INFO] [stderr]    23 |     printf("%s;%zu;%zu\n", "GskPathPoint", sizeof(GskPathPoint), alignof(GskPathPoint));
[INFO] [stderr]       |                                                   ^~~~~~~~~~~~
[INFO] [stderr] tests/constant.c:79:27: error: 'GSK_LINE_JOIN_BEVEL' undeclared (first use in this function); did you mean 'CAIRO_LINE_JOIN_BEVEL'?
[INFO] [stderr]    79 |     PRINT_CONSTANT((gint) GSK_LINE_JOIN_BEVEL);
[INFO] [stderr]       |                           ^~~~~~~~~~~~~~~~~~~
[INFO] [stderr] tests/constant.c:10:22: note: in definition of macro 'PRINT_CONSTANT'
[INFO] [stderr]    10 |     printf(_Generic((CONSTANT_NAME), \
[INFO] [stderr]       |                      ^~~~~~~~~~~~~
[INFO] [stdout] test cross_validate_layout_with_c ... FAILED
[INFO] [stderr] tests/constant.c:80:27: error: 'GSK_LINE_JOIN_MITER' undeclared (first use in this function); did you mean 'CAIRO_LINE_JOIN_MITER'?
[INFO] [stderr]    80 |     PRINT_CONSTANT((gint) GSK_LINE_JOIN_MITER);
[INFO] [stderr]       |                           ^~~~~~~~~~~~~~~~~~~
[INFO] [stderr] tests/constant.c:10:22: note: in definition of macro 'PRINT_CONSTANT'
[INFO] [stderr]    10 |     printf(_Generic((CONSTANT_NAME), \
[INFO] [stderr]       |                      ^~~~~~~~~~~~~
[INFO] [stderr] tests/constant.c:81:27: error: 'GSK_LINE_JOIN_ROUND' undeclared (first use in this function); did you mean 'CAIRO_LINE_JOIN_ROUND'?
[INFO] [stderr]    81 |     PRINT_CONSTANT((gint) GSK_LINE_JOIN_ROUND);
[INFO] [stderr]       |                           ^~~~~~~~~~~~~~~~~~~
[INFO] [stderr] tests/constant.c:10:22: note: in definition of macro 'PRINT_CONSTANT'
[INFO] [stderr]    10 |     printf(_Generic((CONSTANT_NAME), \
[INFO] [stderr]       |                      ^~~~~~~~~~~~~
[INFO] [stderr] tests/constant.c:82:27: error: 'GSK_MASK_MODE_ALPHA' undeclared (first use in this function)
[INFO] [stderr]    82 |     PRINT_CONSTANT((gint) GSK_MASK_MODE_ALPHA);
[INFO] [stderr]       |                           ^~~~~~~~~~~~~~~~~~~
[INFO] [stderr] tests/constant.c:10:22: note: in definition of macro 'PRINT_CONSTANT'
[INFO] [stderr]    10 |     printf(_Generic((CONSTANT_NAME), \
[INFO] [stderr]       |                      ^~~~~~~~~~~~~
[INFO] [stderr] tests/constant.c:83:27: error: 'GSK_MASK_MODE_INVERTED_ALPHA' undeclared (first use in this function)
[INFO] [stderr]    83 |     PRINT_CONSTANT((gint) GSK_MASK_MODE_INVERTED_ALPHA);
[INFO] [stderr]       |                           ^~~~~~~~~~~~~~~~~~~~~~~~~~~~
[INFO] [stderr] tests/constant.c:10:22: note: in definition of macro 'PRINT_CONSTANT'
[INFO] [stderr]    10 |     printf(_Generic((CONSTANT_NAME), \
[INFO] [stderr]       |                      ^~~~~~~~~~~~~
[INFO] [stderr] tests/constant.c:84:27: error: 'GSK_MASK_MODE_INVERTED_LUMINANCE' undeclared (first use in this function)
[INFO] [stderr]    84 |     PRINT_CONSTANT((gint) GSK_MASK_MODE_INVERTED_LUMINANCE);
[INFO] [stderr]       |                           ^~~~~~~~~~~~~~~~~~~~~~~~~~~~~~~~
[INFO] [stderr] tests/constant.c:10:22: note: in definition of macro 'PRINT_CONSTANT'
[INFO] [stderr]    10 |     printf(_Generic((CONSTANT_NAME), \
[INFO] [stderr]       |                      ^~~~~~~~~~~~~
[INFO] [stderr] tests/constant.c:85:27: error: 'GSK_MASK_MODE_LUMINANCE' undeclared (first use in this function)
[INFO] [stderr]    85 |     PRINT_CONSTANT((gint) GSK_MASK_MODE_LUMINANCE);
[INFO] [stderr]       |                           ^~~~~~~~~~~~~~~~~~~~~~~
[INFO] [stderr] tests/constant.c:10:22: note: in definition of macro 'PRINT_CONSTANT'
[INFO] [stderr]    10 |     printf(_Generic((CONSTANT_NAME), \
[INFO] [stderr]       |                      ^~~~~~~~~~~~~
[INFO] [stderr] tests/constant.c:86:27: error: 'GSK_MASK_NODE' undeclared (first use in this function); did you mean 'GSK_BLUR_NODE'?
[INFO] [stderr]    86 |     PRINT_CONSTANT((gint) GSK_MASK_NODE);
[INFO] [stderr]       |                           ^~~~~~~~~~~~~
[INFO] [stderr] tests/constant.c:10:22: note: in definition of macro 'PRINT_CONSTANT'
[INFO] [stderr]    10 |     printf(_Generic((CONSTANT_NAME), \
[INFO] [stderr]       |                      ^~~~~~~~~~~~~
[INFO] [stderr] tests/constant.c:90:27: error: 'GSK_PATH_CLOSE' undeclared (first use in this function)
[INFO] [stderr]    90 |     PRINT_CONSTANT((gint) GSK_PATH_CLOSE);
[INFO] [stderr]       |                           ^~~~~~~~~~~~~~
[INFO] [stderr] tests/constant.c:10:22: note: in definition of macro 'PRINT_CONSTANT'
[INFO] [stderr]    10 |     printf(_Generic((CONSTANT_NAME), \
[INFO] [stderr]       |                      ^~~~~~~~~~~~~
[INFO] [stderr] tests/constant.c:91:27: error: 'GSK_PATH_CONIC' undeclared (first use in this function)
[INFO] [stderr]    91 |     PRINT_CONSTANT((gint) GSK_PATH_CONIC);
[INFO] [stderr]       |                           ^~~~~~~~~~~~~~
[INFO] [stderr] tests/constant.c:10:22: note: in definition of macro 'PRINT_CONSTANT'
[INFO] [stderr]    10 |     printf(_Generic((CONSTANT_NAME), \
[INFO] [stderr]       |                      ^~~~~~~~~~~~~
[INFO] [stderr] tests/constant.c:92:27: error: 'GSK_PATH_CUBIC' undeclared (first use in this function)
[INFO] [stderr]    92 |     PRINT_CONSTANT((gint) GSK_PATH_CUBIC);
[INFO] [stderr]       |                           ^~~~~~~~~~~~~~
[INFO] [stderr] tests/constant.c:10:22: note: in definition of macro 'PRINT_CONSTANT'
[INFO] [stderr]    10 |     printf(_Generic((CONSTANT_NAME), \
[INFO] [stderr]       |                      ^~~~~~~~~~~~~
[INFO] [stderr] tests/constant.c:93:28: error: 'GSK_PATH_FOREACH_ALLOW_CONIC' undeclared (first use in this function)
[INFO] [stderr]    93 |     PRINT_CONSTANT((guint) GSK_PATH_FOREACH_ALLOW_CONIC);
[INFO] [stderr]       |                            ^~~~~~~~~~~~~~~~~~~~~~~~~~~~
[INFO] [stderr] tests/constant.c:10:22: note: in definition of macro 'PRINT_CONSTANT'
[INFO] [stderr]    10 |     printf(_Generic((CONSTANT_NAME), \
[INFO] [stderr]       |                      ^~~~~~~~~~~~~
[INFO] [stderr] tests/constant.c:94:28: error: 'GSK_PATH_FOREACH_ALLOW_CUBIC' undeclared (first use in this function)
[INFO] [stderr]    94 |     PRINT_CONSTANT((guint) GSK_PATH_FOREACH_ALLOW_CUBIC);
[INFO] [stderr]       |                            ^~~~~~~~~~~~~~~~~~~~~~~~~~~~
[INFO] [stderr] tests/constant.c:10:22: note: in definition of macro 'PRINT_CONSTANT'
[INFO] [stderr]    10 |     printf(_Generic((CONSTANT_NAME), \
[INFO] [stderr]       |                      ^~~~~~~~~~~~~
[INFO] [stderr] tests/constant.c:95:28: error: 'GSK_PATH_FOREACH_ALLOW_ONLY_LINES' undeclared (first use in this function)
[INFO] [stderr]    95 |     PRINT_CONSTANT((guint) GSK_PATH_FOREACH_ALLOW_ONLY_LINES);
[INFO] [stderr]       |                            ^~~~~~~~~~~~~~~~~~~~~~~~~~~~~~~~~
[INFO] [stderr] tests/constant.c:10:22: note: in definition of macro 'PRINT_CONSTANT'
[INFO] [stderr]    10 |     printf(_Generic((CONSTANT_NAME), \
[INFO] [stderr]       |                      ^~~~~~~~~~~~~
[INFO] [stderr] tests/constant.c:96:28: error: 'GSK_PATH_FOREACH_ALLOW_QUAD' undeclared (first use in this function)
[INFO] [stderr]    96 |     PRINT_CONSTANT((guint) GSK_PATH_FOREACH_ALLOW_QUAD);
[INFO] [stderr]       |                            ^~~~~~~~~~~~~~~~~~~~~~~~~~~
[INFO] [stderr] tests/constant.c:10:22: note: in definition of macro 'PRINT_CONSTANT'
[INFO] [stderr]    10 |     printf(_Generic((CONSTANT_NAME), \
[INFO] [stderr]       |                      ^~~~~~~~~~~~~
[INFO] [stderr] tests/constant.c:97:27: error: 'GSK_PATH_FROM_END' undeclared (first use in this function)
[INFO] [stderr]    97 |     PRINT_CONSTANT((gint) GSK_PATH_FROM_END);
[INFO] [stderr]       |                           ^~~~~~~~~~~~~~~~~
[INFO] [stderr] tests/constant.c:10:22: note: in definition of macro 'PRINT_CONSTANT'
[INFO] [stderr]    10 |     printf(_Generic((CONSTANT_NAME), \
[INFO] [stderr]       |                      ^~~~~~~~~~~~~
[INFO] [stderr] tests/constant.c:98:27: error: 'GSK_PATH_FROM_START' undeclared (first use in this function)
[INFO] [stderr]    98 |     PRINT_CONSTANT((gint) GSK_PATH_FROM_START);
[INFO] [stderr]       |                           ^~~~~~~~~~~~~~~~~~~
[INFO] [stderr] tests/constant.c:10:22: note: in definition of macro 'PRINT_CONSTANT'
[INFO] [stderr]    10 |     printf(_Generic((CONSTANT_NAME), \
[INFO] [stderr]       |                      ^~~~~~~~~~~~~
[INFO] [stderr] tests/constant.c:99:27: error: 'GSK_PATH_LINE' undeclared (first use in this function)
[INFO] [stderr]    99 |     PRINT_CONSTANT((gint) GSK_PATH_LINE);
[INFO] [stderr]       |                           ^~~~~~~~~~~~~
[INFO] [stderr] tests/constant.c:10:22: note: in definition of macro 'PRINT_CONSTANT'
[INFO] [stderr]    10 |     printf(_Generic((CONSTANT_NAME), \
[INFO] [stderr]       |                      ^~~~~~~~~~~~~
[INFO] [stderr] tests/constant.c:100:27: error: 'GSK_PATH_MOVE' undeclared (first use in this function)
[INFO] [stderr]   100 |     PRINT_CONSTANT((gint) GSK_PATH_MOVE);
[INFO] [stderr]       |                           ^~~~~~~~~~~~~
[INFO] [stderr] tests/constant.c:10:22: note: in definition of macro 'PRINT_CONSTANT'
[INFO] [stderr]    10 |     printf(_Generic((CONSTANT_NAME), \
[INFO] [stderr]       |                      ^~~~~~~~~~~~~
[INFO] [stderr] tests/constant.c:101:27: error: 'GSK_PATH_QUAD' undeclared (first use in this function)
[INFO] [stderr]   101 |     PRINT_CONSTANT((gint) GSK_PATH_QUAD);
[INFO] [stderr]       |                           ^~~~~~~~~~~~~
[INFO] [stderr] tests/constant.c:10:22: note: in definition of macro 'PRINT_CONSTANT'
[INFO] [stderr]    10 |     printf(_Generic((CONSTANT_NAME), \
[INFO] [stderr]       |                      ^~~~~~~~~~~~~
[INFO] [stderr] tests/constant.c:102:27: error: 'GSK_PATH_TO_END' undeclared (first use in this function)
[INFO] [stderr]   102 |     PRINT_CONSTANT((gint) GSK_PATH_TO_END);
[INFO] [stderr]       |                           ^~~~~~~~~~~~~~~
[INFO] [stderr] tests/constant.c:10:22: note: in definition of macro 'PRINT_CONSTANT'
[INFO] [stderr]    10 |     printf(_Generic((CONSTANT_NAME), \
[INFO] [stderr]       |                      ^~~~~~~~~~~~~
[INFO] [stderr] tests/constant.c:103:27: error: 'GSK_PATH_TO_START' undeclared (first use in this function)
[INFO] [stderr]   103 |     PRINT_CONSTANT((gint) GSK_PATH_TO_START);
[INFO] [stderr]       |                           ^~~~~~~~~~~~~~~~~
[INFO] [stderr] tests/constant.c:10:22: note: in definition of macro 'PRINT_CONSTANT'
[INFO] [stderr]    10 |     printf(_Generic((CONSTANT_NAME), \
[INFO] [stderr]       |                      ^~~~~~~~~~~~~
[INFO] [stderr] tests/constant.c:116:27: error: 'GSK_STROKE_NODE' undeclared (first use in this function); did you mean 'GSK_TEXT_NODE'?
[INFO] [stderr]   116 |     PRINT_CONSTANT((gint) GSK_STROKE_NODE);
[INFO] [stderr]       |                           ^~~~~~~~~~~~~~~
[INFO] [stderr] tests/constant.c:10:22: note: in definition of macro 'PRINT_CONSTANT'
[INFO] [stderr]    10 |     printf(_Generic((CONSTANT_NAME), \
[INFO] [stderr]       |                      ^~~~~~~~~~~~~
[INFO] [stderr] tests/constant.c:117:27: error: 'GSK_SUBSURFACE_NODE' undeclared (first use in this function); did you mean 'GSK_CROSS_FADE_NODE'?
[INFO] [stderr]   117 |     PRINT_CONSTANT((gint) GSK_SUBSURFACE_NODE);
[INFO] [stderr]       |                           ^~~~~~~~~~~~~~~~~~~
[INFO] [stderr] tests/constant.c:10:22: note: in definition of macro 'PRINT_CONSTANT'
[INFO] [stderr]    10 |     printf(_Generic((CONSTANT_NAME), \
[INFO] [stderr]       |                      ^~~~~~~~~~~~~
[INFO] [stderr] tests/constant.c:119:27: error: 'GSK_TEXTURE_SCALE_NODE' undeclared (first use in this function); did you mean 'GSK_TEXTURE_NODE'?
[INFO] [stderr]   119 |     PRINT_CONSTANT((gint) GSK_TEXTURE_SCALE_NODE);
[INFO] [stderr]       |                           ^~~~~~~~~~~~~~~~~~~~~~
[INFO] [stderr] tests/constant.c:10:22: note: in definition of macro 'PRINT_CONSTANT'
[INFO] [stderr]    10 |     printf(_Generic((CONSTANT_NAME), \
[INFO] [stderr]       |                      ^~~~~~~~~~~~~
[INFO] [stdout] test cross_validate_constants_with_c ... FAILED
[INFO] [stdout] 
[INFO] [stdout] failures:
[INFO] [stdout] 
[INFO] [stdout] ---- cross_validate_layout_with_c stdout ----
[INFO] [stdout] thread 'cross_validate_layout_with_c' panicked at tests/abi.rs:154:37:
[INFO] [stdout] called `Result::unwrap()` on an `Err` value: "compilation command \"cc\" \"-Wno-deprecated-declarations\" \"-std=c11\" \"-D__USE_MINGW_ANSI_STDIO\" \"-mfpmath=sse\" \"-msse\" \"-msse2\" \"-pthread\" \"-I/usr/include/gtk-4.0\" \"-I/usr/include/gio-unix-2.0\" \"-I/usr/include/cairo\" \"-I/usr/include/pango-1.0\" \"-I/usr/include/harfbuzz\" \"-I/usr/include/pango-1.0\" \"-I/usr/include/fribidi\" \"-I/usr/include/harfbuzz\" \"-I/usr/include/gdk-pixbuf-2.0\" \"-I/usr/include/x86_64-linux-gnu\" \"-I/usr/include/cairo\" \"-I/usr/include/pixman-1\" \"-I/usr/include/uuid\" \"-I/usr/include/freetype2\" \"-I/usr/include/libpng16\" \"-I/usr/include/graphene-1.0\" \"-I/usr/lib/x86_64-linux-gnu/graphene-1.0/include\" \"-I/usr/include/libmount\" \"-I/usr/include/blkid\" \"-I/usr/include/glib-2.0\" \"-I/usr/lib/x86_64-linux-gnu/glib-2.0/include\" \"tests/layout.c\" \"-o\" \"/tmp/abiIjLOJj/layout\" failed, exit status: 1"
[INFO] [stdout] stack backtrace:
[INFO] [stdout]    0:     0x6127a1c3fbda - std::backtrace_rs::backtrace::libunwind::trace::h207520d6e9873551
[INFO] [stdout]                                at /rustc/df4ca44d3fbc9301ee17f30f4d474e6ae4b05252/library/std/src/../../backtrace/src/backtrace/libunwind.rs:116:5
[INFO] [stdout]    1:     0x6127a1c3fbda - std::backtrace_rs::backtrace::trace_unsynchronized::h2ed7433f370e3eca
[INFO] [stdout]                                at /rustc/df4ca44d3fbc9301ee17f30f4d474e6ae4b05252/library/std/src/../../backtrace/src/backtrace/mod.rs:66:5
[INFO] [stdout]    2:     0x6127a1c3fbda - std::sys::backtrace::_print_fmt::h916fac51166b18d7
[INFO] [stdout]                                at /rustc/df4ca44d3fbc9301ee17f30f4d474e6ae4b05252/library/std/src/sys/backtrace.rs:66:9
[INFO] [stdout]    3:     0x6127a1c3fbda - <std::sys::backtrace::BacktraceLock::print::DisplayBacktrace as core::fmt::Display>::fmt::ha0a4c9b8ce3802e6
[INFO] [stdout]                                at /rustc/df4ca44d3fbc9301ee17f30f4d474e6ae4b05252/library/std/src/sys/backtrace.rs:39:26
[INFO] [stdout]    4:     0x6127a1c67ea3 - core::fmt::rt::Argument::fmt::h4cfc8587d52b3eb5
[INFO] [stdout]                                at /rustc/df4ca44d3fbc9301ee17f30f4d474e6ae4b05252/library/core/src/fmt/rt.rs:177:76
[INFO] [stdout]    5:     0x6127a1c67ea3 - core::fmt::write::h522cc39e5b36ae9f
[INFO] [stdout]                                at /rustc/df4ca44d3fbc9301ee17f30f4d474e6ae4b05252/library/core/src/fmt/mod.rs:1190:21
[INFO] [stdout]    6:     0x6127a1c3c2f3 - std::io::Write::write_fmt::h7d3c26752da97734
[INFO] [stdout]                                at /rustc/df4ca44d3fbc9301ee17f30f4d474e6ae4b05252/library/std/src/io/mod.rs:1839:15
[INFO] [stdout]    7:     0x6127a1c3fa22 - std::sys::backtrace::BacktraceLock::print::h4b9e00b29e9c0942
[INFO] [stdout]                                at /rustc/df4ca44d3fbc9301ee17f30f4d474e6ae4b05252/library/std/src/sys/backtrace.rs:42:9
[INFO] [stdout]    8:     0x6127a1c410ea - std::panicking::default_hook::{{closure}}::hb59b88280d0324d9
[INFO] [stdout]                                at /rustc/df4ca44d3fbc9301ee17f30f4d474e6ae4b05252/library/std/src/panicking.rs:268:22
[INFO] [stdout]    9:     0x6127a1c40ef4 - std::panicking::default_hook::he1dd496665be4a29
[INFO] [stdout]                                at /rustc/df4ca44d3fbc9301ee17f30f4d474e6ae4b05252/library/std/src/panicking.rs:292:9
[INFO] [stdout]   10:     0x6127a1bfe259 - <alloc::boxed::Box<F,A> as core::ops::function::Fn<Args>>::call::h4ff71de18744e1dc
[INFO] [stdout]                                at /rustc/df4ca44d3fbc9301ee17f30f4d474e6ae4b05252/library/alloc/src/boxed.rs:2468:9
[INFO] [stdout]   11:     0x6127a1bfe259 - test::test_main::{{closure}}::hcf7c055ce117aa81
[INFO] [stdout]                                at /rustc/df4ca44d3fbc9301ee17f30f4d474e6ae4b05252/library/test/src/lib.rs:133:21
[INFO] [stdout]   12:     0x6127a1c417e8 - <alloc::boxed::Box<F,A> as core::ops::function::Fn<Args>>::call::h1d66c6bbd60c9692
[INFO] [stdout]                                at /rustc/df4ca44d3fbc9301ee17f30f4d474e6ae4b05252/library/alloc/src/boxed.rs:2468:9
[INFO] [stdout]   13:     0x6127a1c417e8 - std::panicking::rust_panic_with_hook::h2ff17fe8f26dfcf8
[INFO] [stdout]                                at /rustc/df4ca44d3fbc9301ee17f30f4d474e6ae4b05252/library/std/src/panicking.rs:809:13
[INFO] [stdout]   14:     0x6127a1c415aa - std::panicking::begin_panic_handler::{{closure}}::h4fad77951c07e101
[INFO] [stdout]                                at /rustc/df4ca44d3fbc9301ee17f30f4d474e6ae4b05252/library/std/src/panicking.rs:674:13
[INFO] [stdout]   15:     0x6127a1c400b9 - std::sys::backtrace::__rust_end_short_backtrace::hb1a25b3da5d0ea08
[INFO] [stdout]                                at /rustc/df4ca44d3fbc9301ee17f30f4d474e6ae4b05252/library/std/src/sys/backtrace.rs:170:18
[INFO] [stdout]   16:     0x6127a1c4123c - rust_begin_unwind
[INFO] [stdout]                                at /rustc/df4ca44d3fbc9301ee17f30f4d474e6ae4b05252/library/std/src/panicking.rs:665:5
[INFO] [stdout]   17:     0x6127a1c665f0 - core::panicking::panic_fmt::ha9db07b529f9b256
[INFO] [stdout]                                at /rustc/df4ca44d3fbc9301ee17f30f4d474e6ae4b05252/library/core/src/panicking.rs:75:14
[INFO] [stdout]   18:     0x6127a1c66996 - core::result::unwrap_failed::h5e8218e4d4338b8a
[INFO] [stdout]                                at /rustc/df4ca44d3fbc9301ee17f30f4d474e6ae4b05252/library/core/src/result.rs:1698:5
[INFO] [stdout]   19:     0x6127a1bbc929 - core::result::Result<T,E>::unwrap::hc1da7b08231b3648
[INFO] [stdout]                                at /rustc/df4ca44d3fbc9301ee17f30f4d474e6ae4b05252/library/core/src/result.rs:1103:23
[INFO] [stdout]   20:     0x6127a1bbc929 - abi::cross_validate_layout_with_c::h53f81db75021f05e
[INFO] [stdout]                                at /opt/rustwide/workdir/tests/abi.rs:154:14
[INFO] [stdout]   21:     0x6127a1bbc827 - abi::cross_validate_layout_with_c::{{closure}}::h21dc92ddea6f5585
[INFO] [stdout]                                at /opt/rustwide/workdir/tests/abi.rs:151:34
[INFO] [stdout]   22:     0x6127a1bb5546 - core::ops::function::FnOnce::call_once::h2ec7a1f5b470d881
[INFO] [stdout]                                at /rustc/df4ca44d3fbc9301ee17f30f4d474e6ae4b05252/library/core/src/ops/function.rs:250:5
[INFO] [stdout]   23:     0x6127a1c02b2b - core::ops::function::FnOnce::call_once::h22c3ba5715e93f05
[INFO] [stdout]                                at /rustc/df4ca44d3fbc9301ee17f30f4d474e6ae4b05252/library/core/src/ops/function.rs:250:5
[INFO] [stdout]   24:     0x6127a1c02b2b - test::__rust_begin_short_backtrace::h8e82d8113d0da17f
[INFO] [stdout]                                at /rustc/df4ca44d3fbc9301ee17f30f4d474e6ae4b05252/library/test/src/lib.rs:621:18
[INFO] [stdout]   25:     0x6127a1c024a7 - test::run_test_in_process::{{closure}}::h33235f4f20b7b7c7
[INFO] [stdout]                                at /rustc/df4ca44d3fbc9301ee17f30f4d474e6ae4b05252/library/test/src/lib.rs:644:60
[INFO] [stdout]   26:     0x6127a1c024a7 - <core::panic::unwind_safe::AssertUnwindSafe<F> as core::ops::function::FnOnce<()>>::call_once::hb5043206310c586f
[INFO] [stdout]                                at /rustc/df4ca44d3fbc9301ee17f30f4d474e6ae4b05252/library/core/src/panic/unwind_safe.rs:272:9
[INFO] [stdout]   27:     0x6127a1c024a7 - std::panicking::try::do_call::h9ad4731a60ab23e2
[INFO] [stdout]                                at /rustc/df4ca44d3fbc9301ee17f30f4d474e6ae4b05252/library/std/src/panicking.rs:557:40
[INFO] [stdout]   28:     0x6127a1c024a7 - std::panicking::try::h3824d23db772a716
[INFO] [stdout]                                at /rustc/df4ca44d3fbc9301ee17f30f4d474e6ae4b05252/library/std/src/panicking.rs:520:19
[INFO] [stdout]   29:     0x6127a1c024a7 - std::panic::catch_unwind::h5afd514605fde46b
[INFO] [stdout]                                at /rustc/df4ca44d3fbc9301ee17f30f4d474e6ae4b05252/library/std/src/panic.rs:358:14
[INFO] [stdout]   30:     0x6127a1c024a7 - test::run_test_in_process::h0d5cbfa7067d1720
[INFO] [stdout]                                at /rustc/df4ca44d3fbc9301ee17f30f4d474e6ae4b05252/library/test/src/lib.rs:644:27
[INFO] [stdout]   31:     0x6127a1c024a7 - test::run_test::{{closure}}::h708eb8872708115d
[INFO] [stdout]                                at /rustc/df4ca44d3fbc9301ee17f30f4d474e6ae4b05252/library/test/src/lib.rs:565:43
[INFO] [stdout]   32:     0x6127a1bc5bc4 - test::run_test::{{closure}}::h392c51cee94713ab
[INFO] [stdout]                                at /rustc/df4ca44d3fbc9301ee17f30f4d474e6ae4b05252/library/test/src/lib.rs:595:41
[INFO] [stdout]   33:     0x6127a1bc5bc4 - std::sys::backtrace::__rust_begin_short_backtrace::h2f40290710935a8b
[INFO] [stdout]                                at /rustc/df4ca44d3fbc9301ee17f30f4d474e6ae4b05252/library/std/src/sys/backtrace.rs:154:18
[INFO] [stdout]   34:     0x6127a1bc936e - std::thread::Builder::spawn_unchecked_::{{closure}}::{{closure}}::h3fd968d89053a903
[INFO] [stdout]                                at /rustc/df4ca44d3fbc9301ee17f30f4d474e6ae4b05252/library/std/src/thread/mod.rs:541:17
[INFO] [stdout]   35:     0x6127a1bc936e - <core::panic::unwind_safe::AssertUnwindSafe<F> as core::ops::function::FnOnce<()>>::call_once::h743f637ba4229880
[INFO] [stdout]                                at /rustc/df4ca44d3fbc9301ee17f30f4d474e6ae4b05252/library/core/src/panic/unwind_safe.rs:272:9
[INFO] [stdout]   36:     0x6127a1bc936e - std::panicking::try::do_call::h07440897322525a6
[INFO] [stdout]                                at /rustc/df4ca44d3fbc9301ee17f30f4d474e6ae4b05252/library/std/src/panicking.rs:557:40
[INFO] [stdout]   37:     0x6127a1bc936e - std::panicking::try::he5a2e00188156637
[INFO] [stdout]                                at /rustc/df4ca44d3fbc9301ee17f30f4d474e6ae4b05252/library/std/src/panicking.rs:520:19
[INFO] [stdout]   38:     0x6127a1bc936e - std::panic::catch_unwind::hbaf3cae49b3c6433
[INFO] [stdout]                                at /rustc/df4ca44d3fbc9301ee17f30f4d474e6ae4b05252/library/std/src/panic.rs:358:14
[INFO] [stdout]   39:     0x6127a1bc936e - std::thread::Builder::spawn_unchecked_::{{closure}}::h8e141ea224820bce
[INFO] [stdout]                                at /rustc/df4ca44d3fbc9301ee17f30f4d474e6ae4b05252/library/std/src/thread/mod.rs:540:30
[INFO] [stdout]   40:     0x6127a1bc936e - core::ops::function::FnOnce::call_once{{vtable.shim}}::h90d312fedd7b8ea8
[INFO] [stdout]                                at /rustc/df4ca44d3fbc9301ee17f30f4d474e6ae4b05252/library/core/src/ops/function.rs:250:5
[INFO] [stdout]   41:     0x6127a1c469cb - <alloc::boxed::Box<F,A> as core::ops::function::FnOnce<Args>>::call_once::h69aa08ddb6adb8b6
[INFO] [stdout]                                at /rustc/df4ca44d3fbc9301ee17f30f4d474e6ae4b05252/library/alloc/src/boxed.rs:2454:9
[INFO] [stdout]   42:     0x6127a1c469cb - <alloc::boxed::Box<F,A> as core::ops::function::FnOnce<Args>>::call_once::h5aa36efdb79c806f
[INFO] [stdout]                                at /rustc/df4ca44d3fbc9301ee17f30f4d474e6ae4b05252/library/alloc/src/boxed.rs:2454:9
[INFO] [stdout]   43:     0x6127a1c469cb - std::sys::pal::unix::thread::Thread::new::thread_start::h6cd80a1b4be5158d
[INFO] [stdout]                                at /rustc/df4ca44d3fbc9301ee17f30f4d474e6ae4b05252/library/std/src/sys/pal/unix/thread.rs:105:17
[INFO] [stdout]   44:     0x7b5eb30fcac3 - <unknown>
[INFO] [stdout]   45:     0x7b5eb318da04 - clone
[INFO] [stdout]   46:                0x0 - <unknown>
[INFO] [stdout] 
[INFO] [stdout] ---- cross_validate_constants_with_c stdout ----
[INFO] [stdout] thread 'cross_validate_constants_with_c' panicked at tests/abi.rs:120:39:
[INFO] [stdout] called `Result::unwrap()` on an `Err` value: "compilation command \"cc\" \"-Wno-deprecated-declarations\" \"-std=c11\" \"-D__USE_MINGW_ANSI_STDIO\" \"-mfpmath=sse\" \"-msse\" \"-msse2\" \"-pthread\" \"-I/usr/include/gtk-4.0\" \"-I/usr/include/gio-unix-2.0\" \"-I/usr/include/cairo\" \"-I/usr/include/pango-1.0\" \"-I/usr/include/harfbuzz\" \"-I/usr/include/pango-1.0\" \"-I/usr/include/fribidi\" \"-I/usr/include/harfbuzz\" \"-I/usr/include/gdk-pixbuf-2.0\" \"-I/usr/include/x86_64-linux-gnu\" \"-I/usr/include/cairo\" \"-I/usr/include/pixman-1\" \"-I/usr/include/uuid\" \"-I/usr/include/freetype2\" \"-I/usr/include/libpng16\" \"-I/usr/include/graphene-1.0\" \"-I/usr/lib/x86_64-linux-gnu/graphene-1.0/include\" \"-I/usr/include/libmount\" \"-I/usr/include/blkid\" \"-I/usr/include/glib-2.0\" \"-I/usr/lib/x86_64-linux-gnu/glib-2.0/include\" \"tests/constant.c\" \"-o\" \"/tmp/abi9GHbra/constant\" failed, exit status: 1"
[INFO] [stdout] stack backtrace:
[INFO] [stdout]    0:     0x6127a1c3fbda - std::backtrace_rs::backtrace::libunwind::trace::h207520d6e9873551
[INFO] [stdout]                                at /rustc/df4ca44d3fbc9301ee17f30f4d474e6ae4b05252/library/std/src/../../backtrace/src/backtrace/libunwind.rs:116:5
[INFO] [stdout]    1:     0x6127a1c3fbda - std::backtrace_rs::backtrace::trace_unsynchronized::h2ed7433f370e3eca
[INFO] [stdout]                                at /rustc/df4ca44d3fbc9301ee17f30f4d474e6ae4b05252/library/std/src/../../backtrace/src/backtrace/mod.rs:66:5
[INFO] [stdout]    2:     0x6127a1c3fbda - std::sys::backtrace::_print_fmt::h916fac51166b18d7
[INFO] [stdout]                                at /rustc/df4ca44d3fbc9301ee17f30f4d474e6ae4b05252/library/std/src/sys/backtrace.rs:66:9
[INFO] [stdout]    3:     0x6127a1c3fbda - <std::sys::backtrace::BacktraceLock::print::DisplayBacktrace as core::fmt::Display>::fmt::ha0a4c9b8ce3802e6
[INFO] [stdout]                                at /rustc/df4ca44d3fbc9301ee17f30f4d474e6ae4b05252/library/std/src/sys/backtrace.rs:39:26
[INFO] [stdout]    4:     0x6127a1c67ea3 - core::fmt::rt::Argument::fmt::h4cfc8587d52b3eb5
[INFO] [stdout]                                at /rustc/df4ca44d3fbc9301ee17f30f4d474e6ae4b05252/library/core/src/fmt/rt.rs:177:76
[INFO] [stdout]    5:     0x6127a1c67ea3 - core::fmt::write::h522cc39e5b36ae9f
[INFO] [stdout]                                at /rustc/df4ca44d3fbc9301ee17f30f4d474e6ae4b05252/library/core/src/fmt/mod.rs:1190:21
[INFO] [stdout]    6:     0x6127a1c3c2f3 - std::io::Write::write_fmt::h7d3c26752da97734
[INFO] [stdout]                                at /rustc/df4ca44d3fbc9301ee17f30f4d474e6ae4b05252/library/std/src/io/mod.rs:1839:15
[INFO] [stdout]    7:     0x6127a1c3fa22 - std::sys::backtrace::BacktraceLock::print::h4b9e00b29e9c0942
[INFO] [stdout]                                at /rustc/df4ca44d3fbc9301ee17f30f4d474e6ae4b05252/library/std/src/sys/backtrace.rs:42:9
[INFO] [stdout]    8:     0x6127a1c410ea - std::panicking::default_hook::{{closure}}::hb59b88280d0324d9
[INFO] [stdout]                                at /rustc/df4ca44d3fbc9301ee17f30f4d474e6ae4b05252/library/std/src/panicking.rs:268:22
[INFO] [stdout]    9:     0x6127a1c40ef4 - std::panicking::default_hook::he1dd496665be4a29
[INFO] [stdout]                                at /rustc/df4ca44d3fbc9301ee17f30f4d474e6ae4b05252/library/std/src/panicking.rs:292:9
[INFO] [stdout]   10:     0x6127a1bfe259 - <alloc::boxed::Box<F,A> as core::ops::function::Fn<Args>>::call::h4ff71de18744e1dc
[INFO] [stdout]                                at /rustc/df4ca44d3fbc9301ee17f30f4d474e6ae4b05252/library/alloc/src/boxed.rs:2468:9
[INFO] [stdout]   11:     0x6127a1bfe259 - test::test_main::{{closure}}::hcf7c055ce117aa81
[INFO] [stdout]                                at /rustc/df4ca44d3fbc9301ee17f30f4d474e6ae4b05252/library/test/src/lib.rs:133:21
[INFO] [stdout]   12:     0x6127a1c417e8 - <alloc::boxed::Box<F,A> as core::ops::function::Fn<Args>>::call::h1d66c6bbd60c9692
[INFO] [stdout]                                at /rustc/df4ca44d3fbc9301ee17f30f4d474e6ae4b05252/library/alloc/src/boxed.rs:2468:9
[INFO] [stdout]   13:     0x6127a1c417e8 - std::panicking::rust_panic_with_hook::h2ff17fe8f26dfcf8
[INFO] [stdout]                                at /rustc/df4ca44d3fbc9301ee17f30f4d474e6ae4b05252/library/std/src/panicking.rs:809:13
[INFO] [stdout]   14:     0x6127a1c415aa - std::panicking::begin_panic_handler::{{closure}}::h4fad77951c07e101
[INFO] [stdout]                                at /rustc/df4ca44d3fbc9301ee17f30f4d474e6ae4b05252/library/std/src/panicking.rs:674:13
[INFO] [stdout]   15:     0x6127a1c400b9 - std::sys::backtrace::__rust_end_short_backtrace::hb1a25b3da5d0ea08
[INFO] [stdout]                                at /rustc/df4ca44d3fbc9301ee17f30f4d474e6ae4b05252/library/std/src/sys/backtrace.rs:170:18
[INFO] [stdout]   16:     0x6127a1c4123c - rust_begin_unwind
[INFO] [stdout]                                at /rustc/df4ca44d3fbc9301ee17f30f4d474e6ae4b05252/library/std/src/panicking.rs:665:5
[INFO] [stdout]   17:     0x6127a1c665f0 - core::panicking::panic_fmt::ha9db07b529f9b256
[INFO] [stdout]                                at /rustc/df4ca44d3fbc9301ee17f30f4d474e6ae4b05252/library/core/src/panicking.rs:75:14
[INFO] [stdout]   18:     0x6127a1c66996 - core::result::unwrap_failed::h5e8218e4d4338b8a
[INFO] [stdout]                                at /rustc/df4ca44d3fbc9301ee17f30f4d474e6ae4b05252/library/core/src/result.rs:1698:5
[INFO] [stdout]   19:     0x6127a1bbc009 - core::result::Result<T,E>::unwrap::hc1da7b08231b3648
[INFO] [stdout]                                at /rustc/df4ca44d3fbc9301ee17f30f4d474e6ae4b05252/library/core/src/result.rs:1103:23
[INFO] [stdout]   20:     0x6127a1bbc009 - abi::cross_validate_constants_with_c::hd2611aadaaaee7bb
[INFO] [stdout]                                at /opt/rustwide/workdir/tests/abi.rs:120:14
[INFO] [stdout]   21:     0x6127a1bbbf07 - abi::cross_validate_constants_with_c::{{closure}}::hecee31c841352d5e
[INFO] [stdout]                                at /opt/rustwide/workdir/tests/abi.rs:117:37
[INFO] [stdout]   22:     0x6127a1bb5586 - core::ops::function::FnOnce::call_once::hda7cbebaedd8865e
[INFO] [stdout]                                at /rustc/df4ca44d3fbc9301ee17f30f4d474e6ae4b05252/library/core/src/ops/function.rs:250:5
[INFO] [stdout]   23:     0x6127a1c02b2b - core::ops::function::FnOnce::call_once::h22c3ba5715e93f05
[INFO] [stdout]                                at /rustc/df4ca44d3fbc9301ee17f30f4d474e6ae4b05252/library/core/src/ops/function.rs:250:5
[INFO] [stdout]   24:     0x6127a1c02b2b - test::__rust_begin_short_backtrace::h8e82d8113d0da17f
[INFO] [stdout]                                at /rustc/df4ca44d3fbc9301ee17f30f4d474e6ae4b05252/library/test/src/lib.rs:621:18
[INFO] [stdout]   25:     0x6127a1c024a7 - test::run_test_in_process::{{closure}}::h33235f4f20b7b7c7
[INFO] [stdout]                                at /rustc/df4ca44d3fbc9301ee17f30f4d474e6ae4b05252/library/test/src/lib.rs:644:60
[INFO] [stdout]   26:     0x6127a1c024a7 - <core::panic::unwind_safe::AssertUnwindSafe<F> as core::ops::function::FnOnce<()>>::call_once::hb5043206310c586f
[INFO] [stdout]                                at /rustc/df4ca44d3fbc9301ee17f30f4d474e6ae4b05252/library/core/src/panic/unwind_safe.rs:272:9
[INFO] [stdout]   27:     0x6127a1c024a7 - std::panicking::try::do_call::h9ad4731a60ab23e2
[INFO] [stdout]                                at /rustc/df4ca44d3fbc9301ee17f30f4d474e6ae4b05252/library/std/src/panicking.rs:557:40
[INFO] [stdout]   28:     0x6127a1c024a7 - std::panicking::try::h3824d23db772a716
[INFO] [stdout]                                at /rustc/df4ca44d3fbc9301ee17f30f4d474e6ae4b05252/library/std/src/panicking.rs:520:19
[INFO] [stdout]   29:     0x6127a1c024a7 - std::panic::catch_unwind::h5afd514605fde46b
[INFO] [stdout]                                at /rustc/df4ca44d3fbc9301ee17f30f4d474e6ae4b05252/library/std/src/panic.rs:358:14
[INFO] [stdout]   30:     0x6127a1c024a7 - test::run_test_in_process::h0d5cbfa7067d1720
[INFO] [stdout]                                at /rustc/df4ca44d3fbc9301ee17f30f4d474e6ae4b05252/library/test/src/lib.rs:644:27
[INFO] [stdout]   31:     0x6127a1c024a7 - test::run_test::{{closure}}::h708eb8872708115d
[INFO] [stdout]                                at /rustc/df4ca44d3fbc9301ee17f30f4d474e6ae4b05252/library/test/src/lib.rs:565:43
[INFO] [stdout]   32:     0x6127a1bc5bc4 - test::run_test::{{closure}}::h392c51cee94713ab
[INFO] [stdout]                                at /rustc/df4ca44d3fbc9301ee17f30f4d474e6ae4b05252/library/test/src/lib.rs:595:41
[INFO] [stdout]   33:     0x6127a1bc5bc4 - std::sys::backtrace::__rust_begin_short_backtrace::h2f40290710935a8b
[INFO] [stdout]                                at /rustc/df4ca44d3fbc9301ee17f30f4d474e6ae4b05252/library/std/src/sys/backtrace.rs:154:18
[INFO] [stdout]   34:     0x6127a1bc936e - std::thread::Builder::spawn_unchecked_::{{closure}}::{{closure}}::h3fd968d89053a903
[INFO] [stdout]                                at /rustc/df4ca44d3fbc9301ee17f30f4d474e6ae4b05252/library/std/src/thread/mod.rs:541:17
[INFO] [stdout]   35:     0x6127a1bc936e - <core::panic::unwind_safe::AssertUnwindSafe<F> as core::ops::function::FnOnce<()>>::call_once::h743f637ba4229880
[INFO] [stdout]                                at /rustc/df4ca44d3fbc9301ee17f30f4d474e6ae4b05252/library/core/src/panic/unwind_safe.rs:272:9
[INFO] [stdout]   36:     0x6127a1bc936e - std::panicking::try::do_call::h07440897322525a6
[INFO] [stdout]                                at /rustc/df4ca44d3fbc9301ee17f30f4d474e6ae4b05252/library/std/src/panicking.rs:557:40
[INFO] [stdout]   37:     0x6127a1bc936e - std::panicking::try::he5a2e00188156637
[INFO] [stdout]                                at /rustc/df4ca44d3fbc9301ee17f30f4d474e6ae4b05252/library/std/src/panicking.rs:520:19
[INFO] [stdout]   38:     0x6127a1bc936e - std::panic::catch_unwind::hbaf3cae49b3c6433
[INFO] [stdout]                                at /rustc/df4ca44d3fbc9301ee17f30f4d474e6ae4b05252/library/std/src/panic.rs:358:14
[INFO] [stdout]   39:     0x6127a1bc936e - std::thread::Builder::spawn_unchecked_::{{closure}}::h8e141ea224820bce
[INFO] [stdout]                                at /rustc/df4ca44d3fbc9301ee17f30f4d474e6ae4b05252/library/std/src/thread/mod.rs:540:30
[INFO] [stdout]   40:     0x6127a1bc936e - core::ops::function::FnOnce::call_once{{vtable.shim}}::h90d312fedd7b8ea8
[INFO] [stdout]                                at /rustc/df4ca44d3fbc9301ee17f30f4d474e6ae4b05252/library/core/src/ops/function.rs:250:5
[INFO] [stdout]   41:     0x6127a1c469cb - <alloc::boxed::Box<F,A> as core::ops::function::FnOnce<Args>>::call_once::h69aa08ddb6adb8b6
[INFO] [stdout]                                at /rustc/df4ca44d3fbc9301ee17f30f4d474e6ae4b05252/library/alloc/src/boxed.rs:2454:9
[INFO] [stdout]   42:     0x6127a1c469cb - <alloc::boxed::Box<F,A> as core::ops::function::FnOnce<Args>>::call_once::h5aa36efdb79c806f
[INFO] [stdout]                                at /rustc/df4ca44d3fbc9301ee17f30f4d474e6ae4b05252/library/alloc/src/boxed.rs:2454:9
[INFO] [stdout]   43:     0x6127a1c469cb - std::sys::pal::unix::thread::Thread::new::thread_start::h6cd80a1b4be5158d
[INFO] [stdout]                                at /rustc/df4ca44d3fbc9301ee17f30f4d474e6ae4b05252/library/std/src/sys/pal/unix/thread.rs:105:17
[INFO] [stdout]   44:     0x7b5eb30fcac3 - <unknown>
[INFO] [stdout]   45:     0x7b5eb318da04 - clone
[INFO] [stdout]   46:                0x0 - <unknown>
[INFO] [stdout] 
[INFO] [stdout] 
[INFO] [stdout] failures:
[INFO] [stdout]     cross_validate_constants_with_c
[INFO] [stdout]     cross_validate_layout_with_c
[INFO] [stdout] 
[INFO] [stdout] test result: FAILED. 0 passed; 2 failed; 0 ignored; 0 measured; 0 filtered out; finished in 0.79s
[INFO] [stdout] 
[INFO] [stderr] error: test failed, to rerun pass `--test abi`
[INFO] running `Command { std: "docker" "inspect" "1377c6b08f78f94b44535b64e4670fcefab1fd7c7f58372344fe2e4505d4095f", kill_on_drop: false }`
[INFO] running `Command { std: "docker" "rm" "-f" "1377c6b08f78f94b44535b64e4670fcefab1fd7c7f58372344fe2e4505d4095f", kill_on_drop: false }`
[INFO] [stdout] 1377c6b08f78f94b44535b64e4670fcefab1fd7c7f58372344fe2e4505d4095f
