[INFO] fetching crate grrs_hyoryu 0.1.0...
[INFO] testing grrs_hyoryu-0.1.0 against nightly-2024-10-28+rustflags=-Zrandomize-layout for randomize-layout
[INFO] extracting crate grrs_hyoryu 0.1.0 into /workspace/builds/worker-4-tc2/source
[INFO] validating manifest of crates.io crate grrs_hyoryu 0.1.0 on toolchain nightly-2024-10-28
[INFO] running `Command { std: CARGO_HOME="/workspace/cargo-home" RUSTUP_HOME="/workspace/rustup-home" "/workspace/cargo-home/bin/cargo" "+nightly-2024-10-28" "metadata" "--manifest-path" "Cargo.toml" "--no-deps", kill_on_drop: false }`
[INFO] started tweaking crates.io crate grrs_hyoryu 0.1.0
[INFO] finished tweaking crates.io crate grrs_hyoryu 0.1.0
[INFO] tweaked toml for crates.io crate grrs_hyoryu 0.1.0 written to /workspace/builds/worker-4-tc2/source/Cargo.toml
[INFO] crate crates.io crate grrs_hyoryu 0.1.0 already has a lockfile, it will not be regenerated
[INFO] running `Command { std: CARGO_HOME="/workspace/cargo-home" RUSTUP_HOME="/workspace/rustup-home" "/workspace/cargo-home/bin/cargo" "+nightly-2024-10-28" "fetch" "--manifest-path" "Cargo.toml", kill_on_drop: false }`
[INFO] [stderr]     Blocking waiting for file lock on package cache
[INFO] [stderr]     Blocking waiting for file lock on package cache
[INFO] running `Command { std: "docker" "create" "-v" "/var/lib/crater-agent-workspace/builds/worker-4-tc2/target:/opt/rustwide/target:rw,Z" "-v" "/var/lib/crater-agent-workspace/builds/worker-4-tc2/source:/opt/rustwide/workdir:ro,Z" "-v" "/var/lib/crater-agent-workspace/cargo-home:/opt/rustwide/cargo-home:ro,Z" "-v" "/var/lib/crater-agent-workspace/rustup-home:/opt/rustwide/rustup-home:ro,Z" "-e" "SOURCE_DIR=/opt/rustwide/workdir" "-e" "CARGO_TARGET_DIR=/opt/rustwide/target" "-e" "CARGO_HOME=/opt/rustwide/cargo-home" "-e" "RUSTUP_HOME=/opt/rustwide/rustup-home" "-w" "/opt/rustwide/workdir" "-m" "1610612736" "--user" "0:0" "--network" "none" "ghcr.io/rust-lang/crates-build-env/linux@sha256:4a844ea9eb2546a2d2c7022eacef16ef2e8229c7fbb2c7d4d55a9ceca922f72d" "/opt/rustwide/cargo-home/bin/cargo" "+nightly-2024-10-28" "metadata" "--no-deps" "--format-version=1", kill_on_drop: false }`
[INFO] [stdout] 11eb9192f4f2c73da8f7df8a631e7d3a36ee54ad79328eb338a5c9c2498ac751
[INFO] running `Command { std: "docker" "start" "-a" "11eb9192f4f2c73da8f7df8a631e7d3a36ee54ad79328eb338a5c9c2498ac751", kill_on_drop: false }`
[INFO] running `Command { std: "docker" "inspect" "11eb9192f4f2c73da8f7df8a631e7d3a36ee54ad79328eb338a5c9c2498ac751", kill_on_drop: false }`
[INFO] running `Command { std: "docker" "rm" "-f" "11eb9192f4f2c73da8f7df8a631e7d3a36ee54ad79328eb338a5c9c2498ac751", kill_on_drop: false }`
[INFO] [stdout] 11eb9192f4f2c73da8f7df8a631e7d3a36ee54ad79328eb338a5c9c2498ac751
[INFO] running `Command { std: "docker" "create" "-v" "/var/lib/crater-agent-workspace/builds/worker-4-tc2/target:/opt/rustwide/target:rw,Z" "-v" "/var/lib/crater-agent-workspace/builds/worker-4-tc2/source:/opt/rustwide/workdir:ro,Z" "-v" "/var/lib/crater-agent-workspace/cargo-home:/opt/rustwide/cargo-home:ro,Z" "-v" "/var/lib/crater-agent-workspace/rustup-home:/opt/rustwide/rustup-home:ro,Z" "-e" "SOURCE_DIR=/opt/rustwide/workdir" "-e" "CARGO_TARGET_DIR=/opt/rustwide/target" "-e" "CARGO_INCREMENTAL=0" "-e" "RUST_BACKTRACE=full" "-e" "RUSTFLAGS=--cap-lints=forbid -Zrandomize-layout" "-e" "RUSTDOCFLAGS=--cap-lints=forbid" "-e" "CARGO_HOME=/opt/rustwide/cargo-home" "-e" "RUSTUP_HOME=/opt/rustwide/rustup-home" "-w" "/opt/rustwide/workdir" "-m" "1610612736" "--user" "0:0" "--network" "none" "ghcr.io/rust-lang/crates-build-env/linux@sha256:4a844ea9eb2546a2d2c7022eacef16ef2e8229c7fbb2c7d4d55a9ceca922f72d" "/opt/rustwide/cargo-home/bin/cargo" "+nightly-2024-10-28" "build" "--frozen" "--message-format=json", kill_on_drop: false }`
[INFO] [stdout] 41ac3dcc50b305654e5996e963bf48d919e806835cb550f4f5fbc715cec9d847
[INFO] running `Command { std: "docker" "start" "-a" "41ac3dcc50b305654e5996e963bf48d919e806835cb550f4f5fbc715cec9d847", kill_on_drop: false }`
[INFO] [stderr]    Compiling version_check v0.9.4
[INFO] [stderr]    Compiling proc-macro2 v1.0.85
[INFO] [stderr]    Compiling unicode-ident v1.0.12
[INFO] [stderr]    Compiling syn v1.0.109
[INFO] [stderr]    Compiling libc v0.2.155
[INFO] [stderr]    Compiling unicode-width v0.1.13
[INFO] [stderr]    Compiling unicode-segmentation v1.11.0
[INFO] [stderr]    Compiling strsim v0.8.0
[INFO] [stderr]    Compiling ansi_term v0.12.1
[INFO] [stderr]    Compiling anyhow v1.0.86
[INFO] [stderr]    Compiling vec_map v0.8.2
[INFO] [stderr]    Compiling lazy_static v1.4.0
[INFO] [stderr]    Compiling textwrap v0.11.0
[INFO] [stderr]    Compiling proc-macro-error-attr v1.0.4
[INFO] [stderr]    Compiling proc-macro-error v1.0.4
[INFO] [stderr]    Compiling heck v0.3.3
[INFO] [stderr]    Compiling quote v1.0.36
[INFO] [stderr]    Compiling atty v0.2.14
[INFO] [stderr]    Compiling clap v2.34.0
[INFO] [stderr]    Compiling structopt-derive v0.4.18
[INFO] [stderr]    Compiling structopt v0.3.26
[INFO] [stderr]    Compiling grrs_hyoryu v0.1.0 (/opt/rustwide/workdir)
[INFO] [stderr]     Finished `dev` profile [unoptimized + debuginfo] target(s) in 7.93s
[INFO] running `Command { std: "docker" "inspect" "41ac3dcc50b305654e5996e963bf48d919e806835cb550f4f5fbc715cec9d847", kill_on_drop: false }`
[INFO] running `Command { std: "docker" "rm" "-f" "41ac3dcc50b305654e5996e963bf48d919e806835cb550f4f5fbc715cec9d847", kill_on_drop: false }`
[INFO] [stdout] 41ac3dcc50b305654e5996e963bf48d919e806835cb550f4f5fbc715cec9d847
[INFO] running `Command { std: "docker" "create" "-v" "/var/lib/crater-agent-workspace/builds/worker-4-tc2/target:/opt/rustwide/target:rw,Z" "-v" "/var/lib/crater-agent-workspace/builds/worker-4-tc2/source:/opt/rustwide/workdir:ro,Z" "-v" "/var/lib/crater-agent-workspace/cargo-home:/opt/rustwide/cargo-home:ro,Z" "-v" "/var/lib/crater-agent-workspace/rustup-home:/opt/rustwide/rustup-home:ro,Z" "-e" "SOURCE_DIR=/opt/rustwide/workdir" "-e" "CARGO_TARGET_DIR=/opt/rustwide/target" "-e" "CARGO_INCREMENTAL=0" "-e" "RUST_BACKTRACE=full" "-e" "RUSTFLAGS=--cap-lints=forbid -Zrandomize-layout" "-e" "RUSTDOCFLAGS=--cap-lints=forbid" "-e" "CARGO_HOME=/opt/rustwide/cargo-home" "-e" "RUSTUP_HOME=/opt/rustwide/rustup-home" "-w" "/opt/rustwide/workdir" "-m" "1610612736" "--user" "0:0" "--network" "none" "ghcr.io/rust-lang/crates-build-env/linux@sha256:4a844ea9eb2546a2d2c7022eacef16ef2e8229c7fbb2c7d4d55a9ceca922f72d" "/opt/rustwide/cargo-home/bin/cargo" "+nightly-2024-10-28" "test" "--frozen" "--no-run" "--message-format=json", kill_on_drop: false }`
[INFO] [stdout] 0e790fb4330baee80d2c5cec4f8093c69518026ec91a68b9797949d063ee42f4
[INFO] running `Command { std: "docker" "start" "-a" "0e790fb4330baee80d2c5cec4f8093c69518026ec91a68b9797949d063ee42f4", kill_on_drop: false }`
[INFO] [stderr]    Compiling memchr v2.7.4
[INFO] [stderr]    Compiling regex-syntax v0.8.4
[INFO] [stderr]    Compiling libc v0.2.155
[INFO] [stderr]    Compiling crossbeam-utils v0.8.20
[INFO] [stderr]    Compiling autocfg v1.3.0
[INFO] [stderr]    Compiling bitflags v2.5.0
[INFO] [stderr]    Compiling log v0.4.21
[INFO] [stderr]    Compiling predicates-core v1.0.6
[INFO] [stderr]    Compiling rustix v0.38.34
[INFO] [stderr]    Compiling doc-comment v0.3.3
[INFO] [stderr]    Compiling same-file v1.0.6
[INFO] [stderr]    Compiling linux-raw-sys v0.4.14
[INFO] [stderr]    Compiling anstyle v1.0.7
[INFO] [stderr]    Compiling termtree v0.4.1
[INFO] [stderr]    Compiling normalize-line-endings v0.3.0
[INFO] [stderr]    Compiling difflib v0.4.0
[INFO] [stderr]    Compiling walkdir v2.5.0
[INFO] [stderr]    Compiling predicates-tree v1.0.9
[INFO] [stderr]    Compiling assert_cmd v2.0.14
[INFO] [stderr]    Compiling fastrand v2.1.0
[INFO] [stderr]    Compiling num-traits v0.2.19
[INFO] [stderr]    Compiling aho-corasick v1.1.3
[INFO] [stderr]    Compiling crossbeam-epoch v0.9.18
[INFO] [stderr]    Compiling crossbeam-deque v0.8.5
[INFO] [stderr]    Compiling atty v0.2.14
[INFO] [stderr]    Compiling wait-timeout v0.2.0
[INFO] [stderr]    Compiling clap v2.34.0
[INFO] [stderr]    Compiling float-cmp v0.9.0
[INFO] [stderr]    Compiling tempfile v3.10.1
[INFO] [stderr]    Compiling regex-automata v0.4.7
[INFO] [stderr]    Compiling structopt v0.3.26
[INFO] [stderr]    Compiling grrs_hyoryu v0.1.0 (/opt/rustwide/workdir)
[INFO] [stderr]    Compiling bstr v1.9.1
[INFO] [stderr]    Compiling regex v1.10.5
[INFO] [stderr]    Compiling predicates v3.1.0
[INFO] [stderr]    Compiling globset v0.4.14
[INFO] [stderr]    Compiling ignore v0.4.22
[INFO] [stderr]    Compiling globwalk v0.9.1
[INFO] [stderr]    Compiling assert_fs v1.1.1
[INFO] [stderr]     Finished `test` profile [unoptimized + debuginfo] target(s) in 10.72s
[INFO] running `Command { std: "docker" "inspect" "0e790fb4330baee80d2c5cec4f8093c69518026ec91a68b9797949d063ee42f4", kill_on_drop: false }`
[INFO] running `Command { std: "docker" "rm" "-f" "0e790fb4330baee80d2c5cec4f8093c69518026ec91a68b9797949d063ee42f4", kill_on_drop: false }`
[INFO] [stdout] 0e790fb4330baee80d2c5cec4f8093c69518026ec91a68b9797949d063ee42f4
[INFO] running `Command { std: "docker" "create" "-v" "/var/lib/crater-agent-workspace/builds/worker-4-tc2/target:/opt/rustwide/target:rw,Z" "-v" "/var/lib/crater-agent-workspace/builds/worker-4-tc2/source:/opt/rustwide/workdir:ro,Z" "-v" "/var/lib/crater-agent-workspace/cargo-home:/opt/rustwide/cargo-home:ro,Z" "-v" "/var/lib/crater-agent-workspace/rustup-home:/opt/rustwide/rustup-home:ro,Z" "-e" "SOURCE_DIR=/opt/rustwide/workdir" "-e" "CARGO_TARGET_DIR=/opt/rustwide/target" "-e" "CARGO_INCREMENTAL=0" "-e" "RUST_BACKTRACE=full" "-e" "RUSTFLAGS=--cap-lints=forbid -Zrandomize-layout" "-e" "RUSTDOCFLAGS=--cap-lints=forbid" "-e" "CARGO_HOME=/opt/rustwide/cargo-home" "-e" "RUSTUP_HOME=/opt/rustwide/rustup-home" "-w" "/opt/rustwide/workdir" "-m" "1610612736" "--user" "0:0" "--network" "none" "ghcr.io/rust-lang/crates-build-env/linux@sha256:4a844ea9eb2546a2d2c7022eacef16ef2e8229c7fbb2c7d4d55a9ceca922f72d" "/opt/rustwide/cargo-home/bin/cargo" "+nightly-2024-10-28" "test" "--frozen", kill_on_drop: false }`
[INFO] [stdout] 06b5b8cb3cfb333ce57bd14c7ce967031b02dd1a2266097fdf768ce3ddf70824
[INFO] running `Command { std: "docker" "start" "-a" "06b5b8cb3cfb333ce57bd14c7ce967031b02dd1a2266097fdf768ce3ddf70824", kill_on_drop: false }`
[INFO] [stderr]     Finished `test` profile [unoptimized + debuginfo] target(s) in 0.07s
[INFO] [stderr]      Running unittests src/lib.rs (/opt/rustwide/target/debug/deps/grrs_hyoryu-9890ebe592276bdd)
[INFO] [stdout] 
[INFO] [stdout] running 1 test
[INFO] [stdout] test find_a_match ... ok
[INFO] [stdout] 
[INFO] [stdout] test result: ok. 1 passed; 0 failed; 0 ignored; 0 measured; 0 filtered out; finished in 0.00s
[INFO] [stdout] 
[INFO] [stderr]      Running unittests src/main.rs (/opt/rustwide/target/debug/deps/grrs_hyoryu-74f1296316ad8adc)
[INFO] [stdout] 
[INFO] [stdout] running 0 tests
[INFO] [stdout] 
[INFO] [stdout] test result: ok. 0 passed; 0 failed; 0 ignored; 0 measured; 0 filtered out; finished in 0.00s
[INFO] [stdout] 
[INFO] [stderr]      Running tests/cli.rs (/opt/rustwide/target/debug/deps/cli-d1c462fe7d49051b)
[INFO] [stdout] 
[INFO] [stdout] running 2 tests
[INFO] [stdout] test file_doesnt_exist ... FAILED
[INFO] [stdout] test find_content_in_file ... FAILED
[INFO] [stdout] 
[INFO] [stdout] failures:
[INFO] [stdout] 
[INFO] [stdout] ---- file_doesnt_exist stdout ----
[INFO] [stdout] Error: CargoError { cause: Some(NotFoundError { path: "/opt/rustwide/target/debug/grrs" }) }
[INFO] [stdout] 
[INFO] [stdout] ---- find_content_in_file stdout ----
[INFO] [stdout] Error: CargoError { cause: Some(NotFoundError { path: "/opt/rustwide/target/debug/grrs" }) }
[INFO] [stdout] 
[INFO] [stdout] 
[INFO] [stdout] failures:
[INFO] [stdout]     file_doesnt_exist
[INFO] [stdout]     find_content_in_file
[INFO] [stdout] 
[INFO] [stdout] test result: FAILED. 0 passed; 2 failed; 0 ignored; 0 measured; 0 filtered out; finished in 0.00s
[INFO] [stdout] 
[INFO] [stderr] error: test failed, to rerun pass `--test cli`
[INFO] running `Command { std: "docker" "inspect" "06b5b8cb3cfb333ce57bd14c7ce967031b02dd1a2266097fdf768ce3ddf70824", kill_on_drop: false }`
[INFO] running `Command { std: "docker" "rm" "-f" "06b5b8cb3cfb333ce57bd14c7ce967031b02dd1a2266097fdf768ce3ddf70824", kill_on_drop: false }`
[INFO] [stdout] 06b5b8cb3cfb333ce57bd14c7ce967031b02dd1a2266097fdf768ce3ddf70824
