[INFO] fetching crate grin_chain 5.3.3...
[INFO] testing grin_chain-5.3.3 against nightly-2024-10-28+rustflags=-Zrandomize-layout for randomize-layout
[INFO] extracting crate grin_chain 5.3.3 into /workspace/builds/worker-3-tc2/source
[INFO] validating manifest of crates.io crate grin_chain 5.3.3 on toolchain nightly-2024-10-28
[INFO] running `Command { std: CARGO_HOME="/workspace/cargo-home" RUSTUP_HOME="/workspace/rustup-home" "/workspace/cargo-home/bin/cargo" "+nightly-2024-10-28" "metadata" "--manifest-path" "Cargo.toml" "--no-deps", kill_on_drop: false }`
[INFO] started tweaking crates.io crate grin_chain 5.3.3
[INFO] removed 0 missing tests
[INFO] finished tweaking crates.io crate grin_chain 5.3.3
[INFO] tweaked toml for crates.io crate grin_chain 5.3.3 written to /workspace/builds/worker-3-tc2/source/Cargo.toml
[INFO] running `Command { std: CARGO_HOME="/workspace/cargo-home" RUSTUP_HOME="/workspace/rustup-home" "/workspace/cargo-home/bin/cargo" "+nightly-2024-10-28" "generate-lockfile" "--manifest-path" "Cargo.toml", kill_on_drop: false }`
[INFO] [stderr]     Updating crates.io index
[INFO] [stderr]      Locking 182 packages to latest compatible versions
[INFO] [stderr]       Adding bit-vec v0.6.3 (available: v0.8.0)
[INFO] [stderr]       Adding bitflags v1.3.2 (available: v2.6.0)
[INFO] [stderr]       Adding croaring v1.1.0 (available: v2.1.1)
[INFO] [stderr]       Adding env_logger v0.7.1 (available: v0.11.5)
[INFO] [stderr]       Adding rand v0.6.5 (available: v0.8.5)
[INFO] [stderr]       Adding subtle v2.4.1 (available: v2.6.1)
[INFO] running `Command { std: CARGO_HOME="/workspace/cargo-home" RUSTUP_HOME="/workspace/rustup-home" "/workspace/cargo-home/bin/cargo" "+nightly-2024-10-28" "fetch" "--manifest-path" "Cargo.toml", kill_on_drop: false }`
[INFO] running `Command { std: "docker" "create" "-v" "/var/lib/crater-agent-workspace/builds/worker-3-tc2/target:/opt/rustwide/target:rw,Z" "-v" "/var/lib/crater-agent-workspace/builds/worker-3-tc2/source:/opt/rustwide/workdir:ro,Z" "-v" "/var/lib/crater-agent-workspace/cargo-home:/opt/rustwide/cargo-home:ro,Z" "-v" "/var/lib/crater-agent-workspace/rustup-home:/opt/rustwide/rustup-home:ro,Z" "-e" "SOURCE_DIR=/opt/rustwide/workdir" "-e" "CARGO_TARGET_DIR=/opt/rustwide/target" "-e" "CARGO_HOME=/opt/rustwide/cargo-home" "-e" "RUSTUP_HOME=/opt/rustwide/rustup-home" "-w" "/opt/rustwide/workdir" "-m" "1610612736" "--user" "0:0" "--network" "none" "ghcr.io/rust-lang/crates-build-env/linux@sha256:4a844ea9eb2546a2d2c7022eacef16ef2e8229c7fbb2c7d4d55a9ceca922f72d" "/opt/rustwide/cargo-home/bin/cargo" "+nightly-2024-10-28" "metadata" "--no-deps" "--format-version=1", kill_on_drop: false }`
[INFO] [stdout] 8de3e34dc1a00fa5bacf958a726de1db5cc1da094cab9ef6b710d134fbb2e180
[INFO] running `Command { std: "docker" "start" "-a" "8de3e34dc1a00fa5bacf958a726de1db5cc1da094cab9ef6b710d134fbb2e180", kill_on_drop: false }`
[INFO] running `Command { std: "docker" "inspect" "8de3e34dc1a00fa5bacf958a726de1db5cc1da094cab9ef6b710d134fbb2e180", kill_on_drop: false }`
[INFO] running `Command { std: "docker" "rm" "-f" "8de3e34dc1a00fa5bacf958a726de1db5cc1da094cab9ef6b710d134fbb2e180", kill_on_drop: false }`
[INFO] [stdout] 8de3e34dc1a00fa5bacf958a726de1db5cc1da094cab9ef6b710d134fbb2e180
[INFO] running `Command { std: "docker" "create" "-v" "/var/lib/crater-agent-workspace/builds/worker-3-tc2/target:/opt/rustwide/target:rw,Z" "-v" "/var/lib/crater-agent-workspace/builds/worker-3-tc2/source:/opt/rustwide/workdir:ro,Z" "-v" "/var/lib/crater-agent-workspace/cargo-home:/opt/rustwide/cargo-home:ro,Z" "-v" "/var/lib/crater-agent-workspace/rustup-home:/opt/rustwide/rustup-home:ro,Z" "-e" "SOURCE_DIR=/opt/rustwide/workdir" "-e" "CARGO_TARGET_DIR=/opt/rustwide/target" "-e" "CARGO_INCREMENTAL=0" "-e" "RUST_BACKTRACE=full" "-e" "RUSTFLAGS=--cap-lints=forbid -Zrandomize-layout" "-e" "RUSTDOCFLAGS=--cap-lints=forbid" "-e" "CARGO_HOME=/opt/rustwide/cargo-home" "-e" "RUSTUP_HOME=/opt/rustwide/rustup-home" "-w" "/opt/rustwide/workdir" "-m" "1610612736" "--user" "0:0" "--network" "none" "ghcr.io/rust-lang/crates-build-env/linux@sha256:4a844ea9eb2546a2d2c7022eacef16ef2e8229c7fbb2c7d4d55a9ceca922f72d" "/opt/rustwide/cargo-home/bin/cargo" "+nightly-2024-10-28" "build" "--frozen" "--message-format=json", kill_on_drop: false }`
[INFO] [stdout] dbb8b72528e8b4310dabfab178372320c96cb5ab300e9c2c8ba77e47de26b46d
[INFO] running `Command { std: "docker" "start" "-a" "dbb8b72528e8b4310dabfab178372320c96cb5ab300e9c2c8ba77e47de26b46d", kill_on_drop: false }`
[INFO] [stderr]    Compiling num-traits v0.2.19
[INFO] [stderr]    Compiling rand_core v0.4.2
[INFO] [stderr]    Compiling autocfg v0.1.8
[INFO] [stderr]    Compiling serde v1.0.214
[INFO] [stderr]    Compiling generic-array v0.14.7
[INFO] [stderr]    Compiling shlex v1.3.0
[INFO] [stderr]    Compiling syn v2.0.86
[INFO] [stderr]    Compiling rand_core v0.6.4
[INFO] [stderr]    Compiling adler2 v2.0.0
[INFO] [stderr]    Compiling syn v1.0.109
[INFO] [stderr]    Compiling cc v1.1.31
[INFO] [stderr]    Compiling rand_core v0.3.1
[INFO] [stderr]    Compiling miniz_oxide v0.8.0
[INFO] [stderr]    Compiling rand_chacha v0.1.1
[INFO] [stderr]    Compiling rand_pcg v0.1.2
[INFO] [stderr]    Compiling crc32fast v1.4.2
[INFO] [stderr]    Compiling equivalent v1.0.1
[INFO] [stderr]    Compiling hashbrown v0.15.0
[INFO] [stderr]    Compiling destructure_traitobject v0.2.0
[INFO] [stderr]    Compiling digest v0.9.0
[INFO] [stderr]    Compiling subtle v2.4.1
[INFO] [stderr]    Compiling unsafe-any-ors v1.0.0
[INFO] [stderr]    Compiling block-buffer v0.9.0
[INFO] [stderr]    Compiling parking_lot_core v0.9.10
[INFO] [stderr]    Compiling rand v0.6.5
[INFO] [stderr]    Compiling num-bigint v0.2.6
[INFO] [stderr]    Compiling arrayvec v0.4.12
[INFO] [stderr]    Compiling num-integer v0.1.46
[INFO] [stderr]    Compiling ordered-float v2.10.1
[INFO] [stderr]    Compiling indexmap v2.6.0
[INFO] [stderr]    Compiling unsafe-libyaml v0.2.11
[INFO] [stderr]    Compiling iana-time-zone v0.1.61
[INFO] [stderr]    Compiling gimli v0.31.1
[INFO] [stderr]    Compiling cfg-if v0.1.10
[INFO] [stderr]    Compiling opaque-debug v0.3.1
[INFO] [stderr]    Compiling parking_lot_core v0.7.3
[INFO] [stderr]    Compiling parking_lot v0.12.3
[INFO] [stderr]    Compiling grin_secp256k1zkp v0.7.14
[INFO] [stderr]    Compiling croaring-sys v2.1.0
[INFO] [stderr]    Compiling crypto-mac v0.11.1
[INFO] [stderr]    Compiling flate2 v1.0.34
[INFO] [stderr]    Compiling typemap-ors v1.0.0
[INFO] [stderr]    Compiling rand_xorshift v0.1.1
[INFO] [stderr]    Compiling rand_hc v0.1.0
[INFO] [stderr]    Compiling rand v0.5.6
[INFO] [stderr]    Compiling rand_isaac v0.1.1
[INFO] [stderr]    Compiling rand_jitter v0.1.4
[INFO] [stderr]    Compiling rand_os v0.1.3
[INFO] [stderr]    Compiling lock_api v0.3.4
[INFO] [stderr]    Compiling object v0.36.5
[INFO] [stderr]    Compiling thread-id v4.2.2
[INFO] [stderr]    Compiling num-complex v0.2.4
[INFO] [stderr]    Compiling num-rational v0.2.4
[INFO] [stderr]    Compiling same-file v1.0.6
[INFO] [stderr]    Compiling humantime v2.1.0
[INFO] [stderr]    Compiling nodrop v0.1.14
[INFO] [stderr]    Compiling base64ct v1.6.0
[INFO] [stderr]    Compiling cpufeatures v0.2.14
[INFO] [stderr]    Compiling arrayvec v0.7.6
[INFO] [stderr]    Compiling rustc-demangle v0.1.24
[INFO] [stderr]    Compiling gcc v0.3.55
[INFO] [stderr]    Compiling log-mdc v0.1.0
[INFO] [stderr]    Compiling addr2line v0.24.2
[INFO] [stderr]    Compiling arc-swap v1.7.1
[INFO] [stderr]    Compiling password-hash v0.2.3
[INFO] [stderr]    Compiling liblmdb-sys v0.2.2
[INFO] [stderr]    Compiling sha2 v0.9.9
[INFO] [stderr]    Compiling derivative v2.2.0
[INFO] [stderr]    Compiling walkdir v2.5.0
[INFO] [stderr]    Compiling parking_lot v0.10.2
[INFO] [stderr]    Compiling hmac v0.11.0
[INFO] [stderr]    Compiling rustix v0.38.38
[INFO] [stderr]    Compiling base64 v0.12.3
[INFO] [stderr]    Compiling constant_time_eq v0.1.5
[INFO] [stderr]    Compiling blake2-rfc v0.2.18
[INFO] [stderr]    Compiling pbkdf2 v0.8.0
[INFO] [stderr]    Compiling ripemd160 v0.9.1
[INFO] [stderr]    Compiling num-iter v0.1.45
[INFO] [stderr]    Compiling num-traits v0.1.43
[INFO] [stderr]    Compiling linked-hash-map v0.5.6
[INFO] [stderr]    Compiling linux-raw-sys v0.4.14
[INFO] [stderr]    Compiling backtrace v0.3.74
[INFO] [stderr]    Compiling bitflags v2.6.0
[INFO] [stderr]    Compiling lru-cache v0.1.2
[INFO] [stderr]    Compiling num v0.2.1
[INFO] [stderr]    Compiling enum_primitive v0.1.1
[INFO] [stderr]    Compiling siphasher v0.3.11
[INFO] [stderr]    Compiling bitflags v0.9.1
[INFO] [stderr]    Compiling supercow v0.1.0
[INFO] [stderr]    Compiling serde_derive v1.0.214
[INFO] [stderr]    Compiling zerocopy-derive v0.7.35
[INFO] [stderr]    Compiling thiserror-impl v1.0.66
[INFO] [stderr]    Compiling zeroize_derive v1.4.2
[INFO] [stderr]    Compiling croaring v1.1.0
[INFO] [stderr]    Compiling zeroize v1.8.1
[INFO] [stderr]    Compiling bytes v0.5.6
[INFO] [stderr]    Compiling zerocopy v0.7.35
[INFO] [stderr]    Compiling thiserror v1.0.66
[INFO] [stderr]    Compiling zip v0.5.13
[INFO] [stderr]    Compiling memmap v0.7.0
[INFO] [stderr]    Compiling bit-vec v0.6.3
[INFO] [stderr]    Compiling ppv-lite86 v0.2.20
[INFO] [stderr]    Compiling lmdb-zero v0.4.4
[INFO] [stderr]    Compiling tempfile v3.13.0
[INFO] [stderr]    Compiling rand_chacha v0.3.1
[INFO] [stderr]    Compiling rand v0.8.5
[INFO] [stderr]    Compiling serde_json v1.0.132
[INFO] [stderr]    Compiling serde_yaml v0.9.34+deprecated
[INFO] [stderr]    Compiling serde-value v0.7.0
[INFO] [stderr]    Compiling log v0.4.22
[INFO] [stderr]    Compiling chrono v0.4.38
[INFO] [stderr]    Compiling log4rs v1.3.0
[INFO] [stderr]    Compiling grin_util v5.3.3
[INFO] [stderr]    Compiling grin_keychain v5.3.3
[INFO] [stderr]    Compiling grin_core v5.3.3
[INFO] [stderr]    Compiling grin_store v5.3.3
[INFO] [stderr]    Compiling grin_chain v5.3.3 (/opt/rustwide/workdir)
[INFO] [stderr]     Finished `dev` profile [unoptimized + debuginfo] target(s) in 39.33s
[INFO] running `Command { std: "docker" "inspect" "dbb8b72528e8b4310dabfab178372320c96cb5ab300e9c2c8ba77e47de26b46d", kill_on_drop: false }`
[INFO] running `Command { std: "docker" "rm" "-f" "dbb8b72528e8b4310dabfab178372320c96cb5ab300e9c2c8ba77e47de26b46d", kill_on_drop: false }`
[INFO] [stdout] dbb8b72528e8b4310dabfab178372320c96cb5ab300e9c2c8ba77e47de26b46d
[INFO] running `Command { std: "docker" "create" "-v" "/var/lib/crater-agent-workspace/builds/worker-3-tc2/target:/opt/rustwide/target:rw,Z" "-v" "/var/lib/crater-agent-workspace/builds/worker-3-tc2/source:/opt/rustwide/workdir:ro,Z" "-v" "/var/lib/crater-agent-workspace/cargo-home:/opt/rustwide/cargo-home:ro,Z" "-v" "/var/lib/crater-agent-workspace/rustup-home:/opt/rustwide/rustup-home:ro,Z" "-e" "SOURCE_DIR=/opt/rustwide/workdir" "-e" "CARGO_TARGET_DIR=/opt/rustwide/target" "-e" "CARGO_INCREMENTAL=0" "-e" "RUST_BACKTRACE=full" "-e" "RUSTFLAGS=--cap-lints=forbid -Zrandomize-layout" "-e" "RUSTDOCFLAGS=--cap-lints=forbid" "-e" "CARGO_HOME=/opt/rustwide/cargo-home" "-e" "RUSTUP_HOME=/opt/rustwide/rustup-home" "-w" "/opt/rustwide/workdir" "-m" "1610612736" "--user" "0:0" "--network" "none" "ghcr.io/rust-lang/crates-build-env/linux@sha256:4a844ea9eb2546a2d2c7022eacef16ef2e8229c7fbb2c7d4d55a9ceca922f72d" "/opt/rustwide/cargo-home/bin/cargo" "+nightly-2024-10-28" "test" "--frozen" "--no-run" "--message-format=json", kill_on_drop: false }`
[INFO] [stdout] 41cc0381a707c56937316908fcf479451067437406c6ef715884a1f3917703f8
[INFO] running `Command { std: "docker" "start" "-a" "41cc0381a707c56937316908fcf479451067437406c6ef715884a1f3917703f8", kill_on_drop: false }`
[INFO] [stderr]    Compiling aho-corasick v1.1.3
[INFO] [stderr]    Compiling regex-syntax v0.8.5
[INFO] [stderr]    Compiling quick-error v1.2.3
[INFO] [stderr]    Compiling atty v0.2.14
[INFO] [stderr]    Compiling termcolor v1.4.1
[INFO] [stderr]    Compiling humantime v1.3.0
[INFO] [stderr]    Compiling regex-automata v0.4.8
[INFO] [stderr]    Compiling regex v1.11.1
[INFO] [stderr]    Compiling env_logger v0.7.1
[INFO] [stderr]    Compiling grin_chain v5.3.3 (/opt/rustwide/workdir)
[INFO] [stderr]     Finished `test` profile [unoptimized + debuginfo] target(s) in 12.58s
[INFO] running `Command { std: "docker" "inspect" "41cc0381a707c56937316908fcf479451067437406c6ef715884a1f3917703f8", kill_on_drop: false }`
[INFO] running `Command { std: "docker" "rm" "-f" "41cc0381a707c56937316908fcf479451067437406c6ef715884a1f3917703f8", kill_on_drop: false }`
[INFO] [stdout] 41cc0381a707c56937316908fcf479451067437406c6ef715884a1f3917703f8
[INFO] running `Command { std: "docker" "create" "-v" "/var/lib/crater-agent-workspace/builds/worker-3-tc2/target:/opt/rustwide/target:rw,Z" "-v" "/var/lib/crater-agent-workspace/builds/worker-3-tc2/source:/opt/rustwide/workdir:ro,Z" "-v" "/var/lib/crater-agent-workspace/cargo-home:/opt/rustwide/cargo-home:ro,Z" "-v" "/var/lib/crater-agent-workspace/rustup-home:/opt/rustwide/rustup-home:ro,Z" "-e" "SOURCE_DIR=/opt/rustwide/workdir" "-e" "CARGO_TARGET_DIR=/opt/rustwide/target" "-e" "CARGO_INCREMENTAL=0" "-e" "RUST_BACKTRACE=full" "-e" "RUSTFLAGS=--cap-lints=forbid -Zrandomize-layout" "-e" "RUSTDOCFLAGS=--cap-lints=forbid" "-e" "CARGO_HOME=/opt/rustwide/cargo-home" "-e" "RUSTUP_HOME=/opt/rustwide/rustup-home" "-w" "/opt/rustwide/workdir" "-m" "1610612736" "--user" "0:0" "--network" "none" "ghcr.io/rust-lang/crates-build-env/linux@sha256:4a844ea9eb2546a2d2c7022eacef16ef2e8229c7fbb2c7d4d55a9ceca922f72d" "/opt/rustwide/cargo-home/bin/cargo" "+nightly-2024-10-28" "test" "--frozen", kill_on_drop: false }`
[INFO] [stdout] 0526f742099129e895ade8020b555cfa2b7bdbe5106390d5a9adcc0f60a36140
[INFO] running `Command { std: "docker" "start" "-a" "0526f742099129e895ade8020b555cfa2b7bdbe5106390d5a9adcc0f60a36140", kill_on_drop: false }`
[INFO] [stderr]     Finished `test` profile [unoptimized + debuginfo] target(s) in 0.28s
[INFO] [stderr]      Running unittests src/lib.rs (/opt/rustwide/target/debug/deps/grin_chain-b99571eccacfa8fe)
[INFO] [stdout] 
[INFO] [stdout] running 5 tests
[INFO] [stdout] test txhashset::bitmap_accumulator::tests::sparse_block_ser_roundtrip ... ok
[INFO] [stdout] test txhashset::bitmap_accumulator::tests::abdundant_block_ser_roundtrip ... ok
[INFO] [stdout] test txhashset::bitmap_accumulator::tests::sparse_unfull_block_ser_roundtrip ... ok
[INFO] [stdout] test txhashset::bitmap_accumulator::tests::abdundant_unfull_block_ser_roundtrip ... ok
[INFO] [stdout] test txhashset::bitmap_accumulator::tests::block_ser_roundtrip ... ok
[INFO] [stderr]      Running tests/bitmap_accumulator.rs (/opt/rustwide/target/debug/deps/bitmap_accumulator-90df8590ac8e4bed)
[INFO] [stdout] 
[INFO] [stdout] test result: ok. 5 passed; 0 failed; 0 ignored; 0 measured; 0 filtered out; finished in 0.08s
[INFO] [stdout] 
[INFO] [stdout] 
[INFO] [stdout] running 1 test
[INFO] [stdout] 2024-11-01T09:53:43.480805238+00:00 INFO grin_util::logger - log4rs is initialized, stdout level: Debug, min. level: Debug
[INFO] [stdout] 2024-11-01T09:53:43.481722478+00:00 DEBUG grin_chain::txhashset::bitmap_accumulator - applied 1 chunks from idx 0 to idx 0 (0ms)
[INFO] [stdout] 2024-11-01T09:53:43.482053868+00:00 DEBUG grin_chain::txhashset::bitmap_accumulator - applied 1 chunks from idx 0 to idx 0 (0ms)
[INFO] [stdout] 2024-11-01T09:53:43.482421068+00:00 DEBUG grin_chain::txhashset::bitmap_accumulator - applied 1 chunks from idx 0 to idx 0 (0ms)
[INFO] [stdout] 2024-11-01T09:53:43.482809298+00:00 DEBUG grin_chain::txhashset::bitmap_accumulator - applied 1 chunks from idx 0 to idx 0 (0ms)
[INFO] [stdout] 2024-11-01T09:53:43.484037568+00:00 DEBUG grin_chain::txhashset::bitmap_accumulator - applied 1 chunks from idx 0 to idx 0 (1ms)
[INFO] [stdout] 2024-11-01T09:53:43.484424658+00:00 DEBUG grin_chain::txhashset::bitmap_accumulator - applied 2 chunks from idx 0 to idx 1 (0ms)
[INFO] [stdout] 2024-11-01T09:53:43.484885278+00:00 DEBUG grin_chain::txhashset::bitmap_accumulator - applied 1 chunks from idx 1 to idx 1 (0ms)
[INFO] [stdout] 2024-11-01T09:53:43.485399768+00:00 DEBUG grin_chain::txhashset::bitmap_accumulator - applied 2 chunks from idx 0 to idx 1 (0ms)
[INFO] [stdout] 2024-11-01T09:53:43.486002118+00:00 DEBUG grin_chain::txhashset::bitmap_accumulator - applied 2 chunks from idx 0 to idx 1 (0ms)
[INFO] [stdout] 2024-11-01T09:53:43.486430768+00:00 DEBUG grin_chain::txhashset::bitmap_accumulator - applied 1 chunks from idx 0 to idx 0 (0ms)
[INFO] [stdout] 2024-11-01T09:53:43.487136508+00:00 DEBUG grin_chain::txhashset::bitmap_accumulator - applied 1 chunks from idx 3 to idx 3 (0ms)
[INFO] [stdout] test test_bitmap_accumulator ... ok
[INFO] [stdout] 
[INFO] [stdout] test result: ok. 1 passed; 0 failed; 0 ignored; 0 measured; 0 filtered out; finished in 0.01s
[INFO] [stdout] 
[INFO] [stderr]      Running tests/bitmap_segment.rs (/opt/rustwide/target/debug/deps/bitmap_segment-9dd74526e4d9e1c1)
[INFO] [stdout] 
[INFO] [stdout] running 3 tests
[INFO] [stdout] test abundant_segment_ser_roundtrip ... ok
[INFO] [stdout] test segment_ser_roundtrip ... ok
[INFO] [stdout] test sparse_segment_ser_roundtrip ... ok
[INFO] [stdout] 
[INFO] [stdout] test result: ok. 3 passed; 0 failed; 0 ignored; 0 measured; 0 filtered out; finished in 4.07s
[INFO] [stdout] 
[INFO] [stderr]      Running tests/chain_test_helper.rs (/opt/rustwide/target/debug/deps/chain_test_helper-f8ea79b273deecc6)
[INFO] [stdout] 
[INFO] [stdout] running 0 tests
[INFO] [stdout] 
[INFO] [stdout] test result: ok. 0 passed; 0 failed; 0 ignored; 0 measured; 0 filtered out; finished in 0.00s
[INFO] [stdout] 
[INFO] [stderr]      Running tests/data_file_integrity.rs (/opt/rustwide/target/debug/deps/data_file_integrity-4efed1733ab6335f)
[INFO] [stdout] 
[INFO] [stdout] running 1 test
[INFO] [stdout] 2024-11-01T09:53:47.567918512+00:00 INFO grin_util::logger - log4rs is initialized, stdout level: Debug, min. level: Debug
[INFO] [stdout] test data_files ... FAILED
[INFO] [stdout] 
[INFO] [stdout] failures:
[INFO] [stdout] 
[INFO] [stdout] ---- data_files stdout ----
[INFO] [stdout] thread 'data_files' panicked at tests/chain_test_helper.rs:46:6:
[INFO] [stdout] called `Result::unwrap()` on an `Err` value: StoreErr(FileErr("Unable to create directory 'db_root' to store chain_data: Os { code: 30, kind: ReadOnlyFilesystem, message: \"Read-only file system\" }"), "FileErr(\"Unable to create directory 'db_root' to store chain_data: Os { code: 30, kind: ReadOnlyFilesystem, message: \\\"Read-only file system\\\" }\")")
[INFO] [stdout] stack backtrace:
[INFO] [stdout]    0:     0x627336e91c5a - std::backtrace_rs::backtrace::libunwind::trace::h207520d6e9873551
[INFO] [stdout]                                at /rustc/df4ca44d3fbc9301ee17f30f4d474e6ae4b05252/library/std/src/../../backtrace/src/backtrace/libunwind.rs:116:5
[INFO] [stdout]    1:     0x627336e91c5a - std::backtrace_rs::backtrace::trace_unsynchronized::h2ed7433f370e3eca
[INFO] [stdout]                                at /rustc/df4ca44d3fbc9301ee17f30f4d474e6ae4b05252/library/std/src/../../backtrace/src/backtrace/mod.rs:66:5
[INFO] [stdout]    2:     0x627336e91c5a - std::sys::backtrace::_print_fmt::h916fac51166b18d7
[INFO] [stdout]                                at /rustc/df4ca44d3fbc9301ee17f30f4d474e6ae4b05252/library/std/src/sys/backtrace.rs:66:9
[INFO] [stdout]    3:     0x627336e91c5a - <std::sys::backtrace::BacktraceLock::print::DisplayBacktrace as core::fmt::Display>::fmt::ha0a4c9b8ce3802e6
[INFO] [stdout]                                at /rustc/df4ca44d3fbc9301ee17f30f4d474e6ae4b05252/library/std/src/sys/backtrace.rs:39:26
[INFO] [stdout]    4:     0x627336eba133 - core::fmt::rt::Argument::fmt::h4cfc8587d52b3eb5
[INFO] [stdout]                                at /rustc/df4ca44d3fbc9301ee17f30f4d474e6ae4b05252/library/core/src/fmt/rt.rs:177:76
[INFO] [stdout]    5:     0x627336eba133 - core::fmt::write::h522cc39e5b36ae9f
[INFO] [stdout]                                at /rustc/df4ca44d3fbc9301ee17f30f4d474e6ae4b05252/library/core/src/fmt/mod.rs:1190:21
[INFO] [stdout]    6:     0x627336e8e193 - std::io::Write::write_fmt::h7d3c26752da97734
[INFO] [stdout]                                at /rustc/df4ca44d3fbc9301ee17f30f4d474e6ae4b05252/library/std/src/io/mod.rs:1839:15
[INFO] [stdout]    7:     0x627336e91aa2 - std::sys::backtrace::BacktraceLock::print::h4b9e00b29e9c0942
[INFO] [stdout]                                at /rustc/df4ca44d3fbc9301ee17f30f4d474e6ae4b05252/library/std/src/sys/backtrace.rs:42:9
[INFO] [stdout]    8:     0x627336e930ea - std::panicking::default_hook::{{closure}}::hb59b88280d0324d9
[INFO] [stdout]                                at /rustc/df4ca44d3fbc9301ee17f30f4d474e6ae4b05252/library/std/src/panicking.rs:268:22
[INFO] [stdout]    9:     0x627336e92ef4 - std::panicking::default_hook::he1dd496665be4a29
[INFO] [stdout]                                at /rustc/df4ca44d3fbc9301ee17f30f4d474e6ae4b05252/library/std/src/panicking.rs:292:9
[INFO] [stdout]   10:     0x627336b53f49 - <alloc::boxed::Box<F,A> as core::ops::function::Fn<Args>>::call::h4ff71de18744e1dc
[INFO] [stdout]                                at /rustc/df4ca44d3fbc9301ee17f30f4d474e6ae4b05252/library/alloc/src/boxed.rs:2468:9
[INFO] [stdout]   11:     0x627336b53f49 - test::test_main::{{closure}}::hcf7c055ce117aa81
[INFO] [stdout]                                at /rustc/df4ca44d3fbc9301ee17f30f4d474e6ae4b05252/library/test/src/lib.rs:133:21
[INFO] [stdout]   12:     0x627336e937e8 - <alloc::boxed::Box<F,A> as core::ops::function::Fn<Args>>::call::h1d66c6bbd60c9692
[INFO] [stdout]                                at /rustc/df4ca44d3fbc9301ee17f30f4d474e6ae4b05252/library/alloc/src/boxed.rs:2468:9
[INFO] [stdout]   13:     0x627336e937e8 - std::panicking::rust_panic_with_hook::h2ff17fe8f26dfcf8
[INFO] [stdout]                                at /rustc/df4ca44d3fbc9301ee17f30f4d474e6ae4b05252/library/std/src/panicking.rs:809:13
[INFO] [stdout]   14:     0x627336e935aa - std::panicking::begin_panic_handler::{{closure}}::h4fad77951c07e101
[INFO] [stdout]                                at /rustc/df4ca44d3fbc9301ee17f30f4d474e6ae4b05252/library/std/src/panicking.rs:674:13
[INFO] [stdout]   15:     0x627336e92139 - std::sys::backtrace::__rust_end_short_backtrace::hb1a25b3da5d0ea08
[INFO] [stdout]                                at /rustc/df4ca44d3fbc9301ee17f30f4d474e6ae4b05252/library/std/src/sys/backtrace.rs:170:18
[INFO] [stdout]   16:     0x627336e9323c - rust_begin_unwind
[INFO] [stdout]                                at /rustc/df4ca44d3fbc9301ee17f30f4d474e6ae4b05252/library/std/src/panicking.rs:665:5
[INFO] [stdout]   17:     0x627336eb7ef0 - core::panicking::panic_fmt::ha9db07b529f9b256
[INFO] [stdout]                                at /rustc/df4ca44d3fbc9301ee17f30f4d474e6ae4b05252/library/core/src/panicking.rs:75:14
[INFO] [stdout]   18:     0x627336eb8376 - core::result::unwrap_failed::h5e8218e4d4338b8a
[INFO] [stdout]                                at /rustc/df4ca44d3fbc9301ee17f30f4d474e6ae4b05252/library/core/src/result.rs:1698:5
[INFO] [stdout]   19:     0x627336b17bf2 - core::result::Result<T,E>::unwrap::h00867ff50d33675c
[INFO] [stdout]                                at /rustc/df4ca44d3fbc9301ee17f30f4d474e6ae4b05252/library/core/src/result.rs:1103:23
[INFO] [stdout]   20:     0x627336b17bf2 - data_file_integrity::chain_test_helper::init_chain::h43386c80eb142340
[INFO] [stdout]                                at /opt/rustwide/workdir/tests/chain_test_helper.rs:39:2
[INFO] [stdout]   21:     0x627336b1809c - data_file_integrity::chain_test_helper::mine_chain::hb6d777c15dd09845
[INFO] [stdout]                                at /opt/rustwide/workdir/tests/chain_test_helper.rs:74:18
[INFO] [stdout]   22:     0x627336b199bd - data_file_integrity::data_files::hff9b8acb6af48ac0
[INFO] [stdout]                                at /opt/rustwide/workdir/tests/data_file_integrity.rs:32:15
[INFO] [stdout]   23:     0x627336b19947 - data_file_integrity::data_files::{{closure}}::h93e34a8691436139
[INFO] [stdout]                                at /opt/rustwide/workdir/tests/data_file_integrity.rs:24:16
[INFO] [stdout]   24:     0x627336b12646 - core::ops::function::FnOnce::call_once::h0d475ddfa52a85c5
[INFO] [stdout]                                at /rustc/df4ca44d3fbc9301ee17f30f4d474e6ae4b05252/library/core/src/ops/function.rs:250:5
[INFO] [stdout]   25:     0x627336b5881b - core::ops::function::FnOnce::call_once::h22c3ba5715e93f05
[INFO] [stdout]                                at /rustc/df4ca44d3fbc9301ee17f30f4d474e6ae4b05252/library/core/src/ops/function.rs:250:5
[INFO] [stdout]   26:     0x627336b5881b - test::__rust_begin_short_backtrace::h8e82d8113d0da17f
[INFO] [stdout]                                at /rustc/df4ca44d3fbc9301ee17f30f4d474e6ae4b05252/library/test/src/lib.rs:621:18
[INFO] [stdout]   27:     0x627336b58197 - test::run_test_in_process::{{closure}}::h33235f4f20b7b7c7
[INFO] [stdout]                                at /rustc/df4ca44d3fbc9301ee17f30f4d474e6ae4b05252/library/test/src/lib.rs:644:60
[INFO] [stdout]   28:     0x627336b58197 - <core::panic::unwind_safe::AssertUnwindSafe<F> as core::ops::function::FnOnce<()>>::call_once::hb5043206310c586f
[INFO] [stdout]                                at /rustc/df4ca44d3fbc9301ee17f30f4d474e6ae4b05252/library/core/src/panic/unwind_safe.rs:272:9
[INFO] [stdout]   29:     0x627336b58197 - std::panicking::try::do_call::h9ad4731a60ab23e2
[INFO] [stdout]                                at /rustc/df4ca44d3fbc9301ee17f30f4d474e6ae4b05252/library/std/src/panicking.rs:557:40
[INFO] [stdout]   30:     0x627336b58197 - std::panicking::try::h3824d23db772a716
[INFO] [stdout]                                at /rustc/df4ca44d3fbc9301ee17f30f4d474e6ae4b05252/library/std/src/panicking.rs:520:19
[INFO] [stdout]   31:     0x627336b58197 - std::panic::catch_unwind::h5afd514605fde46b
[INFO] [stdout]                                at /rustc/df4ca44d3fbc9301ee17f30f4d474e6ae4b05252/library/std/src/panic.rs:358:14
[INFO] [stdout]   32:     0x627336b58197 - test::run_test_in_process::h0d5cbfa7067d1720
[INFO] [stdout]                                at /rustc/df4ca44d3fbc9301ee17f30f4d474e6ae4b05252/library/test/src/lib.rs:644:27
[INFO] [stdout]   33:     0x627336b58197 - test::run_test::{{closure}}::h708eb8872708115d
[INFO] [stdout]                                at /rustc/df4ca44d3fbc9301ee17f30f4d474e6ae4b05252/library/test/src/lib.rs:565:43
[INFO] [stdout]   34:     0x627336b1b8b4 - test::run_test::{{closure}}::h392c51cee94713ab
[INFO] [stdout]                                at /rustc/df4ca44d3fbc9301ee17f30f4d474e6ae4b05252/library/test/src/lib.rs:595:41
[INFO] [stdout]   35:     0x627336b1b8b4 - std::sys::backtrace::__rust_begin_short_backtrace::h2f40290710935a8b
[INFO] [stdout]                                at /rustc/df4ca44d3fbc9301ee17f30f4d474e6ae4b05252/library/std/src/sys/backtrace.rs:154:18
[INFO] [stdout]   36:     0x627336b1f05e - std::thread::Builder::spawn_unchecked_::{{closure}}::{{closure}}::h3fd968d89053a903
[INFO] [stdout]                                at /rustc/df4ca44d3fbc9301ee17f30f4d474e6ae4b05252/library/std/src/thread/mod.rs:541:17
[INFO] [stdout]   37:     0x627336b1f05e - <core::panic::unwind_safe::AssertUnwindSafe<F> as core::ops::function::FnOnce<()>>::call_once::h743f637ba4229880
[INFO] [stdout]                                at /rustc/df4ca44d3fbc9301ee17f30f4d474e6ae4b05252/library/core/src/panic/unwind_safe.rs:272:9
[INFO] [stdout]   38:     0x627336b1f05e - std::panicking::try::do_call::h07440897322525a6
[INFO] [stdout]                                at /rustc/df4ca44d3fbc9301ee17f30f4d474e6ae4b05252/library/std/src/panicking.rs:557:40
[INFO] [stdout]   39:     0x627336b1f05e - std::panicking::try::he5a2e00188156637
[INFO] [stdout]                                at /rustc/df4ca44d3fbc9301ee17f30f4d474e6ae4b05252/library/std/src/panicking.rs:520:19
[INFO] [stdout]   40:     0x627336b1f05e - std::panic::catch_unwind::hbaf3cae49b3c6433
[INFO] [stdout]                                at /rustc/df4ca44d3fbc9301ee17f30f4d474e6ae4b05252/library/std/src/panic.rs:358:14
[INFO] [stdout]   41:     0x627336b1f05e - std::thread::Builder::spawn_unchecked_::{{closure}}::h8e141ea224820bce
[INFO] [stdout]                                at /rustc/df4ca44d3fbc9301ee17f30f4d474e6ae4b05252/library/std/src/thread/mod.rs:540:30
[INFO] [stdout]   42:     0x627336b1f05e - core::ops::function::FnOnce::call_once{{vtable.shim}}::h90d312fedd7b8ea8
[INFO] [stdout]                                at /rustc/df4ca44d3fbc9301ee17f30f4d474e6ae4b05252/library/core/src/ops/function.rs:250:5
[INFO] [stdout]   43:     0x627336e983eb - <alloc::boxed::Box<F,A> as core::ops::function::FnOnce<Args>>::call_once::h69aa08ddb6adb8b6
[INFO] [stdout]                                at /rustc/df4ca44d3fbc9301ee17f30f4d474e6ae4b05252/library/alloc/src/boxed.rs:2454:9
[INFO] [stdout]   44:     0x627336e983eb - <alloc::boxed::Box<F,A> as core::ops::function::FnOnce<Args>>::call_once::h5aa36efdb79c806f
[INFO] [stdout]                                at /rustc/df4ca44d3fbc9301ee17f30f4d474e6ae4b05252/library/alloc/src/boxed.rs:2454:9
[INFO] [stdout]   45:     0x627336e983eb - std::sys::pal::unix::thread::Thread::new::thread_start::h6cd80a1b4be5158d
[INFO] [stdout]                                at /rustc/df4ca44d3fbc9301ee17f30f4d474e6ae4b05252/library/std/src/sys/pal/unix/thread.rs:105:17
[INFO] [stdout]   46:     0x750254266ac3 - <unknown>
[INFO] [stdout]   47:     0x7502542f7a04 - clone
[INFO] [stdout]   48:                0x0 - <unknown>
[INFO] [stdout] 
[INFO] [stdout] 
[INFO] [stdout] failures:
[INFO] [stdout]     data_files
[INFO] [stdout] 
[INFO] [stdout] test result: FAILED. 0 passed; 1 failed; 0 ignored; 0 measured; 0 filtered out; finished in 0.22s
[INFO] [stdout] 
[INFO] [stderr] error: test failed, to rerun pass `--test data_file_integrity`
[INFO] running `Command { std: "docker" "inspect" "0526f742099129e895ade8020b555cfa2b7bdbe5106390d5a9adcc0f60a36140", kill_on_drop: false }`
[INFO] running `Command { std: "docker" "rm" "-f" "0526f742099129e895ade8020b555cfa2b7bdbe5106390d5a9adcc0f60a36140", kill_on_drop: false }`
[INFO] [stdout] 0526f742099129e895ade8020b555cfa2b7bdbe5106390d5a9adcc0f60a36140
