[INFO] fetching crate grib 0.10.2...
[INFO] testing grib-0.10.2 against nightly-2024-10-28 for randomize-layout
[INFO] extracting crate grib 0.10.2 into /workspace/builds/worker-3-tc1/source
[INFO] validating manifest of crates.io crate grib 0.10.2 on toolchain nightly-2024-10-28
[INFO] running `Command { std: CARGO_HOME="/workspace/cargo-home" RUSTUP_HOME="/workspace/rustup-home" "/workspace/cargo-home/bin/cargo" "+nightly-2024-10-28" "metadata" "--manifest-path" "Cargo.toml" "--no-deps", kill_on_drop: false }`
[INFO] started tweaking crates.io crate grib 0.10.2
[INFO] removed 0 missing examples
[INFO] finished tweaking crates.io crate grib 0.10.2
[INFO] tweaked toml for crates.io crate grib 0.10.2 written to /workspace/builds/worker-3-tc1/source/Cargo.toml
[INFO] crate crates.io crate grib 0.10.2 already has a lockfile, it will not be regenerated
[INFO] running `Command { std: CARGO_HOME="/workspace/cargo-home" RUSTUP_HOME="/workspace/rustup-home" "/workspace/cargo-home/bin/cargo" "+nightly-2024-10-28" "fetch" "--manifest-path" "Cargo.toml", kill_on_drop: false }`
[INFO] [stderr]     Updating crates.io index
[INFO] [stderr]  Downloading crates ...
[INFO] [stderr]   Downloaded cxxbridge-flags v1.0.41
[INFO] [stderr]   Downloaded xz2 v0.1.6
[INFO] [stderr]   Downloaded grib-build v0.4.3
[INFO] [stderr]   Downloaded proj v0.27.2
[INFO] [stderr]   Downloaded geo-types v0.7.12
[INFO] [stderr]   Downloaded cxxbridge-macro v1.0.41
[INFO] [stderr]   Downloaded cxx-build v1.0.41
[INFO] [stderr]   Downloaded cxx v1.0.41
[INFO] [stderr]   Downloaded bindgen v0.66.1
[INFO] [stderr]   Downloaded lzma-sys v0.1.16
[INFO] [stderr]   Downloaded openjpeg-sys v1.0.5
[INFO] [stderr]   Downloaded proj-sys v0.23.2
[INFO] running `Command { std: "docker" "create" "-v" "/var/lib/crater-agent-workspace/builds/worker-3-tc1/target:/opt/rustwide/target:rw,Z" "-v" "/var/lib/crater-agent-workspace/builds/worker-3-tc1/source:/opt/rustwide/workdir:ro,Z" "-v" "/var/lib/crater-agent-workspace/cargo-home:/opt/rustwide/cargo-home:ro,Z" "-v" "/var/lib/crater-agent-workspace/rustup-home:/opt/rustwide/rustup-home:ro,Z" "-e" "SOURCE_DIR=/opt/rustwide/workdir" "-e" "CARGO_TARGET_DIR=/opt/rustwide/target" "-e" "CARGO_HOME=/opt/rustwide/cargo-home" "-e" "RUSTUP_HOME=/opt/rustwide/rustup-home" "-w" "/opt/rustwide/workdir" "-m" "1610612736" "--user" "0:0" "--network" "none" "ghcr.io/rust-lang/crates-build-env/linux@sha256:4a844ea9eb2546a2d2c7022eacef16ef2e8229c7fbb2c7d4d55a9ceca922f72d" "/opt/rustwide/cargo-home/bin/cargo" "+nightly-2024-10-28" "metadata" "--no-deps" "--format-version=1", kill_on_drop: false }`
[INFO] [stdout] 940d09d6a30d0570568f49bd11e6029a6d1850052523802f92f6ccf91561075b
[INFO] running `Command { std: "docker" "start" "-a" "940d09d6a30d0570568f49bd11e6029a6d1850052523802f92f6ccf91561075b", kill_on_drop: false }`
[INFO] running `Command { std: "docker" "inspect" "940d09d6a30d0570568f49bd11e6029a6d1850052523802f92f6ccf91561075b", kill_on_drop: false }`
[INFO] running `Command { std: "docker" "rm" "-f" "940d09d6a30d0570568f49bd11e6029a6d1850052523802f92f6ccf91561075b", kill_on_drop: false }`
[INFO] [stdout] 940d09d6a30d0570568f49bd11e6029a6d1850052523802f92f6ccf91561075b
[INFO] running `Command { std: "docker" "create" "-v" "/var/lib/crater-agent-workspace/builds/worker-3-tc1/target:/opt/rustwide/target:rw,Z" "-v" "/var/lib/crater-agent-workspace/builds/worker-3-tc1/source:/opt/rustwide/workdir:ro,Z" "-v" "/var/lib/crater-agent-workspace/cargo-home:/opt/rustwide/cargo-home:ro,Z" "-v" "/var/lib/crater-agent-workspace/rustup-home:/opt/rustwide/rustup-home:ro,Z" "-e" "SOURCE_DIR=/opt/rustwide/workdir" "-e" "CARGO_TARGET_DIR=/opt/rustwide/target" "-e" "CARGO_INCREMENTAL=0" "-e" "RUST_BACKTRACE=full" "-e" "RUSTFLAGS=--cap-lints=forbid" "-e" "RUSTDOCFLAGS=--cap-lints=forbid" "-e" "CARGO_HOME=/opt/rustwide/cargo-home" "-e" "RUSTUP_HOME=/opt/rustwide/rustup-home" "-w" "/opt/rustwide/workdir" "-m" "1610612736" "--user" "0:0" "--network" "none" "ghcr.io/rust-lang/crates-build-env/linux@sha256:4a844ea9eb2546a2d2c7022eacef16ef2e8229c7fbb2c7d4d55a9ceca922f72d" "/opt/rustwide/cargo-home/bin/cargo" "+nightly-2024-10-28" "build" "--frozen" "--message-format=json", kill_on_drop: false }`
[INFO] [stdout] a103f83cdb349bcbeaf11fffd2116c6fab31a58caae2d717d377ec96e69677a3
[INFO] running `Command { std: "docker" "start" "-a" "a103f83cdb349bcbeaf11fffd2116c6fab31a58caae2d717d377ec96e69677a3", kill_on_drop: false }`
[INFO] [stderr]    Compiling autocfg v1.0.0
[INFO] [stderr]    Compiling proc-macro2 v1.0.78
[INFO] [stderr]    Compiling unicode-ident v1.0.8
[INFO] [stderr]    Compiling serde v1.0.203
[INFO] [stderr]    Compiling memchr v2.7.4
[INFO] [stderr]    Compiling byteorder v1.4.3
[INFO] [stderr]    Compiling ryu v1.0.5
[INFO] [stderr]    Compiling lazy_static v1.4.0
[INFO] [stderr]    Compiling hashbrown v0.14.5
[INFO] [stderr]    Compiling libc v0.2.155
[INFO] [stderr]    Compiling equivalent v1.0.1
[INFO] [stderr]    Compiling toml_datetime v0.6.3
[INFO] [stderr]    Compiling itoa v0.4.7
[INFO] [stderr]    Compiling cc v1.0.104
[INFO] [stderr]    Compiling winnow v0.5.40
[INFO] [stderr]    Compiling crc32fast v1.3.2
[INFO] [stderr]    Compiling bitflags v1.2.1
[INFO] [stderr]    Compiling simd-adler32 v0.3.5
[INFO] [stderr]    Compiling miniz_oxide v0.6.2
[INFO] [stderr]    Compiling iana-time-zone v0.1.53
[INFO] [stderr]    Compiling regex-automata v0.1.9
[INFO] [stderr]    Compiling fdeflate v0.3.0
[INFO] [stderr]    Compiling miniz_oxide v0.7.1
[INFO] [stderr]    Compiling num-traits v0.2.14
[INFO] [stderr]    Compiling num-integer v0.1.44
[INFO] [stderr]    Compiling num-bigint v0.4.3
[INFO] [stderr]    Compiling num-rational v0.4.0
[INFO] [stderr]    Compiling num-iter v0.1.42
[INFO] [stderr]    Compiling csv-core v0.1.10
[INFO] [stderr]    Compiling flate2 v1.0.25
[INFO] [stderr]    Compiling indexmap v2.2.6
[INFO] [stderr]    Compiling quote v1.0.35
[INFO] [stderr]    Compiling syn v2.0.48
[INFO] [stderr]    Compiling time v0.1.43
[INFO] [stderr]    Compiling png v0.17.8
[INFO] [stderr]    Compiling openjpeg-sys v1.0.5
[INFO] [stderr]    Compiling num-complex v0.4.0
[INFO] [stderr]    Compiling chrono v0.4.23
[INFO] [stderr]    Compiling toml_edit v0.20.2
[INFO] [stderr]    Compiling num v0.4.0
[INFO] [stderr]    Compiling serde_derive v1.0.203
[INFO] [stderr]    Compiling proc-macro-crate v2.0.2
[INFO] [stderr]    Compiling num_enum_derive v0.7.1
[INFO] [stderr]    Compiling num_enum v0.7.1
[INFO] [stderr]    Compiling bstr v0.2.15
[INFO] [stderr]    Compiling csv v1.1.6
[INFO] [stderr]    Compiling grib-build v0.4.3
[INFO] [stderr]    Compiling grib v0.10.2 (/opt/rustwide/workdir)
[INFO] [stderr]     Finished `dev` profile [unoptimized + debuginfo] target(s) in 7.95s
[INFO] running `Command { std: "docker" "inspect" "a103f83cdb349bcbeaf11fffd2116c6fab31a58caae2d717d377ec96e69677a3", kill_on_drop: false }`
[INFO] running `Command { std: "docker" "rm" "-f" "a103f83cdb349bcbeaf11fffd2116c6fab31a58caae2d717d377ec96e69677a3", kill_on_drop: false }`
[INFO] [stdout] a103f83cdb349bcbeaf11fffd2116c6fab31a58caae2d717d377ec96e69677a3
[INFO] running `Command { std: "docker" "create" "-v" "/var/lib/crater-agent-workspace/builds/worker-3-tc1/target:/opt/rustwide/target:rw,Z" "-v" "/var/lib/crater-agent-workspace/builds/worker-3-tc1/source:/opt/rustwide/workdir:ro,Z" "-v" "/var/lib/crater-agent-workspace/cargo-home:/opt/rustwide/cargo-home:ro,Z" "-v" "/var/lib/crater-agent-workspace/rustup-home:/opt/rustwide/rustup-home:ro,Z" "-e" "SOURCE_DIR=/opt/rustwide/workdir" "-e" "CARGO_TARGET_DIR=/opt/rustwide/target" "-e" "CARGO_INCREMENTAL=0" "-e" "RUST_BACKTRACE=full" "-e" "RUSTFLAGS=--cap-lints=forbid" "-e" "RUSTDOCFLAGS=--cap-lints=forbid" "-e" "CARGO_HOME=/opt/rustwide/cargo-home" "-e" "RUSTUP_HOME=/opt/rustwide/rustup-home" "-w" "/opt/rustwide/workdir" "-m" "1610612736" "--user" "0:0" "--network" "none" "ghcr.io/rust-lang/crates-build-env/linux@sha256:4a844ea9eb2546a2d2c7022eacef16ef2e8229c7fbb2c7d4d55a9ceca922f72d" "/opt/rustwide/cargo-home/bin/cargo" "+nightly-2024-10-28" "test" "--frozen" "--no-run" "--message-format=json", kill_on_drop: false }`
[INFO] [stdout] d9c86c7a3a19da0fdf0a98df349df005b088f799d50c50748139b76352e045ff
[INFO] running `Command { std: "docker" "start" "-a" "d9c86c7a3a19da0fdf0a98df349df005b088f799d50c50748139b76352e045ff", kill_on_drop: false }`
[INFO] [stderr]    Compiling getrandom v0.1.14
[INFO] [stderr]    Compiling cfg-if v0.1.10
[INFO] [stderr]    Compiling pkg-config v0.3.29
[INFO] [stderr]    Compiling ppv-lite86 v0.2.8
[INFO] [stderr]    Compiling remove_dir_all v0.5.2
[INFO] [stderr]    Compiling rand_core v0.5.1
[INFO] [stderr]    Compiling lzma-sys v0.1.16
[INFO] [stderr]    Compiling rand_chacha v0.2.2
[INFO] [stderr]    Compiling rand v0.7.3
[INFO] [stderr]    Compiling xz2 v0.1.6
[INFO] [stderr]    Compiling tempfile v3.1.0
[INFO] [stderr]    Compiling grib v0.10.2 (/opt/rustwide/workdir)
[INFO] [stderr]     Finished `test` profile [unoptimized + debuginfo] target(s) in 2.81s
[INFO] running `Command { std: "docker" "inspect" "d9c86c7a3a19da0fdf0a98df349df005b088f799d50c50748139b76352e045ff", kill_on_drop: false }`
[INFO] running `Command { std: "docker" "rm" "-f" "d9c86c7a3a19da0fdf0a98df349df005b088f799d50c50748139b76352e045ff", kill_on_drop: false }`
[INFO] [stdout] d9c86c7a3a19da0fdf0a98df349df005b088f799d50c50748139b76352e045ff
[INFO] running `Command { std: "docker" "create" "-v" "/var/lib/crater-agent-workspace/builds/worker-3-tc1/target:/opt/rustwide/target:rw,Z" "-v" "/var/lib/crater-agent-workspace/builds/worker-3-tc1/source:/opt/rustwide/workdir:ro,Z" "-v" "/var/lib/crater-agent-workspace/cargo-home:/opt/rustwide/cargo-home:ro,Z" "-v" "/var/lib/crater-agent-workspace/rustup-home:/opt/rustwide/rustup-home:ro,Z" "-e" "SOURCE_DIR=/opt/rustwide/workdir" "-e" "CARGO_TARGET_DIR=/opt/rustwide/target" "-e" "CARGO_INCREMENTAL=0" "-e" "RUST_BACKTRACE=full" "-e" "RUSTFLAGS=--cap-lints=forbid" "-e" "RUSTDOCFLAGS=--cap-lints=forbid" "-e" "CARGO_HOME=/opt/rustwide/cargo-home" "-e" "RUSTUP_HOME=/opt/rustwide/rustup-home" "-w" "/opt/rustwide/workdir" "-m" "1610612736" "--user" "0:0" "--network" "none" "ghcr.io/rust-lang/crates-build-env/linux@sha256:4a844ea9eb2546a2d2c7022eacef16ef2e8229c7fbb2c7d4d55a9ceca922f72d" "/opt/rustwide/cargo-home/bin/cargo" "+nightly-2024-10-28" "test" "--frozen", kill_on_drop: false }`
[INFO] [stdout] a05fa0f37700cf9466ec3e456448e15845d08ca25bdade000642d240c4bd1d8e
[INFO] running `Command { std: "docker" "start" "-a" "a05fa0f37700cf9466ec3e456448e15845d08ca25bdade000642d240c4bd1d8e", kill_on_drop: false }`
[INFO] [stderr]     Finished `test` profile [unoptimized + debuginfo] target(s) in 0.06s
[INFO] [stderr]      Running unittests src/lib.rs (/opt/rustwide/target/debug/deps/grib-447a2906e3deef21)
[INFO] [stdout] 
[INFO] [stdout] running 145 tests
[INFO] [stdout] test codetables::grib2::tests::num_enum_conversion ... ok
[INFO] [stdout] test codetables::grib2::tests::num_lookup_result_conversion ... ok
[INFO] [stdout] test context::tests::get_templates_normal ... ok
[INFO] [stdout] test context::tests::get_tmpl_code_normal ... ok
[INFO] [stdout] test context::tests::item_0_from_submessage_iterator_for_single_message_data_with_multiple_submessages ... FAILED
[INFO] [stdout] test context::tests::item_0_from_submessage_iterator_for_multi_message_data ... FAILED
[INFO] [stdout] test context::tests::item_1_from_submessage_iterator_for_single_message_data_with_multiple_submessages ... FAILED
[INFO] [stdout] test context::tests::item_1_from_submessage_iterator_for_multi_message_data ... FAILED
[INFO] [stdout] test datatypes::sections::tests::date_time_creation_for_invalid_date ... ok
[INFO] [stdout] test datatypes::sections::tests::date_time_creation_for_invalid_time ... ok
[INFO] [stdout] test datatypes::sections::tests::date_time_creation_for_valid_date_time ... ok
[INFO] [stdout] test datatypes::sections::tests::error_in_date_time_creation ... ok
[INFO] [stdout] test datatypes::sections::tests::grid_definition_template_0 ... ok
[INFO] [stdout] test datatypes::sections::tests::prod_definition_parameters ... ok
[INFO] [stdout] test decoder::bitmap::test::bitmap_iterator_size_hint ... ok
[INFO] [stdout] test decoder::bitmap::test::bitmap_iterator_works ... ok
[INFO] [stdout] test decoder::complex::diff::tests::first_order_spatial_differencing_decoding_consisting_of_normal_values ... ok
[INFO] [stdout] test decoder::complex::diff::tests::first_order_spatial_differencing_decoding_with_missing_values_in_first_values ... ok
[INFO] [stdout] test decoder::complex::diff::tests::first_order_spatial_differencing_decoding_with_missing_values_in_non_first_values ... ok
[INFO] [stdout] test decoder::complex::diff::tests::second_order_spatial_differencing_decoding_with_missing_values_in_first_values ... ok
[INFO] [stdout] test decoder::complex::diff::tests::spdiff_first_values_when_num_octets_is_1 ... ok
[INFO] [stdout] test decoder::complex::diff::tests::second_order_spatial_differencing_decoding_consisting_of_normal_values ... ok
[INFO] [stdout] test decoder::complex::diff::tests::spdiff_first_values_when_num_octets_is_3 ... ok
[INFO] [stdout] test decoder::complex::diff::tests::spdiff_first_values_when_num_octets_is_4 ... ok
[INFO] [stdout] test decoder::complex::diff::tests::spdiff_minimum_value_when_num_octets_is_1 ... ok
[INFO] [stdout] test decoder::complex::diff::tests::spdiff_minimum_value_when_num_octets_is_4 ... ok
[INFO] [stdout] test decoder::complex::diff::tests::spdiff_minimum_value_when_num_octets_is_2 ... ok
[INFO] [stdout] test decoder::run_length::tests::decode_data_with_run_length_encoding ... ok
[INFO] [stdout] test decoder::run_length::tests::decode_data_with_run_length_encoding_with_multibyte_length ... ok
[INFO] [stdout] test decoder::simple::tests::decode_simple_packing ... ok
[INFO] [stdout] test decoder::complex::diff::tests::second_order_spatial_differencing_decoding_with_missing_values_in_non_first_values ... ok
[INFO] [stdout] test decoder::complex::diff::tests::spdiff_minimum_value_when_num_octets_is_3 ... ok
[INFO] [stdout] test decoder::complex::diff::tests::spdiff_first_values_when_num_octets_is_2 ... ok
[INFO] [stdout] test decoder::stream::tests::nbitwise_iterator_u13 ... ok
[INFO] [stdout] test decoder::stream::tests::nbitwise_iterator_u2 ... ok
[INFO] [stdout] test decoder::stream::tests::nbitwise_iterator_u5 ... ok
[INFO] [stdout] test decoder::stream::tests::nbitwise_iterator_u9 ... ok
[INFO] [stdout] test decoder::stream::tests::nbitwise_iterator_with_offset ... ok
[INFO] [stdout] test decoder::stream::tests::nbitwise_iterator_empty ... ok
[INFO] [stdout] test grid::earth::tests::radii_for_shape_6 ... FAILED
[INFO] [stdout] test grid::gaussian::tests::failure_to_find_root ... ok
[INFO] [stdout] test grid::earth::tests::radii_for_shape_1 ... FAILED
[INFO] [stdout] test grid::gaussian::tests::finding_root ... ok
[INFO] [stdout] test grid::gaussian::tests::latlon_computation_for_real_world_gaussian_grid_compared_with_results_from_eccodes ... FAILED
[INFO] [stdout] test decoder::stream::tests::fixed_value_iterator_not_crashing_after_iteration_finished ... ok
[INFO] [stdout] test grid::earth::tests::radii_for_shape_2 ... FAILED
[INFO] [stdout] test grid::earth::tests::radii_for_shape_4 ... FAILED
[INFO] [stdout] test grid::helpers::test_helpers::assert_almost_eq_does_not_panic_for_negative_positive ... ok
[INFO] [stdout] test grid::helpers::test_helpers::assert_almost_eq_does_not_panic_for_negative_lt_negative ... ok
[INFO] [stdout] test grid::helpers::test_helpers::assert_almost_eq_does_not_panic_for_positive_negative ... ok
[INFO] [stdout] test grid::helpers::test_helpers::assert_almost_eq_does_not_panic_for_positive_gt_positive ... ok
[INFO] [stdout] test grid::helpers::test_helpers::assert_almost_eq_does_not_panic_for_negative_gt_negative ... ok
[INFO] [stdout] test grid::helpers::test_helpers::assert_almost_eq_does_not_panic_for_positive_lt_positive ... ok
[INFO] [stdout] test grid::helpers::tests::lat_lon_grid_iter_with_scanning_mode_0b00010000 ... ok
[INFO] [stdout] test grid::helpers::tests::lat_lon_grid_iter_with_scanning_mode_0b00000000 ... ok
[INFO] [stdout] test grid::helpers::tests::lat_lon_grid_iter_with_scanning_mode_0b00100000 ... ok
[INFO] [stdout] test grid::helpers::tests::lat_lon_grid_iter_with_scanning_mode_0b00110000 ... ok
[INFO] [stdout] test grid::lambert::tests::lambert_grid_definition_from_buf ... FAILED
[INFO] [stdout] test grid::helpers::tests::lat_lon_grid_iterator_size_hint ... ok
[INFO] [stdout] test grid::latlon::tests::consistency_between_lat_decrease_and_scanning_mode_0b00000000 ... ok
[INFO] [stdout] test grid::latlon::tests::consistency_between_lat_decrease_and_scanning_mode_0b01000000 ... ok
[INFO] [stdout] test grid::latlon::tests::consistency_between_lat_increase_and_scanning_mode_0b00000000 ... ok
[INFO] [stdout] test grid::latlon::tests::consistency_between_lat_increase_and_scanning_mode_0b01000000 ... ok
[INFO] [stdout] test grid::gaussian::tests::legendre_roots_iterator_for_n_being_5_compared_with_analytical_solutions ... ok
[INFO] [stdout] test grid::gaussian::tests::legendre_roots_iterator_for_n_being_2_compared_with_analytical_solutions ... ok
[INFO] [stdout] test grid::polar_stereographic::tests::polar_stereographic_grid_definition_from_buf ... FAILED
[INFO] [stdout] test helpers::tests::conversion_from_bytes_to_grib_int_for_1_byte_negative ... ok
[INFO] [stdout] test helpers::tests::conversion_from_bytes_to_grib_int_for_1_byte_positive ... ok
[INFO] [stdout] test helpers::tests::conversion_from_bytes_to_grib_int_for_2_bytes_negative ... ok
[INFO] [stdout] test helpers::tests::conversion_from_bytes_to_grib_int_for_2_bytes_positive ... ok
[INFO] [stdout] test helpers::tests::conversion_from_bytes_to_grib_int_for_3_bytes_negative ... ok
[INFO] [stdout] test helpers::tests::conversion_from_bytes_to_grib_int_for_3_bytes_negative_starting_from_0x80 ... ok
[INFO] [stdout] test helpers::tests::conversion_from_bytes_to_grib_int_for_3_bytes_positive ... ok
[INFO] [stdout] test helpers::tests::conversion_from_bytes_to_grib_int_for_4_bytes_negative ... ok
[INFO] [stdout] test helpers::tests::conversion_from_bytes_to_grib_int_for_4_bytes_positive ... ok
[INFO] [stdout] test grid::gaussian::tests::gaussian_latitudes_computation_compared_with_numerical_solutions ... ok
[INFO] [stdout] test helpers::tests::into_grib_i16 ... ok
[INFO] [stdout] test helpers::tests::into_grib_i8 ... ok
[INFO] [stdout] test parser::tests::submessage_index_stream_from_multiple_messages_and_submessages_with_sect2_toggled ... ok
[INFO] [stdout] test parser::tests::submessage_stream_empty ... ok
[INFO] [stdout] test parser::tests::submessage_stream_ending_with_sect0 ... ok
[INFO] [stdout] test parser::tests::submessage_stream_ending_with_sect1 ... ok
[INFO] [stdout] test parser::tests::submessage_stream_ending_with_sect2 ... ok
[INFO] [stdout] test parser::tests::submessage_stream_ending_with_sect3 ... ok
[INFO] [stdout] test parser::tests::submessage_stream_ending_with_sect3_without_sect2 ... ok
[INFO] [stdout] test parser::tests::submessage_stream_ending_with_sect4 ... ok
[INFO] [stdout] test parser::tests::submessage_stream_ending_with_sect4_without_sect2 ... ok
[INFO] [stdout] test parser::tests::submessage_stream_from_1_message ... ok
[INFO] [stdout] test parser::tests::submessage_stream_ending_with_sect7 ... ok
[INFO] [stdout] test parser::tests::submessage_stream_from_1_message_with_multiple_submessages_from_sect2 ... ok
[INFO] [stdout] test parser::tests::submessage_stream_from_1_message_with_multiple_submessages_from_sect2_with_sect2_toggled ... ok
[INFO] [stdout] test parser::tests::submessage_stream_from_1_message_with_multiple_submessages_from_sect3 ... ok
[INFO] [stdout] test parser::tests::submessage_stream_from_1_message_with_multiple_submessages_from_sect3_without_sect2 ... ok
[INFO] [stdout] test parser::tests::submessage_stream_from_1_message_with_multiple_submessages_from_sect4 ... ok
[INFO] [stdout] test parser::tests::submessage_stream_from_1_message_with_multiple_submessages_from_sect4_without_sect2 ... ok
[INFO] [stdout] test parser::tests::submessage_stream_from_multiple_messages ... ok
[INFO] [stdout] test parser::tests::submessage_stream_from_multiple_messages_and_submessages_with_sect2_toggled ... ok
[INFO] [stdout] test parser::tests::submessage_stream_from_multiple_messages_without_sect2 ... ok
[INFO] [stdout] test parser::tests::submessage_stream_from_submessage_without_sect3 ... ok
[INFO] [stdout] test parser::tests::submessage_stream_with_2nd_submessage_wrongly_ordered_after_sect2 ... ok
[INFO] [stdout] test parser::tests::submessage_stream_with_2nd_submessage_wrongly_ordered_after_sect4_without_sect2_and_sect3 ... ok
[INFO] [stdout] test parser::tests::submessage_stream_with_2nd_submessage_wrongly_ordered_from_the_beginning ... ok
[INFO] [stdout] test parser::tests::submessage_stream_with_sect_stream_error_at_sect0_in_1st_submessage ... ok
[INFO] [stdout] test parser::tests::submessage_stream_with_sect_stream_error_at_sect1_in_1st_submessage ... ok
[INFO] [stdout] test parser::tests::submessage_stream_with_sect_stream_error_at_sect2_in_1st_submessage ... ok
[INFO] [stdout] test parser::tests::submessage_stream_with_sect_stream_error_at_sect3_in_1st_submessage ... ok
[INFO] [stdout] test parser::tests::submessage_stream_with_sect_stream_error_at_sect4_in_1st_submessage ... ok
[INFO] [stdout] test parser::tests::submessage_stream_with_sect_stream_error_at_sect5_in_1st_submessage ... ok
[INFO] [stdout] test parser::tests::submessage_stream_with_sect_stream_error_at_sect6_in_1st_submessage ... ok
[INFO] [stdout] test parser::tests::submessage_stream_with_sect_stream_error_at_sect7_in_1st_submessage ... ok
[INFO] [stdout] test parser::tests::submessage_stream_with_sect_stream_error_at_sect8_in_1st_submessage ... ok
[INFO] [stdout] test parser::tests::submessage_stream_wrongly_ordered_after_sect0 ... ok
[INFO] [stdout] test parser::tests::submessage_stream_wrongly_ordered_after_sect1 ... ok
[INFO] [stdout] test parser::tests::submessage_stream_wrongly_ordered_after_sect2 ... ok
[INFO] [stdout] test parser::tests::submessage_stream_wrongly_ordered_after_sect3 ... ok
[INFO] [stdout] test parser::tests::submessage_stream_wrongly_ordered_after_sect3_without_sect2 ... ok
[INFO] [stdout] test parser::tests::submessage_stream_wrongly_ordered_after_sect4 ... ok
[INFO] [stdout] test parser::tests::submessage_stream_wrongly_ordered_after_sect4_without_sect2 ... ok
[INFO] [stdout] test parser::tests::submessage_stream_wrongly_ordered_after_sect5 ... ok
[INFO] [stdout] test parser::tests::submessage_stream_wrongly_ordered_after_sect6 ... ok
[INFO] [stdout] test parser::tests::submessage_stream_wrongly_ordered_from_the_beginning ... ok
[INFO] [stdout] test reader::tests::read_grib2_message_with_incomplete_section_0 ... FAILED
[INFO] [stdout] test reader::tests::read_grib2_message_starting_from_non_zero_position_after_seeking ... FAILED
[INFO] [stdout] test reader::tests::read_grib2_message_with_incomplete_section_1 ... FAILED
[INFO] [stdout] test reader::tests::read_grib2_message_with_incomplete_section_8 ... FAILED
[INFO] [stdout] test reader::tests::read_multiple_grib2_messages ... FAILED
[INFO] [stdout] test reader::tests::read_one_grib2_message ... FAILED
[INFO] [stdout] test reader::tests::reading_message_using_read_sect0_0th_and_1st_iterations ... FAILED
[INFO] [stdout] test reader::tests::reading_message_using_end_of_read_sect0_0th_iteration ... FAILED
[INFO] [stdout] test reader::tests::reading_message_using_read_sect0_0th_iteration ... FAILED
[INFO] [stdout] test reader::tests::reading_message_using_read_sect0_1st_iteration ... FAILED
[INFO] [stdout] test context::tests::from_buf_reader ... FAILED
[INFO] [stdout] test context::tests::from_bytes ... FAILED
[INFO] [stdout] test decoder::simple::tests::decode_simple_packing_when_nbit_is_zero ... FAILED
[INFO] [stdout] test grid::helpers::test_helpers::assert_almost_eq_panic_message_containing_trailing_zeros - should panic ... ok
[INFO] [stdout] test grid::helpers::test_helpers::assert_almost_eq_panics_for_negative_lt_negative - should panic ... ok
[INFO] [stdout] test grid::helpers::test_helpers::assert_almost_eq_panics_for_negative_gt_negative - should panic ... ok
[INFO] [stdout] test grid::helpers::test_helpers::assert_almost_eq_panics_for_positive_gt_positive - should panic ... ok
[INFO] [stdout] test grid::helpers::test_helpers::assert_almost_eq_panics_for_positive_lt_positive - should panic ... ok
[INFO] [stdout] test grid::helpers::test_helpers::assert_almost_eq_panics_for_negative_positive - should panic ... ok
[INFO] [stdout] test grid::helpers::test_helpers::assert_almost_eq_panics_for_positive_negative - should panic ... ok
[INFO] [stdout] test grid::latlon::tests::lat_lon_calculation_for_decreasing_longitudes_and_negative_direction_scan ... ok
[INFO] [stdout] test grid::latlon::tests::lat_lon_calculation_for_decreasing_longitudes_and_positive_direction_scan ... ok
[INFO] [stdout] test grid::latlon::tests::lat_lon_calculation_for_increasing_longitudes_and_positive_direction_scan ... ok
[INFO] [stdout] test grid::latlon::tests::lat_lon_calculation_for_increasing_longitudes_and_negative_direction_scan ... ok
[INFO] [stdout] 
[INFO] [stdout] failures:
[INFO] [stdout] 
[INFO] [stdout] ---- context::tests::item_0_from_submessage_iterator_for_single_message_data_with_multiple_submessages stdout ----
[INFO] [stdout] Error: Os { code: 2, kind: NotFound, message: "No such file or directory" }
[INFO] [stdout] 
[INFO] [stdout] ---- context::tests::item_0_from_submessage_iterator_for_multi_message_data stdout ----
[INFO] [stdout] Error: Os { code: 2, kind: NotFound, message: "No such file or directory" }
[INFO] [stdout] 
[INFO] [stdout] ---- context::tests::item_1_from_submessage_iterator_for_single_message_data_with_multiple_submessages stdout ----
[INFO] [stdout] Error: Os { code: 2, kind: NotFound, message: "No such file or directory" }
[INFO] [stdout] 
[INFO] [stdout] ---- context::tests::item_1_from_submessage_iterator_for_multi_message_data stdout ----
[INFO] [stdout] Error: Os { code: 2, kind: NotFound, message: "No such file or directory" }
[INFO] [stdout] 
[INFO] [stdout] ---- grid::earth::tests::radii_for_shape_6 stdout ----
[INFO] [stdout] Error: Os { code: 2, kind: NotFound, message: "No such file or directory" }
[INFO] [stdout] 
[INFO] [stdout] ---- grid::earth::tests::radii_for_shape_1 stdout ----
[INFO] [stdout] Error: Os { code: 2, kind: NotFound, message: "No such file or directory" }
[INFO] [stdout] 
[INFO] [stdout] ---- grid::gaussian::tests::latlon_computation_for_real_world_gaussian_grid_compared_with_results_from_eccodes stdout ----
[INFO] [stdout] Error: Os { code: 2, kind: NotFound, message: "No such file or directory" }
[INFO] [stdout] 
[INFO] [stdout] ---- grid::earth::tests::radii_for_shape_2 stdout ----
[INFO] [stdout] Error: Os { code: 2, kind: NotFound, message: "No such file or directory" }
[INFO] [stdout] 
[INFO] [stdout] ---- grid::earth::tests::radii_for_shape_4 stdout ----
[INFO] [stdout] Error: Os { code: 2, kind: NotFound, message: "No such file or directory" }
[INFO] [stdout] 
[INFO] [stdout] ---- grid::lambert::tests::lambert_grid_definition_from_buf stdout ----
[INFO] [stdout] Error: Os { code: 2, kind: NotFound, message: "No such file or directory" }
[INFO] [stdout] 
[INFO] [stdout] ---- grid::polar_stereographic::tests::polar_stereographic_grid_definition_from_buf stdout ----
[INFO] [stdout] Error: Os { code: 2, kind: NotFound, message: "No such file or directory" }
[INFO] [stdout] 
[INFO] [stdout] ---- reader::tests::read_grib2_message_with_incomplete_section_0 stdout ----
[INFO] [stdout] Error: Os { code: 2, kind: NotFound, message: "No such file or directory" }
[INFO] [stdout] 
[INFO] [stdout] ---- reader::tests::read_grib2_message_starting_from_non_zero_position_after_seeking stdout ----
[INFO] [stdout] Error: Os { code: 2, kind: NotFound, message: "No such file or directory" }
[INFO] [stdout] 
[INFO] [stdout] ---- reader::tests::read_grib2_message_with_incomplete_section_1 stdout ----
[INFO] [stdout] Error: Os { code: 2, kind: NotFound, message: "No such file or directory" }
[INFO] [stdout] 
[INFO] [stdout] ---- reader::tests::read_grib2_message_with_incomplete_section_8 stdout ----
[INFO] [stdout] Error: Os { code: 2, kind: NotFound, message: "No such file or directory" }
[INFO] [stdout] 
[INFO] [stdout] ---- reader::tests::read_multiple_grib2_messages stdout ----
[INFO] [stdout] Error: Os { code: 2, kind: NotFound, message: "No such file or directory" }
[INFO] [stdout] 
[INFO] [stdout] ---- reader::tests::read_one_grib2_message stdout ----
[INFO] [stdout] Error: Os { code: 2, kind: NotFound, message: "No such file or directory" }
[INFO] [stdout] 
[INFO] [stdout] ---- reader::tests::reading_message_using_read_sect0_0th_and_1st_iterations stdout ----
[INFO] [stdout] Error: Os { code: 2, kind: NotFound, message: "No such file or directory" }
[INFO] [stdout] 
[INFO] [stdout] ---- reader::tests::reading_message_using_end_of_read_sect0_0th_iteration stdout ----
[INFO] [stdout] Error: Os { code: 2, kind: NotFound, message: "No such file or directory" }
[INFO] [stdout] 
[INFO] [stdout] ---- reader::tests::reading_message_using_read_sect0_0th_iteration stdout ----
[INFO] [stdout] Error: Os { code: 2, kind: NotFound, message: "No such file or directory" }
[INFO] [stdout] 
[INFO] [stdout] ---- reader::tests::reading_message_using_read_sect0_1st_iteration stdout ----
[INFO] [stdout] Error: Os { code: 2, kind: NotFound, message: "No such file or directory" }
[INFO] [stdout] 
[INFO] [stdout] ---- context::tests::from_buf_reader stdout ----
[INFO] [stdout] thread 'context::tests::from_buf_reader' panicked at src/context.rs:639:10:
[INFO] [stdout] called `Result::unwrap()` on an `Err` value: Os { code: 2, kind: NotFound, message: "No such file or directory" }
[INFO] [stdout] stack backtrace:
[INFO] [stdout]    0:     0x5a7f8f69afca - std::backtrace_rs::backtrace::libunwind::trace::h207520d6e9873551
[INFO] [stdout]                                at /rustc/df4ca44d3fbc9301ee17f30f4d474e6ae4b05252/library/std/src/../../backtrace/src/backtrace/libunwind.rs:116:5
[INFO] [stdout]    1:     0x5a7f8f69afca - std::backtrace_rs::backtrace::trace_unsynchronized::h2ed7433f370e3eca
[INFO] [stdout]                                at /rustc/df4ca44d3fbc9301ee17f30f4d474e6ae4b05252/library/std/src/../../backtrace/src/backtrace/mod.rs:66:5
[INFO] [stdout]    2:     0x5a7f8f69afca - std::sys::backtrace::_print_fmt::h916fac51166b18d7
[INFO] [stdout]                                at /rustc/df4ca44d3fbc9301ee17f30f4d474e6ae4b05252/library/std/src/sys/backtrace.rs:66:9
[INFO] [stdout]    3:     0x5a7f8f69afca - <std::sys::backtrace::BacktraceLock::print::DisplayBacktrace as core::fmt::Display>::fmt::ha0a4c9b8ce3802e6
[INFO] [stdout]                                at /rustc/df4ca44d3fbc9301ee17f30f4d474e6ae4b05252/library/std/src/sys/backtrace.rs:39:26
[INFO] [stdout]    4:     0x5a7f8f6c3c93 - core::fmt::rt::Argument::fmt::h4cfc8587d52b3eb5
[INFO] [stdout]                                at /rustc/df4ca44d3fbc9301ee17f30f4d474e6ae4b05252/library/core/src/fmt/rt.rs:177:76
[INFO] [stdout]    5:     0x5a7f8f6c3c93 - core::fmt::write::h522cc39e5b36ae9f
[INFO] [stdout]                                at /rustc/df4ca44d3fbc9301ee17f30f4d474e6ae4b05252/library/core/src/fmt/mod.rs:1190:21
[INFO] [stdout]    6:     0x5a7f8f697b73 - std::io::Write::write_fmt::h7d3c26752da97734
[INFO] [stdout]                                at /rustc/df4ca44d3fbc9301ee17f30f4d474e6ae4b05252/library/std/src/io/mod.rs:1839:15
[INFO] [stdout]    7:     0x5a7f8f69ae12 - std::sys::backtrace::BacktraceLock::print::h4b9e00b29e9c0942
[INFO] [stdout]                                at /rustc/df4ca44d3fbc9301ee17f30f4d474e6ae4b05252/library/std/src/sys/backtrace.rs:42:9
[INFO] [stdout]    8:     0x5a7f8f69c45a - std::panicking::default_hook::{{closure}}::hb59b88280d0324d9
[INFO] [stdout]                                at /rustc/df4ca44d3fbc9301ee17f30f4d474e6ae4b05252/library/std/src/panicking.rs:268:22
[INFO] [stdout]    9:     0x5a7f8f69c264 - std::panicking::default_hook::he1dd496665be4a29
[INFO] [stdout]                                at /rustc/df4ca44d3fbc9301ee17f30f4d474e6ae4b05252/library/std/src/panicking.rs:292:9
[INFO] [stdout]   10:     0x5a7f8f60b079 - <alloc::boxed::Box<F,A> as core::ops::function::Fn<Args>>::call::h4ff71de18744e1dc
[INFO] [stdout]                                at /rustc/df4ca44d3fbc9301ee17f30f4d474e6ae4b05252/library/alloc/src/boxed.rs:2468:9
[INFO] [stdout]   11:     0x5a7f8f60b079 - test::test_main::{{closure}}::hcf7c055ce117aa81
[INFO] [stdout]                                at /rustc/df4ca44d3fbc9301ee17f30f4d474e6ae4b05252/library/test/src/lib.rs:133:21
[INFO] [stdout]   12:     0x5a7f8f69cb58 - <alloc::boxed::Box<F,A> as core::ops::function::Fn<Args>>::call::h1d66c6bbd60c9692
[INFO] [stdout]                                at /rustc/df4ca44d3fbc9301ee17f30f4d474e6ae4b05252/library/alloc/src/boxed.rs:2468:9
[INFO] [stdout]   13:     0x5a7f8f69cb58 - std::panicking::rust_panic_with_hook::h2ff17fe8f26dfcf8
[INFO] [stdout]                                at /rustc/df4ca44d3fbc9301ee17f30f4d474e6ae4b05252/library/std/src/panicking.rs:809:13
[INFO] [stdout]   14:     0x5a7f8f69c91a - std::panicking::begin_panic_handler::{{closure}}::h4fad77951c07e101
[INFO] [stdout]                                at /rustc/df4ca44d3fbc9301ee17f30f4d474e6ae4b05252/library/std/src/panicking.rs:674:13
[INFO] [stdout]   15:     0x5a7f8f69b4a9 - std::sys::backtrace::__rust_end_short_backtrace::hb1a25b3da5d0ea08
[INFO] [stdout]                                at /rustc/df4ca44d3fbc9301ee17f30f4d474e6ae4b05252/library/std/src/sys/backtrace.rs:170:18
[INFO] [stdout]   16:     0x5a7f8f69c5ac - rust_begin_unwind
[INFO] [stdout]                                at /rustc/df4ca44d3fbc9301ee17f30f4d474e6ae4b05252/library/std/src/panicking.rs:665:5
[INFO] [stdout]   17:     0x5a7f8f6c1a20 - core::panicking::panic_fmt::ha9db07b529f9b256
[INFO] [stdout]                                at /rustc/df4ca44d3fbc9301ee17f30f4d474e6ae4b05252/library/core/src/panicking.rs:75:14
[INFO] [stdout]   18:     0x5a7f8f6c1ea6 - core::result::unwrap_failed::h5e8218e4d4338b8a
[INFO] [stdout]                                at /rustc/df4ca44d3fbc9301ee17f30f4d474e6ae4b05252/library/core/src/result.rs:1698:5
[INFO] [stdout]   19:     0x5a7f8f4f5e8f - core::result::Result<T,E>::unwrap::hc53fe37b219a0b42
[INFO] [stdout]                                at /rustc/df4ca44d3fbc9301ee17f30f4d474e6ae4b05252/library/core/src/result.rs:1103:23
[INFO] [stdout]   20:     0x5a7f8f4f5e8f - grib::context::tests::from_buf_reader::haa29186c1b8ba8d7
[INFO] [stdout]                                at /opt/rustwide/workdir/src/context.rs:636:17
[INFO] [stdout]   21:     0x5a7f8f4f5e17 - grib::context::tests::from_buf_reader::{{closure}}::hdbf8c17f8595673d
[INFO] [stdout]                                at /opt/rustwide/workdir/src/context.rs:635:25
[INFO] [stdout]   22:     0x5a7f8f5384e6 - core::ops::function::FnOnce::call_once::h1156dc22734600d2
[INFO] [stdout]                                at /rustc/df4ca44d3fbc9301ee17f30f4d474e6ae4b05252/library/core/src/ops/function.rs:250:5
[INFO] [stdout]   23:     0x5a7f8f60f94b - core::ops::function::FnOnce::call_once::h22c3ba5715e93f05
[INFO] [stdout]                                at /rustc/df4ca44d3fbc9301ee17f30f4d474e6ae4b05252/library/core/src/ops/function.rs:250:5
[INFO] [stdout]   24:     0x5a7f8f60f94b - test::__rust_begin_short_backtrace::h8e82d8113d0da17f
[INFO] [stdout]                                at /rustc/df4ca44d3fbc9301ee17f30f4d474e6ae4b05252/library/test/src/lib.rs:621:18
[INFO] [stdout]   25:     0x5a7f8f60f2c7 - test::run_test_in_process::{{closure}}::h33235f4f20b7b7c7
[INFO] [stdout]                                at /rustc/df4ca44d3fbc9301ee17f30f4d474e6ae4b05252/library/test/src/lib.rs:644:60
[INFO] [stdout]   26:     0x5a7f8f60f2c7 - <core::panic::unwind_safe::AssertUnwindSafe<F> as core::ops::function::FnOnce<()>>::call_once::hb5043206310c586f
[INFO] [stdout]                                at /rustc/df4ca44d3fbc9301ee17f30f4d474e6ae4b05252/library/core/src/panic/unwind_safe.rs:272:9
[INFO] [stdout]   27:     0x5a7f8f60f2c7 - std::panicking::try::do_call::h9ad4731a60ab23e2
[INFO] [stdout]                                at /rustc/df4ca44d3fbc9301ee17f30f4d474e6ae4b05252/library/std/src/panicking.rs:557:40
[INFO] [stdout]   28:     0x5a7f8f60f2c7 - std::panicking::try::h3824d23db772a716
[INFO] [stdout]                                at /rustc/df4ca44d3fbc9301ee17f30f4d474e6ae4b05252/library/std/src/panicking.rs:520:19
[INFO] [stdout]   29:     0x5a7f8f60f2c7 - std::panic::catch_unwind::h5afd514605fde46b
[INFO] [stdout]                                at /rustc/df4ca44d3fbc9301ee17f30f4d474e6ae4b05252/library/std/src/panic.rs:358:14
[INFO] [stdout]   30:     0x5a7f8f60f2c7 - test::run_test_in_process::h0d5cbfa7067d1720
[INFO] [stdout]                                at /rustc/df4ca44d3fbc9301ee17f30f4d474e6ae4b05252/library/test/src/lib.rs:644:27
[INFO] [stdout]   31:     0x5a7f8f60f2c7 - test::run_test::{{closure}}::h708eb8872708115d
[INFO] [stdout]                                at /rustc/df4ca44d3fbc9301ee17f30f4d474e6ae4b05252/library/test/src/lib.rs:565:43
[INFO] [stdout]   32:     0x5a7f8f5d29e4 - test::run_test::{{closure}}::h392c51cee94713ab
[INFO] [stdout]                                at /rustc/df4ca44d3fbc9301ee17f30f4d474e6ae4b05252/library/test/src/lib.rs:595:41
[INFO] [stdout]   33:     0x5a7f8f5d29e4 - std::sys::backtrace::__rust_begin_short_backtrace::h2f40290710935a8b
[INFO] [stdout]                                at /rustc/df4ca44d3fbc9301ee17f30f4d474e6ae4b05252/library/std/src/sys/backtrace.rs:154:18
[INFO] [stdout]   34:     0x5a7f8f5d618e - std::thread::Builder::spawn_unchecked_::{{closure}}::{{closure}}::h3fd968d89053a903
[INFO] [stdout]                                at /rustc/df4ca44d3fbc9301ee17f30f4d474e6ae4b05252/library/std/src/thread/mod.rs:541:17
[INFO] [stdout]   35:     0x5a7f8f5d618e - <core::panic::unwind_safe::AssertUnwindSafe<F> as core::ops::function::FnOnce<()>>::call_once::h743f637ba4229880
[INFO] [stdout]                                at /rustc/df4ca44d3fbc9301ee17f30f4d474e6ae4b05252/library/core/src/panic/unwind_safe.rs:272:9
[INFO] [stdout]   36:     0x5a7f8f5d618e - std::panicking::try::do_call::h07440897322525a6
[INFO] [stdout]                                at /rustc/df4ca44d3fbc9301ee17f30f4d474e6ae4b05252/library/std/src/panicking.rs:557:40
[INFO] [stdout]   37:     0x5a7f8f5d618e - std::panicking::try::he5a2e00188156637
[INFO] [stdout]                                at /rustc/df4ca44d3fbc9301ee17f30f4d474e6ae4b05252/library/std/src/panicking.rs:520:19
[INFO] [stdout]   38:     0x5a7f8f5d618e - std::panic::catch_unwind::hbaf3cae49b3c6433
[INFO] [stdout]                                at /rustc/df4ca44d3fbc9301ee17f30f4d474e6ae4b05252/library/std/src/panic.rs:358:14
[INFO] [stdout]   39:     0x5a7f8f5d618e - std::thread::Builder::spawn_unchecked_::{{closure}}::h8e141ea224820bce
[INFO] [stdout]                                at /rustc/df4ca44d3fbc9301ee17f30f4d474e6ae4b05252/library/std/src/thread/mod.rs:540:30
[INFO] [stdout]   40:     0x5a7f8f5d618e - core::ops::function::FnOnce::call_once{{vtable.shim}}::h90d312fedd7b8ea8
[INFO] [stdout]                                at /rustc/df4ca44d3fbc9301ee17f30f4d474e6ae4b05252/library/core/src/ops/function.rs:250:5
[INFO] [stdout]   41:     0x5a7f8f6a095b - <alloc::boxed::Box<F,A> as core::ops::function::FnOnce<Args>>::call_once::h69aa08ddb6adb8b6
[INFO] [stdout]                                at /rustc/df4ca44d3fbc9301ee17f30f4d474e6ae4b05252/library/alloc/src/boxed.rs:2454:9
[INFO] [stdout]   42:     0x5a7f8f6a095b - <alloc::boxed::Box<F,A> as core::ops::function::FnOnce<Args>>::call_once::h5aa36efdb79c806f
[INFO] [stdout]                                at /rustc/df4ca44d3fbc9301ee17f30f4d474e6ae4b05252/library/alloc/src/boxed.rs:2454:9
[INFO] [stdout]   43:     0x5a7f8f6a095b - std::sys::pal::unix::thread::Thread::new::thread_start::h6cd80a1b4be5158d
[INFO] [stdout]                                at /rustc/df4ca44d3fbc9301ee17f30f4d474e6ae4b05252/library/std/src/sys/pal/unix/thread.rs:105:17
[INFO] [stdout]   44:     0x7b20fedc2ac3 - <unknown>
[INFO] [stdout]   45:     0x7b20fee53a04 - clone
[INFO] [stdout]   46:                0x0 - <unknown>
[INFO] [stdout] 
[INFO] [stdout] ---- context::tests::from_bytes stdout ----
[INFO] [stdout] thread 'context::tests::from_bytes' panicked at src/context.rs:650:10:
[INFO] [stdout] called `Result::unwrap()` on an `Err` value: Os { code: 2, kind: NotFound, message: "No such file or directory" }
[INFO] [stdout] stack backtrace:
[INFO] [stdout]    0:     0x5a7f8f69afca - std::backtrace_rs::backtrace::libunwind::trace::h207520d6e9873551
[INFO] [stdout]                                at /rustc/df4ca44d3fbc9301ee17f30f4d474e6ae4b05252/library/std/src/../../backtrace/src/backtrace/libunwind.rs:116:5
[INFO] [stdout]    1:     0x5a7f8f69afca - std::backtrace_rs::backtrace::trace_unsynchronized::h2ed7433f370e3eca
[INFO] [stdout]                                at /rustc/df4ca44d3fbc9301ee17f30f4d474e6ae4b05252/library/std/src/../../backtrace/src/backtrace/mod.rs:66:5
[INFO] [stdout]    2:     0x5a7f8f69afca - std::sys::backtrace::_print_fmt::h916fac51166b18d7
[INFO] [stdout]                                at /rustc/df4ca44d3fbc9301ee17f30f4d474e6ae4b05252/library/std/src/sys/backtrace.rs:66:9
[INFO] [stdout]    3:     0x5a7f8f69afca - <std::sys::backtrace::BacktraceLock::print::DisplayBacktrace as core::fmt::Display>::fmt::ha0a4c9b8ce3802e6
[INFO] [stdout]                                at /rustc/df4ca44d3fbc9301ee17f30f4d474e6ae4b05252/library/std/src/sys/backtrace.rs:39:26
[INFO] [stdout]    4:     0x5a7f8f6c3c93 - core::fmt::rt::Argument::fmt::h4cfc8587d52b3eb5
[INFO] [stdout]                                at /rustc/df4ca44d3fbc9301ee17f30f4d474e6ae4b05252/library/core/src/fmt/rt.rs:177:76
[INFO] [stdout]    5:     0x5a7f8f6c3c93 - core::fmt::write::h522cc39e5b36ae9f
[INFO] [stdout]                                at /rustc/df4ca44d3fbc9301ee17f30f4d474e6ae4b05252/library/core/src/fmt/mod.rs:1190:21
[INFO] [stdout]    6:     0x5a7f8f697b73 - std::io::Write::write_fmt::h7d3c26752da97734
[INFO] [stdout]                                at /rustc/df4ca44d3fbc9301ee17f30f4d474e6ae4b05252/library/std/src/io/mod.rs:1839:15
[INFO] [stdout]    7:     0x5a7f8f69ae12 - std::sys::backtrace::BacktraceLock::print::h4b9e00b29e9c0942
[INFO] [stdout]                                at /rustc/df4ca44d3fbc9301ee17f30f4d474e6ae4b05252/library/std/src/sys/backtrace.rs:42:9
[INFO] [stdout]    8:     0x5a7f8f69c45a - std::panicking::default_hook::{{closure}}::hb59b88280d0324d9
[INFO] [stdout]                                at /rustc/df4ca44d3fbc9301ee17f30f4d474e6ae4b05252/library/std/src/panicking.rs:268:22
[INFO] [stdout]    9:     0x5a7f8f69c264 - std::panicking::default_hook::he1dd496665be4a29
[INFO] [stdout]                                at /rustc/df4ca44d3fbc9301ee17f30f4d474e6ae4b05252/library/std/src/panicking.rs:292:9
[INFO] [stdout]   10:     0x5a7f8f60b079 - <alloc::boxed::Box<F,A> as core::ops::function::Fn<Args>>::call::h4ff71de18744e1dc
[INFO] [stdout]                                at /rustc/df4ca44d3fbc9301ee17f30f4d474e6ae4b05252/library/alloc/src/boxed.rs:2468:9
[INFO] [stdout]   11:     0x5a7f8f60b079 - test::test_main::{{closure}}::hcf7c055ce117aa81
[INFO] [stdout]                                at /rustc/df4ca44d3fbc9301ee17f30f4d474e6ae4b05252/library/test/src/lib.rs:133:21
[INFO] [stdout]   12:     0x5a7f8f69cb58 - <alloc::boxed::Box<F,A> as core::ops::function::Fn<Args>>::call::h1d66c6bbd60c9692
[INFO] [stdout]                                at /rustc/df4ca44d3fbc9301ee17f30f4d474e6ae4b05252/library/alloc/src/boxed.rs:2468:9
[INFO] [stdout]   13:     0x5a7f8f69cb58 - std::panicking::rust_panic_with_hook::h2ff17fe8f26dfcf8
[INFO] [stdout]                                at /rustc/df4ca44d3fbc9301ee17f30f4d474e6ae4b05252/library/std/src/panicking.rs:809:13
[INFO] [stdout]   14:     0x5a7f8f69c91a - std::panicking::begin_panic_handler::{{closure}}::h4fad77951c07e101
[INFO] [stdout]                                at /rustc/df4ca44d3fbc9301ee17f30f4d474e6ae4b05252/library/std/src/panicking.rs:674:13
[INFO] [stdout]   15:     0x5a7f8f69b4a9 - std::sys::backtrace::__rust_end_short_backtrace::hb1a25b3da5d0ea08
[INFO] [stdout]                                at /rustc/df4ca44d3fbc9301ee17f30f4d474e6ae4b05252/library/std/src/sys/backtrace.rs:170:18
[INFO] [stdout]   16:     0x5a7f8f69c5ac - rust_begin_unwind
[INFO] [stdout]                                at /rustc/df4ca44d3fbc9301ee17f30f4d474e6ae4b05252/library/std/src/panicking.rs:665:5
[INFO] [stdout]   17:     0x5a7f8f6c1a20 - core::panicking::panic_fmt::ha9db07b529f9b256
[INFO] [stdout]                                at /rustc/df4ca44d3fbc9301ee17f30f4d474e6ae4b05252/library/core/src/panicking.rs:75:14
[INFO] [stdout]   18:     0x5a7f8f6c1ea6 - core::result::unwrap_failed::h5e8218e4d4338b8a
[INFO] [stdout]                                at /rustc/df4ca44d3fbc9301ee17f30f4d474e6ae4b05252/library/core/src/result.rs:1698:5
[INFO] [stdout]   19:     0x5a7f8f4f602f - core::result::Result<T,E>::unwrap::hc53fe37b219a0b42
[INFO] [stdout]                                at /rustc/df4ca44d3fbc9301ee17f30f4d474e6ae4b05252/library/core/src/result.rs:1103:23
[INFO] [stdout]   20:     0x5a7f8f4f602f - grib::context::tests::from_bytes::h68c5d795b6d8811d
[INFO] [stdout]                                at /opt/rustwide/workdir/src/context.rs:647:17
[INFO] [stdout]   21:     0x5a7f8f4f5fb7 - grib::context::tests::from_bytes::{{closure}}::h15a5ed7724f52968
[INFO] [stdout]                                at /opt/rustwide/workdir/src/context.rs:646:20
[INFO] [stdout]   22:     0x5a7f8f539196 - core::ops::function::FnOnce::call_once::h5e273b46fff96df4
[INFO] [stdout]                                at /rustc/df4ca44d3fbc9301ee17f30f4d474e6ae4b05252/library/core/src/ops/function.rs:250:5
[INFO] [stdout]   23:     0x5a7f8f60f94b - core::ops::function::FnOnce::call_once::h22c3ba5715e93f05
[INFO] [stdout]                                at /rustc/df4ca44d3fbc9301ee17f30f4d474e6ae4b05252/library/core/src/ops/function.rs:250:5
[INFO] [stdout]   24:     0x5a7f8f60f94b - test::__rust_begin_short_backtrace::h8e82d8113d0da17f
[INFO] [stdout]                                at /rustc/df4ca44d3fbc9301ee17f30f4d474e6ae4b05252/library/test/src/lib.rs:621:18
[INFO] [stdout]   25:     0x5a7f8f60f2c7 - test::run_test_in_process::{{closure}}::h33235f4f20b7b7c7
[INFO] [stdout]                                at /rustc/df4ca44d3fbc9301ee17f30f4d474e6ae4b05252/library/test/src/lib.rs:644:60
[INFO] [stdout]   26:     0x5a7f8f60f2c7 - <core::panic::unwind_safe::AssertUnwindSafe<F> as core::ops::function::FnOnce<()>>::call_once::hb5043206310c586f
[INFO] [stdout]                                at /rustc/df4ca44d3fbc9301ee17f30f4d474e6ae4b05252/library/core/src/panic/unwind_safe.rs:272:9
[INFO] [stdout]   27:     0x5a7f8f60f2c7 - std::panicking::try::do_call::h9ad4731a60ab23e2
[INFO] [stdout]                                at /rustc/df4ca44d3fbc9301ee17f30f4d474e6ae4b05252/library/std/src/panicking.rs:557:40
[INFO] [stdout]   28:     0x5a7f8f60f2c7 - std::panicking::try::h3824d23db772a716
[INFO] [stdout]                                at /rustc/df4ca44d3fbc9301ee17f30f4d474e6ae4b05252/library/std/src/panicking.rs:520:19
[INFO] [stdout]   29:     0x5a7f8f60f2c7 - std::panic::catch_unwind::h5afd514605fde46b
[INFO] [stdout]                                at /rustc/df4ca44d3fbc9301ee17f30f4d474e6ae4b05252/library/std/src/panic.rs:358:14
[INFO] [stdout]   30:     0x5a7f8f60f2c7 - test::run_test_in_process::h0d5cbfa7067d1720
[INFO] [stdout]                                at /rustc/df4ca44d3fbc9301ee17f30f4d474e6ae4b05252/library/test/src/lib.rs:644:27
[INFO] [stdout]   31:     0x5a7f8f60f2c7 - test::run_test::{{closure}}::h708eb8872708115d
[INFO] [stdout]                                at /rustc/df4ca44d3fbc9301ee17f30f4d474e6ae4b05252/library/test/src/lib.rs:565:43
[INFO] [stdout]   32:     0x5a7f8f5d29e4 - test::run_test::{{closure}}::h392c51cee94713ab
[INFO] [stdout]                                at /rustc/df4ca44d3fbc9301ee17f30f4d474e6ae4b05252/library/test/src/lib.rs:595:41
[INFO] [stdout]   33:     0x5a7f8f5d29e4 - std::sys::backtrace::__rust_begin_short_backtrace::h2f40290710935a8b
[INFO] [stdout]                                at /rustc/df4ca44d3fbc9301ee17f30f4d474e6ae4b05252/library/std/src/sys/backtrace.rs:154:18
[INFO] [stdout]   34:     0x5a7f8f5d618e - std::thread::Builder::spawn_unchecked_::{{closure}}::{{closure}}::h3fd968d89053a903
[INFO] [stdout]                                at /rustc/df4ca44d3fbc9301ee17f30f4d474e6ae4b05252/library/std/src/thread/mod.rs:541:17
[INFO] [stdout]   35:     0x5a7f8f5d618e - <core::panic::unwind_safe::AssertUnwindSafe<F> as core::ops::function::FnOnce<()>>::call_once::h743f637ba4229880
[INFO] [stdout]                                at /rustc/df4ca44d3fbc9301ee17f30f4d474e6ae4b05252/library/core/src/panic/unwind_safe.rs:272:9
[INFO] [stdout]   36:     0x5a7f8f5d618e - std::panicking::try::do_call::h07440897322525a6
[INFO] [stdout]                                at /rustc/df4ca44d3fbc9301ee17f30f4d474e6ae4b05252/library/std/src/panicking.rs:557:40
[INFO] [stdout]   37:     0x5a7f8f5d618e - std::panicking::try::he5a2e00188156637
[INFO] [stdout]                                at /rustc/df4ca44d3fbc9301ee17f30f4d474e6ae4b05252/library/std/src/panicking.rs:520:19
[INFO] [stdout]   38:     0x5a7f8f5d618e - std::panic::catch_unwind::hbaf3cae49b3c6433
[INFO] [stdout]                                at /rustc/df4ca44d3fbc9301ee17f30f4d474e6ae4b05252/library/std/src/panic.rs:358:14
[INFO] [stdout]   39:     0x5a7f8f5d618e - std::thread::Builder::spawn_unchecked_::{{closure}}::h8e141ea224820bce
[INFO] [stdout]                                at /rustc/df4ca44d3fbc9301ee17f30f4d474e6ae4b05252/library/std/src/thread/mod.rs:540:30
[INFO] [stdout]   40:     0x5a7f8f5d618e - core::ops::function::FnOnce::call_once{{vtable.shim}}::h90d312fedd7b8ea8
[INFO] [stdout]                                at /rustc/df4ca44d3fbc9301ee17f30f4d474e6ae4b05252/library/core/src/ops/function.rs:250:5
[INFO] [stdout]   41:     0x5a7f8f6a095b - <alloc::boxed::Box<F,A> as core::ops::function::FnOnce<Args>>::call_once::h69aa08ddb6adb8b6
[INFO] [stdout]                                at /rustc/df4ca44d3fbc9301ee17f30f4d474e6ae4b05252/library/alloc/src/boxed.rs:2454:9
[INFO] [stdout]   42:     0x5a7f8f6a095b - <alloc::boxed::Box<F,A> as core::ops::function::FnOnce<Args>>::call_once::h5aa36efdb79c806f
[INFO] [stdout]                                at /rustc/df4ca44d3fbc9301ee17f30f4d474e6ae4b05252/library/alloc/src/boxed.rs:2454:9
[INFO] [stdout]   43:     0x5a7f8f6a095b - std::sys::pal::unix::thread::Thread::new::thread_start::h6cd80a1b4be5158d
[INFO] [stdout]                                at /rustc/df4ca44d3fbc9301ee17f30f4d474e6ae4b05252/library/std/src/sys/pal/unix/thread.rs:105:17
[INFO] [stdout]   44:     0x7b20fedc2ac3 - <unknown>
[INFO] [stdout]   45:     0x7b20fee53a04 - clone
[INFO] [stdout]   46:                0x0 - <unknown>
[INFO] [stdout] 
[INFO] [stdout] ---- decoder::simple::tests::decode_simple_packing_when_nbit_is_zero stdout ----
[INFO] [stdout] thread 'decoder::simple::tests::decode_simple_packing_when_nbit_is_zero' panicked at src/decoder/simple.rs:136:10:
[INFO] [stdout] called `Result::unwrap()` on an `Err` value: Os { code: 2, kind: NotFound, message: "No such file or directory" }
[INFO] [stdout] stack backtrace:
[INFO] [stdout]    0:     0x5a7f8f69afca - std::backtrace_rs::backtrace::libunwind::trace::h207520d6e9873551
[INFO] [stdout]                                at /rustc/df4ca44d3fbc9301ee17f30f4d474e6ae4b05252/library/std/src/../../backtrace/src/backtrace/libunwind.rs:116:5
[INFO] [stdout]    1:     0x5a7f8f69afca - std::backtrace_rs::backtrace::trace_unsynchronized::h2ed7433f370e3eca
[INFO] [stdout]                                at /rustc/df4ca44d3fbc9301ee17f30f4d474e6ae4b05252/library/std/src/../../backtrace/src/backtrace/mod.rs:66:5
[INFO] [stdout]    2:     0x5a7f8f69afca - std::sys::backtrace::_print_fmt::h916fac51166b18d7
[INFO] [stdout]                                at /rustc/df4ca44d3fbc9301ee17f30f4d474e6ae4b05252/library/std/src/sys/backtrace.rs:66:9
[INFO] [stdout]    3:     0x5a7f8f69afca - <std::sys::backtrace::BacktraceLock::print::DisplayBacktrace as core::fmt::Display>::fmt::ha0a4c9b8ce3802e6
[INFO] [stdout]                                at /rustc/df4ca44d3fbc9301ee17f30f4d474e6ae4b05252/library/std/src/sys/backtrace.rs:39:26
[INFO] [stdout]    4:     0x5a7f8f6c3c93 - core::fmt::rt::Argument::fmt::h4cfc8587d52b3eb5
[INFO] [stdout]                                at /rustc/df4ca44d3fbc9301ee17f30f4d474e6ae4b05252/library/core/src/fmt/rt.rs:177:76
[INFO] [stdout]    5:     0x5a7f8f6c3c93 - core::fmt::write::h522cc39e5b36ae9f
[INFO] [stdout]                                at /rustc/df4ca44d3fbc9301ee17f30f4d474e6ae4b05252/library/core/src/fmt/mod.rs:1190:21
[INFO] [stdout]    6:     0x5a7f8f697b73 - std::io::Write::write_fmt::h7d3c26752da97734
[INFO] [stdout]                                at /rustc/df4ca44d3fbc9301ee17f30f4d474e6ae4b05252/library/std/src/io/mod.rs:1839:15
[INFO] [stdout]    7:     0x5a7f8f69ae12 - std::sys::backtrace::BacktraceLock::print::h4b9e00b29e9c0942
[INFO] [stdout]                                at /rustc/df4ca44d3fbc9301ee17f30f4d474e6ae4b05252/library/std/src/sys/backtrace.rs:42:9
[INFO] [stdout]    8:     0x5a7f8f69c45a - std::panicking::default_hook::{{closure}}::hb59b88280d0324d9
[INFO] [stdout]                                at /rustc/df4ca44d3fbc9301ee17f30f4d474e6ae4b05252/library/std/src/panicking.rs:268:22
[INFO] [stdout]    9:     0x5a7f8f69c264 - std::panicking::default_hook::he1dd496665be4a29
[INFO] [stdout]                                at /rustc/df4ca44d3fbc9301ee17f30f4d474e6ae4b05252/library/std/src/panicking.rs:292:9
[INFO] [stdout]   10:     0x5a7f8f60b079 - <alloc::boxed::Box<F,A> as core::ops::function::Fn<Args>>::call::h4ff71de18744e1dc
[INFO] [stdout]                                at /rustc/df4ca44d3fbc9301ee17f30f4d474e6ae4b05252/library/alloc/src/boxed.rs:2468:9
[INFO] [stdout]   11:     0x5a7f8f60b079 - test::test_main::{{closure}}::hcf7c055ce117aa81
[INFO] [stdout]                                at /rustc/df4ca44d3fbc9301ee17f30f4d474e6ae4b05252/library/test/src/lib.rs:133:21
[INFO] [stdout]   12:     0x5a7f8f69cb58 - <alloc::boxed::Box<F,A> as core::ops::function::Fn<Args>>::call::h1d66c6bbd60c9692
[INFO] [stdout]                                at /rustc/df4ca44d3fbc9301ee17f30f4d474e6ae4b05252/library/alloc/src/boxed.rs:2468:9
[INFO] [stdout]   13:     0x5a7f8f69cb58 - std::panicking::rust_panic_with_hook::h2ff17fe8f26dfcf8
[INFO] [stdout]                                at /rustc/df4ca44d3fbc9301ee17f30f4d474e6ae4b05252/library/std/src/panicking.rs:809:13
[INFO] [stdout]   14:     0x5a7f8f69c91a - std::panicking::begin_panic_handler::{{closure}}::h4fad77951c07e101
[INFO] [stdout]                                at /rustc/df4ca44d3fbc9301ee17f30f4d474e6ae4b05252/library/std/src/panicking.rs:674:13
[INFO] [stdout]   15:     0x5a7f8f69b4a9 - std::sys::backtrace::__rust_end_short_backtrace::hb1a25b3da5d0ea08
[INFO] [stdout]                                at /rustc/df4ca44d3fbc9301ee17f30f4d474e6ae4b05252/library/std/src/sys/backtrace.rs:170:18
[INFO] [stdout]   16:     0x5a7f8f69c5ac - rust_begin_unwind
[INFO] [stdout]                                at /rustc/df4ca44d3fbc9301ee17f30f4d474e6ae4b05252/library/std/src/panicking.rs:665:5
[INFO] [stdout]   17:     0x5a7f8f6c1a20 - core::panicking::panic_fmt::ha9db07b529f9b256
[INFO] [stdout]                                at /rustc/df4ca44d3fbc9301ee17f30f4d474e6ae4b05252/library/core/src/panicking.rs:75:14
[INFO] [stdout]   18:     0x5a7f8f6c1ea6 - core::result::unwrap_failed::h5e8218e4d4338b8a
[INFO] [stdout]                                at /rustc/df4ca44d3fbc9301ee17f30f4d474e6ae4b05252/library/core/src/result.rs:1698:5
[INFO] [stdout]   19:     0x5a7f8f4fb6fc - core::result::Result<T,E>::unwrap::hc53fe37b219a0b42
[INFO] [stdout]                                at /rustc/df4ca44d3fbc9301ee17f30f4d474e6ae4b05252/library/core/src/result.rs:1103:23
[INFO] [stdout]   20:     0x5a7f8f4fb6fc - grib::decoder::simple::tests::decode_simple_packing_when_nbit_is_zero::hed6d14b7487f4ab4
[INFO] [stdout]                                at /opt/rustwide/workdir/src/decoder/simple.rs:133:17
[INFO] [stdout]   21:     0x5a7f8f4fb667 - grib::decoder::simple::tests::decode_simple_packing_when_nbit_is_zero::{{closure}}::h4ed1cac00a221696
[INFO] [stdout]                                at /opt/rustwide/workdir/src/decoder/simple.rs:132:49
[INFO] [stdout]   22:     0x5a7f8f539496 - core::ops::function::FnOnce::call_once::h6bfc8b9dfaf1045a
[INFO] [stdout]                                at /rustc/df4ca44d3fbc9301ee17f30f4d474e6ae4b05252/library/core/src/ops/function.rs:250:5
[INFO] [stdout]   23:     0x5a7f8f60f94b - core::ops::function::FnOnce::call_once::h22c3ba5715e93f05
[INFO] [stdout]                                at /rustc/df4ca44d3fbc9301ee17f30f4d474e6ae4b05252/library/core/src/ops/function.rs:250:5
[INFO] [stdout]   24:     0x5a7f8f60f94b - test::__rust_begin_short_backtrace::h8e82d8113d0da17f
[INFO] [stdout]                                at /rustc/df4ca44d3fbc9301ee17f30f4d474e6ae4b05252/library/test/src/lib.rs:621:18
[INFO] [stdout]   25:     0x5a7f8f60f2c7 - test::run_test_in_process::{{closure}}::h33235f4f20b7b7c7
[INFO] [stdout]                                at /rustc/df4ca44d3fbc9301ee17f30f4d474e6ae4b05252/library/test/src/lib.rs:644:60
[INFO] [stdout]   26:     0x5a7f8f60f2c7 - <core::panic::unwind_safe::AssertUnwindSafe<F> as core::ops::function::FnOnce<()>>::call_once::hb5043206310c586f
[INFO] [stdout]                                at /rustc/df4ca44d3fbc9301ee17f30f4d474e6ae4b05252/library/core/src/panic/unwind_safe.rs:272:9
[INFO] [stdout]   27:     0x5a7f8f60f2c7 - std::panicking::try::do_call::h9ad4731a60ab23e2
[INFO] [stdout]                                at /rustc/df4ca44d3fbc9301ee17f30f4d474e6ae4b05252/library/std/src/panicking.rs:557:40
[INFO] [stdout]   28:     0x5a7f8f60f2c7 - std::panicking::try::h3824d23db772a716
[INFO] [stdout]                                at /rustc/df4ca44d3fbc9301ee17f30f4d474e6ae4b05252/library/std/src/panicking.rs:520:19
[INFO] [stdout]   29:     0x5a7f8f60f2c7 - std::panic::catch_unwind::h5afd514605fde46b
[INFO] [stdout]                                at /rustc/df4ca44d3fbc9301ee17f30f4d474e6ae4b05252/library/std/src/panic.rs:358:14
[INFO] [stdout]   30:     0x5a7f8f60f2c7 - test::run_test_in_process::h0d5cbfa7067d1720
[INFO] [stdout]                                at /rustc/df4ca44d3fbc9301ee17f30f4d474e6ae4b05252/library/test/src/lib.rs:644:27
[INFO] [stdout]   31:     0x5a7f8f60f2c7 - test::run_test::{{closure}}::h708eb8872708115d
[INFO] [stdout]                                at /rustc/df4ca44d3fbc9301ee17f30f4d474e6ae4b05252/library/test/src/lib.rs:565:43
[INFO] [stdout]   32:     0x5a7f8f5d29e4 - test::run_test::{{closure}}::h392c51cee94713ab
[INFO] [stdout]                                at /rustc/df4ca44d3fbc9301ee17f30f4d474e6ae4b05252/library/test/src/lib.rs:595:41
[INFO] [stdout]   33:     0x5a7f8f5d29e4 - std::sys::backtrace::__rust_begin_short_backtrace::h2f40290710935a8b
[INFO] [stdout]                                at /rustc/df4ca44d3fbc9301ee17f30f4d474e6ae4b05252/library/std/src/sys/backtrace.rs:154:18
[INFO] [stdout]   34:     0x5a7f8f5d618e - std::thread::Builder::spawn_unchecked_::{{closure}}::{{closure}}::h3fd968d89053a903
[INFO] [stdout]                                at /rustc/df4ca44d3fbc9301ee17f30f4d474e6ae4b05252/library/std/src/thread/mod.rs:541:17
[INFO] [stdout]   35:     0x5a7f8f5d618e - <core::panic::unwind_safe::AssertUnwindSafe<F> as core::ops::function::FnOnce<()>>::call_once::h743f637ba4229880
[INFO] [stdout]                                at /rustc/df4ca44d3fbc9301ee17f30f4d474e6ae4b05252/library/core/src/panic/unwind_safe.rs:272:9
[INFO] [stdout]   36:     0x5a7f8f5d618e - std::panicking::try::do_call::h07440897322525a6
[INFO] [stdout]                                at /rustc/df4ca44d3fbc9301ee17f30f4d474e6ae4b05252/library/std/src/panicking.rs:557:40
[INFO] [stdout]   37:     0x5a7f8f5d618e - std::panicking::try::he5a2e00188156637
[INFO] [stdout]                                at /rustc/df4ca44d3fbc9301ee17f30f4d474e6ae4b05252/library/std/src/panicking.rs:520:19
[INFO] [stdout]   38:     0x5a7f8f5d618e - std::panic::catch_unwind::hbaf3cae49b3c6433
[INFO] [stdout]                                at /rustc/df4ca44d3fbc9301ee17f30f4d474e6ae4b05252/library/std/src/panic.rs:358:14
[INFO] [stdout]   39:     0x5a7f8f5d618e - std::thread::Builder::spawn_unchecked_::{{closure}}::h8e141ea224820bce
[INFO] [stdout]                                at /rustc/df4ca44d3fbc9301ee17f30f4d474e6ae4b05252/library/std/src/thread/mod.rs:540:30
[INFO] [stdout]   40:     0x5a7f8f5d618e - core::ops::function::FnOnce::call_once{{vtable.shim}}::h90d312fedd7b8ea8
[INFO] [stdout]                                at /rustc/df4ca44d3fbc9301ee17f30f4d474e6ae4b05252/library/core/src/ops/function.rs:250:5
[INFO] [stdout]   41:     0x5a7f8f6a095b - <alloc::boxed::Box<F,A> as core::ops::function::FnOnce<Args>>::call_once::h69aa08ddb6adb8b6
[INFO] [stdout]                                at /rustc/df4ca44d3fbc9301ee17f30f4d474e6ae4b05252/library/alloc/src/boxed.rs:2454:9
[INFO] [stdout]   42:     0x5a7f8f6a095b - <alloc::boxed::Box<F,A> as core::ops::function::FnOnce<Args>>::call_once::h5aa36efdb79c806f
[INFO] [stdout]                                at /rustc/df4ca44d3fbc9301ee17f30f4d474e6ae4b05252/library/alloc/src/boxed.rs:2454:9
[INFO] [stdout]   43:     0x5a7f8f6a095b - std::sys::pal::unix::thread::Thread::new::thread_start::h6cd80a1b4be5158d
[INFO] [stdout]                                at /rustc/df4ca44d3fbc9301ee17f30f4d474e6ae4b05252/library/std/src/sys/pal/unix/thread.rs:105:17
[INFO] [stdout]   44:     0x7b20fedc2ac3 - <unknown>
[INFO] [stdout]   45:     0x7b20fee53a04 - clone
[INFO] [stdout]   46:                0x0 - <unknown>
[INFO] [stdout] 
[INFO] [stdout] 
[INFO] [stdout] failures:
[INFO] [stdout]     context::tests::from_buf_reader
[INFO] [stdout]     context::tests::from_bytes
[INFO] [stdout]     context::tests::item_0_from_submessage_iterator_for_multi_message_data
[INFO] [stdout]     context::tests::item_0_from_submessage_iterator_for_single_message_data_with_multiple_submessages
[INFO] [stdout]     context::tests::item_1_from_submessage_iterator_for_multi_message_data
[INFO] [stdout]     context::tests::item_1_from_submessage_iterator_for_single_message_data_with_multiple_submessages
[INFO] [stdout]     decoder::simple::tests::decode_simple_packing_when_nbit_is_zero
[INFO] [stdout]     grid::earth::tests::radii_for_shape_1
[INFO] [stdout]     grid::earth::tests::radii_for_shape_2
[INFO] [stdout]     grid::earth::tests::radii_for_shape_4
[INFO] [stdout]     grid::earth::tests::radii_for_shape_6
[INFO] [stdout]     grid::gaussian::tests::latlon_computation_for_real_world_gaussian_grid_compared_with_results_from_eccodes
[INFO] [stdout]     grid::lambert::tests::lambert_grid_definition_from_buf
[INFO] [stdout]     grid::polar_stereographic::tests::polar_stereographic_grid_definition_from_buf
[INFO] [stdout]     reader::tests::read_grib2_message_starting_from_non_zero_position_after_seeking
[INFO] [stdout]     reader::tests::read_grib2_message_with_incomplete_section_0
[INFO] [stdout]     reader::tests::read_grib2_message_with_incomplete_section_1
[INFO] [stdout]     reader::tests::read_grib2_message_with_incomplete_section_8
[INFO] [stdout]     reader::tests::read_multiple_grib2_messages
[INFO] [stdout]     reader::tests::read_one_grib2_message
[INFO] [stdout]     reader::tests::reading_message_using_end_of_read_sect0_0th_iteration
[INFO] [stdout]     reader::tests::reading_message_using_read_sect0_0th_and_1st_iterations
[INFO] [stdout]     reader::tests::reading_message_using_read_sect0_0th_iteration
[INFO] [stdout]     reader::tests::reading_message_using_read_sect0_1st_iteration
[INFO] [stdout] 
[INFO] [stdout] test result: FAILED. 121 passed; 24 failed; 0 ignored; 0 measured; 0 filtered out; finished in 0.06s
[INFO] [stdout] 
[INFO] [stderr] error: test failed, to rerun pass `--lib`
[INFO] running `Command { std: "docker" "inspect" "a05fa0f37700cf9466ec3e456448e15845d08ca25bdade000642d240c4bd1d8e", kill_on_drop: false }`
[INFO] running `Command { std: "docker" "rm" "-f" "a05fa0f37700cf9466ec3e456448e15845d08ca25bdade000642d240c4bd1d8e", kill_on_drop: false }`
[INFO] [stdout] a05fa0f37700cf9466ec3e456448e15845d08ca25bdade000642d240c4bd1d8e
