[INFO] fetching crate grep-rezza 0.2.0...
[INFO] testing grep-rezza-0.2.0 against nightly-2024-10-28+rustflags=-Zrandomize-layout for randomize-layout
[INFO] extracting crate grep-rezza 0.2.0 into /workspace/builds/worker-2-tc2/source
[INFO] validating manifest of crates.io crate grep-rezza 0.2.0 on toolchain nightly-2024-10-28
[INFO] running `Command { std: CARGO_HOME="/workspace/cargo-home" RUSTUP_HOME="/workspace/rustup-home" "/workspace/cargo-home/bin/cargo" "+nightly-2024-10-28" "metadata" "--manifest-path" "Cargo.toml" "--no-deps", kill_on_drop: false }`
[INFO] started tweaking crates.io crate grep-rezza 0.2.0
[INFO] finished tweaking crates.io crate grep-rezza 0.2.0
[INFO] tweaked toml for crates.io crate grep-rezza 0.2.0 written to /workspace/builds/worker-2-tc2/source/Cargo.toml
[INFO] crate crates.io crate grep-rezza 0.2.0 already has a lockfile, it will not be regenerated
[INFO] running `Command { std: CARGO_HOME="/workspace/cargo-home" RUSTUP_HOME="/workspace/rustup-home" "/workspace/cargo-home/bin/cargo" "+nightly-2024-10-28" "fetch" "--manifest-path" "Cargo.toml", kill_on_drop: false }`
[INFO] running `Command { std: "docker" "create" "-v" "/var/lib/crater-agent-workspace/builds/worker-2-tc2/target:/opt/rustwide/target:rw,Z" "-v" "/var/lib/crater-agent-workspace/builds/worker-2-tc2/source:/opt/rustwide/workdir:ro,Z" "-v" "/var/lib/crater-agent-workspace/cargo-home:/opt/rustwide/cargo-home:ro,Z" "-v" "/var/lib/crater-agent-workspace/rustup-home:/opt/rustwide/rustup-home:ro,Z" "-e" "SOURCE_DIR=/opt/rustwide/workdir" "-e" "CARGO_TARGET_DIR=/opt/rustwide/target" "-e" "CARGO_HOME=/opt/rustwide/cargo-home" "-e" "RUSTUP_HOME=/opt/rustwide/rustup-home" "-w" "/opt/rustwide/workdir" "-m" "1610612736" "--user" "0:0" "--network" "none" "ghcr.io/rust-lang/crates-build-env/linux@sha256:4a844ea9eb2546a2d2c7022eacef16ef2e8229c7fbb2c7d4d55a9ceca922f72d" "/opt/rustwide/cargo-home/bin/cargo" "+nightly-2024-10-28" "metadata" "--no-deps" "--format-version=1", kill_on_drop: false }`
[INFO] [stdout] 98f73ff8d861fed44834c4abcf9541eb03691e95a67b71cd6cf861c4db0a5588
[INFO] running `Command { std: "docker" "start" "-a" "98f73ff8d861fed44834c4abcf9541eb03691e95a67b71cd6cf861c4db0a5588", kill_on_drop: false }`
[INFO] running `Command { std: "docker" "inspect" "98f73ff8d861fed44834c4abcf9541eb03691e95a67b71cd6cf861c4db0a5588", kill_on_drop: false }`
[INFO] running `Command { std: "docker" "rm" "-f" "98f73ff8d861fed44834c4abcf9541eb03691e95a67b71cd6cf861c4db0a5588", kill_on_drop: false }`
[INFO] [stdout] 98f73ff8d861fed44834c4abcf9541eb03691e95a67b71cd6cf861c4db0a5588
[INFO] running `Command { std: "docker" "create" "-v" "/var/lib/crater-agent-workspace/builds/worker-2-tc2/target:/opt/rustwide/target:rw,Z" "-v" "/var/lib/crater-agent-workspace/builds/worker-2-tc2/source:/opt/rustwide/workdir:ro,Z" "-v" "/var/lib/crater-agent-workspace/cargo-home:/opt/rustwide/cargo-home:ro,Z" "-v" "/var/lib/crater-agent-workspace/rustup-home:/opt/rustwide/rustup-home:ro,Z" "-e" "SOURCE_DIR=/opt/rustwide/workdir" "-e" "CARGO_TARGET_DIR=/opt/rustwide/target" "-e" "CARGO_INCREMENTAL=0" "-e" "RUST_BACKTRACE=full" "-e" "RUSTFLAGS=--cap-lints=forbid -Zrandomize-layout" "-e" "RUSTDOCFLAGS=--cap-lints=forbid" "-e" "CARGO_HOME=/opt/rustwide/cargo-home" "-e" "RUSTUP_HOME=/opt/rustwide/rustup-home" "-w" "/opt/rustwide/workdir" "-m" "1610612736" "--user" "0:0" "--network" "none" "ghcr.io/rust-lang/crates-build-env/linux@sha256:4a844ea9eb2546a2d2c7022eacef16ef2e8229c7fbb2c7d4d55a9ceca922f72d" "/opt/rustwide/cargo-home/bin/cargo" "+nightly-2024-10-28" "build" "--frozen" "--message-format=json", kill_on_drop: false }`
[INFO] [stdout] 64d9932b5b0e17df78c93cb57ed78d504ca51bed8b6146a20ed3258d30507c1d
[INFO] running `Command { std: "docker" "start" "-a" "64d9932b5b0e17df78c93cb57ed78d504ca51bed8b6146a20ed3258d30507c1d", kill_on_drop: false }`
[INFO] [stderr]    Compiling grep-rezza v0.2.0 (/opt/rustwide/workdir)
[INFO] [stderr]     Finished `dev` profile [unoptimized + debuginfo] target(s) in 0.21s
[INFO] running `Command { std: "docker" "inspect" "64d9932b5b0e17df78c93cb57ed78d504ca51bed8b6146a20ed3258d30507c1d", kill_on_drop: false }`
[INFO] running `Command { std: "docker" "rm" "-f" "64d9932b5b0e17df78c93cb57ed78d504ca51bed8b6146a20ed3258d30507c1d", kill_on_drop: false }`
[INFO] [stdout] 64d9932b5b0e17df78c93cb57ed78d504ca51bed8b6146a20ed3258d30507c1d
[INFO] running `Command { std: "docker" "create" "-v" "/var/lib/crater-agent-workspace/builds/worker-2-tc2/target:/opt/rustwide/target:rw,Z" "-v" "/var/lib/crater-agent-workspace/builds/worker-2-tc2/source:/opt/rustwide/workdir:ro,Z" "-v" "/var/lib/crater-agent-workspace/cargo-home:/opt/rustwide/cargo-home:ro,Z" "-v" "/var/lib/crater-agent-workspace/rustup-home:/opt/rustwide/rustup-home:ro,Z" "-e" "SOURCE_DIR=/opt/rustwide/workdir" "-e" "CARGO_TARGET_DIR=/opt/rustwide/target" "-e" "CARGO_INCREMENTAL=0" "-e" "RUST_BACKTRACE=full" "-e" "RUSTFLAGS=--cap-lints=forbid -Zrandomize-layout" "-e" "RUSTDOCFLAGS=--cap-lints=forbid" "-e" "CARGO_HOME=/opt/rustwide/cargo-home" "-e" "RUSTUP_HOME=/opt/rustwide/rustup-home" "-w" "/opt/rustwide/workdir" "-m" "1610612736" "--user" "0:0" "--network" "none" "ghcr.io/rust-lang/crates-build-env/linux@sha256:4a844ea9eb2546a2d2c7022eacef16ef2e8229c7fbb2c7d4d55a9ceca922f72d" "/opt/rustwide/cargo-home/bin/cargo" "+nightly-2024-10-28" "test" "--frozen" "--no-run" "--message-format=json", kill_on_drop: false }`
[INFO] [stdout] 84f0cd79c9f5abd480e33d9e89f6f08b3786cfd307bc45ca80293258a1db5b01
[INFO] running `Command { std: "docker" "start" "-a" "84f0cd79c9f5abd480e33d9e89f6f08b3786cfd307bc45ca80293258a1db5b01", kill_on_drop: false }`
[INFO] [stderr]    Compiling grep-rezza v0.2.0 (/opt/rustwide/workdir)
[INFO] [stderr]     Finished `test` profile [unoptimized + debuginfo] target(s) in 0.17s
[INFO] running `Command { std: "docker" "inspect" "84f0cd79c9f5abd480e33d9e89f6f08b3786cfd307bc45ca80293258a1db5b01", kill_on_drop: false }`
[INFO] running `Command { std: "docker" "rm" "-f" "84f0cd79c9f5abd480e33d9e89f6f08b3786cfd307bc45ca80293258a1db5b01", kill_on_drop: false }`
[INFO] [stdout] 84f0cd79c9f5abd480e33d9e89f6f08b3786cfd307bc45ca80293258a1db5b01
[INFO] running `Command { std: "docker" "create" "-v" "/var/lib/crater-agent-workspace/builds/worker-2-tc2/target:/opt/rustwide/target:rw,Z" "-v" "/var/lib/crater-agent-workspace/builds/worker-2-tc2/source:/opt/rustwide/workdir:ro,Z" "-v" "/var/lib/crater-agent-workspace/cargo-home:/opt/rustwide/cargo-home:ro,Z" "-v" "/var/lib/crater-agent-workspace/rustup-home:/opt/rustwide/rustup-home:ro,Z" "-e" "SOURCE_DIR=/opt/rustwide/workdir" "-e" "CARGO_TARGET_DIR=/opt/rustwide/target" "-e" "CARGO_INCREMENTAL=0" "-e" "RUST_BACKTRACE=full" "-e" "RUSTFLAGS=--cap-lints=forbid -Zrandomize-layout" "-e" "RUSTDOCFLAGS=--cap-lints=forbid" "-e" "CARGO_HOME=/opt/rustwide/cargo-home" "-e" "RUSTUP_HOME=/opt/rustwide/rustup-home" "-w" "/opt/rustwide/workdir" "-m" "1610612736" "--user" "0:0" "--network" "none" "ghcr.io/rust-lang/crates-build-env/linux@sha256:4a844ea9eb2546a2d2c7022eacef16ef2e8229c7fbb2c7d4d55a9ceca922f72d" "/opt/rustwide/cargo-home/bin/cargo" "+nightly-2024-10-28" "test" "--frozen", kill_on_drop: false }`
[INFO] [stdout] 80d1ad3cfc617f554093d862dd69955f5898aab8f599ec97ae24521b89978e3b
[INFO] running `Command { std: "docker" "start" "-a" "80d1ad3cfc617f554093d862dd69955f5898aab8f599ec97ae24521b89978e3b", kill_on_drop: false }`
[INFO] [stderr]     Finished `test` profile [unoptimized + debuginfo] target(s) in 0.00s
[INFO] [stderr]      Running unittests src/lib.rs (/opt/rustwide/target/debug/deps/grep_rezza-17724c275bc16914)
[INFO] [stdout] 
[INFO] [stdout] running 2 tests
[INFO] [stdout] test tests::case_insensitive ... ok
[INFO] [stdout] test tests::one_result ... ok
[INFO] [stdout] 
[INFO] [stdout] test result: ok. 2 passed; 0 failed; 0 ignored; 0 measured; 0 filtered out; finished in 0.00s
[INFO] [stdout] 
[INFO] [stderr]      Running unittests src/main.rs (/opt/rustwide/target/debug/deps/grep_rezza-80f77a2c79a76656)
[INFO] [stdout] 
[INFO] [stdout] running 0 tests
[INFO] [stdout] 
[INFO] [stdout] test result: ok. 0 passed; 0 failed; 0 ignored; 0 measured; 0 filtered out; finished in 0.00s
[INFO] [stdout] 
[INFO] [stderr]    Doc-tests grep_rezza
[INFO] [stdout] 
[INFO] [stdout] running 2 tests
[INFO] [stdout] test src/lib.rs - Config::build (line 15) ... FAILED
[INFO] [stdout] test src/lib.rs - search_case_insensitive (line 73) ... FAILED
[INFO] [stdout] 
[INFO] [stdout] failures:
[INFO] [stdout] 
[INFO] [stdout] ---- src/lib.rs - Config::build (line 15) stdout ----
[INFO] [stdout] error: expected one of `!`, `.`, `::`, `;`, `?`, `{`, `}`, or an operator, found `String`
[INFO] [stdout]  --> src/lib.rs:16:7
[INFO] [stdout]   |
[INFO] [stdout] 3 | Empty String get error "Didn't get a query string"
[INFO] [stdout]   |       ^^^^^^ expected one of 8 possible tokens
[INFO] [stdout] 
[INFO] [stdout] error: aborting due to 1 previous error
[INFO] [stdout] 
[INFO] [stdout] Couldn't compile the test.
[INFO] [stdout] ---- src/lib.rs - search_case_insensitive (line 73) stdout ----
[INFO] [stdout] error: expected `;`, found keyword `let`
[INFO] [stdout]  --> src/lib.rs:74:19
[INFO] [stdout]   |
[INFO] [stdout] 3 | let query = "duct"
[INFO] [stdout]   |                   ^ help: add `;` here
[INFO] [stdout] 4 |    let contents = "\
[INFO] [stdout]   |    --- unexpected token
[INFO] [stdout] 
[INFO] [stdout] error[E0425]: cannot find function `search` in this scope
[INFO] [stdout]  --> src/lib.rs:80:45
[INFO] [stdout]   |
[INFO] [stdout] 9 | assert_eq!(vec!["safe, fast, productive."], search(query, contents));
[INFO] [stdout]   |                                             ^^^^^^ not found in this scope
[INFO] [stdout]   |
[INFO] [stdout] help: consider importing this function
[INFO] [stdout]   |
[INFO] [stdout] 2 + use grep_rezza::search;
[INFO] [stdout]   |
[INFO] [stdout] 
[INFO] [stdout] error: aborting due to 2 previous errors
[INFO] [stdout] 
[INFO] [stdout] For more information about this error, try `rustc --explain E0425`.
[INFO] [stdout] Couldn't compile the test.
[INFO] [stdout] 
[INFO] [stdout] failures:
[INFO] [stdout]     src/lib.rs - Config::build (line 15)
[INFO] [stdout]     src/lib.rs - search_case_insensitive (line 73)
[INFO] [stdout] 
[INFO] [stdout] test result: FAILED. 0 passed; 2 failed; 0 ignored; 0 measured; 0 filtered out; finished in 0.05s
[INFO] [stdout] 
[INFO] [stderr] error: doctest failed, to rerun pass `--doc`
[INFO] running `Command { std: "docker" "inspect" "80d1ad3cfc617f554093d862dd69955f5898aab8f599ec97ae24521b89978e3b", kill_on_drop: false }`
[INFO] running `Command { std: "docker" "rm" "-f" "80d1ad3cfc617f554093d862dd69955f5898aab8f599ec97ae24521b89978e3b", kill_on_drop: false }`
[INFO] [stdout] 80d1ad3cfc617f554093d862dd69955f5898aab8f599ec97ae24521b89978e3b
