[INFO] fetching crate greed 0.3.0...
[INFO] testing greed-0.3.0 against nightly-2024-10-28 for randomize-layout
[INFO] extracting crate greed 0.3.0 into /workspace/builds/worker-7-tc1/source
[INFO] validating manifest of crates.io crate greed 0.3.0 on toolchain nightly-2024-10-28
[INFO] running `Command { std: CARGO_HOME="/workspace/cargo-home" RUSTUP_HOME="/workspace/rustup-home" "/workspace/cargo-home/bin/cargo" "+nightly-2024-10-28" "metadata" "--manifest-path" "Cargo.toml" "--no-deps", kill_on_drop: false }`
[INFO] started tweaking crates.io crate greed 0.3.0
[INFO] finished tweaking crates.io crate greed 0.3.0
[INFO] tweaked toml for crates.io crate greed 0.3.0 written to /workspace/builds/worker-7-tc1/source/Cargo.toml
[INFO] crate crates.io crate greed 0.3.0 already has a lockfile, it will not be regenerated
[INFO] running `Command { std: CARGO_HOME="/workspace/cargo-home" RUSTUP_HOME="/workspace/rustup-home" "/workspace/cargo-home/bin/cargo" "+nightly-2024-10-28" "fetch" "--manifest-path" "Cargo.toml", kill_on_drop: false }`
[INFO] [stderr]     Updating crates.io index
[INFO] [stderr]  Downloading crates ...
[INFO] [stderr]   Downloaded toml_edit v0.22.12
[INFO] [stderr]   Downloaded http-endpoint v0.5.0
[INFO] [stderr]   Downloaded websocket-util v0.12.0
[INFO] [stderr]   Downloaded clap_complete_nushell v0.1.11
[INFO] [stderr]   Downloaded clap_complete_command v0.5.1
[INFO] [stderr]   Downloaded async-compression v0.4.8
[INFO] [stderr]   Downloaded apca v0.29.0
[INFO] [stderr]   Downloaded num-decimal v0.2.5
[INFO] [stderr]   Downloaded serde_variant v0.1.3
[INFO] [stderr]   Downloaded clap_complete_fig v4.5.0
[INFO] running `Command { std: "docker" "create" "-v" "/var/lib/crater-agent-workspace/builds/worker-7-tc1/target:/opt/rustwide/target:rw,Z" "-v" "/var/lib/crater-agent-workspace/builds/worker-7-tc1/source:/opt/rustwide/workdir:ro,Z" "-v" "/var/lib/crater-agent-workspace/cargo-home:/opt/rustwide/cargo-home:ro,Z" "-v" "/var/lib/crater-agent-workspace/rustup-home:/opt/rustwide/rustup-home:ro,Z" "-e" "SOURCE_DIR=/opt/rustwide/workdir" "-e" "CARGO_TARGET_DIR=/opt/rustwide/target" "-e" "CARGO_HOME=/opt/rustwide/cargo-home" "-e" "RUSTUP_HOME=/opt/rustwide/rustup-home" "-w" "/opt/rustwide/workdir" "-m" "1610612736" "--user" "0:0" "--network" "none" "ghcr.io/rust-lang/crates-build-env/linux@sha256:4a844ea9eb2546a2d2c7022eacef16ef2e8229c7fbb2c7d4d55a9ceca922f72d" "/opt/rustwide/cargo-home/bin/cargo" "+nightly-2024-10-28" "metadata" "--no-deps" "--format-version=1", kill_on_drop: false }`
[INFO] [stdout] 93c928984b1cd9dff346208c6074dfb666c76f2d71174835016ef1b96dd6b9a0
[INFO] running `Command { std: "docker" "start" "-a" "93c928984b1cd9dff346208c6074dfb666c76f2d71174835016ef1b96dd6b9a0", kill_on_drop: false }`
[INFO] running `Command { std: "docker" "inspect" "93c928984b1cd9dff346208c6074dfb666c76f2d71174835016ef1b96dd6b9a0", kill_on_drop: false }`
[INFO] running `Command { std: "docker" "rm" "-f" "93c928984b1cd9dff346208c6074dfb666c76f2d71174835016ef1b96dd6b9a0", kill_on_drop: false }`
[INFO] [stdout] 93c928984b1cd9dff346208c6074dfb666c76f2d71174835016ef1b96dd6b9a0
[INFO] running `Command { std: "docker" "create" "-v" "/var/lib/crater-agent-workspace/builds/worker-7-tc1/target:/opt/rustwide/target:rw,Z" "-v" "/var/lib/crater-agent-workspace/builds/worker-7-tc1/source:/opt/rustwide/workdir:ro,Z" "-v" "/var/lib/crater-agent-workspace/cargo-home:/opt/rustwide/cargo-home:ro,Z" "-v" "/var/lib/crater-agent-workspace/rustup-home:/opt/rustwide/rustup-home:ro,Z" "-e" "SOURCE_DIR=/opt/rustwide/workdir" "-e" "CARGO_TARGET_DIR=/opt/rustwide/target" "-e" "CARGO_INCREMENTAL=0" "-e" "RUST_BACKTRACE=full" "-e" "RUSTFLAGS=--cap-lints=forbid" "-e" "RUSTDOCFLAGS=--cap-lints=forbid" "-e" "CARGO_HOME=/opt/rustwide/cargo-home" "-e" "RUSTUP_HOME=/opt/rustwide/rustup-home" "-w" "/opt/rustwide/workdir" "-m" "1610612736" "--user" "0:0" "--network" "none" "ghcr.io/rust-lang/crates-build-env/linux@sha256:4a844ea9eb2546a2d2c7022eacef16ef2e8229c7fbb2c7d4d55a9ceca922f72d" "/opt/rustwide/cargo-home/bin/cargo" "+nightly-2024-10-28" "build" "--frozen" "--message-format=json", kill_on_drop: false }`
[INFO] [stdout] 9de0d31287b2d73f318589d870fedb404e13a8f629361f865e805a5f1c8bd858
[INFO] running `Command { std: "docker" "start" "-a" "9de0d31287b2d73f318589d870fedb404e13a8f629361f865e805a5f1c8bd858", kill_on_drop: false }`
[INFO] [stderr]    Compiling proc-macro2 v1.0.81
[INFO] [stderr]    Compiling unicode-ident v1.0.12
[INFO] [stderr]    Compiling autocfg v1.2.0
[INFO] [stderr]    Compiling libc v0.2.153
[INFO] [stderr]    Compiling serde v1.0.198
[INFO] [stderr]    Compiling pkg-config v0.3.30
[INFO] [stderr]    Compiling pin-project-lite v0.2.14
[INFO] [stderr]    Compiling cc v1.0.95
[INFO] [stderr]    Compiling once_cell v1.19.0
[INFO] [stderr]    Compiling version_check v0.9.4
[INFO] [stderr]    Compiling bytes v1.6.0
[INFO] [stderr]    Compiling memchr v2.7.2
[INFO] [stderr]    Compiling generic-array v0.14.7
[INFO] [stderr]    Compiling lock_api v0.4.11
[INFO] [stderr]    Compiling parking_lot_core v0.9.9
[INFO] [stderr]    Compiling slab v0.4.9
[INFO] [stderr]    Compiling num-traits v0.2.18
[INFO] [stderr]    Compiling futures-core v0.3.30
[INFO] [stderr]    Compiling quote v1.0.36
[INFO] [stderr]    Compiling openssl v0.10.64
[INFO] [stderr]    Compiling scopeguard v1.2.0
[INFO] [stderr]    Compiling http v0.2.12
[INFO] [stderr]    Compiling syn v2.0.60
[INFO] [stderr]    Compiling utf8parse v0.2.1
[INFO] [stderr]    Compiling bitflags v2.5.0
[INFO] [stderr]    Compiling log v0.4.21
[INFO] [stderr]    Compiling futures-sink v0.3.30
[INFO] [stderr]    Compiling native-tls v0.2.11
[INFO] [stderr]    Compiling httparse v1.8.0
[INFO] [stderr]    Compiling futures-io v0.3.30
[INFO] [stderr]    Compiling parking_lot v0.12.1
[INFO] [stderr]    Compiling futures-channel v0.3.30
[INFO] [stderr]    Compiling anstyle-parse v0.2.3
[INFO] [stderr]    Compiling openssl-sys v0.9.102
[INFO] [stderr]    Compiling mio v0.8.11
[INFO] [stderr]    Compiling num_cpus v1.16.0
[INFO] [stderr]    Compiling signal-hook-registry v1.4.2
[INFO] [stderr]    Compiling getrandom v0.2.14
[INFO] [stderr]    Compiling socket2 v0.5.6
[INFO] [stderr]    Compiling tinyvec v1.6.0
[INFO] [stderr]    Compiling futures-task v0.3.30
[INFO] [stderr]    Compiling anstyle-query v1.0.2
[INFO] [stderr]    Compiling anstyle v1.0.6
[INFO] [stderr]    Compiling colorchoice v1.0.0
[INFO] [stderr]    Compiling rand_core v0.6.4
[INFO] [stderr]    Compiling crypto-common v0.1.6
[INFO] [stderr]    Compiling block-buffer v0.10.4
[INFO] [stderr]    Compiling tracing-core v0.1.32
[INFO] [stderr]    Compiling anstream v0.6.13
[INFO] [stderr]    Compiling clap_lex v0.7.0
[INFO] [stderr]    Compiling thiserror v1.0.59
[INFO] [stderr]    Compiling unicode-bidi v0.3.15
[INFO] [stderr]    Compiling unicode-normalization v0.1.23
[INFO] [stderr]    Compiling ppv-lite86 v0.2.17
[INFO] [stderr]    Compiling clap_builder v4.5.2
[INFO] [stderr]    Compiling digest v0.10.7
[INFO] [stderr]    Compiling num-bigint v0.4.4
[INFO] [stderr]    Compiling cpufeatures v0.2.12
[INFO] [stderr]    Compiling crc32fast v1.4.0
[INFO] [stderr]    Compiling sha1 v0.10.6
[INFO] [stderr]    Compiling idna v0.5.0
[INFO] [stderr]    Compiling rand_chacha v0.3.1
[INFO] [stderr]    Compiling num-integer v0.1.46
[INFO] [stderr]    Compiling num-rational v0.4.1
[INFO] [stderr]    Compiling ryu v1.0.17
[INFO] [stderr]    Compiling adler v1.0.2
[INFO] [stderr]    Compiling utf-8 v0.7.6
[INFO] [stderr]    Compiling rand v0.8.5
[INFO] [stderr]    Compiling data-encoding v2.5.0
[INFO] [stderr]    Compiling url v2.5.0
[INFO] [stderr]    Compiling miniz_oxide v0.7.2
[INFO] [stderr]    Compiling http-body v0.4.6
[INFO] [stderr]    Compiling tower-service v0.3.2
[INFO] [stderr]    Compiling hashbrown v0.14.3
[INFO] [stderr]    Compiling serde_json v1.0.116
[INFO] [stderr]    Compiling time-macros v0.2.18
[INFO] [stderr]    Compiling flate2 v1.0.28
[INFO] [stderr]    Compiling winnow v0.6.6
[INFO] [stderr]    Compiling iana-time-zone v0.1.60
[INFO] [stderr]    Compiling indexmap v2.2.6
[INFO] [stderr]    Compiling async-compression v0.4.8
[INFO] [stderr]    Compiling http-endpoint v0.5.0
[INFO] [stderr]    Compiling csv-core v0.1.11
[INFO] [stderr]    Compiling either v1.11.0
[INFO] [stderr]    Compiling itertools v0.12.1
[INFO] [stderr]    Compiling approx v0.5.1
[INFO] [stderr]    Compiling time v0.3.36
[INFO] [stderr]    Compiling serde_derive v1.0.198
[INFO] [stderr]    Compiling openssl-macros v0.1.1
[INFO] [stderr]    Compiling futures-macro v0.3.30
[INFO] [stderr]    Compiling tokio-macros v2.2.0
[INFO] [stderr]    Compiling tracing-attributes v0.1.27
[INFO] [stderr]    Compiling clap_derive v4.5.4
[INFO] [stderr]    Compiling tokio v1.37.0
[INFO] [stderr]    Compiling thiserror-impl v1.0.59
[INFO] [stderr]    Compiling futures-util v0.3.30
[INFO] [stderr]    Compiling tracing v0.1.40
[INFO] [stderr]    Compiling pin-project-internal v1.1.5
[INFO] [stderr]    Compiling async-trait v0.1.80
[INFO] [stderr]    Compiling simplelog v0.12.2
[INFO] [stderr]    Compiling clap v4.5.4
[INFO] [stderr]    Compiling clap_complete v4.5.2
[INFO] [stderr]    Compiling pin-project v1.1.5
[INFO] [stderr]    Compiling tracing-futures v0.2.5
[INFO] [stderr]    Compiling clap_complete_fig v4.5.0
[INFO] [stderr]    Compiling clap_complete_nushell v0.1.11
[INFO] [stderr]    Compiling clap_complete_command v0.5.1
[INFO] [stderr]    Compiling tungstenite v0.20.1
[INFO] [stderr]    Compiling futures v0.3.30
[INFO] [stderr]    Compiling tokio-native-tls v0.3.1
[INFO] [stderr]    Compiling hyper v0.14.28
[INFO] [stderr]    Compiling tokio-tungstenite v0.20.1
[INFO] [stderr]    Compiling websocket-util v0.12.0
[INFO] [stderr]    Compiling toml_datetime v0.6.5
[INFO] [stderr]    Compiling serde_spanned v0.6.5
[INFO] [stderr]    Compiling uuid v1.8.0
[INFO] [stderr]    Compiling serde_urlencoded v0.7.1
[INFO] [stderr]    Compiling num-decimal v0.2.5
[INFO] [stderr]    Compiling toml_edit v0.22.12
[INFO] [stderr]    Compiling serde_variant v0.1.3
[INFO] [stderr]    Compiling chrono v0.4.38
[INFO] [stderr]    Compiling csv v1.3.0
[INFO] [stderr]    Compiling hyper-tls v0.5.0
[INFO] [stderr]    Compiling apca v0.29.0
[INFO] [stderr]    Compiling toml v0.8.12
[INFO] [stderr]    Compiling greed v0.3.0 (/opt/rustwide/workdir)
[INFO] [stderr]     Finished `dev` profile [unoptimized + debuginfo] target(s) in 53.72s
[INFO] running `Command { std: "docker" "inspect" "9de0d31287b2d73f318589d870fedb404e13a8f629361f865e805a5f1c8bd858", kill_on_drop: false }`
[INFO] running `Command { std: "docker" "rm" "-f" "9de0d31287b2d73f318589d870fedb404e13a8f629361f865e805a5f1c8bd858", kill_on_drop: false }`
[INFO] [stdout] 9de0d31287b2d73f318589d870fedb404e13a8f629361f865e805a5f1c8bd858
[INFO] running `Command { std: "docker" "create" "-v" "/var/lib/crater-agent-workspace/builds/worker-7-tc1/target:/opt/rustwide/target:rw,Z" "-v" "/var/lib/crater-agent-workspace/builds/worker-7-tc1/source:/opt/rustwide/workdir:ro,Z" "-v" "/var/lib/crater-agent-workspace/cargo-home:/opt/rustwide/cargo-home:ro,Z" "-v" "/var/lib/crater-agent-workspace/rustup-home:/opt/rustwide/rustup-home:ro,Z" "-e" "SOURCE_DIR=/opt/rustwide/workdir" "-e" "CARGO_TARGET_DIR=/opt/rustwide/target" "-e" "CARGO_INCREMENTAL=0" "-e" "RUST_BACKTRACE=full" "-e" "RUSTFLAGS=--cap-lints=forbid" "-e" "RUSTDOCFLAGS=--cap-lints=forbid" "-e" "CARGO_HOME=/opt/rustwide/cargo-home" "-e" "RUSTUP_HOME=/opt/rustwide/rustup-home" "-w" "/opt/rustwide/workdir" "-m" "1610612736" "--user" "0:0" "--network" "none" "ghcr.io/rust-lang/crates-build-env/linux@sha256:4a844ea9eb2546a2d2c7022eacef16ef2e8229c7fbb2c7d4d55a9ceca922f72d" "/opt/rustwide/cargo-home/bin/cargo" "+nightly-2024-10-28" "test" "--frozen" "--no-run" "--message-format=json", kill_on_drop: false }`
[INFO] [stdout] 35b6325c6d13d2add8cfd76dd84eb16157791c195762c4fd2aabb504da3b9a12
[INFO] running `Command { std: "docker" "start" "-a" "35b6325c6d13d2add8cfd76dd84eb16157791c195762c4fd2aabb504da3b9a12", kill_on_drop: false }`
[INFO] [stderr]    Compiling greed v0.3.0 (/opt/rustwide/workdir)
[INFO] [stderr]     Finished `test` profile [unoptimized + debuginfo] target(s) in 3.85s
[INFO] running `Command { std: "docker" "inspect" "35b6325c6d13d2add8cfd76dd84eb16157791c195762c4fd2aabb504da3b9a12", kill_on_drop: false }`
[INFO] running `Command { std: "docker" "rm" "-f" "35b6325c6d13d2add8cfd76dd84eb16157791c195762c4fd2aabb504da3b9a12", kill_on_drop: false }`
[INFO] [stdout] 35b6325c6d13d2add8cfd76dd84eb16157791c195762c4fd2aabb504da3b9a12
[INFO] running `Command { std: "docker" "create" "-v" "/var/lib/crater-agent-workspace/builds/worker-7-tc1/target:/opt/rustwide/target:rw,Z" "-v" "/var/lib/crater-agent-workspace/builds/worker-7-tc1/source:/opt/rustwide/workdir:ro,Z" "-v" "/var/lib/crater-agent-workspace/cargo-home:/opt/rustwide/cargo-home:ro,Z" "-v" "/var/lib/crater-agent-workspace/rustup-home:/opt/rustwide/rustup-home:ro,Z" "-e" "SOURCE_DIR=/opt/rustwide/workdir" "-e" "CARGO_TARGET_DIR=/opt/rustwide/target" "-e" "CARGO_INCREMENTAL=0" "-e" "RUST_BACKTRACE=full" "-e" "RUSTFLAGS=--cap-lints=forbid" "-e" "RUSTDOCFLAGS=--cap-lints=forbid" "-e" "CARGO_HOME=/opt/rustwide/cargo-home" "-e" "RUSTUP_HOME=/opt/rustwide/rustup-home" "-w" "/opt/rustwide/workdir" "-m" "1610612736" "--user" "0:0" "--network" "none" "ghcr.io/rust-lang/crates-build-env/linux@sha256:4a844ea9eb2546a2d2c7022eacef16ef2e8229c7fbb2c7d4d55a9ceca922f72d" "/opt/rustwide/cargo-home/bin/cargo" "+nightly-2024-10-28" "test" "--frozen", kill_on_drop: false }`
[INFO] [stdout] 9e03c524449fe74118a2771749d9b06ad71b7ebc45d91f02e7d5b44b6414fc17
[INFO] running `Command { std: "docker" "start" "-a" "9e03c524449fe74118a2771749d9b06ad71b7ebc45d91f02e7d5b44b6414fc17", kill_on_drop: false }`
[INFO] [stderr]     Finished `test` profile [unoptimized + debuginfo] target(s) in 0.15s
[INFO] [stderr]      Running unittests src/lib.rs (/opt/rustwide/target/debug/deps/greed-7e9e6501d49bc5e6)
[INFO] [stdout] 
[INFO] [stdout] running 203 tests
[INFO] [stdout] test analysis::time_range::tests::last_x_days ... ok
[INFO] [stdout] test analysis::state::tests::should_fetch_dates_are_different ... ok
[INFO] [stdout] test analysis::time_range::tests::yesterday_range ... ok
[INFO] [stdout] test asset::test::deserialize ... ok
[INFO] [stdout] test asset::test::from_string_no_dollar_sign ... ok
[INFO] [stdout] test asset::test::from_string_with_dollar_sign ... ok
[INFO] [stdout] test bool::tests::test_when_false_false ... ok
[INFO] [stdout] test asset::test::serialize ... ok
[INFO] [stdout] test bool::tests::test_when_true_false ... ok
[INFO] [stdout] test config::platform::test::default ... ok
[INFO] [stdout] test bool::tests::test_when_true_true ... ok
[INFO] [stdout] test bool::tests::test_when_false_true ... ok
[INFO] [stdout] test asset::test::from_str_with_dollar_sign ... ok
[INFO] [stdout] test config::simple::strategy::tests::from_full_config ... ok
[INFO] [stdout] test config::simple::strategy::tests::from_minimal_config ... ok
[INFO] [stdout] test analysis::state::tests::should_fetch_dates_are_same ... ok
[INFO] [stdout] test config::simple::test::from_minimal_config ... ok
[INFO] [stdout] test config::reader::test::read_config_not_found ... ok
[INFO] [stdout] test config::strategy::r#for::tests::assets_nothing ... ok
[INFO] [stdout] test asset::test::display ... ok
[INFO] [stdout] test config::simple::test::from_full_config ... ok
[INFO] [stdout] test config::strategy::median::tests::default ... ok
[INFO] [stdout] test config::strategy::r#for::tests::assets_stock ... ok
[INFO] [stdout] test config::strategy::rule::tests::assets ... ok
[INFO] [stdout] test config::strategy::r#for::tests::default ... ok
[INFO] [stdout] test config::strategy::tests::assets_only_uniques ... ok
[INFO] [stdout] test config::strategy::tests::assets_only_buy_rules ... ok
[INFO] [stdout] test config::simple::reader::test::read_config_not_found ... ok
[INFO] [stdout] test config::strategy::r#do::tests::default ... ok
[INFO] [stdout] test config::strategy::when::tests::default ... ok
[INFO] [stdout] test config::strategy::tests::assets_only_sell_rules ... ok
[INFO] [stdout] test config::test::default ... ok
[INFO] [stdout] test config::strategy::tests::assets_buy_and_sell_rules ... ok
[INFO] [stdout] test date::tests::naive_date_time_to_utc ... ok
[INFO] [stdout] test date::tests::naive_range_to_utc ... ok
[INFO] [stdout] test error::test::from_io_error ... ok
[INFO] [stdout] test error::test::from_debug ... ok
[INFO] [stdout] test float::tests::percent_above ... ok
[INFO] [stdout] test float::tests::floor_with_precision ... ok
[INFO] [stdout] test float::tests::percent_below ... ok
[INFO] [stdout] test float::tests::percent_of_num_is_fraction ... ok
[INFO] [stdout] test float::tests::percent_of_percent_is_fraction ... ok
[INFO] [stdout] test float::tests::percent_of_whole_number ... ok
[INFO] [stdout] test num::tests::floor_with_precision ... ok
[INFO] [stdout] test num::tests::from_f64_fraction ... ok
[INFO] [stdout] test num::tests::from_f64_whole_number ... ok
[INFO] [stdout] test num::tests::from_f64_zero ... ok
[INFO] [stdout] test num::tests::percent_above ... ok
[INFO] [stdout] test num::tests::percent_of_num_is_fraction ... ok
[INFO] [stdout] test num::tests::percent_of_whole_number ... ok
[INFO] [stdout] test num::tests::percent_below ... ok
[INFO] [stdout] test pager::tests::fetch_all_multiple_pages ... ok
[INFO] [stdout] test pager::tests::fetch_all_single_page ... ok
[INFO] [stdout] test platform::account::test::display ... ok
[INFO] [stdout] test platform::alpaca::convert_asset_class::test::into_crypto ... ok
[INFO] [stdout] test platform::alpaca::convert_asset_class::test::into_unknown ... ok
[INFO] [stdout] test platform::alpaca::convert_asset_class::test::into_us_equity ... ok
[INFO] [stdout] test platform::alpaca::convert_bar::convert_bar_request::tests::into_alpaca ... ok
[INFO] [stdout] test platform::alpaca::convert_bar::convert_time_frame::tests::into_alpaca ... ok
[INFO] [stdout] test num::tests::percent_of_percent_is_fraction ... ok
[INFO] [stdout] test platform::alpaca::convert_order::convert_amount::test::from_notational ... ok
[INFO] [stdout] test platform::alpaca::convert_order::convert_amount::test::from_notational_alpaca_rounding ... ok
[INFO] [stdout] test pager::tests::fetch_all_fails ... ok
[INFO] [stdout] test platform::alpaca::convert_order::convert_amount::test::from_quantity ... ok
[INFO] [stdout] test platform::alpaca::convert_order::convert_amount::test::from_notational_alpaca ... ok
[INFO] [stdout] test platform::alpaca::convert_order::convert_amount::test::from_quantity_alpaca ... ok
[INFO] [stdout] test platform::alpaca::convert_order::convert_class::test::from_alpaca ... ok
[INFO] [stdout] test platform::alpaca::convert_order::convert_status::test::into ... ok
[INFO] [stdout] test platform::alpaca::convert_order::convert_time::test::into ... ok
[INFO] [stdout] test platform::alpaca::convert_order::convert_type::test::from ... ok
[INFO] [stdout] test platform::alpaca::convert_order::convert_time::test::into_alpaca ... ok
[INFO] [stdout] test platform::alpaca::convert_order::convert_amount::test::from_quantity_alpaca_rounding ... ok
[INFO] [stdout] test platform::alpaca::convert_order::convert_class::test::from ... ok
[INFO] [stdout] test platform::alpaca::convert_order::convert_type::test::into_alpaca ... ok
[INFO] [stdout] test platform::alpaca::convert_quote::tests::from_bars ... ok
[INFO] [stdout] test platform::alpaca::convert_request::convert_take_profit::test::into ... ok
[INFO] [stdout] test platform::alpaca::convert_request::convert_stop_loss::test::into_alpaca ... ok
[INFO] [stdout] test platform::alpaca::convert_request::convert_take_profit::test::into_alpaca ... ok
[INFO] [stdout] test platform::alpaca::convert_request::test::into_alpaca ... ok
[INFO] [stdout] test platform::alpaca::convert_side::test::alpaca_order_into_sell ... ok
[INFO] [stdout] test platform::alpaca::convert_side::test::alpaca_order_into_buy ... ok
[INFO] [stdout] test platform::alpaca::convert_request::convert_stop_loss::test::into ... ok
[INFO] [stdout] test platform::alpaca::convert_side::test::order_into_sell ... ok
[INFO] [stdout] test platform::alpaca::convert_side::test::position_into_long ... ok
[INFO] [stdout] test platform::alpaca::convert_side::test::position_into_short ... ok
[INFO] [stdout] test platform::alpaca::convert_side::test::order_into_buy ... ok
[INFO] [stdout] test platform::alpaca::convert_symbol::test::into_alpaca ... ok
[INFO] [stdout] test platform::args::test::from ... ok
[INFO] [stdout] test platform::asset_class::test::default ... ok
[INFO] [stdout] test platform::bar::test::average ... ok
[INFO] [stdout] test platform::bar::test::difference_percent ... ok
[INFO] [stdout] test platform::bar::test::displacement_from_value ... ok
[INFO] [stdout] test platform::bar::test::difference ... ok
[INFO] [stdout] test platform::bar::test::displacement_from_value_percent ... ok
[INFO] [stdout] test platform::bar::test::display ... ok
[INFO] [stdout] test platform::bar::test::join_earlier_first ... ok
[INFO] [stdout] test platform::bar::test::join_later_first ... ok
[INFO] [stdout] test platform::bar::time_frame::tests::default ... ok
[INFO] [stdout] test platform::bars::tests::close_median_empty ... ok
[INFO] [stdout] test platform::bars::tests::close_median ... ok
[INFO] [stdout] test platform::bars::tests::period_bar_empty ... ok
[INFO] [stdout] test platform::bars::tests::period_bar_several_bars ... ok
[INFO] [stdout] test platform::bars::tests::positive_negative_median ... ok
[INFO] [stdout] test platform::bars::tests::positive_percent_median ... ok
[INFO] [stdout] test platform::order::amount::test::default ... ok
[INFO] [stdout] test platform::order::amount::test::display_notional ... ok
[INFO] [stdout] test platform::order::amount::test::display_quantity ... ok
[INFO] [stdout] test platform::order::amount::test::is_empty_notational_empty ... ok
[INFO] [stdout] test platform::order::amount::test::is_empty_notational_not_empty ... ok
[INFO] [stdout] test platform::order::amount::test::is_empty_quantity_not_empty ... ok
[INFO] [stdout] test platform::order::class::test::default ... ok
[INFO] [stdout] test platform::order::order_type::test::default ... ok
[INFO] [stdout] test platform::order::order_type::test::display ... ok
[INFO] [stdout] test platform::order::amount::test::is_empty_quantity_empty ... ok
[INFO] [stdout] test platform::order::side::test::default ... ok
[INFO] [stdout] test platform::order::status::test::default ... ok
[INFO] [stdout] test platform::bars::tests::average_median ... ok
[INFO] [stdout] test platform::order::status::test::display ... ok
[INFO] [stdout] test platform::order::test::display ... ok
[INFO] [stdout] test platform::order::side::test::display ... ok
[INFO] [stdout] test platform::order::test::estimated_value_notational ... ok
[INFO] [stdout] test platform::order::test::estimated_value_quantity ... ok
[INFO] [stdout] test platform::order::time_in_force::test::default ... ok
[INFO] [stdout] test platform::position::test::display_no_optionals_present ... ok
[INFO] [stdout] test platform::quote::test::display ... ok
[INFO] [stdout] test platform::quote::test::spread ... ok
[INFO] [stdout] test platform::quote::test::spread_percent ... ok
[INFO] [stdout] test platform::position::test::display_all_optionals_present ... ok
[INFO] [stdout] test platform::bars::tests::negative_percent_median ... ok
[INFO] [stdout] test platform::quote::test::spread_percent_invalid_ask ... ok
[INFO] [stdout] test platform::quote::test::valid_ask_invalid ... ok
[INFO] [stdout] test platform::quote::test::valid_bid_invalid ... ok
[INFO] [stdout] test platform::quote::test::valid_ask_valid ... ok
[INFO] [stdout] test platform::request::stop_loss::test::default ... ok
[INFO] [stdout] test platform::request::take_profit::test::default ... ok
[INFO] [stdout] test platform::request::test::display ... ok
[INFO] [stdout] test platform::request::test::market_order_buy ... ok
[INFO] [stdout] test platform::request::test::market_order_sell ... ok
[INFO] [stdout] test platform::side::test::default ... ok
[INFO] [stdout] test statistics::tests::test_median_empty ... ok
[INFO] [stdout] test statistics::tests::test_median_even ... ok
[INFO] [stdout] test statistics::tests::test_median_odd ... ok
[INFO] [stdout] test strategy::action::tests::into_request_buy ... ok
[INFO] [stdout] test platform::quote::test::valid_bid_valid ... ok
[INFO] [stdout] test strategy::action::tests::is_empty_buy_empty ... ok
[INFO] [stdout] test strategy::action::tests::is_empty_buy_not_empty ... ok
[INFO] [stdout] test strategy::action::tests::into_request_sell ... ok
[INFO] [stdout] test strategy::action::tests::is_empty_sell_empty ... ok
[INFO] [stdout] test strategy::action::tests::is_empty_sell_not_empty ... ok
[INFO] [stdout] test strategy::r#do::do_buy::tests::evaluate ... ok
[INFO] [stdout] test strategy::r#do::do_buy::tests::evaluate_clamped_to_cash ... ok
[INFO] [stdout] test strategy::r#do::do_sellall::tests::evaluate_empty_state ... ok
[INFO] [stdout] test strategy::r#do::do_sellall::tests::evaluate ... ok
[INFO] [stdout] test strategy::r#do::do_buy::tests::evaluate_clamped_to_zero ... ok
[INFO] [stdout] test strategy::r#do::tests::skip ... ok
[INFO] [stdout] test strategy::r#do::do_sellall::tests::evaluate_empty_when ... ok
[INFO] [stdout] test strategy::r#for::for_any::tests::evaluate_empty_stocks ... ok
[INFO] [stdout] test strategy::r#for::for_any::tests::evaluate_one_stock ... ok
[INFO] [stdout] test strategy::r#for::for_any::tests::evaluate_multiple_stocks ... ok
[INFO] [stdout] test strategy::r#for::for_stock::tests::evaluate ... ok
[INFO] [stdout] test strategy::r#for::tests::for_result_default ... ok
[INFO] [stdout] test strategy::rule::tests::evaluate_skip_conditions_unsatisfied ... ok
[INFO] [stdout] test strategy::rule::tests::evaluate_skip_no_assets ... ok
[INFO] [stdout] test strategy::skip::tests::as_str_conditions_unsatisfied ... ok
[INFO] [stdout] test strategy::skip::tests::as_str_no_target_assets ... ok
[INFO] [stdout] test strategy::skip::tests::as_str_no_unknown ... ok
[INFO] [stdout] test strategy::skip::tests::default ... ok
[INFO] [stdout] test strategy::state::tests::open_order_value ... ok
[INFO] [stdout] test strategy::state::tests::open_order_value_no_orders ... ok
[INFO] [stdout] test strategy::r#for::tests::for_result_is_empty ... ok
[INFO] [stdout] test strategy::r#for::tests::for_result_is_not_empty ... ok
[INFO] [stdout] test strategy::rule::tests::evaluate_successful ... ok
[INFO] [stdout] test strategy::state::tests::open_order_value_no_quotes ... ok
[INFO] [stdout] test strategy::target::tests::apply_percent ... ok
[INFO] [stdout] test strategy::target::tests::default ... ok
[INFO] [stdout] test strategy::target::tests::full_percent ... ok
[INFO] [stdout] test strategy::when::when_always::tests::evaluate ... ok
[INFO] [stdout] test strategy::target::tests::multiply_f64 ... ok
[INFO] [stdout] test strategy::when::when_all_of::tests::evaluate_satisfied ... ok
[INFO] [stdout] test strategy::when::when_all_of::tests::evaluate_not_satisfied ... ok
[INFO] [stdout] test strategy::when::when_below_median::tests::evaluate_1d_not_satisfied ... ok
[INFO] [stdout] test strategy::when::when_below_median::tests::evaluate_1d_satisfied ... ok
[INFO] [stdout] test strategy::when::when_below_median::tests::evaluate_30d_satisfied ... ok
[INFO] [stdout] test strategy::when::when_below_median::tests::evaluate_30d_not_satisfied ... ok
[INFO] [stdout] test strategy::when::when_below_median::tests::evaluate_7d_satisfied ... ok
[INFO] [stdout] test strategy::when::when_below_median::tests::evaluate_7d_not_satisfied ... ok
[INFO] [stdout] test strategy::when::when_below_median::tests::evaluate_no_median ... ok
[INFO] [stdout] test strategy::when::when_below_median::tests::evaluate_no_analysis ... ok
[INFO] [stdout] test strategy::when::when_below_median::tests::evaluate_zero_median ... ok
[INFO] [stdout] test strategy::when::when_gain_above::tests::evaluate_no_gain ... ok
[INFO] [stdout] test strategy::when::when_below_median::tests::evaluate_no_quote ... ok
[INFO] [stdout] test strategy::when::when_below_median::tests::evaluate_invalid_quote ... ok
[INFO] [stdout] test strategy::when::when_gain_above::tests::evaluate_no_positions ... ok
[INFO] [stdout] test trading_days::tests::previous_trading_day_monday ... ok
[INFO] [stdout] test strategy::when::when_gain_above::tests::evaluate_satisfied ... ok
[INFO] [stdout] test trading_days::tests::previous_trading_day_tuesday ... ok
[INFO] [stdout] test strategy::when::when_gain_above::tests::evaluate_not_satisfied ... ok
[INFO] [stdout] test trading_days::tests::previous_trading_day_saturday ... ok
[INFO] [stdout] test trading_days::tests::previous_trading_day_sunday ... ok
[INFO] [stdout] test config::simple::test::deserialize ... FAILED
[INFO] [stdout] test config::test::deserialize_multi_strategy_config ... FAILED
[INFO] [stdout] test config::test::deserialize_single_strategy ... FAILED
[INFO] [stdout] test config::test::deserialize_minimal_config ... FAILED
[INFO] [stdout] 
[INFO] [stdout] failures:
[INFO] [stdout] 
[INFO] [stdout] ---- config::simple::test::deserialize stdout ----
[INFO] [stdout] thread 'config::simple::test::deserialize' panicked at src/config/simple.rs:44:46:
[INFO] [stdout] config should load: GreedError { message: "😱 error: No such file or directory (os error 2)\nDebug info: Error(Io(Os { code: 2, kind: NotFound, message: \"No such file or directory\" }))" }
[INFO] [stdout] stack backtrace:
[INFO] [stdout]    0:     0x59ee6be902aa - std::backtrace_rs::backtrace::libunwind::trace::h207520d6e9873551
[INFO] [stdout]                                at /rustc/df4ca44d3fbc9301ee17f30f4d474e6ae4b05252/library/std/src/../../backtrace/src/backtrace/libunwind.rs:116:5
[INFO] [stdout]    1:     0x59ee6be902aa - std::backtrace_rs::backtrace::trace_unsynchronized::h2ed7433f370e3eca
[INFO] [stdout]                                at /rustc/df4ca44d3fbc9301ee17f30f4d474e6ae4b05252/library/std/src/../../backtrace/src/backtrace/mod.rs:66:5
[INFO] [stdout]    2:     0x59ee6be902aa - std::sys::backtrace::_print_fmt::h916fac51166b18d7
[INFO] [stdout]                                at /rustc/df4ca44d3fbc9301ee17f30f4d474e6ae4b05252/library/std/src/sys/backtrace.rs:66:9
[INFO] [stdout]    3:     0x59ee6be902aa - <std::sys::backtrace::BacktraceLock::print::DisplayBacktrace as core::fmt::Display>::fmt::ha0a4c9b8ce3802e6
[INFO] [stdout]                                at /rustc/df4ca44d3fbc9301ee17f30f4d474e6ae4b05252/library/std/src/sys/backtrace.rs:39:26
[INFO] [stdout]    4:     0x59ee6beb9c13 - core::fmt::rt::Argument::fmt::h4cfc8587d52b3eb5
[INFO] [stdout]                                at /rustc/df4ca44d3fbc9301ee17f30f4d474e6ae4b05252/library/core/src/fmt/rt.rs:177:76
[INFO] [stdout]    5:     0x59ee6beb9c13 - core::fmt::write::h522cc39e5b36ae9f
[INFO] [stdout]                                at /rustc/df4ca44d3fbc9301ee17f30f4d474e6ae4b05252/library/core/src/fmt/mod.rs:1190:21
[INFO] [stdout]    6:     0x59ee6be8cb23 - std::io::Write::write_fmt::h7d3c26752da97734
[INFO] [stdout]                                at /rustc/df4ca44d3fbc9301ee17f30f4d474e6ae4b05252/library/std/src/io/mod.rs:1839:15
[INFO] [stdout]    7:     0x59ee6be900f2 - std::sys::backtrace::BacktraceLock::print::h4b9e00b29e9c0942
[INFO] [stdout]                                at /rustc/df4ca44d3fbc9301ee17f30f4d474e6ae4b05252/library/std/src/sys/backtrace.rs:42:9
[INFO] [stdout]    8:     0x59ee6be9173a - std::panicking::default_hook::{{closure}}::hb59b88280d0324d9
[INFO] [stdout]                                at /rustc/df4ca44d3fbc9301ee17f30f4d474e6ae4b05252/library/std/src/panicking.rs:268:22
[INFO] [stdout]    9:     0x59ee6be91544 - std::panicking::default_hook::he1dd496665be4a29
[INFO] [stdout]                                at /rustc/df4ca44d3fbc9301ee17f30f4d474e6ae4b05252/library/std/src/panicking.rs:292:9
[INFO] [stdout]   10:     0x59ee6bd21ca9 - <alloc::boxed::Box<F,A> as core::ops::function::Fn<Args>>::call::h4ff71de18744e1dc
[INFO] [stdout]                                at /rustc/df4ca44d3fbc9301ee17f30f4d474e6ae4b05252/library/alloc/src/boxed.rs:2468:9
[INFO] [stdout]   11:     0x59ee6bd21ca9 - test::test_main::{{closure}}::hcf7c055ce117aa81
[INFO] [stdout]                                at /rustc/df4ca44d3fbc9301ee17f30f4d474e6ae4b05252/library/test/src/lib.rs:133:21
[INFO] [stdout]   12:     0x59ee6be91e38 - <alloc::boxed::Box<F,A> as core::ops::function::Fn<Args>>::call::h1d66c6bbd60c9692
[INFO] [stdout]                                at /rustc/df4ca44d3fbc9301ee17f30f4d474e6ae4b05252/library/alloc/src/boxed.rs:2468:9
[INFO] [stdout]   13:     0x59ee6be91e38 - std::panicking::rust_panic_with_hook::h2ff17fe8f26dfcf8
[INFO] [stdout]                                at /rustc/df4ca44d3fbc9301ee17f30f4d474e6ae4b05252/library/std/src/panicking.rs:809:13
[INFO] [stdout]   14:     0x59ee6be91bfa - std::panicking::begin_panic_handler::{{closure}}::h4fad77951c07e101
[INFO] [stdout]                                at /rustc/df4ca44d3fbc9301ee17f30f4d474e6ae4b05252/library/std/src/panicking.rs:674:13
[INFO] [stdout]   15:     0x59ee6be90789 - std::sys::backtrace::__rust_end_short_backtrace::hb1a25b3da5d0ea08
[INFO] [stdout]                                at /rustc/df4ca44d3fbc9301ee17f30f4d474e6ae4b05252/library/std/src/sys/backtrace.rs:170:18
[INFO] [stdout]   16:     0x59ee6be9188c - rust_begin_unwind
[INFO] [stdout]                                at /rustc/df4ca44d3fbc9301ee17f30f4d474e6ae4b05252/library/std/src/panicking.rs:665:5
[INFO] [stdout]   17:     0x59ee6beb82b0 - core::panicking::panic_fmt::ha9db07b529f9b256
[INFO] [stdout]                                at /rustc/df4ca44d3fbc9301ee17f30f4d474e6ae4b05252/library/core/src/panicking.rs:75:14
[INFO] [stdout]   18:     0x59ee6beb8796 - core::result::unwrap_failed::h5e8218e4d4338b8a
[INFO] [stdout]                                at /rustc/df4ca44d3fbc9301ee17f30f4d474e6ae4b05252/library/core/src/result.rs:1698:5
[INFO] [stdout]   19:     0x59ee6bbcae76 - core::result::Result<T,E>::expect::h26f7c545c5011663
[INFO] [stdout]                                at /rustc/df4ca44d3fbc9301ee17f30f4d474e6ae4b05252/library/core/src/result.rs:1060:23
[INFO] [stdout]   20:     0x59ee6bb5df09 - greed::config::simple::test::deserialize::{{closure}}::h13ed02c9e459c6c6
[INFO] [stdout]                                at /opt/rustwide/workdir/src/config/simple.rs:44:22
[INFO] [stdout]   21:     0x59ee6bbf9572 - <core::pin::Pin<P> as core::future::future::Future>::poll::ha27df9db878dcc60
[INFO] [stdout]                                at /rustc/df4ca44d3fbc9301ee17f30f4d474e6ae4b05252/library/core/src/future/future.rs:123:9
[INFO] [stdout]   22:     0x59ee6bbf952d - <core::pin::Pin<P> as core::future::future::Future>::poll::h26e5161547e4f45b
[INFO] [stdout]                                at /rustc/df4ca44d3fbc9301ee17f30f4d474e6ae4b05252/library/core/src/future/future.rs:123:9
[INFO] [stdout]   23:     0x59ee6bb407df - tokio::runtime::scheduler::current_thread::CoreGuard::block_on::{{closure}}::{{closure}}::{{closure}}::h35d3b98d5a2182be
[INFO] [stdout]                                at /opt/rustwide/cargo-home/registry/src/index.crates.io-6f17d22bba15001f/tokio-1.37.0/src/runtime/scheduler/current_thread/mod.rs:659:57
[INFO] [stdout]   24:     0x59ee6bb40715 - tokio::runtime::coop::with_budget::h53aefce9c87c05d6
[INFO] [stdout]                                at /opt/rustwide/cargo-home/registry/src/index.crates.io-6f17d22bba15001f/tokio-1.37.0/src/runtime/coop.rs:107:5
[INFO] [stdout]   25:     0x59ee6bb40715 - tokio::runtime::coop::budget::h365f6d2df3742fc6
[INFO] [stdout]                                at /opt/rustwide/cargo-home/registry/src/index.crates.io-6f17d22bba15001f/tokio-1.37.0/src/runtime/coop.rs:73:5
[INFO] [stdout]   26:     0x59ee6bb40715 - tokio::runtime::scheduler::current_thread::CoreGuard::block_on::{{closure}}::{{closure}}::hc1f5c8e28616e0b8
[INFO] [stdout]                                at /opt/rustwide/cargo-home/registry/src/index.crates.io-6f17d22bba15001f/tokio-1.37.0/src/runtime/scheduler/current_thread/mod.rs:659:25
[INFO] [stdout]   27:     0x59ee6bb3f4c0 - tokio::runtime::scheduler::current_thread::Context::enter::hfc85816618bd51ac
[INFO] [stdout]                                at /opt/rustwide/cargo-home/registry/src/index.crates.io-6f17d22bba15001f/tokio-1.37.0/src/runtime/scheduler/current_thread/mod.rs:404:19
[INFO] [stdout]   28:     0x59ee6bb3ff7e - tokio::runtime::scheduler::current_thread::CoreGuard::block_on::{{closure}}::h8daa757380c2a3b0
[INFO] [stdout]                                at /opt/rustwide/cargo-home/registry/src/index.crates.io-6f17d22bba15001f/tokio-1.37.0/src/runtime/scheduler/current_thread/mod.rs:658:36
[INFO] [stdout]   29:     0x59ee6bb3fcf4 - tokio::runtime::scheduler::current_thread::CoreGuard::enter::{{closure}}::h70934a77b8186ecd
[INFO] [stdout]                                at /opt/rustwide/cargo-home/registry/src/index.crates.io-6f17d22bba15001f/tokio-1.37.0/src/runtime/scheduler/current_thread/mod.rs:737:68
[INFO] [stdout]   30:     0x59ee6bba8bdb - tokio::runtime::context::scoped::Scoped<T>::set::hede53e8cfff2e944
[INFO] [stdout]                                at /opt/rustwide/cargo-home/registry/src/index.crates.io-6f17d22bba15001f/tokio-1.37.0/src/runtime/context/scoped.rs:40:9
[INFO] [stdout]   31:     0x59ee6bb56309 - tokio::runtime::context::set_scheduler::{{closure}}::h6653d750f083deaf
[INFO] [stdout]                                at /opt/rustwide/cargo-home/registry/src/index.crates.io-6f17d22bba15001f/tokio-1.37.0/src/runtime/context.rs:176:26
[INFO] [stdout]   32:     0x59ee6bb51a2d - std::thread::local::LocalKey<T>::try_with::h2a160807f8d06da3
[INFO] [stdout]                                at /rustc/df4ca44d3fbc9301ee17f30f4d474e6ae4b05252/library/std/src/thread/local.rs:283:12
[INFO] [stdout]   33:     0x59ee6bb5171a - std::thread::local::LocalKey<T>::with::h4ea6d536edb8dee3
[INFO] [stdout]                                at /rustc/df4ca44d3fbc9301ee17f30f4d474e6ae4b05252/library/std/src/thread/local.rs:260:9
[INFO] [stdout]   34:     0x59ee6bb562bd - tokio::runtime::context::set_scheduler::h87682999ae4091e6
[INFO] [stdout]                                at /opt/rustwide/cargo-home/registry/src/index.crates.io-6f17d22bba15001f/tokio-1.37.0/src/runtime/context.rs:176:9
[INFO] [stdout]   35:     0x59ee6bb3faa0 - tokio::runtime::scheduler::current_thread::CoreGuard::enter::hee1e47e8095c794a
[INFO] [stdout]                                at /opt/rustwide/cargo-home/registry/src/index.crates.io-6f17d22bba15001f/tokio-1.37.0/src/runtime/scheduler/current_thread/mod.rs:737:27
[INFO] [stdout]   36:     0x59ee6bb3fd13 - tokio::runtime::scheduler::current_thread::CoreGuard::block_on::h42a437272e8eaece
[INFO] [stdout]                                at /opt/rustwide/cargo-home/registry/src/index.crates.io-6f17d22bba15001f/tokio-1.37.0/src/runtime/scheduler/current_thread/mod.rs:646:19
[INFO] [stdout]   37:     0x59ee6bb3ed0d - tokio::runtime::scheduler::current_thread::CurrentThread::block_on::{{closure}}::h0fa67005fa4fc7c0
[INFO] [stdout]                                at /opt/rustwide/cargo-home/registry/src/index.crates.io-6f17d22bba15001f/tokio-1.37.0/src/runtime/scheduler/current_thread/mod.rs:175:28
[INFO] [stdout]   38:     0x59ee6bbe14c6 - tokio::runtime::context::runtime::enter_runtime::hdeab7c742231e755
[INFO] [stdout]                                at /opt/rustwide/cargo-home/registry/src/index.crates.io-6f17d22bba15001f/tokio-1.37.0/src/runtime/context/runtime.rs:65:16
[INFO] [stdout]   39:     0x59ee6bb3ec21 - tokio::runtime::scheduler::current_thread::CurrentThread::block_on::h3fe13605007687a2
[INFO] [stdout]                                at /opt/rustwide/cargo-home/registry/src/index.crates.io-6f17d22bba15001f/tokio-1.37.0/src/runtime/scheduler/current_thread/mod.rs:167:9
[INFO] [stdout]   40:     0x59ee6bbe783d - tokio::runtime::runtime::Runtime::block_on::h655fdf23ce586624
[INFO] [stdout]                                at /opt/rustwide/cargo-home/registry/src/index.crates.io-6f17d22bba15001f/tokio-1.37.0/src/runtime/runtime.rs:349:47
[INFO] [stdout]   41:     0x59ee6bb5dc89 - greed::config::simple::test::deserialize::h876342d7db54be00
[INFO] [stdout]                                at /opt/rustwide/workdir/src/config/simple.rs:70:9
[INFO] [stdout]   42:     0x59ee6bb5db47 - greed::config::simple::test::deserialize::{{closure}}::h848f190db71d10d6
[INFO] [stdout]                                at /opt/rustwide/workdir/src/config/simple.rs:42:27
[INFO] [stdout]   43:     0x59ee6bba0246 - core::ops::function::FnOnce::call_once::h12ff441a83446a18
[INFO] [stdout]                                at /rustc/df4ca44d3fbc9301ee17f30f4d474e6ae4b05252/library/core/src/ops/function.rs:250:5
[INFO] [stdout]   44:     0x59ee6bd2657b - core::ops::function::FnOnce::call_once::h22c3ba5715e93f05
[INFO] [stdout]                                at /rustc/df4ca44d3fbc9301ee17f30f4d474e6ae4b05252/library/core/src/ops/function.rs:250:5
[INFO] [stdout]   45:     0x59ee6bd2657b - test::__rust_begin_short_backtrace::h8e82d8113d0da17f
[INFO] [stdout]                                at /rustc/df4ca44d3fbc9301ee17f30f4d474e6ae4b05252/library/test/src/lib.rs:621:18
[INFO] [stdout]   46:     0x59ee6bd25ef7 - test::run_test_in_process::{{closure}}::h33235f4f20b7b7c7
[INFO] [stdout]                                at /rustc/df4ca44d3fbc9301ee17f30f4d474e6ae4b05252/library/test/src/lib.rs:644:60
[INFO] [stdout]   47:     0x59ee6bd25ef7 - <core::panic::unwind_safe::AssertUnwindSafe<F> as core::ops::function::FnOnce<()>>::call_once::hb5043206310c586f
[INFO] [stdout]                                at /rustc/df4ca44d3fbc9301ee17f30f4d474e6ae4b05252/library/core/src/panic/unwind_safe.rs:272:9
[INFO] [stdout]   48:     0x59ee6bd25ef7 - std::panicking::try::do_call::h9ad4731a60ab23e2
[INFO] [stdout]                                at /rustc/df4ca44d3fbc9301ee17f30f4d474e6ae4b05252/library/std/src/panicking.rs:557:40
[INFO] [stdout]   49:     0x59ee6bd25ef7 - std::panicking::try::h3824d23db772a716
[INFO] [stdout]                                at /rustc/df4ca44d3fbc9301ee17f30f4d474e6ae4b05252/library/std/src/panicking.rs:520:19
[INFO] [stdout]   50:     0x59ee6bd25ef7 - std::panic::catch_unwind::h5afd514605fde46b
[INFO] [stdout]                                at /rustc/df4ca44d3fbc9301ee17f30f4d474e6ae4b05252/library/std/src/panic.rs:358:14
[INFO] [stdout]   51:     0x59ee6bd25ef7 - test::run_test_in_process::h0d5cbfa7067d1720
[INFO] [stdout]                                at /rustc/df4ca44d3fbc9301ee17f30f4d474e6ae4b05252/library/test/src/lib.rs:644:27
[INFO] [stdout]   52:     0x59ee6bd25ef7 - test::run_test::{{closure}}::h708eb8872708115d
[INFO] [stdout]                                at /rustc/df4ca44d3fbc9301ee17f30f4d474e6ae4b05252/library/test/src/lib.rs:565:43
[INFO] [stdout]   53:     0x59ee6bce9614 - test::run_test::{{closure}}::h392c51cee94713ab
[INFO] [stdout]                                at /rustc/df4ca44d3fbc9301ee17f30f4d474e6ae4b05252/library/test/src/lib.rs:595:41
[INFO] [stdout]   54:     0x59ee6bce9614 - std::sys::backtrace::__rust_begin_short_backtrace::h2f40290710935a8b
[INFO] [stdout]                                at /rustc/df4ca44d3fbc9301ee17f30f4d474e6ae4b05252/library/std/src/sys/backtrace.rs:154:18
[INFO] [stdout]   55:     0x59ee6bcecdbe - std::thread::Builder::spawn_unchecked_::{{closure}}::{{closure}}::h3fd968d89053a903
[INFO] [stdout]                                at /rustc/df4ca44d3fbc9301ee17f30f4d474e6ae4b05252/library/std/src/thread/mod.rs:541:17
[INFO] [stdout]   56:     0x59ee6bcecdbe - <core::panic::unwind_safe::AssertUnwindSafe<F> as core::ops::function::FnOnce<()>>::call_once::h743f637ba4229880
[INFO] [stdout]                                at /rustc/df4ca44d3fbc9301ee17f30f4d474e6ae4b05252/library/core/src/panic/unwind_safe.rs:272:9
[INFO] [stdout]   57:     0x59ee6bcecdbe - std::panicking::try::do_call::h07440897322525a6
[INFO] [stdout]                                at /rustc/df4ca44d3fbc9301ee17f30f4d474e6ae4b05252/library/std/src/panicking.rs:557:40
[INFO] [stdout]   58:     0x59ee6bcecdbe - std::panicking::try::he5a2e00188156637
[INFO] [stdout]                                at /rustc/df4ca44d3fbc9301ee17f30f4d474e6ae4b05252/library/std/src/panicking.rs:520:19
[INFO] [stdout]   59:     0x59ee6bcecdbe - std::panic::catch_unwind::hbaf3cae49b3c6433
[INFO] [stdout]                                at /rustc/df4ca44d3fbc9301ee17f30f4d474e6ae4b05252/library/std/src/panic.rs:358:14
[INFO] [stdout]   60:     0x59ee6bcecdbe - std::thread::Builder::spawn_unchecked_::{{closure}}::h8e141ea224820bce
[INFO] [stdout]                                at /rustc/df4ca44d3fbc9301ee17f30f4d474e6ae4b05252/library/std/src/thread/mod.rs:540:30
[INFO] [stdout]   61:     0x59ee6bcecdbe - core::ops::function::FnOnce::call_once{{vtable.shim}}::h90d312fedd7b8ea8
[INFO] [stdout]                                at /rustc/df4ca44d3fbc9301ee17f30f4d474e6ae4b05252/library/core/src/ops/function.rs:250:5
[INFO] [stdout]   62:     0x59ee6be9621b - <alloc::boxed::Box<F,A> as core::ops::function::FnOnce<Args>>::call_once::h69aa08ddb6adb8b6
[INFO] [stdout]                                at /rustc/df4ca44d3fbc9301ee17f30f4d474e6ae4b05252/library/alloc/src/boxed.rs:2454:9
[INFO] [stdout]   63:     0x59ee6be9621b - <alloc::boxed::Box<F,A> as core::ops::function::FnOnce<Args>>::call_once::h5aa36efdb79c806f
[INFO] [stdout]                                at /rustc/df4ca44d3fbc9301ee17f30f4d474e6ae4b05252/library/alloc/src/boxed.rs:2454:9
[INFO] [stdout]   64:     0x59ee6be9621b - std::sys::pal::unix::thread::Thread::new::thread_start::h6cd80a1b4be5158d
[INFO] [stdout]                                at /rustc/df4ca44d3fbc9301ee17f30f4d474e6ae4b05252/library/std/src/sys/pal/unix/thread.rs:105:17
[INFO] [stdout]   65:     0x7afdb9231ac3 - <unknown>
[INFO] [stdout]   66:     0x7afdb92c2a04 - clone
[INFO] [stdout]   67:                0x0 - <unknown>
[INFO] [stdout] 
[INFO] [stdout] ---- config::test::deserialize_multi_strategy_config stdout ----
[INFO] [stdout] thread 'config::test::deserialize_multi_strategy_config' panicked at src/fixture.rs:10:10:
[INFO] [stdout] config not found: GreedError { message: "😱 error: No such file or directory (os error 2)\nDebug info: Os { code: 2, kind: NotFound, message: \"No such file or directory\" }" }
[INFO] [stdout] stack backtrace:
[INFO] [stdout]    0:     0x59ee6be902aa - std::backtrace_rs::backtrace::libunwind::trace::h207520d6e9873551
[INFO] [stdout]                                at /rustc/df4ca44d3fbc9301ee17f30f4d474e6ae4b05252/library/std/src/../../backtrace/src/backtrace/libunwind.rs:116:5
[INFO] [stdout]    1:     0x59ee6be902aa - std::backtrace_rs::backtrace::trace_unsynchronized::h2ed7433f370e3eca
[INFO] [stdout]                                at /rustc/df4ca44d3fbc9301ee17f30f4d474e6ae4b05252/library/std/src/../../backtrace/src/backtrace/mod.rs:66:5
[INFO] [stdout]    2:     0x59ee6be902aa - std::sys::backtrace::_print_fmt::h916fac51166b18d7
[INFO] [stdout]                                at /rustc/df4ca44d3fbc9301ee17f30f4d474e6ae4b05252/library/std/src/sys/backtrace.rs:66:9
[INFO] [stdout]    3:     0x59ee6be902aa - <std::sys::backtrace::BacktraceLock::print::DisplayBacktrace as core::fmt::Display>::fmt::ha0a4c9b8ce3802e6
[INFO] [stdout]                                at /rustc/df4ca44d3fbc9301ee17f30f4d474e6ae4b05252/library/std/src/sys/backtrace.rs:39:26
[INFO] [stdout]    4:     0x59ee6beb9c13 - core::fmt::rt::Argument::fmt::h4cfc8587d52b3eb5
[INFO] [stdout]                                at /rustc/df4ca44d3fbc9301ee17f30f4d474e6ae4b05252/library/core/src/fmt/rt.rs:177:76
[INFO] [stdout]    5:     0x59ee6beb9c13 - core::fmt::write::h522cc39e5b36ae9f
[INFO] [stdout]                                at /rustc/df4ca44d3fbc9301ee17f30f4d474e6ae4b05252/library/core/src/fmt/mod.rs:1190:21
[INFO] [stdout]    6:     0x59ee6be8cb23 - std::io::Write::write_fmt::h7d3c26752da97734
[INFO] [stdout]                                at /rustc/df4ca44d3fbc9301ee17f30f4d474e6ae4b05252/library/std/src/io/mod.rs:1839:15
[INFO] [stdout]    7:     0x59ee6be900f2 - std::sys::backtrace::BacktraceLock::print::h4b9e00b29e9c0942
[INFO] [stdout]                                at /rustc/df4ca44d3fbc9301ee17f30f4d474e6ae4b05252/library/std/src/sys/backtrace.rs:42:9
[INFO] [stdout]    8:     0x59ee6be9173a - std::panicking::default_hook::{{closure}}::hb59b88280d0324d9
[INFO] [stdout]                                at /rustc/df4ca44d3fbc9301ee17f30f4d474e6ae4b05252/library/std/src/panicking.rs:268:22
[INFO] [stdout]    9:     0x59ee6be91544 - std::panicking::default_hook::he1dd496665be4a29
[INFO] [stdout]                                at /rustc/df4ca44d3fbc9301ee17f30f4d474e6ae4b05252/library/std/src/panicking.rs:292:9
[INFO] [stdout]   10:     0x59ee6bd21ca9 - <alloc::boxed::Box<F,A> as core::ops::function::Fn<Args>>::call::h4ff71de18744e1dc
[INFO] [stdout]                                at /rustc/df4ca44d3fbc9301ee17f30f4d474e6ae4b05252/library/alloc/src/boxed.rs:2468:9
[INFO] [stdout]   11:     0x59ee6bd21ca9 - test::test_main::{{closure}}::hcf7c055ce117aa81
[INFO] [stdout]                                at /rustc/df4ca44d3fbc9301ee17f30f4d474e6ae4b05252/library/test/src/lib.rs:133:21
[INFO] [stdout]   12:     0x59ee6be91e38 - <alloc::boxed::Box<F,A> as core::ops::function::Fn<Args>>::call::h1d66c6bbd60c9692
[INFO] [stdout]                                at /rustc/df4ca44d3fbc9301ee17f30f4d474e6ae4b05252/library/alloc/src/boxed.rs:2468:9
[INFO] [stdout]   13:     0x59ee6be91e38 - std::panicking::rust_panic_with_hook::h2ff17fe8f26dfcf8
[INFO] [stdout]                                at /rustc/df4ca44d3fbc9301ee17f30f4d474e6ae4b05252/library/std/src/panicking.rs:809:13
[INFO] [stdout]   14:     0x59ee6be91bfa - std::panicking::begin_panic_handler::{{closure}}::h4fad77951c07e101
[INFO] [stdout]                                at /rustc/df4ca44d3fbc9301ee17f30f4d474e6ae4b05252/library/std/src/panicking.rs:674:13
[INFO] [stdout]   15:     0x59ee6be90789 - std::sys::backtrace::__rust_end_short_backtrace::hb1a25b3da5d0ea08
[INFO] [stdout]                                at /rustc/df4ca44d3fbc9301ee17f30f4d474e6ae4b05252/library/std/src/sys/backtrace.rs:170:18
[INFO] [stdout]   16:     0x59ee6be9188c - rust_begin_unwind
[INFO] [stdout]                                at /rustc/df4ca44d3fbc9301ee17f30f4d474e6ae4b05252/library/std/src/panicking.rs:665:5
[INFO] [stdout]   17:     0x59ee6beb82b0 - core::panicking::panic_fmt::ha9db07b529f9b256
[INFO] [stdout]                                at /rustc/df4ca44d3fbc9301ee17f30f4d474e6ae4b05252/library/core/src/panicking.rs:75:14
[INFO] [stdout]   18:     0x59ee6beb8796 - core::result::unwrap_failed::h5e8218e4d4338b8a
[INFO] [stdout]                                at /rustc/df4ca44d3fbc9301ee17f30f4d474e6ae4b05252/library/core/src/result.rs:1698:5
[INFO] [stdout]   19:     0x59ee6bbcaf65 - core::result::Result<T,E>::expect::h3a62b65cea40163b
[INFO] [stdout]                                at /rustc/df4ca44d3fbc9301ee17f30f4d474e6ae4b05252/library/core/src/result.rs:1060:23
[INFO] [stdout]   20:     0x59ee6bb411dd - greed::fixture::config::{{closure}}::h84f166fe3ee8443a
[INFO] [stdout]                                at /opt/rustwide/workdir/src/fixture.rs:8:5
[INFO] [stdout]   21:     0x59ee6bb8593e - greed::config::test::deserialize_multi_strategy_config::{{closure}}::hfc435d6079b1bee2
[INFO] [stdout]                                at /opt/rustwide/workdir/src/config.rs:102:68
[INFO] [stdout]   22:     0x59ee6bbf9572 - <core::pin::Pin<P> as core::future::future::Future>::poll::ha27df9db878dcc60
[INFO] [stdout]                                at /rustc/df4ca44d3fbc9301ee17f30f4d474e6ae4b05252/library/core/src/future/future.rs:123:9
[INFO] [stdout]   23:     0x59ee6bbf952d - <core::pin::Pin<P> as core::future::future::Future>::poll::h26e5161547e4f45b
[INFO] [stdout]                                at /rustc/df4ca44d3fbc9301ee17f30f4d474e6ae4b05252/library/core/src/future/future.rs:123:9
[INFO] [stdout]   24:     0x59ee6bb407df - tokio::runtime::scheduler::current_thread::CoreGuard::block_on::{{closure}}::{{closure}}::{{closure}}::h35d3b98d5a2182be
[INFO] [stdout]                                at /opt/rustwide/cargo-home/registry/src/index.crates.io-6f17d22bba15001f/tokio-1.37.0/src/runtime/scheduler/current_thread/mod.rs:659:57
[INFO] [stdout]   25:     0x59ee6bb40715 - tokio::runtime::coop::with_budget::h53aefce9c87c05d6
[INFO] [stdout]                                at /opt/rustwide/cargo-home/registry/src/index.crates.io-6f17d22bba15001f/tokio-1.37.0/src/runtime/coop.rs:107:5
[INFO] [stdout]   26:     0x59ee6bb40715 - tokio::runtime::coop::budget::h365f6d2df3742fc6
[INFO] [stdout]                                at /opt/rustwide/cargo-home/registry/src/index.crates.io-6f17d22bba15001f/tokio-1.37.0/src/runtime/coop.rs:73:5
[INFO] [stdout]   27:     0x59ee6bb40715 - tokio::runtime::scheduler::current_thread::CoreGuard::block_on::{{closure}}::{{closure}}::hc1f5c8e28616e0b8
[INFO] [stdout]                                at /opt/rustwide/cargo-home/registry/src/index.crates.io-6f17d22bba15001f/tokio-1.37.0/src/runtime/scheduler/current_thread/mod.rs:659:25
[INFO] [stdout]   28:     0x59ee6bb3f4c0 - tokio::runtime::scheduler::current_thread::Context::enter::hfc85816618bd51ac
[INFO] [stdout]                                at /opt/rustwide/cargo-home/registry/src/index.crates.io-6f17d22bba15001f/tokio-1.37.0/src/runtime/scheduler/current_thread/mod.rs:404:19
[INFO] [stdout]   29:     0x59ee6bb3ff7e - tokio::runtime::scheduler::current_thread::CoreGuard::block_on::{{closure}}::h8daa757380c2a3b0
[INFO] [stdout]                                at /opt/rustwide/cargo-home/registry/src/index.crates.io-6f17d22bba15001f/tokio-1.37.0/src/runtime/scheduler/current_thread/mod.rs:658:36
[INFO] [stdout]   30:     0x59ee6bb3fcf4 - tokio::runtime::scheduler::current_thread::CoreGuard::enter::{{closure}}::h70934a77b8186ecd
[INFO] [stdout]                                at /opt/rustwide/cargo-home/registry/src/index.crates.io-6f17d22bba15001f/tokio-1.37.0/src/runtime/scheduler/current_thread/mod.rs:737:68
[INFO] [stdout]   31:     0x59ee6bba8bdb - tokio::runtime::context::scoped::Scoped<T>::set::hede53e8cfff2e944
[INFO] [stdout]                                at /opt/rustwide/cargo-home/registry/src/index.crates.io-6f17d22bba15001f/tokio-1.37.0/src/runtime/context/scoped.rs:40:9
[INFO] [stdout]   32:     0x59ee6bb56309 - tokio::runtime::context::set_scheduler::{{closure}}::h6653d750f083deaf
[INFO] [stdout]                                at /opt/rustwide/cargo-home/registry/src/index.crates.io-6f17d22bba15001f/tokio-1.37.0/src/runtime/context.rs:176:26
[INFO] [stdout]   33:     0x59ee6bb51a2d - std::thread::local::LocalKey<T>::try_with::h2a160807f8d06da3
[INFO] [stdout]                                at /rustc/df4ca44d3fbc9301ee17f30f4d474e6ae4b05252/library/std/src/thread/local.rs:283:12
[INFO] [stdout]   34:     0x59ee6bb5171a - std::thread::local::LocalKey<T>::with::h4ea6d536edb8dee3
[INFO] [stdout]                                at /rustc/df4ca44d3fbc9301ee17f30f4d474e6ae4b05252/library/std/src/thread/local.rs:260:9
[INFO] [stdout]   35:     0x59ee6bb562bd - tokio::runtime::context::set_scheduler::h87682999ae4091e6
[INFO] [stdout]                                at /opt/rustwide/cargo-home/registry/src/index.crates.io-6f17d22bba15001f/tokio-1.37.0/src/runtime/context.rs:176:9
[INFO] [stdout]   36:     0x59ee6bb3faa0 - tokio::runtime::scheduler::current_thread::CoreGuard::enter::hee1e47e8095c794a
[INFO] [stdout]                                at /opt/rustwide/cargo-home/registry/src/index.crates.io-6f17d22bba15001f/tokio-1.37.0/src/runtime/scheduler/current_thread/mod.rs:737:27
[INFO] [stdout]   37:     0x59ee6bb3fd13 - tokio::runtime::scheduler::current_thread::CoreGuard::block_on::h42a437272e8eaece
[INFO] [stdout]                                at /opt/rustwide/cargo-home/registry/src/index.crates.io-6f17d22bba15001f/tokio-1.37.0/src/runtime/scheduler/current_thread/mod.rs:646:19
[INFO] [stdout]   38:     0x59ee6bb3ed0d - tokio::runtime::scheduler::current_thread::CurrentThread::block_on::{{closure}}::h0fa67005fa4fc7c0
[INFO] [stdout]                                at /opt/rustwide/cargo-home/registry/src/index.crates.io-6f17d22bba15001f/tokio-1.37.0/src/runtime/scheduler/current_thread/mod.rs:175:28
[INFO] [stdout]   39:     0x59ee6bbe14c6 - tokio::runtime::context::runtime::enter_runtime::hdeab7c742231e755
[INFO] [stdout]                                at /opt/rustwide/cargo-home/registry/src/index.crates.io-6f17d22bba15001f/tokio-1.37.0/src/runtime/context/runtime.rs:65:16
[INFO] [stdout]   40:     0x59ee6bb3ec21 - tokio::runtime::scheduler::current_thread::CurrentThread::block_on::h3fe13605007687a2
[INFO] [stdout]                                at /opt/rustwide/cargo-home/registry/src/index.crates.io-6f17d22bba15001f/tokio-1.37.0/src/runtime/scheduler/current_thread/mod.rs:167:9
[INFO] [stdout]   41:     0x59ee6bbe783d - tokio::runtime::runtime::Runtime::block_on::h655fdf23ce586624
[INFO] [stdout]                                at /opt/rustwide/cargo-home/registry/src/index.crates.io-6f17d22bba15001f/tokio-1.37.0/src/runtime/runtime.rs:349:47
[INFO] [stdout]   42:     0x59ee6bb85761 - greed::config::test::deserialize_multi_strategy_config::h8f91eafa3b55cee9
[INFO] [stdout]                                at /opt/rustwide/workdir/src/config.rs:153:9
[INFO] [stdout]   43:     0x59ee6bb85607 - greed::config::test::deserialize_multi_strategy_config::{{closure}}::he88ee22b275895fe
[INFO] [stdout]                                at /opt/rustwide/workdir/src/config.rs:101:49
[INFO] [stdout]   44:     0x59ee6bba3dc6 - core::ops::function::FnOnce::call_once::hfb72356fc38c9900
[INFO] [stdout]                                at /rustc/df4ca44d3fbc9301ee17f30f4d474e6ae4b05252/library/core/src/ops/function.rs:250:5
[INFO] [stdout]   45:     0x59ee6bd2657b - core::ops::function::FnOnce::call_once::h22c3ba5715e93f05
[INFO] [stdout]                                at /rustc/df4ca44d3fbc9301ee17f30f4d474e6ae4b05252/library/core/src/ops/function.rs:250:5
[INFO] [stdout]   46:     0x59ee6bd2657b - test::__rust_begin_short_backtrace::h8e82d8113d0da17f
[INFO] [stdout]                                at /rustc/df4ca44d3fbc9301ee17f30f4d474e6ae4b05252/library/test/src/lib.rs:621:18
[INFO] [stdout]   47:     0x59ee6bd25ef7 - test::run_test_in_process::{{closure}}::h33235f4f20b7b7c7
[INFO] [stdout]                                at /rustc/df4ca44d3fbc9301ee17f30f4d474e6ae4b05252/library/test/src/lib.rs:644:60
[INFO] [stdout]   48:     0x59ee6bd25ef7 - <core::panic::unwind_safe::AssertUnwindSafe<F> as core::ops::function::FnOnce<()>>::call_once::hb5043206310c586f
[INFO] [stdout]                                at /rustc/df4ca44d3fbc9301ee17f30f4d474e6ae4b05252/library/core/src/panic/unwind_safe.rs:272:9
[INFO] [stdout]   49:     0x59ee6bd25ef7 - std::panicking::try::do_call::h9ad4731a60ab23e2
[INFO] [stdout]                                at /rustc/df4ca44d3fbc9301ee17f30f4d474e6ae4b05252/library/std/src/panicking.rs:557:40
[INFO] [stdout]   50:     0x59ee6bd25ef7 - std::panicking::try::h3824d23db772a716
[INFO] [stdout]                                at /rustc/df4ca44d3fbc9301ee17f30f4d474e6ae4b05252/library/std/src/panicking.rs:520:19
[INFO] [stdout]   51:     0x59ee6bd25ef7 - std::panic::catch_unwind::h5afd514605fde46b
[INFO] [stdout]                                at /rustc/df4ca44d3fbc9301ee17f30f4d474e6ae4b05252/library/std/src/panic.rs:358:14
[INFO] [stdout]   52:     0x59ee6bd25ef7 - test::run_test_in_process::h0d5cbfa7067d1720
[INFO] [stdout]                                at /rustc/df4ca44d3fbc9301ee17f30f4d474e6ae4b05252/library/test/src/lib.rs:644:27
[INFO] [stdout]   53:     0x59ee6bd25ef7 - test::run_test::{{closure}}::h708eb8872708115d
[INFO] [stdout]                                at /rustc/df4ca44d3fbc9301ee17f30f4d474e6ae4b05252/library/test/src/lib.rs:565:43
[INFO] [stdout]   54:     0x59ee6bce9614 - test::run_test::{{closure}}::h392c51cee94713ab
[INFO] [stdout]                                at /rustc/df4ca44d3fbc9301ee17f30f4d474e6ae4b05252/library/test/src/lib.rs:595:41
[INFO] [stdout]   55:     0x59ee6bce9614 - std::sys::backtrace::__rust_begin_short_backtrace::h2f40290710935a8b
[INFO] [stdout]                                at /rustc/df4ca44d3fbc9301ee17f30f4d474e6ae4b05252/library/std/src/sys/backtrace.rs:154:18
[INFO] [stdout]   56:     0x59ee6bcecdbe - std::thread::Builder::spawn_unchecked_::{{closure}}::{{closure}}::h3fd968d89053a903
[INFO] [stdout]                                at /rustc/df4ca44d3fbc9301ee17f30f4d474e6ae4b05252/library/std/src/thread/mod.rs:541:17
[INFO] [stdout]   57:     0x59ee6bcecdbe - <core::panic::unwind_safe::AssertUnwindSafe<F> as core::ops::function::FnOnce<()>>::call_once::h743f637ba4229880
[INFO] [stdout]                                at /rustc/df4ca44d3fbc9301ee17f30f4d474e6ae4b05252/library/core/src/panic/unwind_safe.rs:272:9
[INFO] [stdout]   58:     0x59ee6bcecdbe - std::panicking::try::do_call::h07440897322525a6
[INFO] [stdout]                                at /rustc/df4ca44d3fbc9301ee17f30f4d474e6ae4b05252/library/std/src/panicking.rs:557:40
[INFO] [stdout]   59:     0x59ee6bcecdbe - std::panicking::try::he5a2e00188156637
[INFO] [stdout]                                at /rustc/df4ca44d3fbc9301ee17f30f4d474e6ae4b05252/library/std/src/panicking.rs:520:19
[INFO] [stdout]   60:     0x59ee6bcecdbe - std::panic::catch_unwind::hbaf3cae49b3c6433
[INFO] [stdout]                                at /rustc/df4ca44d3fbc9301ee17f30f4d474e6ae4b05252/library/std/src/panic.rs:358:14
[INFO] [stdout]   61:     0x59ee6bcecdbe - std::thread::Builder::spawn_unchecked_::{{closure}}::h8e141ea224820bce
[INFO] [stdout]                                at /rustc/df4ca44d3fbc9301ee17f30f4d474e6ae4b05252/library/std/src/thread/mod.rs:540:30
[INFO] [stdout]   62:     0x59ee6bcecdbe - core::ops::function::FnOnce::call_once{{vtable.shim}}::h90d312fedd7b8ea8
[INFO] [stdout]                                at /rustc/df4ca44d3fbc9301ee17f30f4d474e6ae4b05252/library/core/src/ops/function.rs:250:5
[INFO] [stdout]   63:     0x59ee6be9621b - <alloc::boxed::Box<F,A> as core::ops::function::FnOnce<Args>>::call_once::h69aa08ddb6adb8b6
[INFO] [stdout]                                at /rustc/df4ca44d3fbc9301ee17f30f4d474e6ae4b05252/library/alloc/src/boxed.rs:2454:9
[INFO] [stdout]   64:     0x59ee6be9621b - <alloc::boxed::Box<F,A> as core::ops::function::FnOnce<Args>>::call_once::h5aa36efdb79c806f
[INFO] [stdout]                                at /rustc/df4ca44d3fbc9301ee17f30f4d474e6ae4b05252/library/alloc/src/boxed.rs:2454:9
[INFO] [stdout]   65:     0x59ee6be9621b - std::sys::pal::unix::thread::Thread::new::thread_start::h6cd80a1b4be5158d
[INFO] [stdout]                                at /rustc/df4ca44d3fbc9301ee17f30f4d474e6ae4b05252/library/std/src/sys/pal/unix/thread.rs:105:17
[INFO] [stdout]   66:     0x7afdb9231ac3 - <unknown>
[INFO] [stdout]   67:     0x7afdb92c2a04 - clone
[INFO] [stdout]   68:                0x0 - <unknown>
[INFO] [stdout] 
[INFO] [stdout] ---- config::test::deserialize_single_strategy stdout ----
[INFO] [stdout] thread 'config::test::deserialize_single_strategy' panicked at src/fixture.rs:10:10:
[INFO] [stdout] config not found: GreedError { message: "😱 error: No such file or directory (os error 2)\nDebug info: Os { code: 2, kind: NotFound, message: \"No such file or directory\" }" }
[INFO] [stdout] stack backtrace:
[INFO] [stdout]    0:     0x59ee6be902aa - std::backtrace_rs::backtrace::libunwind::trace::h207520d6e9873551
[INFO] [stdout]                                at /rustc/df4ca44d3fbc9301ee17f30f4d474e6ae4b05252/library/std/src/../../backtrace/src/backtrace/libunwind.rs:116:5
[INFO] [stdout]    1:     0x59ee6be902aa - std::backtrace_rs::backtrace::trace_unsynchronized::h2ed7433f370e3eca
[INFO] [stdout]                                at /rustc/df4ca44d3fbc9301ee17f30f4d474e6ae4b05252/library/std/src/../../backtrace/src/backtrace/mod.rs:66:5
[INFO] [stdout]    2:     0x59ee6be902aa - std::sys::backtrace::_print_fmt::h916fac51166b18d7
[INFO] [stdout]                                at /rustc/df4ca44d3fbc9301ee17f30f4d474e6ae4b05252/library/std/src/sys/backtrace.rs:66:9
[INFO] [stdout]    3:     0x59ee6be902aa - <std::sys::backtrace::BacktraceLock::print::DisplayBacktrace as core::fmt::Display>::fmt::ha0a4c9b8ce3802e6
[INFO] [stdout]                                at /rustc/df4ca44d3fbc9301ee17f30f4d474e6ae4b05252/library/std/src/sys/backtrace.rs:39:26
[INFO] [stdout]    4:     0x59ee6beb9c13 - core::fmt::rt::Argument::fmt::h4cfc8587d52b3eb5
[INFO] [stdout]                                at /rustc/df4ca44d3fbc9301ee17f30f4d474e6ae4b05252/library/core/src/fmt/rt.rs:177:76
[INFO] [stdout]    5:     0x59ee6beb9c13 - core::fmt::write::h522cc39e5b36ae9f
[INFO] [stdout]                                at /rustc/df4ca44d3fbc9301ee17f30f4d474e6ae4b05252/library/core/src/fmt/mod.rs:1190:21
[INFO] [stdout]    6:     0x59ee6be8cb23 - std::io::Write::write_fmt::h7d3c26752da97734
[INFO] [stdout]                                at /rustc/df4ca44d3fbc9301ee17f30f4d474e6ae4b05252/library/std/src/io/mod.rs:1839:15
[INFO] [stdout]    7:     0x59ee6be900f2 - std::sys::backtrace::BacktraceLock::print::h4b9e00b29e9c0942
[INFO] [stdout]                                at /rustc/df4ca44d3fbc9301ee17f30f4d474e6ae4b05252/library/std/src/sys/backtrace.rs:42:9
[INFO] [stdout]    8:     0x59ee6be9173a - std::panicking::default_hook::{{closure}}::hb59b88280d0324d9
[INFO] [stdout]                                at /rustc/df4ca44d3fbc9301ee17f30f4d474e6ae4b05252/library/std/src/panicking.rs:268:22
[INFO] [stdout]    9:     0x59ee6be91544 - std::panicking::default_hook::he1dd496665be4a29
[INFO] [stdout]                                at /rustc/df4ca44d3fbc9301ee17f30f4d474e6ae4b05252/library/std/src/panicking.rs:292:9
[INFO] [stdout]   10:     0x59ee6bd21ca9 - <alloc::boxed::Box<F,A> as core::ops::function::Fn<Args>>::call::h4ff71de18744e1dc
[INFO] [stdout]                                at /rustc/df4ca44d3fbc9301ee17f30f4d474e6ae4b05252/library/alloc/src/boxed.rs:2468:9
[INFO] [stdout]   11:     0x59ee6bd21ca9 - test::test_main::{{closure}}::hcf7c055ce117aa81
[INFO] [stdout]                                at /rustc/df4ca44d3fbc9301ee17f30f4d474e6ae4b05252/library/test/src/lib.rs:133:21
[INFO] [stdout]   12:     0x59ee6be91e38 - <alloc::boxed::Box<F,A> as core::ops::function::Fn<Args>>::call::h1d66c6bbd60c9692
[INFO] [stdout]                                at /rustc/df4ca44d3fbc9301ee17f30f4d474e6ae4b05252/library/alloc/src/boxed.rs:2468:9
[INFO] [stdout]   13:     0x59ee6be91e38 - std::panicking::rust_panic_with_hook::h2ff17fe8f26dfcf8
[INFO] [stdout]                                at /rustc/df4ca44d3fbc9301ee17f30f4d474e6ae4b05252/library/std/src/panicking.rs:809:13
[INFO] [stdout]   14:     0x59ee6be91bfa - std::panicking::begin_panic_handler::{{closure}}::h4fad77951c07e101
[INFO] [stdout]                                at /rustc/df4ca44d3fbc9301ee17f30f4d474e6ae4b05252/library/std/src/panicking.rs:674:13
[INFO] [stdout]   15:     0x59ee6be90789 - std::sys::backtrace::__rust_end_short_backtrace::hb1a25b3da5d0ea08
[INFO] [stdout]                                at /rustc/df4ca44d3fbc9301ee17f30f4d474e6ae4b05252/library/std/src/sys/backtrace.rs:170:18
[INFO] [stdout]   16:     0x59ee6be9188c - rust_begin_unwind
[INFO] [stdout]                                at /rustc/df4ca44d3fbc9301ee17f30f4d474e6ae4b05252/library/std/src/panicking.rs:665:5
[INFO] [stdout]   17:     0x59ee6beb82b0 - core::panicking::panic_fmt::ha9db07b529f9b256
[INFO] [stdout]                                at /rustc/df4ca44d3fbc9301ee17f30f4d474e6ae4b05252/library/core/src/panicking.rs:75:14
[INFO] [stdout]   18:     0x59ee6beb8796 - core::result::unwrap_failed::h5e8218e4d4338b8a
[INFO] [stdout]                                at /rustc/df4ca44d3fbc9301ee17f30f4d474e6ae4b05252/library/core/src/result.rs:1698:5
[INFO] [stdout]   19:     0x59ee6bbcaf65 - core::result::Result<T,E>::expect::h3a62b65cea40163b
[INFO] [stdout]                                at /rustc/df4ca44d3fbc9301ee17f30f4d474e6ae4b05252/library/core/src/result.rs:1060:23
[INFO] [stdout]   20:     0x59ee6bb411dd - greed::fixture::config::{{closure}}::h84f166fe3ee8443a
[INFO] [stdout]                                at /opt/rustwide/workdir/src/fixture.rs:8:5
[INFO] [stdout]   21:     0x59ee6bb85008 - greed::config::test::deserialize_single_strategy::{{closure}}::hd5f16c3f6bbb725a
[INFO] [stdout]                                at /opt/rustwide/workdir/src/config.rs:70:69
[INFO] [stdout]   22:     0x59ee6bbf9572 - <core::pin::Pin<P> as core::future::future::Future>::poll::ha27df9db878dcc60
[INFO] [stdout]                                at /rustc/df4ca44d3fbc9301ee17f30f4d474e6ae4b05252/library/core/src/future/future.rs:123:9
[INFO] [stdout]   23:     0x59ee6bbf952d - <core::pin::Pin<P> as core::future::future::Future>::poll::h26e5161547e4f45b
[INFO] [stdout]                                at /rustc/df4ca44d3fbc9301ee17f30f4d474e6ae4b05252/library/core/src/future/future.rs:123:9
[INFO] [stdout]   24:     0x59ee6bb407df - tokio::runtime::scheduler::current_thread::CoreGuard::block_on::{{closure}}::{{closure}}::{{closure}}::h35d3b98d5a2182be
[INFO] [stdout]                                at /opt/rustwide/cargo-home/registry/src/index.crates.io-6f17d22bba15001f/tokio-1.37.0/src/runtime/scheduler/current_thread/mod.rs:659:57
[INFO] [stdout]   25:     0x59ee6bb40715 - tokio::runtime::coop::with_budget::h53aefce9c87c05d6
[INFO] [stdout]                                at /opt/rustwide/cargo-home/registry/src/index.crates.io-6f17d22bba15001f/tokio-1.37.0/src/runtime/coop.rs:107:5
[INFO] [stdout]   26:     0x59ee6bb40715 - tokio::runtime::coop::budget::h365f6d2df3742fc6
[INFO] [stdout]                                at /opt/rustwide/cargo-home/registry/src/index.crates.io-6f17d22bba15001f/tokio-1.37.0/src/runtime/coop.rs:73:5
[INFO] [stdout]   27:     0x59ee6bb40715 - tokio::runtime::scheduler::current_thread::CoreGuard::block_on::{{closure}}::{{closure}}::hc1f5c8e28616e0b8
[INFO] [stdout]                                at /opt/rustwide/cargo-home/registry/src/index.crates.io-6f17d22bba15001f/tokio-1.37.0/src/runtime/scheduler/current_thread/mod.rs:659:25
[INFO] [stdout]   28:     0x59ee6bb3f4c0 - tokio::runtime::scheduler::current_thread::Context::enter::hfc85816618bd51ac
[INFO] [stdout]                                at /opt/rustwide/cargo-home/registry/src/index.crates.io-6f17d22bba15001f/tokio-1.37.0/src/runtime/scheduler/current_thread/mod.rs:404:19
[INFO] [stdout]   29:     0x59ee6bb3ff7e - tokio::runtime::scheduler::current_thread::CoreGuard::block_on::{{closure}}::h8daa757380c2a3b0
[INFO] [stdout]                                at /opt/rustwide/cargo-home/registry/src/index.crates.io-6f17d22bba15001f/tokio-1.37.0/src/runtime/scheduler/current_thread/mod.rs:658:36
[INFO] [stdout]   30:     0x59ee6bb3fcf4 - tokio::runtime::scheduler::current_thread::CoreGuard::enter::{{closure}}::h70934a77b8186ecd
[INFO] [stdout]                                at /opt/rustwide/cargo-home/registry/src/index.crates.io-6f17d22bba15001f/tokio-1.37.0/src/runtime/scheduler/current_thread/mod.rs:737:68
[INFO] [stdout]   31:     0x59ee6bba8bdb - tokio::runtime::context::scoped::Scoped<T>::set::hede53e8cfff2e944
[INFO] [stdout]                                at /opt/rustwide/cargo-home/registry/src/index.crates.io-6f17d22bba15001f/tokio-1.37.0/src/runtime/context/scoped.rs:40:9
[INFO] [stdout]   32:     0x59ee6bb56309 - tokio::runtime::context::set_scheduler::{{closure}}::h6653d750f083deaf
[INFO] [stdout]                                at /opt/rustwide/cargo-home/registry/src/index.crates.io-6f17d22bba15001f/tokio-1.37.0/src/runtime/context.rs:176:26
[INFO] [stdout]   33:     0x59ee6bb51a2d - std::thread::local::LocalKey<T>::try_with::h2a160807f8d06da3
[INFO] [stdout]                                at /rustc/df4ca44d3fbc9301ee17f30f4d474e6ae4b05252/library/std/src/thread/local.rs:283:12
[INFO] [stdout]   34:     0x59ee6bb5171a - std::thread::local::LocalKey<T>::with::h4ea6d536edb8dee3
[INFO] [stdout]                                at /rustc/df4ca44d3fbc9301ee17f30f4d474e6ae4b05252/library/std/src/thread/local.rs:260:9
[INFO] [stdout]   35:     0x59ee6bb562bd - tokio::runtime::context::set_scheduler::h87682999ae4091e6
[INFO] [stdout]                                at /opt/rustwide/cargo-home/registry/src/index.crates.io-6f17d22bba15001f/tokio-1.37.0/src/runtime/context.rs:176:9
[INFO] [stdout]   36:     0x59ee6bb3faa0 - tokio::runtime::scheduler::current_thread::CoreGuard::enter::hee1e47e8095c794a
[INFO] [stdout]                                at /opt/rustwide/cargo-home/registry/src/index.crates.io-6f17d22bba15001f/tokio-1.37.0/src/runtime/scheduler/current_thread/mod.rs:737:27
[INFO] [stdout]   37:     0x59ee6bb3fd13 - tokio::runtime::scheduler::current_thread::CoreGuard::block_on::h42a437272e8eaece
[INFO] [stdout]                                at /opt/rustwide/cargo-home/registry/src/index.crates.io-6f17d22bba15001f/tokio-1.37.0/src/runtime/scheduler/current_thread/mod.rs:646:19
[INFO] [stdout]   38:     0x59ee6bb3ed0d - tokio::runtime::scheduler::current_thread::CurrentThread::block_on::{{closure}}::h0fa67005fa4fc7c0
[INFO] [stdout]                                at /opt/rustwide/cargo-home/registry/src/index.crates.io-6f17d22bba15001f/tokio-1.37.0/src/runtime/scheduler/current_thread/mod.rs:175:28
[INFO] [stdout]   39:     0x59ee6bbe14c6 - tokio::runtime::context::runtime::enter_runtime::hdeab7c742231e755
[INFO] [stdout]                                at /opt/rustwide/cargo-home/registry/src/index.crates.io-6f17d22bba15001f/tokio-1.37.0/src/runtime/context/runtime.rs:65:16
[INFO] [stdout]   40:     0x59ee6bb3ec21 - tokio::runtime::scheduler::current_thread::CurrentThread::block_on::h3fe13605007687a2
[INFO] [stdout]                                at /opt/rustwide/cargo-home/registry/src/index.crates.io-6f17d22bba15001f/tokio-1.37.0/src/runtime/scheduler/current_thread/mod.rs:167:9
[INFO] [stdout]   41:     0x59ee6bbe783d - tokio::runtime::runtime::Runtime::block_on::h655fdf23ce586624
[INFO] [stdout]                                at /opt/rustwide/cargo-home/registry/src/index.crates.io-6f17d22bba15001f/tokio-1.37.0/src/runtime/runtime.rs:349:47
[INFO] [stdout]   42:     0x59ee6bb84e31 - greed::config::test::deserialize_single_strategy::h9b7cce56be1d6ca3
[INFO] [stdout]                                at /opt/rustwide/workdir/src/config.rs:97:9
[INFO] [stdout]   43:     0x59ee6bb84cd7 - greed::config::test::deserialize_single_strategy::{{closure}}::h7f95b5b09897d726
[INFO] [stdout]                                at /opt/rustwide/workdir/src/config.rs:69:43
[INFO] [stdout]   44:     0x59ee6bba1226 - core::ops::function::FnOnce::call_once::h47c160321324d151
[INFO] [stdout]                                at /rustc/df4ca44d3fbc9301ee17f30f4d474e6ae4b05252/library/core/src/ops/function.rs:250:5
[INFO] [stdout]   45:     0x59ee6bd2657b - core::ops::function::FnOnce::call_once::h22c3ba5715e93f05
[INFO] [stdout]                                at /rustc/df4ca44d3fbc9301ee17f30f4d474e6ae4b05252/library/core/src/ops/function.rs:250:5
[INFO] [stdout]   46:     0x59ee6bd2657b - test::__rust_begin_short_backtrace::h8e82d8113d0da17f
[INFO] [stdout]                                at /rustc/df4ca44d3fbc9301ee17f30f4d474e6ae4b05252/library/test/src/lib.rs:621:18
[INFO] [stdout]   47:     0x59ee6bd25ef7 - test::run_test_in_process::{{closure}}::h33235f4f20b7b7c7
[INFO] [stdout]                                at /rustc/df4ca44d3fbc9301ee17f30f4d474e6ae4b05252/library/test/src/lib.rs:644:60
[INFO] [stdout]   48:     0x59ee6bd25ef7 - <core::panic::unwind_safe::AssertUnwindSafe<F> as core::ops::function::FnOnce<()>>::call_once::hb5043206310c586f
[INFO] [stdout]                                at /rustc/df4ca44d3fbc9301ee17f30f4d474e6ae4b05252/library/core/src/panic/unwind_safe.rs:272:9
[INFO] [stdout]   49:     0x59ee6bd25ef7 - std::panicking::try::do_call::h9ad4731a60ab23e2
[INFO] [stdout]                                at /rustc/df4ca44d3fbc9301ee17f30f4d474e6ae4b05252/library/std/src/panicking.rs:557:40
[INFO] [stdout]   50:     0x59ee6bd25ef7 - std::panicking::try::h3824d23db772a716
[INFO] [stdout]                                at /rustc/df4ca44d3fbc9301ee17f30f4d474e6ae4b05252/library/std/src/panicking.rs:520:19
[INFO] [stdout]   51:     0x59ee6bd25ef7 - std::panic::catch_unwind::h5afd514605fde46b
[INFO] [stdout]                                at /rustc/df4ca44d3fbc9301ee17f30f4d474e6ae4b05252/library/std/src/panic.rs:358:14
[INFO] [stdout]   52:     0x59ee6bd25ef7 - test::run_test_in_process::h0d5cbfa7067d1720
[INFO] [stdout]                                at /rustc/df4ca44d3fbc9301ee17f30f4d474e6ae4b05252/library/test/src/lib.rs:644:27
[INFO] [stdout]   53:     0x59ee6bd25ef7 - test::run_test::{{closure}}::h708eb8872708115d
[INFO] [stdout]                                at /rustc/df4ca44d3fbc9301ee17f30f4d474e6ae4b05252/library/test/src/lib.rs:565:43
[INFO] [stdout]   54:     0x59ee6bce9614 - test::run_test::{{closure}}::h392c51cee94713ab
[INFO] [stdout]                                at /rustc/df4ca44d3fbc9301ee17f30f4d474e6ae4b05252/library/test/src/lib.rs:595:41
[INFO] [stdout]   55:     0x59ee6bce9614 - std::sys::backtrace::__rust_begin_short_backtrace::h2f40290710935a8b
[INFO] [stdout]                                at /rustc/df4ca44d3fbc9301ee17f30f4d474e6ae4b05252/library/std/src/sys/backtrace.rs:154:18
[INFO] [stdout]   56:     0x59ee6bcecdbe - std::thread::Builder::spawn_unchecked_::{{closure}}::{{closure}}::h3fd968d89053a903
[INFO] [stdout]                                at /rustc/df4ca44d3fbc9301ee17f30f4d474e6ae4b05252/library/std/src/thread/mod.rs:541:17
[INFO] [stdout]   57:     0x59ee6bcecdbe - <core::panic::unwind_safe::AssertUnwindSafe<F> as core::ops::function::FnOnce<()>>::call_once::h743f637ba4229880
[INFO] [stdout]                                at /rustc/df4ca44d3fbc9301ee17f30f4d474e6ae4b05252/library/core/src/panic/unwind_safe.rs:272:9
[INFO] [stdout]   58:     0x59ee6bcecdbe - std::panicking::try::do_call::h07440897322525a6
[INFO] [stdout]                                at /rustc/df4ca44d3fbc9301ee17f30f4d474e6ae4b05252/library/std/src/panicking.rs:557:40
[INFO] [stdout]   59:     0x59ee6bcecdbe - std::panicking::try::he5a2e00188156637
[INFO] [stdout]                                at /rustc/df4ca44d3fbc9301ee17f30f4d474e6ae4b05252/library/std/src/panicking.rs:520:19
[INFO] [stdout]   60:     0x59ee6bcecdbe - std::panic::catch_unwind::hbaf3cae49b3c6433
[INFO] [stdout]                                at /rustc/df4ca44d3fbc9301ee17f30f4d474e6ae4b05252/library/std/src/panic.rs:358:14
[INFO] [stdout]   61:     0x59ee6bcecdbe - std::thread::Builder::spawn_unchecked_::{{closure}}::h8e141ea224820bce
[INFO] [stdout]                                at /rustc/df4ca44d3fbc9301ee17f30f4d474e6ae4b05252/library/std/src/thread/mod.rs:540:30
[INFO] [stdout]   62:     0x59ee6bcecdbe - core::ops::function::FnOnce::call_once{{vtable.shim}}::h90d312fedd7b8ea8
[INFO] [stdout]                                at /rustc/df4ca44d3fbc9301ee17f30f4d474e6ae4b05252/library/core/src/ops/function.rs:250:5
[INFO] [stdout]   63:     0x59ee6be9621b - <alloc::boxed::Box<F,A> as core::ops::function::FnOnce<Args>>::call_once::h69aa08ddb6adb8b6
[INFO] [stdout]                                at /rustc/df4ca44d3fbc9301ee17f30f4d474e6ae4b05252/library/alloc/src/boxed.rs:2454:9
[INFO] [stdout]   64:     0x59ee6be9621b - <alloc::boxed::Box<F,A> as core::ops::function::FnOnce<Args>>::call_once::h5aa36efdb79c806f
[INFO] [stdout]                                at /rustc/df4ca44d3fbc9301ee17f30f4d474e6ae4b05252/library/alloc/src/boxed.rs:2454:9
[INFO] [stdout]   65:     0x59ee6be9621b - std::sys::pal::unix::thread::Thread::new::thread_start::h6cd80a1b4be5158d
[INFO] [stdout]                                at /rustc/df4ca44d3fbc9301ee17f30f4d474e6ae4b05252/library/std/src/sys/pal/unix/thread.rs:105:17
[INFO] [stdout]   66:     0x7afdb9231ac3 - <unknown>
[INFO] [stdout]   67:     0x7afdb92c2a04 - clone
[INFO] [stdout]   68:                0x0 - <unknown>
[INFO] [stdout] 
[INFO] [stdout] ---- config::test::deserialize_minimal_config stdout ----
[INFO] [stdout] thread 'config::test::deserialize_minimal_config' panicked at src/fixture.rs:10:10:
[INFO] [stderr] error: test failed, to rerun pass `--lib`
[INFO] [stdout] config not found: GreedError { message: "😱 error: No such file or directory (os error 2)\nDebug info: Os { code: 2, kind: NotFound, message: \"No such file or directory\" }" }
[INFO] [stdout] stack backtrace:
[INFO] [stdout]    0:     0x59ee6be902aa - std::backtrace_rs::backtrace::libunwind::trace::h207520d6e9873551
[INFO] [stdout]                                at /rustc/df4ca44d3fbc9301ee17f30f4d474e6ae4b05252/library/std/src/../../backtrace/src/backtrace/libunwind.rs:116:5
[INFO] [stdout]    1:     0x59ee6be902aa - std::backtrace_rs::backtrace::trace_unsynchronized::h2ed7433f370e3eca
[INFO] [stdout]                                at /rustc/df4ca44d3fbc9301ee17f30f4d474e6ae4b05252/library/std/src/../../backtrace/src/backtrace/mod.rs:66:5
[INFO] [stdout]    2:     0x59ee6be902aa - std::sys::backtrace::_print_fmt::h916fac51166b18d7
[INFO] [stdout]                                at /rustc/df4ca44d3fbc9301ee17f30f4d474e6ae4b05252/library/std/src/sys/backtrace.rs:66:9
[INFO] [stdout]    3:     0x59ee6be902aa - <std::sys::backtrace::BacktraceLock::print::DisplayBacktrace as core::fmt::Display>::fmt::ha0a4c9b8ce3802e6
[INFO] [stdout]                                at /rustc/df4ca44d3fbc9301ee17f30f4d474e6ae4b05252/library/std/src/sys/backtrace.rs:39:26
[INFO] [stdout]    4:     0x59ee6beb9c13 - core::fmt::rt::Argument::fmt::h4cfc8587d52b3eb5
[INFO] [stdout]                                at /rustc/df4ca44d3fbc9301ee17f30f4d474e6ae4b05252/library/core/src/fmt/rt.rs:177:76
[INFO] [stdout]    5:     0x59ee6beb9c13 - core::fmt::write::h522cc39e5b36ae9f
[INFO] [stdout]                                at /rustc/df4ca44d3fbc9301ee17f30f4d474e6ae4b05252/library/core/src/fmt/mod.rs:1190:21
[INFO] [stdout]    6:     0x59ee6be8cb23 - std::io::Write::write_fmt::h7d3c26752da97734
[INFO] [stdout]                                at /rustc/df4ca44d3fbc9301ee17f30f4d474e6ae4b05252/library/std/src/io/mod.rs:1839:15
[INFO] [stdout]    7:     0x59ee6be900f2 - std::sys::backtrace::BacktraceLock::print::h4b9e00b29e9c0942
[INFO] [stdout]                                at /rustc/df4ca44d3fbc9301ee17f30f4d474e6ae4b05252/library/std/src/sys/backtrace.rs:42:9
[INFO] [stdout]    8:     0x59ee6be9173a - std::panicking::default_hook::{{closure}}::hb59b88280d0324d9
[INFO] [stdout]                                at /rustc/df4ca44d3fbc9301ee17f30f4d474e6ae4b05252/library/std/src/panicking.rs:268:22
[INFO] [stdout]    9:     0x59ee6be91544 - std::panicking::default_hook::he1dd496665be4a29
[INFO] [stdout]                                at /rustc/df4ca44d3fbc9301ee17f30f4d474e6ae4b05252/library/std/src/panicking.rs:292:9
[INFO] [stdout]   10:     0x59ee6bd21ca9 - <alloc::boxed::Box<F,A> as core::ops::function::Fn<Args>>::call::h4ff71de18744e1dc
[INFO] [stdout]                                at /rustc/df4ca44d3fbc9301ee17f30f4d474e6ae4b05252/library/alloc/src/boxed.rs:2468:9
[INFO] [stdout]   11:     0x59ee6bd21ca9 - test::test_main::{{closure}}::hcf7c055ce117aa81
[INFO] [stdout]                                at /rustc/df4ca44d3fbc9301ee17f30f4d474e6ae4b05252/library/test/src/lib.rs:133:21
[INFO] [stdout]   12:     0x59ee6be91e38 - <alloc::boxed::Box<F,A> as core::ops::function::Fn<Args>>::call::h1d66c6bbd60c9692
[INFO] [stdout]                                at /rustc/df4ca44d3fbc9301ee17f30f4d474e6ae4b05252/library/alloc/src/boxed.rs:2468:9
[INFO] [stdout]   13:     0x59ee6be91e38 - std::panicking::rust_panic_with_hook::h2ff17fe8f26dfcf8
[INFO] [stdout]                                at /rustc/df4ca44d3fbc9301ee17f30f4d474e6ae4b05252/library/std/src/panicking.rs:809:13
[INFO] [stdout]   14:     0x59ee6be91bfa - std::panicking::begin_panic_handler::{{closure}}::h4fad77951c07e101
[INFO] [stdout]                                at /rustc/df4ca44d3fbc9301ee17f30f4d474e6ae4b05252/library/std/src/panicking.rs:674:13
[INFO] [stdout]   15:     0x59ee6be90789 - std::sys::backtrace::__rust_end_short_backtrace::hb1a25b3da5d0ea08
[INFO] [stdout]                                at /rustc/df4ca44d3fbc9301ee17f30f4d474e6ae4b05252/library/std/src/sys/backtrace.rs:170:18
[INFO] [stdout]   16:     0x59ee6be9188c - rust_begin_unwind
[INFO] [stdout]                                at /rustc/df4ca44d3fbc9301ee17f30f4d474e6ae4b05252/library/std/src/panicking.rs:665:5
[INFO] [stdout]   17:     0x59ee6beb82b0 - core::panicking::panic_fmt::ha9db07b529f9b256
[INFO] [stdout]                                at /rustc/df4ca44d3fbc9301ee17f30f4d474e6ae4b05252/library/core/src/panicking.rs:75:14
[INFO] [stdout]   18:     0x59ee6beb8796 - core::result::unwrap_failed::h5e8218e4d4338b8a
[INFO] [stdout]                                at /rustc/df4ca44d3fbc9301ee17f30f4d474e6ae4b05252/library/core/src/result.rs:1698:5
[INFO] [stdout]   19:     0x59ee6bbcaf65 - core::result::Result<T,E>::expect::h3a62b65cea40163b
[INFO] [stdout]                                at /rustc/df4ca44d3fbc9301ee17f30f4d474e6ae4b05252/library/core/src/result.rs:1060:23
[INFO] [stdout]   20:     0x59ee6bb411dd - greed::fixture::config::{{closure}}::h84f166fe3ee8443a
[INFO] [stdout]                                at /opt/rustwide/workdir/src/fixture.rs:8:5
[INFO] [stdout]   21:     0x59ee6bb84ac8 - greed::config::test::deserialize_minimal_config::{{closure}}::h911f26700f46bee7
[INFO] [stdout]                                at /opt/rustwide/workdir/src/config.rs:59:61
[INFO] [stdout]   22:     0x59ee6bbf9572 - <core::pin::Pin<P> as core::future::future::Future>::poll::ha27df9db878dcc60
[INFO] [stdout]                                at /rustc/df4ca44d3fbc9301ee17f30f4d474e6ae4b05252/library/core/src/future/future.rs:123:9
[INFO] [stdout]   23:     0x59ee6bbf952d - <core::pin::Pin<P> as core::future::future::Future>::poll::h26e5161547e4f45b
[INFO] [stdout]                                at /rustc/df4ca44d3fbc9301ee17f30f4d474e6ae4b05252/library/core/src/future/future.rs:123:9
[INFO] [stdout]   24:     0x59ee6bb407df - tokio::runtime::scheduler::current_thread::CoreGuard::block_on::{{closure}}::{{closure}}::{{closure}}::h35d3b98d5a2182be
[INFO] [stdout]                                at /opt/rustwide/cargo-home/registry/src/index.crates.io-6f17d22bba15001f/tokio-1.37.0/src/runtime/scheduler/current_thread/mod.rs:659:57
[INFO] [stdout]   25:     0x59ee6bb40715 - tokio::runtime::coop::with_budget::h53aefce9c87c05d6
[INFO] [stdout]                                at /opt/rustwide/cargo-home/registry/src/index.crates.io-6f17d22bba15001f/tokio-1.37.0/src/runtime/coop.rs:107:5
[INFO] [stdout]   26:     0x59ee6bb40715 - tokio::runtime::coop::budget::h365f6d2df3742fc6
[INFO] [stdout]                                at /opt/rustwide/cargo-home/registry/src/index.crates.io-6f17d22bba15001f/tokio-1.37.0/src/runtime/coop.rs:73:5
[INFO] [stdout]   27:     0x59ee6bb40715 - tokio::runtime::scheduler::current_thread::CoreGuard::block_on::{{closure}}::{{closure}}::hc1f5c8e28616e0b8
[INFO] [stdout]                                at /opt/rustwide/cargo-home/registry/src/index.crates.io-6f17d22bba15001f/tokio-1.37.0/src/runtime/scheduler/current_thread/mod.rs:659:25
[INFO] [stdout]   28:     0x59ee6bb3f4c0 - tokio::runtime::scheduler::current_thread::Context::enter::hfc85816618bd51ac
[INFO] [stdout]                                at /opt/rustwide/cargo-home/registry/src/index.crates.io-6f17d22bba15001f/tokio-1.37.0/src/runtime/scheduler/current_thread/mod.rs:404:19
[INFO] [stdout]   29:     0x59ee6bb3ff7e - tokio::runtime::scheduler::current_thread::CoreGuard::block_on::{{closure}}::h8daa757380c2a3b0
[INFO] [stdout]                                at /opt/rustwide/cargo-home/registry/src/index.crates.io-6f17d22bba15001f/tokio-1.37.0/src/runtime/scheduler/current_thread/mod.rs:658:36
[INFO] [stdout]   30:     0x59ee6bb3fcf4 - tokio::runtime::scheduler::current_thread::CoreGuard::enter::{{closure}}::h70934a77b8186ecd
[INFO] [stdout]                                at /opt/rustwide/cargo-home/registry/src/index.crates.io-6f17d22bba15001f/tokio-1.37.0/src/runtime/scheduler/current_thread/mod.rs:737:68
[INFO] [stdout]   31:     0x59ee6bba8bdb - tokio::runtime::context::scoped::Scoped<T>::set::hede53e8cfff2e944
[INFO] [stdout]                                at /opt/rustwide/cargo-home/registry/src/index.crates.io-6f17d22bba15001f/tokio-1.37.0/src/runtime/context/scoped.rs:40:9
[INFO] [stdout]   32:     0x59ee6bb56309 - tokio::runtime::context::set_scheduler::{{closure}}::h6653d750f083deaf
[INFO] [stdout]                                at /opt/rustwide/cargo-home/registry/src/index.crates.io-6f17d22bba15001f/tokio-1.37.0/src/runtime/context.rs:176:26
[INFO] [stdout]   33:     0x59ee6bb51a2d - std::thread::local::LocalKey<T>::try_with::h2a160807f8d06da3
[INFO] [stdout]                                at /rustc/df4ca44d3fbc9301ee17f30f4d474e6ae4b05252/library/std/src/thread/local.rs:283:12
[INFO] [stdout]   34:     0x59ee6bb5171a - std::thread::local::LocalKey<T>::with::h4ea6d536edb8dee3
[INFO] [stdout]                                at /rustc/df4ca44d3fbc9301ee17f30f4d474e6ae4b05252/library/std/src/thread/local.rs:260:9
[INFO] [stdout]   35:     0x59ee6bb562bd - tokio::runtime::context::set_scheduler::h87682999ae4091e6
[INFO] [stdout]                                at /opt/rustwide/cargo-home/registry/src/index.crates.io-6f17d22bba15001f/tokio-1.37.0/src/runtime/context.rs:176:9
[INFO] [stdout]   36:     0x59ee6bb3faa0 - tokio::runtime::scheduler::current_thread::CoreGuard::enter::hee1e47e8095c794a
[INFO] [stdout]                                at /opt/rustwide/cargo-home/registry/src/index.crates.io-6f17d22bba15001f/tokio-1.37.0/src/runtime/scheduler/current_thread/mod.rs:737:27
[INFO] [stdout]   37:     0x59ee6bb3fd13 - tokio::runtime::scheduler::current_thread::CoreGuard::block_on::h42a437272e8eaece
[INFO] [stdout]                                at /opt/rustwide/cargo-home/registry/src/index.crates.io-6f17d22bba15001f/tokio-1.37.0/src/runtime/scheduler/current_thread/mod.rs:646:19
[INFO] [stdout]   38:     0x59ee6bb3ed0d - tokio::runtime::scheduler::current_thread::CurrentThread::block_on::{{closure}}::h0fa67005fa4fc7c0
[INFO] [stdout]                                at /opt/rustwide/cargo-home/registry/src/index.crates.io-6f17d22bba15001f/tokio-1.37.0/src/runtime/scheduler/current_thread/mod.rs:175:28
[INFO] [stdout]   39:     0x59ee6bbe14c6 - tokio::runtime::context::runtime::enter_runtime::hdeab7c742231e755
[INFO] [stdout]                                at /opt/rustwide/cargo-home/registry/src/index.crates.io-6f17d22bba15001f/tokio-1.37.0/src/runtime/context/runtime.rs:65:16
[INFO] [stdout]   40:     0x59ee6bb3ec21 - tokio::runtime::scheduler::current_thread::CurrentThread::block_on::h3fe13605007687a2
[INFO] [stdout]                                at /opt/rustwide/cargo-home/registry/src/index.crates.io-6f17d22bba15001f/tokio-1.37.0/src/runtime/scheduler/current_thread/mod.rs:167:9
[INFO] [stdout]   41:     0x59ee6bbe783d - tokio::runtime::runtime::Runtime::block_on::h655fdf23ce586624
[INFO] [stdout]                                at /opt/rustwide/cargo-home/registry/src/index.crates.io-6f17d22bba15001f/tokio-1.37.0/src/runtime/runtime.rs:349:47
[INFO] [stdout]   42:     0x59ee6bb848f1 - greed::config::test::deserialize_minimal_config::ha1d459f796abf389
[INFO] [stdout]                                at /opt/rustwide/workdir/src/config.rs:65:9
[INFO] [stdout]   43:     0x59ee6bb84797 - greed::config::test::deserialize_minimal_config::{{closure}}::he8f7ee90db0b9178
[INFO] [stdout]                                at /opt/rustwide/workdir/src/config.rs:58:42
[INFO] [stdout]   44:     0x59ee6bba32b6 - core::ops::function::FnOnce::call_once::hcfec37259770bf72
[INFO] [stdout]                                at /rustc/df4ca44d3fbc9301ee17f30f4d474e6ae4b05252/library/core/src/ops/function.rs:250:5
[INFO] [stdout]   45:     0x59ee6bd2657b - core::ops::function::FnOnce::call_once::h22c3ba5715e93f05
[INFO] [stdout]                                at /rustc/df4ca44d3fbc9301ee17f30f4d474e6ae4b05252/library/core/src/ops/function.rs:250:5
[INFO] [stdout]   46:     0x59ee6bd2657b - test::__rust_begin_short_backtrace::h8e82d8113d0da17f
[INFO] [stdout]                                at /rustc/df4ca44d3fbc9301ee17f30f4d474e6ae4b05252/library/test/src/lib.rs:621:18
[INFO] [stdout]   47:     0x59ee6bd25ef7 - test::run_test_in_process::{{closure}}::h33235f4f20b7b7c7
[INFO] [stdout]                                at /rustc/df4ca44d3fbc9301ee17f30f4d474e6ae4b05252/library/test/src/lib.rs:644:60
[INFO] [stdout]   48:     0x59ee6bd25ef7 - <core::panic::unwind_safe::AssertUnwindSafe<F> as core::ops::function::FnOnce<()>>::call_once::hb5043206310c586f
[INFO] [stdout]                                at /rustc/df4ca44d3fbc9301ee17f30f4d474e6ae4b05252/library/core/src/panic/unwind_safe.rs:272:9
[INFO] [stdout]   49:     0x59ee6bd25ef7 - std::panicking::try::do_call::h9ad4731a60ab23e2
[INFO] [stdout]                                at /rustc/df4ca44d3fbc9301ee17f30f4d474e6ae4b05252/library/std/src/panicking.rs:557:40
[INFO] [stdout]   50:     0x59ee6bd25ef7 - std::panicking::try::h3824d23db772a716
[INFO] [stdout]                                at /rustc/df4ca44d3fbc9301ee17f30f4d474e6ae4b05252/library/std/src/panicking.rs:520:19
[INFO] [stdout]   51:     0x59ee6bd25ef7 - std::panic::catch_unwind::h5afd514605fde46b
[INFO] [stdout]                                at /rustc/df4ca44d3fbc9301ee17f30f4d474e6ae4b05252/library/std/src/panic.rs:358:14
[INFO] [stdout]   52:     0x59ee6bd25ef7 - test::run_test_in_process::h0d5cbfa7067d1720
[INFO] [stdout]                                at /rustc/df4ca44d3fbc9301ee17f30f4d474e6ae4b05252/library/test/src/lib.rs:644:27
[INFO] [stdout]   53:     0x59ee6bd25ef7 - test::run_test::{{closure}}::h708eb8872708115d
[INFO] [stdout]                                at /rustc/df4ca44d3fbc9301ee17f30f4d474e6ae4b05252/library/test/src/lib.rs:565:43
[INFO] [stdout]   54:     0x59ee6bce9614 - test::run_test::{{closure}}::h392c51cee94713ab
[INFO] [stdout]                                at /rustc/df4ca44d3fbc9301ee17f30f4d474e6ae4b05252/library/test/src/lib.rs:595:41
[INFO] [stdout]   55:     0x59ee6bce9614 - std::sys::backtrace::__rust_begin_short_backtrace::h2f40290710935a8b
[INFO] [stdout]                                at /rustc/df4ca44d3fbc9301ee17f30f4d474e6ae4b05252/library/std/src/sys/backtrace.rs:154:18
[INFO] [stdout]   56:     0x59ee6bcecdbe - std::thread::Builder::spawn_unchecked_::{{closure}}::{{closure}}::h3fd968d89053a903
[INFO] [stdout]                                at /rustc/df4ca44d3fbc9301ee17f30f4d474e6ae4b05252/library/std/src/thread/mod.rs:541:17
[INFO] [stdout]   57:     0x59ee6bcecdbe - <core::panic::unwind_safe::AssertUnwindSafe<F> as core::ops::function::FnOnce<()>>::call_once::h743f637ba4229880
[INFO] [stdout]                                at /rustc/df4ca44d3fbc9301ee17f30f4d474e6ae4b05252/library/core/src/panic/unwind_safe.rs:272:9
[INFO] [stdout]   58:     0x59ee6bcecdbe - std::panicking::try::do_call::h07440897322525a6
[INFO] [stdout]                                at /rustc/df4ca44d3fbc9301ee17f30f4d474e6ae4b05252/library/std/src/panicking.rs:557:40
[INFO] [stdout]   59:     0x59ee6bcecdbe - std::panicking::try::he5a2e00188156637
[INFO] [stdout]                                at /rustc/df4ca44d3fbc9301ee17f30f4d474e6ae4b05252/library/std/src/panicking.rs:520:19
[INFO] [stdout]   60:     0x59ee6bcecdbe - std::panic::catch_unwind::hbaf3cae49b3c6433
[INFO] [stdout]                                at /rustc/df4ca44d3fbc9301ee17f30f4d474e6ae4b05252/library/std/src/panic.rs:358:14
[INFO] [stdout]   61:     0x59ee6bcecdbe - std::thread::Builder::spawn_unchecked_::{{closure}}::h8e141ea224820bce
[INFO] [stdout]                                at /rustc/df4ca44d3fbc9301ee17f30f4d474e6ae4b05252/library/std/src/thread/mod.rs:540:30
[INFO] [stdout]   62:     0x59ee6bcecdbe - core::ops::function::FnOnce::call_once{{vtable.shim}}::h90d312fedd7b8ea8
[INFO] [stdout]                                at /rustc/df4ca44d3fbc9301ee17f30f4d474e6ae4b05252/library/core/src/ops/function.rs:250:5
[INFO] [stdout]   63:     0x59ee6be9621b - <alloc::boxed::Box<F,A> as core::ops::function::FnOnce<Args>>::call_once::h69aa08ddb6adb8b6
[INFO] [stdout]                                at /rustc/df4ca44d3fbc9301ee17f30f4d474e6ae4b05252/library/alloc/src/boxed.rs:2454:9
[INFO] [stdout]   64:     0x59ee6be9621b - <alloc::boxed::Box<F,A> as core::ops::function::FnOnce<Args>>::call_once::h5aa36efdb79c806f
[INFO] [stdout]                                at /rustc/df4ca44d3fbc9301ee17f30f4d474e6ae4b05252/library/alloc/src/boxed.rs:2454:9
[INFO] [stdout]   65:     0x59ee6be9621b - std::sys::pal::unix::thread::Thread::new::thread_start::h6cd80a1b4be5158d
[INFO] [stdout]                                at /rustc/df4ca44d3fbc9301ee17f30f4d474e6ae4b05252/library/std/src/sys/pal/unix/thread.rs:105:17
[INFO] [stdout]   66:     0x7afdb9231ac3 - <unknown>
[INFO] [stdout]   67:     0x7afdb92c2a04 - clone
[INFO] [stdout]   68:                0x0 - <unknown>
[INFO] [stdout] 
[INFO] [stdout] 
[INFO] [stdout] failures:
[INFO] [stdout]     config::simple::test::deserialize
[INFO] [stdout]     config::test::deserialize_minimal_config
[INFO] [stdout]     config::test::deserialize_multi_strategy_config
[INFO] [stdout]     config::test::deserialize_single_strategy
[INFO] [stdout] 
[INFO] [stdout] test result: FAILED. 199 passed; 4 failed; 0 ignored; 0 measured; 0 filtered out; finished in 0.13s
[INFO] [stdout] 
[INFO] running `Command { std: "docker" "inspect" "9e03c524449fe74118a2771749d9b06ad71b7ebc45d91f02e7d5b44b6414fc17", kill_on_drop: false }`
[INFO] running `Command { std: "docker" "rm" "-f" "9e03c524449fe74118a2771749d9b06ad71b7ebc45d91f02e7d5b44b6414fc17", kill_on_drop: false }`
[INFO] [stdout] 9e03c524449fe74118a2771749d9b06ad71b7ebc45d91f02e7d5b44b6414fc17
