[INFO] fetching crate gredit 0.0.3...
[INFO] testing gredit-0.0.3 against nightly-2024-10-28 for randomize-layout
[INFO] extracting crate gredit 0.0.3 into /workspace/builds/worker-5-tc1/source
[INFO] validating manifest of crates.io crate gredit 0.0.3 on toolchain nightly-2024-10-28
[INFO] running `Command { std: CARGO_HOME="/workspace/cargo-home" RUSTUP_HOME="/workspace/rustup-home" "/workspace/cargo-home/bin/cargo" "+nightly-2024-10-28" "metadata" "--manifest-path" "Cargo.toml" "--no-deps", kill_on_drop: false }`
[INFO] started tweaking crates.io crate gredit 0.0.3
[INFO] finished tweaking crates.io crate gredit 0.0.3
[INFO] tweaked toml for crates.io crate gredit 0.0.3 written to /workspace/builds/worker-5-tc1/source/Cargo.toml
[INFO] crate crates.io crate gredit 0.0.3 already has a lockfile, it will not be regenerated
[INFO] running `Command { std: CARGO_HOME="/workspace/cargo-home" RUSTUP_HOME="/workspace/rustup-home" "/workspace/cargo-home/bin/cargo" "+nightly-2024-10-28" "fetch" "--manifest-path" "Cargo.toml", kill_on_drop: false }`
[INFO] [stderr]     Updating crates.io index
[INFO] [stderr]  Downloading crates ...
[INFO] [stderr]   Downloaded plist v1.3.1
[INFO] [stderr]   Downloaded test-case v2.0.0
[INFO] [stderr]   Downloaded thiserror-impl v1.0.32
[INFO] [stderr]   Downloaded grep v0.2.8
[INFO] [stderr]   Downloaded strum v0.24.0
[INFO] [stderr]   Downloaded thiserror v1.0.32
[INFO] [stderr]   Downloaded bytecount v0.6.2
[INFO] [stderr]   Downloaded mockall v0.11.0
[INFO] [stderr]   Downloaded crossterm v0.22.1
[INFO] [stderr]   Downloaded grep-regex v0.1.9
[INFO] [stderr]   Downloaded grep-printer v0.1.6
[INFO] [stderr]   Downloaded grep-searcher v0.1.8
[INFO] [stderr]   Downloaded crossterm v0.23.0
[INFO] [stderr]   Downloaded aho-corasick v0.7.8
[INFO] [stderr]   Downloaded mockall_derive v0.11.0
[INFO] [stderr]   Downloaded tui v0.17.0
[INFO] [stderr]   Downloaded onig v6.3.2
[INFO] [stderr]   Downloaded grep-matcher v0.1.5
[INFO] [stderr]   Downloaded fragile v1.1.0
[INFO] [stderr]   Downloaded mockall_double v0.2.1
[INFO] [stderr]   Downloaded strum_macros v0.24.0
[INFO] [stderr]   Downloaded regex-syntax v0.6.14
[INFO] [stderr]   Downloaded syntect v5.0.0
[INFO] running `Command { std: "docker" "create" "-v" "/var/lib/crater-agent-workspace/builds/worker-5-tc1/target:/opt/rustwide/target:rw,Z" "-v" "/var/lib/crater-agent-workspace/builds/worker-5-tc1/source:/opt/rustwide/workdir:ro,Z" "-v" "/var/lib/crater-agent-workspace/cargo-home:/opt/rustwide/cargo-home:ro,Z" "-v" "/var/lib/crater-agent-workspace/rustup-home:/opt/rustwide/rustup-home:ro,Z" "-e" "SOURCE_DIR=/opt/rustwide/workdir" "-e" "CARGO_TARGET_DIR=/opt/rustwide/target" "-e" "CARGO_HOME=/opt/rustwide/cargo-home" "-e" "RUSTUP_HOME=/opt/rustwide/rustup-home" "-w" "/opt/rustwide/workdir" "-m" "1610612736" "--user" "0:0" "--network" "none" "ghcr.io/rust-lang/crates-build-env/linux@sha256:4a844ea9eb2546a2d2c7022eacef16ef2e8229c7fbb2c7d4d55a9ceca922f72d" "/opt/rustwide/cargo-home/bin/cargo" "+nightly-2024-10-28" "metadata" "--no-deps" "--format-version=1", kill_on_drop: false }`
[INFO] [stdout] b32ee74718cf65cd8e10bcdc10f6e70fbab99ea17772cebeca36f187baae5f24
[INFO] running `Command { std: "docker" "start" "-a" "b32ee74718cf65cd8e10bcdc10f6e70fbab99ea17772cebeca36f187baae5f24", kill_on_drop: false }`
[INFO] running `Command { std: "docker" "inspect" "b32ee74718cf65cd8e10bcdc10f6e70fbab99ea17772cebeca36f187baae5f24", kill_on_drop: false }`
[INFO] running `Command { std: "docker" "rm" "-f" "b32ee74718cf65cd8e10bcdc10f6e70fbab99ea17772cebeca36f187baae5f24", kill_on_drop: false }`
[INFO] [stdout] b32ee74718cf65cd8e10bcdc10f6e70fbab99ea17772cebeca36f187baae5f24
[INFO] running `Command { std: "docker" "create" "-v" "/var/lib/crater-agent-workspace/builds/worker-5-tc1/target:/opt/rustwide/target:rw,Z" "-v" "/var/lib/crater-agent-workspace/builds/worker-5-tc1/source:/opt/rustwide/workdir:ro,Z" "-v" "/var/lib/crater-agent-workspace/cargo-home:/opt/rustwide/cargo-home:ro,Z" "-v" "/var/lib/crater-agent-workspace/rustup-home:/opt/rustwide/rustup-home:ro,Z" "-e" "SOURCE_DIR=/opt/rustwide/workdir" "-e" "CARGO_TARGET_DIR=/opt/rustwide/target" "-e" "CARGO_INCREMENTAL=0" "-e" "RUST_BACKTRACE=full" "-e" "RUSTFLAGS=--cap-lints=forbid" "-e" "RUSTDOCFLAGS=--cap-lints=forbid" "-e" "CARGO_HOME=/opt/rustwide/cargo-home" "-e" "RUSTUP_HOME=/opt/rustwide/rustup-home" "-w" "/opt/rustwide/workdir" "-m" "1610612736" "--user" "0:0" "--network" "none" "ghcr.io/rust-lang/crates-build-env/linux@sha256:4a844ea9eb2546a2d2c7022eacef16ef2e8229c7fbb2c7d4d55a9ceca922f72d" "/opt/rustwide/cargo-home/bin/cargo" "+nightly-2024-10-28" "build" "--frozen" "--message-format=json", kill_on_drop: false }`
[INFO] [stdout] 735c5f9a9e5745652b3aae2a468100a5305c84bace04c481c26c194c43877863
[INFO] running `Command { std: "docker" "start" "-a" "735c5f9a9e5745652b3aae2a468100a5305c84bace04c481c26c194c43877863", kill_on_drop: false }`
[INFO] [stderr]    Compiling libc v0.2.118
[INFO] [stderr]    Compiling proc-macro2 v1.0.36
[INFO] [stderr]    Compiling unicode-xid v0.2.0
[INFO] [stderr]    Compiling syn v1.0.86
[INFO] [stderr]    Compiling cfg-if v0.1.10
[INFO] [stderr]    Compiling memchr v2.4.1
[INFO] [stderr]    Compiling log v0.4.8
[INFO] [stderr]    Compiling lazy_static v1.4.0
[INFO] [stderr]    Compiling byteorder v1.3.4
[INFO] [stderr]    Compiling autocfg v1.0.1
[INFO] [stderr]    Compiling version_check v0.9.4
[INFO] [stderr]    Compiling once_cell v1.9.0
[INFO] [stderr]    Compiling serde v1.0.104
[INFO] [stderr]    Compiling smallvec v1.6.1
[INFO] [stderr]    Compiling regex-syntax v0.6.14
[INFO] [stderr]    Compiling scopeguard v1.1.0
[INFO] [stderr]    Compiling encoding_rs v0.8.22
[INFO] [stderr]    Compiling ryu v1.0.2
[INFO] [stderr]    Compiling signal-hook v0.3.13
[INFO] [stderr]    Compiling lock_api v0.4.6
[INFO] [stderr]    Compiling thread_local v1.1.4
[INFO] [stderr]    Compiling pkg-config v0.3.25
[INFO] [stderr]    Compiling fnv v1.0.6
[INFO] [stderr]    Compiling cc v1.0.73
[INFO] [stderr]    Compiling instant v0.1.9
[INFO] [stderr]    Compiling rustversion v1.0.6
[INFO] [stderr]    Compiling proc-macro-error-attr v1.0.4
[INFO] [stderr]    Compiling proc-macro-error v1.0.4
[INFO] [stderr]    Compiling indexmap v1.8.0
[INFO] [stderr]    Compiling itoa v0.4.5
[INFO] [stderr]    Compiling heck v0.4.0
[INFO] [stderr]    Compiling regex-automata v0.1.8
[INFO] [stderr]    Compiling termcolor v1.1.2
[INFO] [stderr]    Compiling parking_lot_core v0.9.1
[INFO] [stderr]    Compiling crc32fast v1.3.2
[INFO] [stderr]    Compiling hashbrown v0.11.2
[INFO] [stderr]    Compiling base64 v0.13.0
[INFO] [stderr]    Compiling crossbeam-utils v0.8.1
[INFO] [stderr]    Compiling safemem v0.3.3
[INFO] [stderr]    Compiling itoa v1.0.3
[INFO] [stderr]    Compiling bytecount v0.6.2
[INFO] [stderr]    Compiling num_threads v0.1.6
[INFO] [stderr]    Compiling bstr v0.2.11
[INFO] [stderr]    Compiling aho-corasick v0.7.8
[INFO] [stderr]    Compiling grep-matcher v0.1.5
[INFO] [stderr]    Compiling quote v1.0.15
[INFO] [stderr]    Compiling adler v1.0.2
[INFO] [stderr]    Compiling miniz_oxide v0.5.3
[INFO] [stderr]    Compiling line-wrap v0.1.1
[INFO] [stderr]    Compiling walkdir v2.3.1
[INFO] [stderr]    Compiling signal-hook-registry v1.4.0
[INFO] [stderr]    Compiling mio v0.7.7
[INFO] [stderr]    Compiling memmap2 v0.3.1
[INFO] [stderr]    Compiling parking_lot_core v0.8.3
[INFO] [stderr]    Compiling atty v0.2.14
[INFO] [stderr]    Compiling parking_lot v0.11.1
[INFO] [stderr]    Compiling time v0.3.13
[INFO] [stderr]    Compiling linked-hash-map v0.5.6
[INFO] [stderr]    Compiling signal-hook-mio v0.2.1
[INFO] [stderr]    Compiling onig_sys v69.8.1
[INFO] [stderr]    Compiling anyhow v1.0.38
[INFO] [stderr]    Compiling xml-rs v0.8.4
[INFO] [stderr]    Compiling crossterm v0.22.1
[INFO] [stderr]    Compiling yaml-rust v0.4.5
[INFO] [stderr]    Compiling parking_lot v0.12.0
[INFO] [stderr]    Compiling encoding_rs_io v0.1.7
[INFO] [stderr]    Compiling flate2 v1.0.24
[INFO] [stderr]    Compiling os_str_bytes v6.0.0
[INFO] [stderr]    Compiling unicode-segmentation v1.6.0
[INFO] [stderr]    Compiling grep-searcher v0.1.8
[INFO] [stderr]    Compiling regex v1.3.4
[INFO] [stderr]    Compiling either v1.6.1
[INFO] [stderr]    Compiling unicode-width v0.1.7
[INFO] [stderr]    Compiling strsim v0.10.0
[INFO] [stderr]    Compiling cassowary v0.3.0
[INFO] [stderr]    Compiling textwrap v0.15.0
[INFO] [stderr]    Compiling itertools v0.10.0
[INFO] [stderr]    Compiling crossterm v0.23.0
[INFO] [stderr]    Compiling tui v0.17.0
[INFO] [stderr]    Compiling globset v0.4.8
[INFO] [stderr]    Compiling grep-regex v0.1.9
[INFO] [stderr]    Compiling grep-cli v0.1.6
[INFO] [stderr]    Compiling ignore v0.4.18
[INFO] [stderr]    Compiling serde_derive v1.0.104
[INFO] [stderr]    Compiling thiserror-impl v1.0.32
[INFO] [stderr]    Compiling strum_macros v0.24.0
[INFO] [stderr]    Compiling clap_derive v3.1.4
[INFO] [stderr]    Compiling mockall_double v0.2.1
[INFO] [stderr]    Compiling onig v6.3.2
[INFO] [stderr]    Compiling thiserror v1.0.32
[INFO] [stderr]    Compiling strum v0.24.0
[INFO] [stderr]    Compiling clap v3.1.6
[INFO] [stderr]    Compiling serde_json v1.0.48
[INFO] [stderr]    Compiling bincode v1.3.3
[INFO] [stderr]    Compiling plist v1.3.1
[INFO] [stderr]    Compiling grep-printer v0.1.6
[INFO] [stderr]    Compiling syntect v5.0.0
[INFO] [stderr]    Compiling grep v0.2.8
[INFO] [stderr]    Compiling gredit v0.0.3 (/opt/rustwide/workdir)
[INFO] [stderr]     Finished `dev` profile [unoptimized + debuginfo] target(s) in 11.94s
[INFO] running `Command { std: "docker" "inspect" "735c5f9a9e5745652b3aae2a468100a5305c84bace04c481c26c194c43877863", kill_on_drop: false }`
[INFO] running `Command { std: "docker" "rm" "-f" "735c5f9a9e5745652b3aae2a468100a5305c84bace04c481c26c194c43877863", kill_on_drop: false }`
[INFO] [stdout] 735c5f9a9e5745652b3aae2a468100a5305c84bace04c481c26c194c43877863
[INFO] running `Command { std: "docker" "create" "-v" "/var/lib/crater-agent-workspace/builds/worker-5-tc1/target:/opt/rustwide/target:rw,Z" "-v" "/var/lib/crater-agent-workspace/builds/worker-5-tc1/source:/opt/rustwide/workdir:ro,Z" "-v" "/var/lib/crater-agent-workspace/cargo-home:/opt/rustwide/cargo-home:ro,Z" "-v" "/var/lib/crater-agent-workspace/rustup-home:/opt/rustwide/rustup-home:ro,Z" "-e" "SOURCE_DIR=/opt/rustwide/workdir" "-e" "CARGO_TARGET_DIR=/opt/rustwide/target" "-e" "CARGO_INCREMENTAL=0" "-e" "RUST_BACKTRACE=full" "-e" "RUSTFLAGS=--cap-lints=forbid" "-e" "RUSTDOCFLAGS=--cap-lints=forbid" "-e" "CARGO_HOME=/opt/rustwide/cargo-home" "-e" "RUSTUP_HOME=/opt/rustwide/rustup-home" "-w" "/opt/rustwide/workdir" "-m" "1610612736" "--user" "0:0" "--network" "none" "ghcr.io/rust-lang/crates-build-env/linux@sha256:4a844ea9eb2546a2d2c7022eacef16ef2e8229c7fbb2c7d4d55a9ceca922f72d" "/opt/rustwide/cargo-home/bin/cargo" "+nightly-2024-10-28" "test" "--frozen" "--no-run" "--message-format=json", kill_on_drop: false }`
[INFO] [stdout] 88b0bef1316a56adcfa57e11c05500d655c2d76d69d6157dc13b144b2c29157c
[INFO] running `Command { std: "docker" "start" "-a" "88b0bef1316a56adcfa57e11c05500d655c2d76d69d6157dc13b144b2c29157c", kill_on_drop: false }`
[INFO] [stderr]    Compiling num-traits v0.2.14
[INFO] [stderr]    Compiling predicates-core v1.0.3
[INFO] [stderr]    Compiling normalize-line-endings v0.3.0
[INFO] [stderr]    Compiling difflib v0.4.0
[INFO] [stderr]    Compiling termtree v0.2.4
[INFO] [stderr]    Compiling mockall_derive v0.11.0
[INFO] [stderr]    Compiling fragile v1.1.0
[INFO] [stderr]    Compiling downcast v0.11.0
[INFO] [stderr]    Compiling test-case v2.0.0
[INFO] [stderr]    Compiling predicates-tree v1.0.5
[INFO] [stderr]    Compiling float-cmp v0.9.0
[INFO] [stderr]    Compiling predicates v2.1.1
[INFO] [stderr]    Compiling mockall v0.11.0
[INFO] [stderr]    Compiling gredit v0.0.3 (/opt/rustwide/workdir)
[INFO] [stderr]     Finished `test` profile [unoptimized + debuginfo] target(s) in 4.65s
[INFO] running `Command { std: "docker" "inspect" "88b0bef1316a56adcfa57e11c05500d655c2d76d69d6157dc13b144b2c29157c", kill_on_drop: false }`
[INFO] running `Command { std: "docker" "rm" "-f" "88b0bef1316a56adcfa57e11c05500d655c2d76d69d6157dc13b144b2c29157c", kill_on_drop: false }`
[INFO] [stdout] 88b0bef1316a56adcfa57e11c05500d655c2d76d69d6157dc13b144b2c29157c
[INFO] running `Command { std: "docker" "create" "-v" "/var/lib/crater-agent-workspace/builds/worker-5-tc1/target:/opt/rustwide/target:rw,Z" "-v" "/var/lib/crater-agent-workspace/builds/worker-5-tc1/source:/opt/rustwide/workdir:ro,Z" "-v" "/var/lib/crater-agent-workspace/cargo-home:/opt/rustwide/cargo-home:ro,Z" "-v" "/var/lib/crater-agent-workspace/rustup-home:/opt/rustwide/rustup-home:ro,Z" "-e" "SOURCE_DIR=/opt/rustwide/workdir" "-e" "CARGO_TARGET_DIR=/opt/rustwide/target" "-e" "CARGO_INCREMENTAL=0" "-e" "RUST_BACKTRACE=full" "-e" "RUSTFLAGS=--cap-lints=forbid" "-e" "RUSTDOCFLAGS=--cap-lints=forbid" "-e" "CARGO_HOME=/opt/rustwide/cargo-home" "-e" "RUSTUP_HOME=/opt/rustwide/rustup-home" "-w" "/opt/rustwide/workdir" "-m" "1610612736" "--user" "0:0" "--network" "none" "ghcr.io/rust-lang/crates-build-env/linux@sha256:4a844ea9eb2546a2d2c7022eacef16ef2e8229c7fbb2c7d4d55a9ceca922f72d" "/opt/rustwide/cargo-home/bin/cargo" "+nightly-2024-10-28" "test" "--frozen", kill_on_drop: false }`
[INFO] [stdout] 94bbd29251b28be54aa95ff5873cd8337b32be63c196ab5932665570f8f52d8a
[INFO] running `Command { std: "docker" "start" "-a" "94bbd29251b28be54aa95ff5873cd8337b32be63c196ab5932665570f8f52d8a", kill_on_drop: false }`
[INFO] [stderr]     Finished `test` profile [unoptimized + debuginfo] target(s) in 0.16s
[INFO] [stderr]      Running unittests src/main.rs (/opt/rustwide/target/debug/deps/gredit-50674818804cfe4a)
[INFO] [stdout] 
[INFO] [stdout] running 50 tests
[INFO] [stdout] test args::tests::do_not_ignore_multi_value_options ... ok
[INFO] [stdout] test args::tests::do_not_skip_line_after_ignored_flag ... ok
[INFO] [stdout] test args::tests::do_not_skip_line_after_ignored_option_if_value_inline ... ok
[INFO] [stdout] test args::tests::pair_ignored ... ok
[INFO] [stdout] test args::tests::ripgrep_example_config ... ok
[INFO] [stdout] test args::tests::skip_line_after_ignored_option ... ok
[INFO] [stdout] test args::tests::trim_whitespaces ... ok
[INFO] [stdout] test ui::editor::tests::editor_command::code_command ... ok
[INFO] [stdout] test ui::editor::tests::editor_command::code_insiders_command ... ok
[INFO] [stdout] test ui::editor::tests::editor_command::emacs_command ... ok
[INFO] [stdout] test ui::editor::tests::editor_command::emacsclient_command ... ok
[INFO] [stdout] test ui::editor::tests::editor_command::nano_command ... ok
[INFO] [stdout] test ui::editor::tests::editor_command::neovim_command ... ok
[INFO] [stdout] test ui::editor::tests::editor_command::nvim_command ... ok
[INFO] [stdout] test ui::editor::tests::editor_command::vim_command ... ok
[INFO] [stdout] test ui::editor::tests::editor_command::vscode_command ... ok
[INFO] [stdout] test ui::editor::tests::editor_options_precedence::cli ... ok
[INFO] [stdout] test ui::input_handler::tests::bottom::end ... ok
[INFO] [stdout] test ui::input_handler::tests::exit::clear_incomplete_state_first ... ok
[INFO] [stdout] test ui::editor::tests::editor_options_precedence::unsupported_editor_env ... ok
[INFO] [stdout] test ui::editor::tests::editor_options_precedence::editor_env ... ok
[INFO] [stdout] test ui::input_handler::tests::bottom::g ... ok
[INFO] [stdout] test ui::input_handler::tests::next_file::page_down ... ok
[INFO] [stdout] test ui::editor::tests::editor_options_precedence::unsupported_cli ... ok
[INFO] [stdout] test ui::editor::tests::editor_options_precedence::unsupported_gredit_env ... ok
[INFO] [stdout] test ui::input_handler::tests::next_match::j ... ok
[INFO] [stdout] test ui::input_handler::tests::exit::empty_input_state ... ok
[INFO] [stdout] test ui::input_handler::tests::open_file ... ok
[INFO] [stdout] test ui::editor::tests::editor_options_precedence::gredit_env ... ok
[INFO] [stdout] test ui::editor::tests::editor_options_precedence::default_editor ... ok
[INFO] [stdout] test ui::input_handler::tests::exit::invalid_input_state ... ok
[INFO] [stdout] test ui::input_handler::tests::next_file::right ... ok
[INFO] [stdout] test ui::input_handler::tests::previous_file::h ... ok
[INFO] [stdout] test ui::input_handler::tests::previous_file::left ... ok
[INFO] [stdout] test ui::input_handler::tests::previous_file::page_up ... ok
[INFO] [stdout] test ui::input_handler::tests::previous_match::k ... ok
[INFO] [stdout] test ui::input_handler::tests::exit::q ... ok
[INFO] [stdout] test ui::input_handler::tests::previous_match::up ... ok
[INFO] [stdout] test ui::input_handler::tests::next_match::down ... ok
[INFO] [stdout] test ui::input_handler::tests::remove_current_entry::dd ... ok
[INFO] [stdout] test ui::input_handler::tests::remove_current_entry::delete ... ok
[INFO] [stdout] test ui::input_handler::tests::remove_current_entry::gdwdd ... ok
[INFO] [stdout] test ui::input_handler::tests::remove_current_file::dw ... ok
[INFO] [stdout] test ui::input_handler::tests::next_file::l ... ok
[INFO] [stdout] test ui::input_handler::tests::remove_current_file::wdw ... ok
[INFO] [stdout] test ui::input_handler::tests::search ... ok
[INFO] [stdout] test ui::input_handler::tests::top::gg ... ok
[INFO] [stdout] test ui::input_handler::tests::top::home ... ok
[INFO] [stdout] test ui::result_list::tests::test_empty_list ... ok
[INFO] [stdout] test ui::result_list::tests::test_add_entry ... FAILED
[INFO] [stdout] 
[INFO] [stdout] failures:
[INFO] [stdout] 
[INFO] [stdout] ---- ui::result_list::tests::test_add_entry stdout ----
[INFO] [stdout] thread 'ui::result_list::tests::test_add_entry' panicked at src/ui/result_list.rs:15:95:
[INFO] [stdout] called `Result::unwrap()` on an `Err` value: Os { code: 2, kind: NotFound, message: "No such file or directory" }
[INFO] [stdout] stack backtrace:
[INFO] [stdout]    0:     0x61cdea53f79a - std::backtrace_rs::backtrace::libunwind::trace::h207520d6e9873551
[INFO] [stdout]                                at /rustc/df4ca44d3fbc9301ee17f30f4d474e6ae4b05252/library/std/src/../../backtrace/src/backtrace/libunwind.rs:116:5
[INFO] [stdout]    1:     0x61cdea53f79a - std::backtrace_rs::backtrace::trace_unsynchronized::h2ed7433f370e3eca
[INFO] [stdout]                                at /rustc/df4ca44d3fbc9301ee17f30f4d474e6ae4b05252/library/std/src/../../backtrace/src/backtrace/mod.rs:66:5
[INFO] [stdout]    2:     0x61cdea53f79a - std::sys::backtrace::_print_fmt::h916fac51166b18d7
[INFO] [stdout]                                at /rustc/df4ca44d3fbc9301ee17f30f4d474e6ae4b05252/library/std/src/sys/backtrace.rs:66:9
[INFO] [stdout]    3:     0x61cdea53f79a - <std::sys::backtrace::BacktraceLock::print::DisplayBacktrace as core::fmt::Display>::fmt::ha0a4c9b8ce3802e6
[INFO] [stdout]                                at /rustc/df4ca44d3fbc9301ee17f30f4d474e6ae4b05252/library/std/src/sys/backtrace.rs:39:26
[INFO] [stdout]    4:     0x61cdea568a43 - core::fmt::rt::Argument::fmt::h4cfc8587d52b3eb5
[INFO] [stdout]                                at /rustc/df4ca44d3fbc9301ee17f30f4d474e6ae4b05252/library/core/src/fmt/rt.rs:177:76
[INFO] [stdout]    5:     0x61cdea568a43 - core::fmt::write::h522cc39e5b36ae9f
[INFO] [stdout]                                at /rustc/df4ca44d3fbc9301ee17f30f4d474e6ae4b05252/library/core/src/fmt/mod.rs:1190:21
[INFO] [stdout]    6:     0x61cdea53c183 - std::io::Write::write_fmt::h7d3c26752da97734
[INFO] [stdout]                                at /rustc/df4ca44d3fbc9301ee17f30f4d474e6ae4b05252/library/std/src/io/mod.rs:1839:15
[INFO] [stdout]    7:     0x61cdea53f5e2 - std::sys::backtrace::BacktraceLock::print::h4b9e00b29e9c0942
[INFO] [stdout]                                at /rustc/df4ca44d3fbc9301ee17f30f4d474e6ae4b05252/library/std/src/sys/backtrace.rs:42:9
[INFO] [stdout]    8:     0x61cdea540c2a - std::panicking::default_hook::{{closure}}::hb59b88280d0324d9
[INFO] [stdout]                                at /rustc/df4ca44d3fbc9301ee17f30f4d474e6ae4b05252/library/std/src/panicking.rs:268:22
[INFO] [stdout]    9:     0x61cdea540a34 - std::panicking::default_hook::he1dd496665be4a29
[INFO] [stdout]                                at /rustc/df4ca44d3fbc9301ee17f30f4d474e6ae4b05252/library/std/src/panicking.rs:292:9
[INFO] [stdout]   10:     0x61cdea2e8f69 - <alloc::boxed::Box<F,A> as core::ops::function::Fn<Args>>::call::h4ff71de18744e1dc
[INFO] [stdout]                                at /rustc/df4ca44d3fbc9301ee17f30f4d474e6ae4b05252/library/alloc/src/boxed.rs:2468:9
[INFO] [stdout]   11:     0x61cdea2e8f69 - test::test_main::{{closure}}::hcf7c055ce117aa81
[INFO] [stdout]                                at /rustc/df4ca44d3fbc9301ee17f30f4d474e6ae4b05252/library/test/src/lib.rs:133:21
[INFO] [stdout]   12:     0x61cdea541328 - <alloc::boxed::Box<F,A> as core::ops::function::Fn<Args>>::call::h1d66c6bbd60c9692
[INFO] [stdout]                                at /rustc/df4ca44d3fbc9301ee17f30f4d474e6ae4b05252/library/alloc/src/boxed.rs:2468:9
[INFO] [stdout]   13:     0x61cdea541328 - std::panicking::rust_panic_with_hook::h2ff17fe8f26dfcf8
[INFO] [stdout]                                at /rustc/df4ca44d3fbc9301ee17f30f4d474e6ae4b05252/library/std/src/panicking.rs:809:13
[INFO] [stdout]   14:     0x61cdea5410ea - std::panicking::begin_panic_handler::{{closure}}::h4fad77951c07e101
[INFO] [stdout]                                at /rustc/df4ca44d3fbc9301ee17f30f4d474e6ae4b05252/library/std/src/panicking.rs:674:13
[INFO] [stdout]   15:     0x61cdea53fc79 - std::sys::backtrace::__rust_end_short_backtrace::hb1a25b3da5d0ea08
[INFO] [stdout]                                at /rustc/df4ca44d3fbc9301ee17f30f4d474e6ae4b05252/library/std/src/sys/backtrace.rs:170:18
[INFO] [stdout]   16:     0x61cdea540d7c - rust_begin_unwind
[INFO] [stdout]                                at /rustc/df4ca44d3fbc9301ee17f30f4d474e6ae4b05252/library/std/src/panicking.rs:665:5
[INFO] [stdout]   17:     0x61cdea5673c0 - core::panicking::panic_fmt::ha9db07b529f9b256
[INFO] [stdout]                                at /rustc/df4ca44d3fbc9301ee17f30f4d474e6ae4b05252/library/core/src/panicking.rs:75:14
[INFO] [stdout]   18:     0x61cdea567846 - core::result::unwrap_failed::h5e8218e4d4338b8a
[INFO] [stdout]                                at /rustc/df4ca44d3fbc9301ee17f30f4d474e6ae4b05252/library/core/src/result.rs:1698:5
[INFO] [stdout]   19:     0x61cdea2800f2 - core::result::Result<T,E>::unwrap::h2724bd60144c5e1c
[INFO] [stdout]                                at /rustc/df4ca44d3fbc9301ee17f30f4d474e6ae4b05252/library/core/src/result.rs:1103:23
[INFO] [stdout]   20:     0x61cdea2800f2 - gredit::ui::result_list::highlight_file::h4ec41b5b75ee5434
[INFO] [stdout]                                at /opt/rustwide/workdir/src/ui/result_list.rs:15:27
[INFO] [stdout]   21:     0x61cdea280ff7 - gredit::ui::result_list::ResultList::make_highlighted::h45cc7c9c6d1025a8
[INFO] [stdout]                                at /opt/rustwide/workdir/src/ui/result_list.rs:333:62
[INFO] [stdout]   22:     0x61cdea2808c7 - gredit::ui::result_list::ResultList::next_match::h93434807a36e064d
[INFO] [stdout]                                at /opt/rustwide/workdir/src/ui/result_list.rs:112:9
[INFO] [stdout]   23:     0x61cdea2807cd - gredit::ui::result_list::ResultList::add_entry::h46a53b5d60d14f66
[INFO] [stdout]                                at /opt/rustwide/workdir/src/ui/result_list.rs:71:13
[INFO] [stdout]   24:     0x61cdea2a1519 - gredit::ui::result_list::tests::test_add_entry::ha8c68ab93f648f5e
[INFO] [stdout]                                at /opt/rustwide/workdir/src/ui/result_list.rs:428:9
[INFO] [stdout]   25:     0x61cdea2a12a7 - gredit::ui::result_list::tests::test_add_entry::{{closure}}::h7c0dc42bb414547f
[INFO] [stdout]                                at /opt/rustwide/workdir/src/ui/result_list.rs:426:24
[INFO] [stdout]   26:     0x61cdea249d16 - core::ops::function::FnOnce::call_once::h63d5528c4939c6c9
[INFO] [stdout]                                at /rustc/df4ca44d3fbc9301ee17f30f4d474e6ae4b05252/library/core/src/ops/function.rs:250:5
[INFO] [stdout]   27:     0x61cdea2ed83b - core::ops::function::FnOnce::call_once::h22c3ba5715e93f05
[INFO] [stdout]                                at /rustc/df4ca44d3fbc9301ee17f30f4d474e6ae4b05252/library/core/src/ops/function.rs:250:5
[INFO] [stdout]   28:     0x61cdea2ed83b - test::__rust_begin_short_backtrace::h8e82d8113d0da17f
[INFO] [stdout]                                at /rustc/df4ca44d3fbc9301ee17f30f4d474e6ae4b05252/library/test/src/lib.rs:621:18
[INFO] [stdout]   29:     0x61cdea2ed1b7 - test::run_test_in_process::{{closure}}::h33235f4f20b7b7c7
[INFO] [stdout]                                at /rustc/df4ca44d3fbc9301ee17f30f4d474e6ae4b05252/library/test/src/lib.rs:644:60
[INFO] [stdout]   30:     0x61cdea2ed1b7 - <core::panic::unwind_safe::AssertUnwindSafe<F> as core::ops::function::FnOnce<()>>::call_once::hb5043206310c586f
[INFO] [stdout]                                at /rustc/df4ca44d3fbc9301ee17f30f4d474e6ae4b05252/library/core/src/panic/unwind_safe.rs:272:9
[INFO] [stdout]   31:     0x61cdea2ed1b7 - std::panicking::try::do_call::h9ad4731a60ab23e2
[INFO] [stdout]                                at /rustc/df4ca44d3fbc9301ee17f30f4d474e6ae4b05252/library/std/src/panicking.rs:557:40
[INFO] [stdout]   32:     0x61cdea2ed1b7 - std::panicking::try::h3824d23db772a716
[INFO] [stdout]                                at /rustc/df4ca44d3fbc9301ee17f30f4d474e6ae4b05252/library/std/src/panicking.rs:520:19
[INFO] [stdout]   33:     0x61cdea2ed1b7 - std::panic::catch_unwind::h5afd514605fde46b
[INFO] [stdout]                                at /rustc/df4ca44d3fbc9301ee17f30f4d474e6ae4b05252/library/std/src/panic.rs:358:14
[INFO] [stdout]   34:     0x61cdea2ed1b7 - test::run_test_in_process::h0d5cbfa7067d1720
[INFO] [stdout]                                at /rustc/df4ca44d3fbc9301ee17f30f4d474e6ae4b05252/library/test/src/lib.rs:644:27
[INFO] [stdout]   35:     0x61cdea2ed1b7 - test::run_test::{{closure}}::h708eb8872708115d
[INFO] [stdout]                                at /rustc/df4ca44d3fbc9301ee17f30f4d474e6ae4b05252/library/test/src/lib.rs:565:43
[INFO] [stdout]   36:     0x61cdea2b08d4 - test::run_test::{{closure}}::h392c51cee94713ab
[INFO] [stdout]                                at /rustc/df4ca44d3fbc9301ee17f30f4d474e6ae4b05252/library/test/src/lib.rs:595:41
[INFO] [stdout]   37:     0x61cdea2b08d4 - std::sys::backtrace::__rust_begin_short_backtrace::h2f40290710935a8b
[INFO] [stdout]                                at /rustc/df4ca44d3fbc9301ee17f30f4d474e6ae4b05252/library/std/src/sys/backtrace.rs:154:18
[INFO] [stdout]   38:     0x61cdea2b407e - std::thread::Builder::spawn_unchecked_::{{closure}}::{{closure}}::h3fd968d89053a903
[INFO] [stdout]                                at /rustc/df4ca44d3fbc9301ee17f30f4d474e6ae4b05252/library/std/src/thread/mod.rs:541:17
[INFO] [stdout]   39:     0x61cdea2b407e - <core::panic::unwind_safe::AssertUnwindSafe<F> as core::ops::function::FnOnce<()>>::call_once::h743f637ba4229880
[INFO] [stdout]                                at /rustc/df4ca44d3fbc9301ee17f30f4d474e6ae4b05252/library/core/src/panic/unwind_safe.rs:272:9
[INFO] [stdout]   40:     0x61cdea2b407e - std::panicking::try::do_call::h07440897322525a6
[INFO] [stdout]                                at /rustc/df4ca44d3fbc9301ee17f30f4d474e6ae4b05252/library/std/src/panicking.rs:557:40
[INFO] [stdout]   41:     0x61cdea2b407e - std::panicking::try::he5a2e00188156637
[INFO] [stdout]                                at /rustc/df4ca44d3fbc9301ee17f30f4d474e6ae4b05252/library/std/src/panicking.rs:520:19
[INFO] [stdout]   42:     0x61cdea2b407e - std::panic::catch_unwind::hbaf3cae49b3c6433
[INFO] [stdout]                                at /rustc/df4ca44d3fbc9301ee17f30f4d474e6ae4b05252/library/std/src/panic.rs:358:14
[INFO] [stdout]   43:     0x61cdea2b407e - std::thread::Builder::spawn_unchecked_::{{closure}}::h8e141ea224820bce
[INFO] [stdout]                                at /rustc/df4ca44d3fbc9301ee17f30f4d474e6ae4b05252/library/std/src/thread/mod.rs:540:30
[INFO] [stdout]   44:     0x61cdea2b407e - core::ops::function::FnOnce::call_once{{vtable.shim}}::h90d312fedd7b8ea8
[INFO] [stdout]                                at /rustc/df4ca44d3fbc9301ee17f30f4d474e6ae4b05252/library/core/src/ops/function.rs:250:5
[INFO] [stdout]   45:     0x61cdea54572b - <alloc::boxed::Box<F,A> as core::ops::function::FnOnce<Args>>::call_once::h69aa08ddb6adb8b6
[INFO] [stdout]                                at /rustc/df4ca44d3fbc9301ee17f30f4d474e6ae4b05252/library/alloc/src/boxed.rs:2454:9
[INFO] [stdout]   46:     0x61cdea54572b - <alloc::boxed::Box<F,A> as core::ops::function::FnOnce<Args>>::call_once::h5aa36efdb79c806f
[INFO] [stdout]                                at /rustc/df4ca44d3fbc9301ee17f30f4d474e6ae4b05252/library/alloc/src/boxed.rs:2454:9
[INFO] [stdout]   47:     0x61cdea54572b - std::sys::pal::unix::thread::Thread::new::thread_start::h6cd80a1b4be5158d
[INFO] [stdout]                                at /rustc/df4ca44d3fbc9301ee17f30f4d474e6ae4b05252/library/std/src/sys/pal/unix/thread.rs:105:17
[INFO] [stdout]   48:     0x7abd2ded4ac3 - <unknown>
[INFO] [stdout]   49:     0x7abd2df65a04 - clone
[INFO] [stdout]   50:                0x0 - <unknown>
[INFO] [stdout] 
[INFO] [stdout] 
[INFO] [stdout] failures:
[INFO] [stdout]     ui::result_list::tests::test_add_entry
[INFO] [stdout] 
[INFO] [stdout] test result: FAILED. 49 passed; 1 failed; 0 ignored; 0 measured; 0 filtered out; finished in 0.08s
[INFO] [stdout] 
[INFO] [stderr] error: test failed, to rerun pass `--bin gredit`
[INFO] running `Command { std: "docker" "inspect" "94bbd29251b28be54aa95ff5873cd8337b32be63c196ab5932665570f8f52d8a", kill_on_drop: false }`
[INFO] running `Command { std: "docker" "rm" "-f" "94bbd29251b28be54aa95ff5873cd8337b32be63c196ab5932665570f8f52d8a", kill_on_drop: false }`
[INFO] [stdout] 94bbd29251b28be54aa95ff5873cd8337b32be63c196ab5932665570f8f52d8a
