[INFO] fetching crate grbli 0.1.0...
[INFO] testing grbli-0.1.0 against nightly-2024-10-28 for randomize-layout
[INFO] extracting crate grbli 0.1.0 into /workspace/builds/worker-6-tc1/source
[INFO] validating manifest of crates.io crate grbli 0.1.0 on toolchain nightly-2024-10-28
[INFO] running `Command { std: CARGO_HOME="/workspace/cargo-home" RUSTUP_HOME="/workspace/rustup-home" "/workspace/cargo-home/bin/cargo" "+nightly-2024-10-28" "metadata" "--manifest-path" "Cargo.toml" "--no-deps", kill_on_drop: false }`
[INFO] started tweaking crates.io crate grbli 0.1.0
[INFO] finished tweaking crates.io crate grbli 0.1.0
[INFO] tweaked toml for crates.io crate grbli 0.1.0 written to /workspace/builds/worker-6-tc1/source/Cargo.toml
[INFO] running `Command { std: CARGO_HOME="/workspace/cargo-home" RUSTUP_HOME="/workspace/rustup-home" "/workspace/cargo-home/bin/cargo" "+nightly-2024-10-28" "generate-lockfile" "--manifest-path" "Cargo.toml", kill_on_drop: false }`
[INFO] [stderr]     Updating crates.io index
[INFO] [stderr]      Locking 25 packages to latest compatible versions
[INFO] running `Command { std: CARGO_HOME="/workspace/cargo-home" RUSTUP_HOME="/workspace/rustup-home" "/workspace/cargo-home/bin/cargo" "+nightly-2024-10-28" "fetch" "--manifest-path" "Cargo.toml", kill_on_drop: false }`
[INFO] [stderr]  Downloading crates ...
[INFO] [stderr]   Downloaded unescaper v0.1.5
[INFO] [stderr]   Downloaded libudev v0.3.0
[INFO] [stderr]   Downloaded serialport v4.6.0
[INFO] running `Command { std: "docker" "create" "-v" "/var/lib/crater-agent-workspace/builds/worker-6-tc1/target:/opt/rustwide/target:rw,Z" "-v" "/var/lib/crater-agent-workspace/builds/worker-6-tc1/source:/opt/rustwide/workdir:ro,Z" "-v" "/var/lib/crater-agent-workspace/cargo-home:/opt/rustwide/cargo-home:ro,Z" "-v" "/var/lib/crater-agent-workspace/rustup-home:/opt/rustwide/rustup-home:ro,Z" "-e" "SOURCE_DIR=/opt/rustwide/workdir" "-e" "CARGO_TARGET_DIR=/opt/rustwide/target" "-e" "CARGO_HOME=/opt/rustwide/cargo-home" "-e" "RUSTUP_HOME=/opt/rustwide/rustup-home" "-w" "/opt/rustwide/workdir" "-m" "1610612736" "--user" "0:0" "--network" "none" "ghcr.io/rust-lang/crates-build-env/linux@sha256:4a844ea9eb2546a2d2c7022eacef16ef2e8229c7fbb2c7d4d55a9ceca922f72d" "/opt/rustwide/cargo-home/bin/cargo" "+nightly-2024-10-28" "metadata" "--no-deps" "--format-version=1", kill_on_drop: false }`
[INFO] [stdout] a7b28f7cf1d4fd569a28a7b52c72cfa54705094bbfdb774cadb7593705884843
[INFO] running `Command { std: "docker" "start" "-a" "a7b28f7cf1d4fd569a28a7b52c72cfa54705094bbfdb774cadb7593705884843", kill_on_drop: false }`
[INFO] running `Command { std: "docker" "inspect" "a7b28f7cf1d4fd569a28a7b52c72cfa54705094bbfdb774cadb7593705884843", kill_on_drop: false }`
[INFO] running `Command { std: "docker" "rm" "-f" "a7b28f7cf1d4fd569a28a7b52c72cfa54705094bbfdb774cadb7593705884843", kill_on_drop: false }`
[INFO] [stdout] a7b28f7cf1d4fd569a28a7b52c72cfa54705094bbfdb774cadb7593705884843
[INFO] running `Command { std: "docker" "create" "-v" "/var/lib/crater-agent-workspace/builds/worker-6-tc1/target:/opt/rustwide/target:rw,Z" "-v" "/var/lib/crater-agent-workspace/builds/worker-6-tc1/source:/opt/rustwide/workdir:ro,Z" "-v" "/var/lib/crater-agent-workspace/cargo-home:/opt/rustwide/cargo-home:ro,Z" "-v" "/var/lib/crater-agent-workspace/rustup-home:/opt/rustwide/rustup-home:ro,Z" "-e" "SOURCE_DIR=/opt/rustwide/workdir" "-e" "CARGO_TARGET_DIR=/opt/rustwide/target" "-e" "CARGO_INCREMENTAL=0" "-e" "RUST_BACKTRACE=full" "-e" "RUSTFLAGS=--cap-lints=forbid" "-e" "RUSTDOCFLAGS=--cap-lints=forbid" "-e" "CARGO_HOME=/opt/rustwide/cargo-home" "-e" "RUSTUP_HOME=/opt/rustwide/rustup-home" "-w" "/opt/rustwide/workdir" "-m" "1610612736" "--user" "0:0" "--network" "none" "ghcr.io/rust-lang/crates-build-env/linux@sha256:4a844ea9eb2546a2d2c7022eacef16ef2e8229c7fbb2c7d4d55a9ceca922f72d" "/opt/rustwide/cargo-home/bin/cargo" "+nightly-2024-10-28" "build" "--frozen" "--message-format=json", kill_on_drop: false }`
[INFO] [stdout] 9b5b2dc8c64b2d8166d56b3b30b8a4ab782376d236c749f8f4a8102d08bdf2dc
[INFO] running `Command { std: "docker" "start" "-a" "9b5b2dc8c64b2d8166d56b3b30b8a4ab782376d236c749f8f4a8102d08bdf2dc", kill_on_drop: false }`
[INFO] [stderr]    Compiling pkg-config v0.3.31
[INFO] [stderr]    Compiling scopeguard v1.2.0
[INFO] [stderr]    Compiling bitflags v2.6.0
[INFO] [stderr]    Compiling nix v0.26.4
[INFO] [stderr]    Compiling unescaper v0.1.5
[INFO] [stderr]    Compiling libudev-sys v0.1.4
[INFO] [stderr]    Compiling libudev v0.3.0
[INFO] [stderr]    Compiling serialport v4.6.0
[INFO] [stderr]    Compiling grbli v0.1.0 (/opt/rustwide/workdir)
[INFO] [stderr]     Finished `dev` profile [unoptimized + debuginfo] target(s) in 3.67s
[INFO] running `Command { std: "docker" "inspect" "9b5b2dc8c64b2d8166d56b3b30b8a4ab782376d236c749f8f4a8102d08bdf2dc", kill_on_drop: false }`
[INFO] running `Command { std: "docker" "rm" "-f" "9b5b2dc8c64b2d8166d56b3b30b8a4ab782376d236c749f8f4a8102d08bdf2dc", kill_on_drop: false }`
[INFO] [stdout] 9b5b2dc8c64b2d8166d56b3b30b8a4ab782376d236c749f8f4a8102d08bdf2dc
[INFO] running `Command { std: "docker" "create" "-v" "/var/lib/crater-agent-workspace/builds/worker-6-tc1/target:/opt/rustwide/target:rw,Z" "-v" "/var/lib/crater-agent-workspace/builds/worker-6-tc1/source:/opt/rustwide/workdir:ro,Z" "-v" "/var/lib/crater-agent-workspace/cargo-home:/opt/rustwide/cargo-home:ro,Z" "-v" "/var/lib/crater-agent-workspace/rustup-home:/opt/rustwide/rustup-home:ro,Z" "-e" "SOURCE_DIR=/opt/rustwide/workdir" "-e" "CARGO_TARGET_DIR=/opt/rustwide/target" "-e" "CARGO_INCREMENTAL=0" "-e" "RUST_BACKTRACE=full" "-e" "RUSTFLAGS=--cap-lints=forbid" "-e" "RUSTDOCFLAGS=--cap-lints=forbid" "-e" "CARGO_HOME=/opt/rustwide/cargo-home" "-e" "RUSTUP_HOME=/opt/rustwide/rustup-home" "-w" "/opt/rustwide/workdir" "-m" "1610612736" "--user" "0:0" "--network" "none" "ghcr.io/rust-lang/crates-build-env/linux@sha256:4a844ea9eb2546a2d2c7022eacef16ef2e8229c7fbb2c7d4d55a9ceca922f72d" "/opt/rustwide/cargo-home/bin/cargo" "+nightly-2024-10-28" "test" "--frozen" "--no-run" "--message-format=json", kill_on_drop: false }`
[INFO] [stdout] 0fdd8625c831184c9562170c506f9bf967090b68d379ad4313c73fcedb0b7372
[INFO] running `Command { std: "docker" "start" "-a" "0fdd8625c831184c9562170c506f9bf967090b68d379ad4313c73fcedb0b7372", kill_on_drop: false }`
[INFO] [stderr]    Compiling grbli v0.1.0 (/opt/rustwide/workdir)
[INFO] [stdout] warning: unused imports: `*` and `self`
[INFO] [stdout]  --> tests/simulator/device_service_test.rs:3:101
[INFO] [stdout]   |
[INFO] [stdout] 3 | use grbli::{service::device_service::{DeviceService, DeviceEndpointType}, device::command::{state::{*, self}, general::{SYNC, self}, sett...
[INFO] [stdout]   |                                                                                                     ^                         ^^^^
[INFO] [stdout]   |
[INFO] [stdout]   = note: `#[warn(unused_imports)]` on by default
[INFO] [stdout] 
[INFO] [stdout] 
[INFO] [stderr]     Finished `test` profile [unoptimized + debuginfo] target(s) in 0.92s
[INFO] running `Command { std: "docker" "inspect" "0fdd8625c831184c9562170c506f9bf967090b68d379ad4313c73fcedb0b7372", kill_on_drop: false }`
[INFO] running `Command { std: "docker" "rm" "-f" "0fdd8625c831184c9562170c506f9bf967090b68d379ad4313c73fcedb0b7372", kill_on_drop: false }`
[INFO] [stdout] 0fdd8625c831184c9562170c506f9bf967090b68d379ad4313c73fcedb0b7372
[INFO] running `Command { std: "docker" "create" "-v" "/var/lib/crater-agent-workspace/builds/worker-6-tc1/target:/opt/rustwide/target:rw,Z" "-v" "/var/lib/crater-agent-workspace/builds/worker-6-tc1/source:/opt/rustwide/workdir:ro,Z" "-v" "/var/lib/crater-agent-workspace/cargo-home:/opt/rustwide/cargo-home:ro,Z" "-v" "/var/lib/crater-agent-workspace/rustup-home:/opt/rustwide/rustup-home:ro,Z" "-e" "SOURCE_DIR=/opt/rustwide/workdir" "-e" "CARGO_TARGET_DIR=/opt/rustwide/target" "-e" "CARGO_INCREMENTAL=0" "-e" "RUST_BACKTRACE=full" "-e" "RUSTFLAGS=--cap-lints=forbid" "-e" "RUSTDOCFLAGS=--cap-lints=forbid" "-e" "CARGO_HOME=/opt/rustwide/cargo-home" "-e" "RUSTUP_HOME=/opt/rustwide/rustup-home" "-w" "/opt/rustwide/workdir" "-m" "1610612736" "--user" "0:0" "--network" "none" "ghcr.io/rust-lang/crates-build-env/linux@sha256:4a844ea9eb2546a2d2c7022eacef16ef2e8229c7fbb2c7d4d55a9ceca922f72d" "/opt/rustwide/cargo-home/bin/cargo" "+nightly-2024-10-28" "test" "--frozen", kill_on_drop: false }`
[INFO] [stdout] ee08e1c41c9381df46c08c0cbba9215a6acd8294d2bbce4876e300f465ab066a
[INFO] running `Command { std: "docker" "start" "-a" "ee08e1c41c9381df46c08c0cbba9215a6acd8294d2bbce4876e300f465ab066a", kill_on_drop: false }`
[INFO] [stderr] warning: unused imports: `*` and `self`
[INFO] [stderr]  --> tests/simulator/device_service_test.rs:3:101
[INFO] [stderr]   |
[INFO] [stderr] 3 | use grbli::{service::device_service::{DeviceService, DeviceEndpointType}, device::command::{state::{*, self}, general::{SYNC, self}, sett...
[INFO] [stderr]   |                                                                                                     ^                         ^^^^
[INFO] [stderr]   |
[INFO] [stderr]   = note: `#[warn(unused_imports)]` on by default
[INFO] [stderr] 
[INFO] [stderr] warning: `grbli` (test "mod") generated 1 warning (run `cargo fix --test "mod"` to apply 1 suggestion)
[INFO] [stderr]     Finished `test` profile [unoptimized + debuginfo] target(s) in 0.04s
[INFO] [stderr]      Running unittests src/lib.rs (/opt/rustwide/target/debug/deps/grbli-7b7d937f8470ae5c)
[INFO] [stdout] 
[INFO] [stderr]      Running tests/mod.rs (/opt/rustwide/target/debug/deps/mod-8e23e8d4cc4f4731)
[INFO] [stdout] running 0 tests
[INFO] [stdout] 
[INFO] [stdout] test result: ok. 0 passed; 0 failed; 0 ignored; 0 measured; 0 filtered out; finished in 0.00s
[INFO] [stdout] 
[INFO] [stdout] 
[INFO] [stdout] running 144 tests
[INFO] [stdout] test device::response::firmware::compile_option_test::co_from_cannot_read_empty_message ... ok
[INFO] [stdout] test device::response::firmware::compile_option_test::co_from_accepts_an_empty_options_section ... ok
[INFO] [stdout] test device::response::firmware::compile_option_test::co_from_cannot_read_less_than_three_segements ... ok
[INFO] [stdout] test device::response::firmware::compile_option_test::co_from_cannot_read_non_numeric_block_size ... ok
[INFO] [stdout] test device::response::firmware::compile_option_test::co_from_cannot_read_more_than_five_segements ... ok
[INFO] [stdout] test device::response::firmware::compile_option_test::co_from_cannot_read_non_numeric_rx_size ... ok
[INFO] [stdout] test device::response::firmware::compile_option_test::co_from_cfails_on_invalid_suffix ... ok
[INFO] [stdout] test device::response::firmware::compile_option_test::co_from_parses_message_correctly ... ok
[INFO] [stdout] test device::response::firmware::compile_option_test::eco_parses_empty_option_correctly ... ok
[INFO] [stdout] test device::response::firmware::compile_option_test::co_from_cfails_on_invalid_prefix ... ok
[INFO] [stdout] test device::response::firmware::compile_option_test::eco_parses_fails_on_invalid_suffix ... ok
[INFO] [stdout] test device::response::firmware::compile_option_test::eco_parses_message_correctly ... ok
[INFO] [stdout] test device::response::firmware::compile_option_test::eco_parses_fails_on_empty_option ... ok
[INFO] [stdout] test device::response::firmware::startup_test::from_accepts_empty_executed_line ... ok
[INFO] [stdout] test device::response::firmware::compile_option_test::eco_parses_fails_on_invalid_prefix ... ok
[INFO] [stdout] test device::response::firmware::startup_test::from_does_not_apply_trimming ... ok
[INFO] [stdout] test device::response::firmware::startup_test::from_fails_on_missing_prefix ... ok
[INFO] [stdout] test device::response::firmware::startup_test::from_cannot_read_empty_messages ... ok
[INFO] [stdout] test device::response::firmware::compile_option_test::co_from_parses_unknown_options_correctly ... ok
[INFO] [stdout] test device::response::firmware::startup_test::from_fails_on_missing_result_section ... ok
[INFO] [stdout] test device::response::firmware::startup_test::from_parses_error_only_correctly ... ok
[INFO] [stdout] test device::response::firmware::startup_test::from_parses_error_without_code_correctly ... ok
[INFO] [stdout] test device::response::firmware::startup_test::from_parses_error_correctly ... ok
[INFO] [stdout] test device::response::firmware::startup_test::from_parses_message_correctly ... ok
[INFO] [stdout] test device::response::firmware::version_test::from_accepts_colons_in_name ... ok
[INFO] [stdout] test device::response::firmware::version_test::from_accepts_empty_name_section ... ok
[INFO] [stdout] test device::response::firmware::version_test::from_does_not_apply_trimming ... ok
[INFO] [stdout] test device::response::firmware::version_test::from_fails_on_missing_name_separator ... ok
[INFO] [stdout] test device::response::firmware::version_test::from_fails_on_missing_prefix ... ok
[INFO] [stdout] test device::response::firmware::version_test::from_fails_on_missing_suffix ... ok
[INFO] [stdout] test device::response::firmware::version_test::from_parses_message_correctly ... ok
[INFO] [stdout] test device::response::setting::description_test::setting_desc_accepts_missing_fields ... ok
[INFO] [stdout] test device::response::setting::description_test::setting_desc_parsing_fails_on_invalid_group_index ... ok
[INFO] [stdout] test device::response::setting::description_test::setting_desc_parsing_fails_on_invalid_type ... ok
[INFO] [stdout] test device::response::report_test::from_parses_all_attributes_correctly ... ok
[INFO] [stdout] test device::response::setting::description_test::setting_desc_parsing_fails_on_invalid_index ... ok
[INFO] [stdout] test device::response::setting::group_test::setting_group_is_parsed_correctly ... ok
[INFO] [stdout] test device::response::firmware::version_test::from_cannot_read_empty_messages ... ok
[INFO] [stdout] test device::response::setting::group_test::setting_group_parsing_fails_on_invalid_group_index ... ok
[INFO] [stdout] test device::response::setting::group_test::setting_group_parsing_fails_on_invalid_index ... ok
[INFO] [stdout] test device::response::setting::group_test::setting_group_parsing_fails_on_invalid_prefix ... ok
[INFO] [stdout] test device::response::setting_test::setting_fails_on_invalid_index ... ok
[INFO] [stdout] test device::response::setting_test::setting_fails_on_invalid_message ... ok
[INFO] [stdout] test device::response::setting_test::setting_stored_with_correct_values ... ok
[INFO] [stdout] test device::response::state::buffer_test::from_fails_on_invalid_block_buffers ... ok
[INFO] [stdout] test device::response::state::buffer_test::from_fails_on_invalid_buffers_size ... ok
[INFO] [stdout] test device::response::state::buffer_test::from_fails_on_invalid_prefix ... ok
[INFO] [stdout] test device::response::state::buffer_test::from_fails_on_invalid_rx_buffers ... ok
[INFO] [stdout] test device::response::state::buffer_test::from_reads_buffers_correctly ... ok
[INFO] [stdout] test device::response::state::firmware_test::parse_fails_on_invaid_suffix ... ok
[INFO] [stdout] test device::response::state::firmware_test::firmware_ccepts_empty_strings ... ok
[INFO] [stdout] test device::response::state::gcode_state_test::from_fails_on_missing_prefix ... ok
[INFO] [stdout] test device::response::state::gcode_state_test::from_can_read_empty_messages ... ok
[INFO] [stdout] test device::response::setting::description_test::setting_desc_is_parsed_correctly ... ok
[INFO] [stdout] test device::response::state::gcode_state_test::from_fails_on_missing_suffix ... ok
[INFO] [stdout] test device::response::state::firmware_test::firmware_is_parsed_correctly ... ok
[INFO] [stdout] test device::response::state::gcode_state_test::from_parses_message_correctly ... ok
[INFO] [stdout] test device::response::state::gcode_test::parses_mode_radius_correctly ... ok
[INFO] [stdout] test device::response::state::gcode_state_test::from_removes_unecessary_value_whitespaces ... ok
[INFO] [stdout] test device::response::state::gcode_state_test::from_does_not_apply_trimming ... ok
[INFO] [stdout] test device::response::state::gcode_test::parsing_fails_on_invalid_message_syntax ... ok
[INFO] [stdout] test device::response::state::gcode_test::parsing_fails_on_invalid_value ... ok
[INFO] [stdout] test device::response::state::homing_test::from_fails_on_invalid_number_state ... ok
[INFO] [stdout] test device::response::state::homing_test::from_fails_on_invalid_state ... ok
[INFO] [stdout] test device::response::state::homing_test::from_fails_on_invalid_syntax ... ok
[INFO] [stdout] test device::response::state::homing_test::from_ignores_invalid_axis_bits ... ok
[INFO] [stdout] test device::response::state::homing_test::from_parses_all_homed_correctly ... ok
[INFO] [stdout] test device::response::state::homing_test::from_parses_not_homed_correctly ... ok
[INFO] [stdout] test device::response::state::input_test::parses_mode_radius_correctly ... ok
[INFO] [stdout] test device::response::state::input_test::parsing_fails_on_invalid_message_syntax ... ok
[INFO] [stdout] test device::response::state::input_test::parsing_fails_on_invalid_value ... ok
[INFO] [stdout] test device::response::state::machine::position_test::parse_coordinate_system_returns_cs ... ok
[INFO] [stdout] test device::response::state::machine::position_test::parse_global_position_fails_on_wrong_prefix ... ok
[INFO] [stdout] test device::response::state::machine::position_test::parse_local_position_offset_fails_on_wrong_prefix ... ok
[INFO] [stdout] test device::response::state::homing_test::from_parses_homed_correctly ... ok
[INFO] [stdout] test device::response::state::machine::position_test::parse_local_position_offset_returns_position ... ok
[INFO] [stdout] test device::response::state::machine::position_test::parse_position_requires_at_least_one_axis ... ok
[INFO] [stdout] test device::response::state::machine::position_test::parse_position_accept_max_six_axes ... ok
[INFO] [stdout] test device::response::state::machine::position_test::parse_local_position_returns_position ... ok
[INFO] [stdout] test device::response::state::machine::position_test::parse_global_position_returns_position ... ok
[INFO] [stdout] test device::response::state::machine::speed_test::from_fails_on_invalid_feed_rate ... ok
[INFO] [stdout] test device::response::state::machine::position_test::parse_scaled_axes_fails_on_wrong_prefix ... ok
[INFO] [stdout] test device::response::state::machine::position_test::parse_position_returns_all_axis ... ok
[INFO] [stdout] test device::response::state::machine::position_test::parse_local_position_fails_on_wrong_prefix ... ok
[INFO] [stdout] test device::response::state::machine::position_test::parse_scaled_axes_returns_axes ... ok
[INFO] [stdout] test device::response::state::machine::position_test::parse_position_fails_on_invalid_axis_value ... ok
[INFO] [stdout] test device::response::state::machine::speed_test::from_fails_on_invalid_prefix ... ok
[INFO] [stdout] test device::response::state::machine::speed_test::from_fails_on_invalid_spindle_act_rpm ... ok
[INFO] [stdout] test device::response::state::machine::speed_test::from_fails_on_invalid_spindle_prg_rpm ... ok
[INFO] [stdout] test device::response::state::machine::position_test::parse_coording_system_fails_on_wrong_prefix ... ok
[INFO] [stdout] test device::response::state::machine::speed_test::from_ignore_actual_spindle_rpm ... ok
[INFO] [stdout] test device::response::state::machine::state_test::from_cannot_read_empty_sub_status_status ... ok
[INFO] [stdout] test device::response::state::machine::state_test::from_cannot_read_unknown_status ... ok
[INFO] [stdout] test device::response::state::machine::state_test::from_parses_status_and_sub_status_correctly ... ok
[INFO] [stdout] test device::response::state::machine::speed_test::from_reads_full_machine_speed ... ok
[INFO] [stdout] test device::response::state::modes_test::parses_mode_diameter_correctly ... ok
[INFO] [stdout] test device::response::state::modes_test::parses_mode_radius_correctly ... ok
[INFO] [stdout] test device::response::state::modes_test::parsing_fails_on_invalid_arc_mode ... ok
[INFO] [stdout] test device::response::state::modes_test::parsing_fails_on_invalid_message_syntax ... ok
[INFO] [stdout] test device::response::state::overrides_test::from_cannot_read_empty_message ... ok
[INFO] [stdout] test device::response::state::overrides_test::from_fails_on_invalid_feed_rate ... ok
[INFO] [stdout] test device::response::state::overrides_test::from_fails_on_invalid_prefix ... ok
[INFO] [stdout] test device::response::state::overrides_test::from_fails_on_invalid_spindle_speed ... ok
[INFO] [stdout] test device::response::state::overrides_test::from_fails_on_invalid_rapids ... ok
[INFO] [stdout] test device::response::state::overrides_test::from_fails_on_more_than_three_options ... ok
[INFO] [stdout] test device::response::state::overrides_test::from_parses_message_correctly ... ok
[INFO] [stdout] test device::response::state::pendant_test::parses_status_correctly ... ok
[INFO] [stdout] test device::response::state::overrides_test::from_fails_on_less_than_three_options ... ok
[INFO] [stdout] test device::response::state::pendant_test::parsing_fails_on_invalid_state ... ok
[INFO] [stdout] test device::response::state::pendant_test::parsing_fails_on_non_numeric_state ... ok
[INFO] [stdout] test device::response::state::signal_test::parse_signals_fails_on_invalid_prefix ... ok
[INFO] [stdout] test device::response::state::signal_test::parse_signals_is_false_on_invalid_value ... ok
[INFO] [stdout] test device::response::state::signal_test::parses_empty_signals_correctly ... ok
[INFO] [stdout] test device::response::state::pendant_test::parsing_fails_on_invalid_message_syntax ... ok
[INFO] [stdout] test device::response::state::machine::state_test::from_parses_status_correctly ... ok
[INFO] [stdout] test device::response::state::tool_test::parse_tlr_is_false_on_invalid_value ... ok
[INFO] [stdout] test device::response::state::tool_test::parse_tlr_is_false_on_none_one_values ... ok
[INFO] [stdout] test device::response::state::tool_test::parses_tlr_0_correctly ... ok
[INFO] [stdout] test device::response::state::tool_test::parses_tlr_1_correctly ... ok
[INFO] [stdout] test device::response::state::tool_test::parse_tlr_fails_on_invalid_prefix ... ok
[INFO] [stdout] test device::response::util::echo_test::from_fails_on_missing_suffix ... ok
[INFO] [stdout] test device::response::util::echo_test::from_parses_message_correctly ... ok
[INFO] [stdout] test device::response::util::help_test::from_can_read_empty_messages ... ok
[INFO] [stdout] test device::response::util::help_test::from_fails_on_missing_prefix ... ok
[INFO] [stdout] test device::response::util::help_test::from_does_not_applys_trimming ... ok
[INFO] [stdout] test device::response::util::echo_test::from_does_not_apply_trimming ... ok
[INFO] [stdout] test device::response::util::echo_test::from_fails_on_missing_prefix ... ok
[INFO] [stdout] test device::response::util::echo_test::from_can_read_empty_messages ... ok
[INFO] [stdout] test device::response::state::signal_test::parses_signals_correctly ... ok
[INFO] [stdout] test device::response::util::help_test::from_fails_on_missing_suffix ... ok
[INFO] [stdout] test device::response::util::help_test::from_parses_message_correctly ... ok
[INFO] [stdout] test device::response::util::message_test::from_parses_message_correctly ... ok
[INFO] [stdout] test device::response::util::help_test::from_removes_unecessary_value_whitespaces ... ok
[INFO] [stdout] test device::response::util::message_test::from_can_read_empty_messages ... ok
[INFO] [stdout] test device::response::util::message_test::from_fails_on_missing_prefix ... ok
[INFO] [stdout] test device::response::util::message_test::from_fails_on_missing_suffix ... ok
[INFO] [stdout] test device::response::util::message_test::from_does_not_apply_trimming ... ok
[INFO] [stdout] test device::response_test::read_stores_board_name ... ok
[INFO] [stdout] test device::response_test::read_stores_driver_name ... ok
[INFO] [stdout] test device::response_test::read_stores_setting ... ok
[INFO] [stdout] test simulator::device_service_test::run_device_list ... ok
[INFO] [stdout] test simulator::endpoint::serial_test::search_for_serial_devices ... ok
[INFO] [stdout] test simulator::endpoint::serial_test::open_test_device ... FAILED
[INFO] [stdout] test simulator::device_service_test::run_device_init ... FAILED
[INFO] [stdout] 
[INFO] [stdout] failures:
[INFO] [stderr] error: test failed, to rerun pass `--test mod`
[INFO] [stdout] 
[INFO] [stdout] ---- simulator::endpoint::serial_test::open_test_device stdout ----
[INFO] [stdout] Opend!
[INFO] [stdout] ######################
[INFO] [stdout] ######################
[INFO] [stdout] thread 'simulator::endpoint::serial_test::open_test_device' panicked at src/endpoint/serial.rs:275:17:
[INFO] [stdout] Could not close serial endpoint
[INFO] [stdout] stack backtrace:
[INFO] [stdout]    0:     0x601879c257ba - std::backtrace_rs::backtrace::libunwind::trace::h207520d6e9873551
[INFO] [stdout]                                at /rustc/df4ca44d3fbc9301ee17f30f4d474e6ae4b05252/library/std/src/../../backtrace/src/backtrace/libunwind.rs:116:5
[INFO] [stdout]    1:     0x601879c257ba - std::backtrace_rs::backtrace::trace_unsynchronized::h2ed7433f370e3eca
[INFO] [stdout]                                at /rustc/df4ca44d3fbc9301ee17f30f4d474e6ae4b05252/library/std/src/../../backtrace/src/backtrace/mod.rs:66:5
[INFO] [stdout]    2:     0x601879c257ba - std::sys::backtrace::_print_fmt::h916fac51166b18d7
[INFO] [stdout]                                at /rustc/df4ca44d3fbc9301ee17f30f4d474e6ae4b05252/library/std/src/sys/backtrace.rs:66:9
[INFO] [stdout]    3:     0x601879c257ba - <std::sys::backtrace::BacktraceLock::print::DisplayBacktrace as core::fmt::Display>::fmt::ha0a4c9b8ce3802e6
[INFO] [stdout]                                at /rustc/df4ca44d3fbc9301ee17f30f4d474e6ae4b05252/library/std/src/sys/backtrace.rs:39:26
[INFO] [stdout]    4:     0x601879c4dbf3 - core::fmt::rt::Argument::fmt::h4cfc8587d52b3eb5
[INFO] [stdout]                                at /rustc/df4ca44d3fbc9301ee17f30f4d474e6ae4b05252/library/core/src/fmt/rt.rs:177:76
[INFO] [stdout]    5:     0x601879c4dbf3 - core::fmt::write::h522cc39e5b36ae9f
[INFO] [stdout]                                at /rustc/df4ca44d3fbc9301ee17f30f4d474e6ae4b05252/library/core/src/fmt/mod.rs:1190:21
[INFO] [stdout]    6:     0x601879c22423 - std::io::Write::write_fmt::h7d3c26752da97734
[INFO] [stdout]                                at /rustc/df4ca44d3fbc9301ee17f30f4d474e6ae4b05252/library/std/src/io/mod.rs:1839:15
[INFO] [stdout]    7:     0x601879c25602 - std::sys::backtrace::BacktraceLock::print::h4b9e00b29e9c0942
[INFO] [stdout]                                at /rustc/df4ca44d3fbc9301ee17f30f4d474e6ae4b05252/library/std/src/sys/backtrace.rs:42:9
[INFO] [stdout]    8:     0x601879c26c4a - std::panicking::default_hook::{{closure}}::hb59b88280d0324d9
[INFO] [stdout]                                at /rustc/df4ca44d3fbc9301ee17f30f4d474e6ae4b05252/library/std/src/panicking.rs:268:22
[INFO] [stdout]    9:     0x601879c26a54 - std::panicking::default_hook::he1dd496665be4a29
[INFO] [stdout]                                at /rustc/df4ca44d3fbc9301ee17f30f4d474e6ae4b05252/library/std/src/panicking.rs:292:9
[INFO] [stdout]   10:     0x601879b653a9 - <alloc::boxed::Box<F,A> as core::ops::function::Fn<Args>>::call::h4ff71de18744e1dc
[INFO] [stdout]                                at /rustc/df4ca44d3fbc9301ee17f30f4d474e6ae4b05252/library/alloc/src/boxed.rs:2468:9
[INFO] [stdout]   11:     0x601879b653a9 - test::test_main::{{closure}}::hcf7c055ce117aa81
[INFO] [stdout]                                at /rustc/df4ca44d3fbc9301ee17f30f4d474e6ae4b05252/library/test/src/lib.rs:133:21
[INFO] [stdout]   12:     0x601879c27348 - <alloc::boxed::Box<F,A> as core::ops::function::Fn<Args>>::call::h1d66c6bbd60c9692
[INFO] [stdout]                                at /rustc/df4ca44d3fbc9301ee17f30f4d474e6ae4b05252/library/alloc/src/boxed.rs:2468:9
[INFO] [stdout]   13:     0x601879c27348 - std::panicking::rust_panic_with_hook::h2ff17fe8f26dfcf8
[INFO] [stdout]                                at /rustc/df4ca44d3fbc9301ee17f30f4d474e6ae4b05252/library/std/src/panicking.rs:809:13
[INFO] [stdout]   14:     0x601879c270d6 - std::panicking::begin_panic_handler::{{closure}}::h4fad77951c07e101
[INFO] [stdout]                                at /rustc/df4ca44d3fbc9301ee17f30f4d474e6ae4b05252/library/std/src/panicking.rs:667:13
[INFO] [stdout]   15:     0x601879c25c99 - std::sys::backtrace::__rust_end_short_backtrace::hb1a25b3da5d0ea08
[INFO] [stdout]                                at /rustc/df4ca44d3fbc9301ee17f30f4d474e6ae4b05252/library/std/src/sys/backtrace.rs:170:18
[INFO] [stdout]   16:     0x601879c26d9c - rust_begin_unwind
[INFO] [stdout]                                at /rustc/df4ca44d3fbc9301ee17f30f4d474e6ae4b05252/library/std/src/panicking.rs:665:5
[INFO] [stdout]   17:     0x601879c4b8f0 - core::panicking::panic_fmt::ha9db07b529f9b256
[INFO] [stdout]                                at /rustc/df4ca44d3fbc9301ee17f30f4d474e6ae4b05252/library/core/src/panicking.rs:75:14
[INFO] [stdout]   18:     0x601879ba79d2 - <grbli::endpoint::serial::SerialEndpoint as core::ops::drop::Drop>::drop::h03eab143a548d766
[INFO] [stdout]                                at /opt/rustwide/workdir/src/endpoint/serial.rs:275:17
[INFO] [stdout]   19:     0x601879b909e7 - core::ptr::drop_in_place<grbli::endpoint::serial::SerialEndpoint>::h4e60113b0cfdca17
[INFO] [stdout]                                at /rustc/df4ca44d3fbc9301ee17f30f4d474e6ae4b05252/library/core/src/ptr/mod.rs:521:1
[INFO] [stdout]   20:     0x601879b2a0c0 - mod::simulator::endpoint::serial_test::open_test_device::ha8f8ea21332c0bfb
[INFO] [stdout]                                at /opt/rustwide/workdir/tests/simulator/endpoint/serial_test.rs:79:1
[INFO] [stdout]   21:     0x601879b28617 - mod::simulator::endpoint::serial_test::open_test_device::{{closure}}::h265d0b57888ec1fa
[INFO] [stdout]                                at /opt/rustwide/workdir/tests/simulator/endpoint/serial_test.rs:30:22
[INFO] [stdout]   22:     0x601879b20e66 - core::ops::function::FnOnce::call_once::h795e2d63c753ac0c
[INFO] [stdout]                                at /rustc/df4ca44d3fbc9301ee17f30f4d474e6ae4b05252/library/core/src/ops/function.rs:250:5
[INFO] [stdout]   23:     0x601879b69c7b - core::ops::function::FnOnce::call_once::h22c3ba5715e93f05
[INFO] [stdout]                                at /rustc/df4ca44d3fbc9301ee17f30f4d474e6ae4b05252/library/core/src/ops/function.rs:250:5
[INFO] [stdout]   24:     0x601879b69c7b - test::__rust_begin_short_backtrace::h8e82d8113d0da17f
[INFO] [stdout]                                at /rustc/df4ca44d3fbc9301ee17f30f4d474e6ae4b05252/library/test/src/lib.rs:621:18
[INFO] [stdout]   25:     0x601879b695f7 - test::run_test_in_process::{{closure}}::h33235f4f20b7b7c7
[INFO] [stdout]                                at /rustc/df4ca44d3fbc9301ee17f30f4d474e6ae4b05252/library/test/src/lib.rs:644:60
[INFO] [stdout]   26:     0x601879b695f7 - <core::panic::unwind_safe::AssertUnwindSafe<F> as core::ops::function::FnOnce<()>>::call_once::hb5043206310c586f
[INFO] [stdout]                                at /rustc/df4ca44d3fbc9301ee17f30f4d474e6ae4b05252/library/core/src/panic/unwind_safe.rs:272:9
[INFO] [stdout]   27:     0x601879b695f7 - std::panicking::try::do_call::h9ad4731a60ab23e2
[INFO] [stdout]                                at /rustc/df4ca44d3fbc9301ee17f30f4d474e6ae4b05252/library/std/src/panicking.rs:557:40
[INFO] [stdout]   28:     0x601879b695f7 - std::panicking::try::h3824d23db772a716
[INFO] [stdout]                                at /rustc/df4ca44d3fbc9301ee17f30f4d474e6ae4b05252/library/std/src/panicking.rs:520:19
[INFO] [stdout]   29:     0x601879b695f7 - std::panic::catch_unwind::h5afd514605fde46b
[INFO] [stdout]                                at /rustc/df4ca44d3fbc9301ee17f30f4d474e6ae4b05252/library/std/src/panic.rs:358:14
[INFO] [stdout]   30:     0x601879b695f7 - test::run_test_in_process::h0d5cbfa7067d1720
[INFO] [stdout]                                at /rustc/df4ca44d3fbc9301ee17f30f4d474e6ae4b05252/library/test/src/lib.rs:644:27
[INFO] [stdout]   31:     0x601879b695f7 - test::run_test::{{closure}}::h708eb8872708115d
[INFO] [stdout]                                at /rustc/df4ca44d3fbc9301ee17f30f4d474e6ae4b05252/library/test/src/lib.rs:565:43
[INFO] [stdout]   32:     0x601879b2cd14 - test::run_test::{{closure}}::h392c51cee94713ab
[INFO] [stdout]                                at /rustc/df4ca44d3fbc9301ee17f30f4d474e6ae4b05252/library/test/src/lib.rs:595:41
[INFO] [stdout]   33:     0x601879b2cd14 - std::sys::backtrace::__rust_begin_short_backtrace::h2f40290710935a8b
[INFO] [stdout]                                at /rustc/df4ca44d3fbc9301ee17f30f4d474e6ae4b05252/library/std/src/sys/backtrace.rs:154:18
[INFO] [stdout]   34:     0x601879b304be - std::thread::Builder::spawn_unchecked_::{{closure}}::{{closure}}::h3fd968d89053a903
[INFO] [stdout]                                at /rustc/df4ca44d3fbc9301ee17f30f4d474e6ae4b05252/library/std/src/thread/mod.rs:541:17
[INFO] [stdout]   35:     0x601879b304be - <core::panic::unwind_safe::AssertUnwindSafe<F> as core::ops::function::FnOnce<()>>::call_once::h743f637ba4229880
[INFO] [stdout]                                at /rustc/df4ca44d3fbc9301ee17f30f4d474e6ae4b05252/library/core/src/panic/unwind_safe.rs:272:9
[INFO] [stdout]   36:     0x601879b304be - std::panicking::try::do_call::h07440897322525a6
[INFO] [stdout]                                at /rustc/df4ca44d3fbc9301ee17f30f4d474e6ae4b05252/library/std/src/panicking.rs:557:40
[INFO] [stdout]   37:     0x601879b304be - std::panicking::try::he5a2e00188156637
[INFO] [stdout]                                at /rustc/df4ca44d3fbc9301ee17f30f4d474e6ae4b05252/library/std/src/panicking.rs:520:19
[INFO] [stdout]   38:     0x601879b304be - std::panic::catch_unwind::hbaf3cae49b3c6433
[INFO] [stdout]                                at /rustc/df4ca44d3fbc9301ee17f30f4d474e6ae4b05252/library/std/src/panic.rs:358:14
[INFO] [stdout]   39:     0x601879b304be - std::thread::Builder::spawn_unchecked_::{{closure}}::h8e141ea224820bce
[INFO] [stdout]                                at /rustc/df4ca44d3fbc9301ee17f30f4d474e6ae4b05252/library/std/src/thread/mod.rs:540:30
[INFO] [stdout]   40:     0x601879b304be - core::ops::function::FnOnce::call_once{{vtable.shim}}::h90d312fedd7b8ea8
[INFO] [stdout]                                at /rustc/df4ca44d3fbc9301ee17f30f4d474e6ae4b05252/library/core/src/ops/function.rs:250:5
[INFO] [stdout]   41:     0x601879c2b13b - <alloc::boxed::Box<F,A> as core::ops::function::FnOnce<Args>>::call_once::h69aa08ddb6adb8b6
[INFO] [stdout]                                at /rustc/df4ca44d3fbc9301ee17f30f4d474e6ae4b05252/library/alloc/src/boxed.rs:2454:9
[INFO] [stdout]   42:     0x601879c2b13b - <alloc::boxed::Box<F,A> as core::ops::function::FnOnce<Args>>::call_once::h5aa36efdb79c806f
[INFO] [stdout]                                at /rustc/df4ca44d3fbc9301ee17f30f4d474e6ae4b05252/library/alloc/src/boxed.rs:2454:9
[INFO] [stdout]   43:     0x601879c2b13b - std::sys::pal::unix::thread::Thread::new::thread_start::h6cd80a1b4be5158d
[INFO] [stdout]                                at /rustc/df4ca44d3fbc9301ee17f30f4d474e6ae4b05252/library/std/src/sys/pal/unix/thread.rs:105:17
[INFO] [stdout]   44:     0x72ce61257ac3 - <unknown>
[INFO] [stdout]   45:     0x72ce612e8a04 - clone
[INFO] [stdout]   46:                0x0 - <unknown>
[INFO] [stdout] 
[INFO] [stdout] ---- simulator::device_service_test::run_device_init stdout ----
[INFO] [stdout] DeviceInfo {
[INFO] [stdout]     id: "/dev/ttyACM0",
[INFO] [stdout]     firmware_info: FirmwareInfo {
[INFO] [stdout]         startup_result: None,
[INFO] [stdout]         version: None,
[INFO] [stdout]         compile_options: None,
[INFO] [stdout]         extended_compile_options: None,
[INFO] [stdout]         driver_info: DriverInfo {
[INFO] [stdout]             name: None,
[INFO] [stdout]             version: None,
[INFO] [stdout]             options: None,
[INFO] [stdout]         },
[INFO] [stdout]         board_info: BoardInfo {
[INFO] [stdout]             name: None,
[INFO] [stdout]             storage: None,
[INFO] [stdout]             aux: None,
[INFO] [stdout]         },
[INFO] [stdout]     },
[INFO] [stdout]     machine_info: None,
[INFO] [stdout]     gcode_state: None,
[INFO] [stdout]     last_message: None,
[INFO] [stdout]     last_echo_message: None,
[INFO] [stdout]     settings: DeviceSettings {
[INFO] [stdout]         settings: {},
[INFO] [stdout]         setting_groups: {},
[INFO] [stdout]         setting_descriptions: {},
[INFO] [stdout]     },
[INFO] [stdout] }
[INFO] [stdout] thread '<unnamed>' panicked at src/endpoint/serial.rs:275:17:
[INFO] [stdout] Could not close serial endpoint
[INFO] [stdout] stack backtrace:
[INFO] [stdout]    0:     0x601879c257ba - std::backtrace_rs::backtrace::libunwind::trace::h207520d6e9873551
[INFO] [stdout]                                at /rustc/df4ca44d3fbc9301ee17f30f4d474e6ae4b05252/library/std/src/../../backtrace/src/backtrace/libunwind.rs:116:5
[INFO] [stdout]    1:     0x601879c257ba - std::backtrace_rs::backtrace::trace_unsynchronized::h2ed7433f370e3eca
[INFO] [stdout]                                at /rustc/df4ca44d3fbc9301ee17f30f4d474e6ae4b05252/library/std/src/../../backtrace/src/backtrace/mod.rs:66:5
[INFO] [stdout]    2:     0x601879c257ba - std::sys::backtrace::_print_fmt::h916fac51166b18d7
[INFO] [stdout]                                at /rustc/df4ca44d3fbc9301ee17f30f4d474e6ae4b05252/library/std/src/sys/backtrace.rs:66:9
[INFO] [stdout]    3:     0x601879c257ba - <std::sys::backtrace::BacktraceLock::print::DisplayBacktrace as core::fmt::Display>::fmt::ha0a4c9b8ce3802e6
[INFO] [stdout]                                at /rustc/df4ca44d3fbc9301ee17f30f4d474e6ae4b05252/library/std/src/sys/backtrace.rs:39:26
[INFO] [stdout]    4:     0x601879c4dbf3 - core::fmt::rt::Argument::fmt::h4cfc8587d52b3eb5
[INFO] [stdout]                                at /rustc/df4ca44d3fbc9301ee17f30f4d474e6ae4b05252/library/core/src/fmt/rt.rs:177:76
[INFO] [stdout]    5:     0x601879c4dbf3 - core::fmt::write::h522cc39e5b36ae9f
[INFO] [stdout]                                at /rustc/df4ca44d3fbc9301ee17f30f4d474e6ae4b05252/library/core/src/fmt/mod.rs:1190:21
[INFO] [stdout]    6:     0x601879c22423 - std::io::Write::write_fmt::h7d3c26752da97734
[INFO] [stdout]                                at /rustc/df4ca44d3fbc9301ee17f30f4d474e6ae4b05252/library/std/src/io/mod.rs:1839:15
[INFO] [stdout]    7:     0x601879c25602 - std::sys::backtrace::BacktraceLock::print::h4b9e00b29e9c0942
[INFO] [stdout]                                at /rustc/df4ca44d3fbc9301ee17f30f4d474e6ae4b05252/library/std/src/sys/backtrace.rs:42:9
[INFO] [stdout]    8:     0x601879c26c4a - std::panicking::default_hook::{{closure}}::hb59b88280d0324d9
[INFO] [stdout]                                at /rustc/df4ca44d3fbc9301ee17f30f4d474e6ae4b05252/library/std/src/panicking.rs:268:22
[INFO] [stdout]    9:     0x601879c26a54 - std::panicking::default_hook::he1dd496665be4a29
[INFO] [stdout]                                at /rustc/df4ca44d3fbc9301ee17f30f4d474e6ae4b05252/library/std/src/panicking.rs:292:9
[INFO] [stdout]   10:     0x601879b653a9 - <alloc::boxed::Box<F,A> as core::ops::function::Fn<Args>>::call::h4ff71de18744e1dc
[INFO] [stdout]                                at /rustc/df4ca44d3fbc9301ee17f30f4d474e6ae4b05252/library/alloc/src/boxed.rs:2468:9
[INFO] [stdout]   11:     0x601879b653a9 - test::test_main::{{closure}}::hcf7c055ce117aa81
[INFO] [stdout]                                at /rustc/df4ca44d3fbc9301ee17f30f4d474e6ae4b05252/library/test/src/lib.rs:133:21
[INFO] [stdout]   12:     0x601879c27348 - <alloc::boxed::Box<F,A> as core::ops::function::Fn<Args>>::call::h1d66c6bbd60c9692
[INFO] [stdout]                                at /rustc/df4ca44d3fbc9301ee17f30f4d474e6ae4b05252/library/alloc/src/boxed.rs:2468:9
[INFO] [stdout]   13:     0x601879c27348 - std::panicking::rust_panic_with_hook::h2ff17fe8f26dfcf8
[INFO] [stdout]                                at /rustc/df4ca44d3fbc9301ee17f30f4d474e6ae4b05252/library/std/src/panicking.rs:809:13
[INFO] [stdout]   14:     0x601879c270d6 - std::panicking::begin_panic_handler::{{closure}}::h4fad77951c07e101
[INFO] [stdout]                                at /rustc/df4ca44d3fbc9301ee17f30f4d474e6ae4b05252/library/std/src/panicking.rs:667:13
[INFO] [stdout]   15:     0x601879c25c99 - std::sys::backtrace::__rust_end_short_backtrace::hb1a25b3da5d0ea08
[INFO] [stdout]                                at /rustc/df4ca44d3fbc9301ee17f30f4d474e6ae4b05252/library/std/src/sys/backtrace.rs:170:18
[INFO] [stdout]   16:     0x601879c26d9c - rust_begin_unwind
[INFO] [stdout]                                at /rustc/df4ca44d3fbc9301ee17f30f4d474e6ae4b05252/library/std/src/panicking.rs:665:5
[INFO] [stdout]   17:     0x601879c4b8f0 - core::panicking::panic_fmt::ha9db07b529f9b256
[INFO] [stdout]                                at /rustc/df4ca44d3fbc9301ee17f30f4d474e6ae4b05252/library/core/src/panicking.rs:75:14
[INFO] [stdout]   18:     0x601879ba79d2 - <grbli::endpoint::serial::SerialEndpoint as core::ops::drop::Drop>::drop::h03eab143a548d766
[INFO] [stdout]                                at /opt/rustwide/workdir/src/endpoint/serial.rs:275:17
[INFO] [stdout]   19:     0x601879b909e7 - core::ptr::drop_in_place<grbli::endpoint::serial::SerialEndpoint>::h4e60113b0cfdca17
[INFO] [stdout]                                at /rustc/df4ca44d3fbc9301ee17f30f4d474e6ae4b05252/library/core/src/ptr/mod.rs:521:1
[INFO] [stdout]   20:     0x601879b91604 - core::ptr::drop_in_place<alloc::boxed::Box<dyn grbli::endpoint::Endpoint>>::h4cfbde0c84e374f1
[INFO] [stdout]                                at /rustc/df4ca44d3fbc9301ee17f30f4d474e6ae4b05252/library/core/src/ptr/mod.rs:521:1
[INFO] [stdout]   21:     0x601879bd6da5 - grbli::service::device_service::DeviceHandle::open::{{closure}}::h805671844ccc960a
[INFO] [stdout]                                at /opt/rustwide/workdir/src/service/device_service.rs:87:9
[INFO] [stdout]   22:     0x601879b84626 - std::sys::backtrace::__rust_begin_short_backtrace::h3f69b3c0dd0a1681
[INFO] [stdout]                                at /rustc/df4ca44d3fbc9301ee17f30f4d474e6ae4b05252/library/std/src/sys/backtrace.rs:154:18
[INFO] [stdout]   23:     0x601879bc69ed - std::thread::Builder::spawn_unchecked_::{{closure}}::{{closure}}::h7b42befc116ffc1a
[INFO] [stdout]                                at /rustc/df4ca44d3fbc9301ee17f30f4d474e6ae4b05252/library/std/src/thread/mod.rs:541:17
[INFO] [stdout]   24:     0x601879b80731 - <core::panic::unwind_safe::AssertUnwindSafe<F> as core::ops::function::FnOnce<()>>::call_once::h68fd57ea1efb820b
[INFO] [stdout]                                at /rustc/df4ca44d3fbc9301ee17f30f4d474e6ae4b05252/library/core/src/panic/unwind_safe.rs:272:9
[INFO] [stdout]   25:     0x601879ba8475 - std::panicking::try::do_call::h057f89abdb3fd616
[INFO] [stdout]                                at /rustc/df4ca44d3fbc9301ee17f30f4d474e6ae4b05252/library/std/src/panicking.rs:557:40
[INFO] [stdout]   26:     0x601879bc883b - __rust_try
[INFO] [stdout]   27:     0x601879bc5b69 - std::panicking::try::h2ce905930e59700e
[INFO] [stdout]                                at /rustc/df4ca44d3fbc9301ee17f30f4d474e6ae4b05252/library/std/src/panicking.rs:520:19
[INFO] [stdout]   28:     0x601879bc5b69 - std::panic::catch_unwind::h5c5f54e74857493b
[INFO] [stdout]                                at /rustc/df4ca44d3fbc9301ee17f30f4d474e6ae4b05252/library/std/src/panic.rs:358:14
[INFO] [stdout]   29:     0x601879bc5b69 - std::thread::Builder::spawn_unchecked_::{{closure}}::h6dd37bd20baccbfa
[INFO] [stdout]                                at /rustc/df4ca44d3fbc9301ee17f30f4d474e6ae4b05252/library/std/src/thread/mod.rs:540:30
[INFO] [stdout]   30:     0x601879b8e3cf - core::ops::function::FnOnce::call_once{{vtable.shim}}::hc1c8735c1d82c5ea
[INFO] [stdout]                                at /rustc/df4ca44d3fbc9301ee17f30f4d474e6ae4b05252/library/core/src/ops/function.rs:250:5
[INFO] [stdout]   31:     0x601879c2b13b - <alloc::boxed::Box<F,A> as core::ops::function::FnOnce<Args>>::call_once::h69aa08ddb6adb8b6
[INFO] [stdout]                                at /rustc/df4ca44d3fbc9301ee17f30f4d474e6ae4b05252/library/alloc/src/boxed.rs:2454:9
[INFO] [stdout]   32:     0x601879c2b13b - <alloc::boxed::Box<F,A> as core::ops::function::FnOnce<Args>>::call_once::h5aa36efdb79c806f
[INFO] [stdout]                                at /rustc/df4ca44d3fbc9301ee17f30f4d474e6ae4b05252/library/alloc/src/boxed.rs:2454:9
[INFO] [stdout]   33:     0x601879c2b13b - std::sys::pal::unix::thread::Thread::new::thread_start::h6cd80a1b4be5158d
[INFO] [stdout]                                at /rustc/df4ca44d3fbc9301ee17f30f4d474e6ae4b05252/library/std/src/sys/pal/unix/thread.rs:105:17
[INFO] [stdout]   34:     0x72ce61257ac3 - <unknown>
[INFO] [stdout]   35:     0x72ce612e8a04 - clone
[INFO] [stdout]   36:                0x0 - <unknown>
[INFO] [stdout] thread 'simulator::device_service_test::run_device_init' panicked at src/service/device_service.rs:110:31:
[INFO] [stdout] called `Result::unwrap()` on an `Err` value: Any { .. }
[INFO] [stdout] stack backtrace:
[INFO] [stdout]    0:     0x601879c257ba - std::backtrace_rs::backtrace::libunwind::trace::h207520d6e9873551
[INFO] [stdout]                                at /rustc/df4ca44d3fbc9301ee17f30f4d474e6ae4b05252/library/std/src/../../backtrace/src/backtrace/libunwind.rs:116:5
[INFO] [stdout]    1:     0x601879c257ba - std::backtrace_rs::backtrace::trace_unsynchronized::h2ed7433f370e3eca
[INFO] [stdout]                                at /rustc/df4ca44d3fbc9301ee17f30f4d474e6ae4b05252/library/std/src/../../backtrace/src/backtrace/mod.rs:66:5
[INFO] [stdout]    2:     0x601879c257ba - std::sys::backtrace::_print_fmt::h916fac51166b18d7
[INFO] [stdout]                                at /rustc/df4ca44d3fbc9301ee17f30f4d474e6ae4b05252/library/std/src/sys/backtrace.rs:66:9
[INFO] [stdout]    3:     0x601879c257ba - <std::sys::backtrace::BacktraceLock::print::DisplayBacktrace as core::fmt::Display>::fmt::ha0a4c9b8ce3802e6
[INFO] [stdout]                                at /rustc/df4ca44d3fbc9301ee17f30f4d474e6ae4b05252/library/std/src/sys/backtrace.rs:39:26
[INFO] [stdout]    4:     0x601879c4dbf3 - core::fmt::rt::Argument::fmt::h4cfc8587d52b3eb5
[INFO] [stdout]                                at /rustc/df4ca44d3fbc9301ee17f30f4d474e6ae4b05252/library/core/src/fmt/rt.rs:177:76
[INFO] [stdout]    5:     0x601879c4dbf3 - core::fmt::write::h522cc39e5b36ae9f
[INFO] [stdout]                                at /rustc/df4ca44d3fbc9301ee17f30f4d474e6ae4b05252/library/core/src/fmt/mod.rs:1190:21
[INFO] [stdout]    6:     0x601879c22423 - std::io::Write::write_fmt::h7d3c26752da97734
[INFO] [stdout]                                at /rustc/df4ca44d3fbc9301ee17f30f4d474e6ae4b05252/library/std/src/io/mod.rs:1839:15
[INFO] [stdout]    7:     0x601879c25602 - std::sys::backtrace::BacktraceLock::print::h4b9e00b29e9c0942
[INFO] [stdout]                                at /rustc/df4ca44d3fbc9301ee17f30f4d474e6ae4b05252/library/std/src/sys/backtrace.rs:42:9
[INFO] [stdout]    8:     0x601879c26c4a - std::panicking::default_hook::{{closure}}::hb59b88280d0324d9
[INFO] [stdout]                                at /rustc/df4ca44d3fbc9301ee17f30f4d474e6ae4b05252/library/std/src/panicking.rs:268:22
[INFO] [stdout]    9:     0x601879c26a54 - std::panicking::default_hook::he1dd496665be4a29
[INFO] [stdout]                                at /rustc/df4ca44d3fbc9301ee17f30f4d474e6ae4b05252/library/std/src/panicking.rs:292:9
[INFO] [stdout]   10:     0x601879b653a9 - <alloc::boxed::Box<F,A> as core::ops::function::Fn<Args>>::call::h4ff71de18744e1dc
[INFO] [stdout]                                at /rustc/df4ca44d3fbc9301ee17f30f4d474e6ae4b05252/library/alloc/src/boxed.rs:2468:9
[INFO] [stdout]   11:     0x601879b653a9 - test::test_main::{{closure}}::hcf7c055ce117aa81
[INFO] [stdout]                                at /rustc/df4ca44d3fbc9301ee17f30f4d474e6ae4b05252/library/test/src/lib.rs:133:21
[INFO] [stdout]   12:     0x601879c27348 - <alloc::boxed::Box<F,A> as core::ops::function::Fn<Args>>::call::h1d66c6bbd60c9692
[INFO] [stdout]                                at /rustc/df4ca44d3fbc9301ee17f30f4d474e6ae4b05252/library/alloc/src/boxed.rs:2468:9
[INFO] [stdout]   13:     0x601879c27348 - std::panicking::rust_panic_with_hook::h2ff17fe8f26dfcf8
[INFO] [stdout]                                at /rustc/df4ca44d3fbc9301ee17f30f4d474e6ae4b05252/library/std/src/panicking.rs:809:13
[INFO] [stdout]   14:     0x601879c2710a - std::panicking::begin_panic_handler::{{closure}}::h4fad77951c07e101
[INFO] [stdout]                                at /rustc/df4ca44d3fbc9301ee17f30f4d474e6ae4b05252/library/std/src/panicking.rs:674:13
[INFO] [stdout]   15:     0x601879c25c99 - std::sys::backtrace::__rust_end_short_backtrace::hb1a25b3da5d0ea08
[INFO] [stdout]                                at /rustc/df4ca44d3fbc9301ee17f30f4d474e6ae4b05252/library/std/src/sys/backtrace.rs:170:18
[INFO] [stdout]   16:     0x601879c26d9c - rust_begin_unwind
[INFO] [stdout]                                at /rustc/df4ca44d3fbc9301ee17f30f4d474e6ae4b05252/library/std/src/panicking.rs:665:5
[INFO] [stdout]   17:     0x601879c4b8f0 - core::panicking::panic_fmt::ha9db07b529f9b256
[INFO] [stdout]                                at /rustc/df4ca44d3fbc9301ee17f30f4d474e6ae4b05252/library/core/src/panicking.rs:75:14
[INFO] [stdout]   18:     0x601879c4bd76 - core::result::unwrap_failed::h5e8218e4d4338b8a
[INFO] [stdout]                                at /rustc/df4ca44d3fbc9301ee17f30f4d474e6ae4b05252/library/core/src/result.rs:1698:5
[INFO] [stdout]   19:     0x601879bd8251 - core::result::Result<T,E>::unwrap::h6ea65967a5ea7107
[INFO] [stdout]                                at /rustc/df4ca44d3fbc9301ee17f30f4d474e6ae4b05252/library/core/src/result.rs:1103:23
[INFO] [stdout]   20:     0x601879bd8251 - grbli::service::device_service::DeviceHandle::close::h01c121673f732b84
[INFO] [stdout]                                at /opt/rustwide/workdir/src/service/device_service.rs:110:17
[INFO] [stdout]   21:     0x601879bd8fef - grbli::service::device_service::DeviceService::close_device::hd71a4303cdb530db
[INFO] [stdout]                                at /opt/rustwide/workdir/src/service/device_service.rs:162:36
[INFO] [stdout]   22:     0x601879bd948d - <grbli::service::device_service::DeviceService as core::ops::drop::Drop>::drop::h5b46e4f957d53194
[INFO] [stdout]                                at /opt/rustwide/workdir/src/service/device_service.rs:197:29
[INFO] [stdout]   23:     0x601879b226f7 - core::ptr::drop_in_place<grbli::service::device_service::DeviceService>::hc9dc525871e754f3
[INFO] [stdout]                                at /rustc/df4ca44d3fbc9301ee17f30f4d474e6ae4b05252/library/core/src/ptr/mod.rs:521:1
[INFO] [stdout]   24:     0x601879b2b469 - mod::simulator::device_service_test::run_device_init::hd0bffecbd90fdab6
[INFO] [stdout]                                at /opt/rustwide/workdir/tests/simulator/device_service_test.rs:32:1
[INFO] [stdout]   25:     0x601879b2a3b7 - mod::simulator::device_service_test::run_device_init::{{closure}}::h1084a1b8806cc983
[INFO] [stdout]                                at /opt/rustwide/workdir/tests/simulator/device_service_test.rs:17:21
[INFO] [stdout]   26:     0x601879b21a76 - core::ops::function::FnOnce::call_once::hd4bdf15645804e7b
[INFO] [stdout]                                at /rustc/df4ca44d3fbc9301ee17f30f4d474e6ae4b05252/library/core/src/ops/function.rs:250:5
[INFO] [stdout]   27:     0x601879b69c7b - core::ops::function::FnOnce::call_once::h22c3ba5715e93f05
[INFO] [stdout]                                at /rustc/df4ca44d3fbc9301ee17f30f4d474e6ae4b05252/library/core/src/ops/function.rs:250:5
[INFO] [stdout]   28:     0x601879b69c7b - test::__rust_begin_short_backtrace::h8e82d8113d0da17f
[INFO] [stdout]                                at /rustc/df4ca44d3fbc9301ee17f30f4d474e6ae4b05252/library/test/src/lib.rs:621:18
[INFO] [stdout]   29:     0x601879b695f7 - test::run_test_in_process::{{closure}}::h33235f4f20b7b7c7
[INFO] [stdout]                                at /rustc/df4ca44d3fbc9301ee17f30f4d474e6ae4b05252/library/test/src/lib.rs:644:60
[INFO] [stdout]   30:     0x601879b695f7 - <core::panic::unwind_safe::AssertUnwindSafe<F> as core::ops::function::FnOnce<()>>::call_once::hb5043206310c586f
[INFO] [stdout]                                at /rustc/df4ca44d3fbc9301ee17f30f4d474e6ae4b05252/library/core/src/panic/unwind_safe.rs:272:9
[INFO] [stdout]   31:     0x601879b695f7 - std::panicking::try::do_call::h9ad4731a60ab23e2
[INFO] [stdout]                                at /rustc/df4ca44d3fbc9301ee17f30f4d474e6ae4b05252/library/std/src/panicking.rs:557:40
[INFO] [stdout]   32:     0x601879b695f7 - std::panicking::try::h3824d23db772a716
[INFO] [stdout]                                at /rustc/df4ca44d3fbc9301ee17f30f4d474e6ae4b05252/library/std/src/panicking.rs:520:19
[INFO] [stdout]   33:     0x601879b695f7 - std::panic::catch_unwind::h5afd514605fde46b
[INFO] [stdout]                                at /rustc/df4ca44d3fbc9301ee17f30f4d474e6ae4b05252/library/std/src/panic.rs:358:14
[INFO] [stdout]   34:     0x601879b695f7 - test::run_test_in_process::h0d5cbfa7067d1720
[INFO] [stdout]                                at /rustc/df4ca44d3fbc9301ee17f30f4d474e6ae4b05252/library/test/src/lib.rs:644:27
[INFO] [stdout]   35:     0x601879b695f7 - test::run_test::{{closure}}::h708eb8872708115d
[INFO] [stdout]                                at /rustc/df4ca44d3fbc9301ee17f30f4d474e6ae4b05252/library/test/src/lib.rs:565:43
[INFO] [stdout]   36:     0x601879b2cd14 - test::run_test::{{closure}}::h392c51cee94713ab
[INFO] [stdout]                                at /rustc/df4ca44d3fbc9301ee17f30f4d474e6ae4b05252/library/test/src/lib.rs:595:41
[INFO] [stdout]   37:     0x601879b2cd14 - std::sys::backtrace::__rust_begin_short_backtrace::h2f40290710935a8b
[INFO] [stdout]                                at /rustc/df4ca44d3fbc9301ee17f30f4d474e6ae4b05252/library/std/src/sys/backtrace.rs:154:18
[INFO] [stdout]   38:     0x601879b304be - std::thread::Builder::spawn_unchecked_::{{closure}}::{{closure}}::h3fd968d89053a903
[INFO] [stdout]                                at /rustc/df4ca44d3fbc9301ee17f30f4d474e6ae4b05252/library/std/src/thread/mod.rs:541:17
[INFO] [stdout]   39:     0x601879b304be - <core::panic::unwind_safe::AssertUnwindSafe<F> as core::ops::function::FnOnce<()>>::call_once::h743f637ba4229880
[INFO] [stdout]                                at /rustc/df4ca44d3fbc9301ee17f30f4d474e6ae4b05252/library/core/src/panic/unwind_safe.rs:272:9
[INFO] [stdout]   40:     0x601879b304be - std::panicking::try::do_call::h07440897322525a6
[INFO] [stdout]                                at /rustc/df4ca44d3fbc9301ee17f30f4d474e6ae4b05252/library/std/src/panicking.rs:557:40
[INFO] [stdout]   41:     0x601879b304be - std::panicking::try::he5a2e00188156637
[INFO] [stdout]                                at /rustc/df4ca44d3fbc9301ee17f30f4d474e6ae4b05252/library/std/src/panicking.rs:520:19
[INFO] [stdout]   42:     0x601879b304be - std::panic::catch_unwind::hbaf3cae49b3c6433
[INFO] [stdout]                                at /rustc/df4ca44d3fbc9301ee17f30f4d474e6ae4b05252/library/std/src/panic.rs:358:14
[INFO] [stdout]   43:     0x601879b304be - std::thread::Builder::spawn_unchecked_::{{closure}}::h8e141ea224820bce
[INFO] [stdout]                                at /rustc/df4ca44d3fbc9301ee17f30f4d474e6ae4b05252/library/std/src/thread/mod.rs:540:30
[INFO] [stdout]   44:     0x601879b304be - core::ops::function::FnOnce::call_once{{vtable.shim}}::h90d312fedd7b8ea8
[INFO] [stdout]                                at /rustc/df4ca44d3fbc9301ee17f30f4d474e6ae4b05252/library/core/src/ops/function.rs:250:5
[INFO] [stdout]   45:     0x601879c2b13b - <alloc::boxed::Box<F,A> as core::ops::function::FnOnce<Args>>::call_once::h69aa08ddb6adb8b6
[INFO] [stdout]                                at /rustc/df4ca44d3fbc9301ee17f30f4d474e6ae4b05252/library/alloc/src/boxed.rs:2454:9
[INFO] [stdout]   46:     0x601879c2b13b - <alloc::boxed::Box<F,A> as core::ops::function::FnOnce<Args>>::call_once::h5aa36efdb79c806f
[INFO] [stdout]                                at /rustc/df4ca44d3fbc9301ee17f30f4d474e6ae4b05252/library/alloc/src/boxed.rs:2454:9
[INFO] [stdout]   47:     0x601879c2b13b - std::sys::pal::unix::thread::Thread::new::thread_start::h6cd80a1b4be5158d
[INFO] [stdout]                                at /rustc/df4ca44d3fbc9301ee17f30f4d474e6ae4b05252/library/std/src/sys/pal/unix/thread.rs:105:17
[INFO] [stdout]   48:     0x72ce61257ac3 - <unknown>
[INFO] [stdout]   49:     0x72ce612e8a04 - clone
[INFO] [stdout]   50:                0x0 - <unknown>
[INFO] [stdout] 
[INFO] [stdout] 
[INFO] [stdout] failures:
[INFO] [stdout]     simulator::device_service_test::run_device_init
[INFO] [stdout]     simulator::endpoint::serial_test::open_test_device
[INFO] [stdout] 
[INFO] [stdout] test result: FAILED. 142 passed; 2 failed; 0 ignored; 0 measured; 0 filtered out; finished in 0.14s
[INFO] [stdout] 
[INFO] running `Command { std: "docker" "inspect" "ee08e1c41c9381df46c08c0cbba9215a6acd8294d2bbce4876e300f465ab066a", kill_on_drop: false }`
[INFO] running `Command { std: "docker" "rm" "-f" "ee08e1c41c9381df46c08c0cbba9215a6acd8294d2bbce4876e300f465ab066a", kill_on_drop: false }`
[INFO] [stdout] ee08e1c41c9381df46c08c0cbba9215a6acd8294d2bbce4876e300f465ab066a
