[INFO] fetching crate grapple-m24c64 0.1.1...
[INFO] testing grapple-m24c64-0.1.1 against nightly-2024-10-28 for randomize-layout
[INFO] extracting crate grapple-m24c64 0.1.1 into /workspace/builds/worker-7-tc1/source
[INFO] validating manifest of crates.io crate grapple-m24c64 0.1.1 on toolchain nightly-2024-10-28
[INFO] running `Command { std: CARGO_HOME="/workspace/cargo-home" RUSTUP_HOME="/workspace/rustup-home" "/workspace/cargo-home/bin/cargo" "+nightly-2024-10-28" "metadata" "--manifest-path" "Cargo.toml" "--no-deps", kill_on_drop: false }`
[INFO] started tweaking crates.io crate grapple-m24c64 0.1.1
[INFO] finished tweaking crates.io crate grapple-m24c64 0.1.1
[INFO] tweaked toml for crates.io crate grapple-m24c64 0.1.1 written to /workspace/builds/worker-7-tc1/source/Cargo.toml
[INFO] running `Command { std: CARGO_HOME="/workspace/cargo-home" RUSTUP_HOME="/workspace/rustup-home" "/workspace/cargo-home/bin/cargo" "+nightly-2024-10-28" "generate-lockfile" "--manifest-path" "Cargo.toml", kill_on_drop: false }`
[INFO] [stderr]     Updating crates.io index
[INFO] [stderr]      Locking 4 packages to latest compatible versions
[INFO] [stderr]       Adding embedded-hal v0.2.7 (available: v1.0.0)
[INFO] running `Command { std: CARGO_HOME="/workspace/cargo-home" RUSTUP_HOME="/workspace/rustup-home" "/workspace/cargo-home/bin/cargo" "+nightly-2024-10-28" "fetch" "--manifest-path" "Cargo.toml", kill_on_drop: false }`
[INFO] running `Command { std: "docker" "create" "-v" "/var/lib/crater-agent-workspace/builds/worker-7-tc1/target:/opt/rustwide/target:rw,Z" "-v" "/var/lib/crater-agent-workspace/builds/worker-7-tc1/source:/opt/rustwide/workdir:ro,Z" "-v" "/var/lib/crater-agent-workspace/cargo-home:/opt/rustwide/cargo-home:ro,Z" "-v" "/var/lib/crater-agent-workspace/rustup-home:/opt/rustwide/rustup-home:ro,Z" "-e" "SOURCE_DIR=/opt/rustwide/workdir" "-e" "CARGO_TARGET_DIR=/opt/rustwide/target" "-e" "CARGO_HOME=/opt/rustwide/cargo-home" "-e" "RUSTUP_HOME=/opt/rustwide/rustup-home" "-w" "/opt/rustwide/workdir" "-m" "1610612736" "--user" "0:0" "--network" "none" "ghcr.io/rust-lang/crates-build-env/linux@sha256:4a844ea9eb2546a2d2c7022eacef16ef2e8229c7fbb2c7d4d55a9ceca922f72d" "/opt/rustwide/cargo-home/bin/cargo" "+nightly-2024-10-28" "metadata" "--no-deps" "--format-version=1", kill_on_drop: false }`
[INFO] [stdout] 7c3f13d93bcadeef07ba9b050e0d131dcf8ed6b46146e9aa3c99ef1b833854b4
[INFO] running `Command { std: "docker" "start" "-a" "7c3f13d93bcadeef07ba9b050e0d131dcf8ed6b46146e9aa3c99ef1b833854b4", kill_on_drop: false }`
[INFO] running `Command { std: "docker" "inspect" "7c3f13d93bcadeef07ba9b050e0d131dcf8ed6b46146e9aa3c99ef1b833854b4", kill_on_drop: false }`
[INFO] running `Command { std: "docker" "rm" "-f" "7c3f13d93bcadeef07ba9b050e0d131dcf8ed6b46146e9aa3c99ef1b833854b4", kill_on_drop: false }`
[INFO] [stdout] 7c3f13d93bcadeef07ba9b050e0d131dcf8ed6b46146e9aa3c99ef1b833854b4
[INFO] running `Command { std: "docker" "create" "-v" "/var/lib/crater-agent-workspace/builds/worker-7-tc1/target:/opt/rustwide/target:rw,Z" "-v" "/var/lib/crater-agent-workspace/builds/worker-7-tc1/source:/opt/rustwide/workdir:ro,Z" "-v" "/var/lib/crater-agent-workspace/cargo-home:/opt/rustwide/cargo-home:ro,Z" "-v" "/var/lib/crater-agent-workspace/rustup-home:/opt/rustwide/rustup-home:ro,Z" "-e" "SOURCE_DIR=/opt/rustwide/workdir" "-e" "CARGO_TARGET_DIR=/opt/rustwide/target" "-e" "CARGO_INCREMENTAL=0" "-e" "RUST_BACKTRACE=full" "-e" "RUSTFLAGS=--cap-lints=forbid" "-e" "RUSTDOCFLAGS=--cap-lints=forbid" "-e" "CARGO_HOME=/opt/rustwide/cargo-home" "-e" "RUSTUP_HOME=/opt/rustwide/rustup-home" "-w" "/opt/rustwide/workdir" "-m" "1610612736" "--user" "0:0" "--network" "none" "ghcr.io/rust-lang/crates-build-env/linux@sha256:4a844ea9eb2546a2d2c7022eacef16ef2e8229c7fbb2c7d4d55a9ceca922f72d" "/opt/rustwide/cargo-home/bin/cargo" "+nightly-2024-10-28" "build" "--frozen" "--message-format=json", kill_on_drop: false }`
[INFO] [stdout] 2923b1681a6bf665948868c674d5252486154181a21d6b6f028d28eb8e4cc2cc
[INFO] running `Command { std: "docker" "start" "-a" "2923b1681a6bf665948868c674d5252486154181a21d6b6f028d28eb8e4cc2cc", kill_on_drop: false }`
[INFO] [stderr]    Compiling nb v1.1.0
[INFO] [stderr]    Compiling void v1.0.2
[INFO] [stderr]    Compiling nb v0.1.3
[INFO] [stderr]    Compiling embedded-hal v0.2.7
[INFO] [stderr]    Compiling grapple-m24c64 v0.1.1 (/opt/rustwide/workdir)
[INFO] [stderr]     Finished `dev` profile [unoptimized + debuginfo] target(s) in 0.19s
[INFO] running `Command { std: "docker" "inspect" "2923b1681a6bf665948868c674d5252486154181a21d6b6f028d28eb8e4cc2cc", kill_on_drop: false }`
[INFO] running `Command { std: "docker" "rm" "-f" "2923b1681a6bf665948868c674d5252486154181a21d6b6f028d28eb8e4cc2cc", kill_on_drop: false }`
[INFO] [stdout] 2923b1681a6bf665948868c674d5252486154181a21d6b6f028d28eb8e4cc2cc
[INFO] running `Command { std: "docker" "create" "-v" "/var/lib/crater-agent-workspace/builds/worker-7-tc1/target:/opt/rustwide/target:rw,Z" "-v" "/var/lib/crater-agent-workspace/builds/worker-7-tc1/source:/opt/rustwide/workdir:ro,Z" "-v" "/var/lib/crater-agent-workspace/cargo-home:/opt/rustwide/cargo-home:ro,Z" "-v" "/var/lib/crater-agent-workspace/rustup-home:/opt/rustwide/rustup-home:ro,Z" "-e" "SOURCE_DIR=/opt/rustwide/workdir" "-e" "CARGO_TARGET_DIR=/opt/rustwide/target" "-e" "CARGO_INCREMENTAL=0" "-e" "RUST_BACKTRACE=full" "-e" "RUSTFLAGS=--cap-lints=forbid" "-e" "RUSTDOCFLAGS=--cap-lints=forbid" "-e" "CARGO_HOME=/opt/rustwide/cargo-home" "-e" "RUSTUP_HOME=/opt/rustwide/rustup-home" "-w" "/opt/rustwide/workdir" "-m" "1610612736" "--user" "0:0" "--network" "none" "ghcr.io/rust-lang/crates-build-env/linux@sha256:4a844ea9eb2546a2d2c7022eacef16ef2e8229c7fbb2c7d4d55a9ceca922f72d" "/opt/rustwide/cargo-home/bin/cargo" "+nightly-2024-10-28" "test" "--frozen" "--no-run" "--message-format=json", kill_on_drop: false }`
[INFO] [stdout] 11fe2c2ec5005c0d41bec034358a67afdd1420bdb0e5237ab46550c09bb65bdd
[INFO] running `Command { std: "docker" "start" "-a" "11fe2c2ec5005c0d41bec034358a67afdd1420bdb0e5237ab46550c09bb65bdd", kill_on_drop: false }`
[INFO] [stderr]    Compiling grapple-m24c64 v0.1.1 (/opt/rustwide/workdir)
[INFO] [stderr]     Finished `test` profile [unoptimized + debuginfo] target(s) in 0.08s
[INFO] running `Command { std: "docker" "inspect" "11fe2c2ec5005c0d41bec034358a67afdd1420bdb0e5237ab46550c09bb65bdd", kill_on_drop: false }`
[INFO] running `Command { std: "docker" "rm" "-f" "11fe2c2ec5005c0d41bec034358a67afdd1420bdb0e5237ab46550c09bb65bdd", kill_on_drop: false }`
[INFO] [stdout] 11fe2c2ec5005c0d41bec034358a67afdd1420bdb0e5237ab46550c09bb65bdd
[INFO] running `Command { std: "docker" "create" "-v" "/var/lib/crater-agent-workspace/builds/worker-7-tc1/target:/opt/rustwide/target:rw,Z" "-v" "/var/lib/crater-agent-workspace/builds/worker-7-tc1/source:/opt/rustwide/workdir:ro,Z" "-v" "/var/lib/crater-agent-workspace/cargo-home:/opt/rustwide/cargo-home:ro,Z" "-v" "/var/lib/crater-agent-workspace/rustup-home:/opt/rustwide/rustup-home:ro,Z" "-e" "SOURCE_DIR=/opt/rustwide/workdir" "-e" "CARGO_TARGET_DIR=/opt/rustwide/target" "-e" "CARGO_INCREMENTAL=0" "-e" "RUST_BACKTRACE=full" "-e" "RUSTFLAGS=--cap-lints=forbid" "-e" "RUSTDOCFLAGS=--cap-lints=forbid" "-e" "CARGO_HOME=/opt/rustwide/cargo-home" "-e" "RUSTUP_HOME=/opt/rustwide/rustup-home" "-w" "/opt/rustwide/workdir" "-m" "1610612736" "--user" "0:0" "--network" "none" "ghcr.io/rust-lang/crates-build-env/linux@sha256:4a844ea9eb2546a2d2c7022eacef16ef2e8229c7fbb2c7d4d55a9ceca922f72d" "/opt/rustwide/cargo-home/bin/cargo" "+nightly-2024-10-28" "test" "--frozen", kill_on_drop: false }`
[INFO] [stdout] ce021d231127a3905f9131689d14388e5c7bada06d8fdb89526512e7004b2ac7
[INFO] running `Command { std: "docker" "start" "-a" "ce021d231127a3905f9131689d14388e5c7bada06d8fdb89526512e7004b2ac7", kill_on_drop: false }`
[INFO] [stderr]     Finished `test` profile [unoptimized + debuginfo] target(s) in 0.00s
[INFO] [stderr]      Running unittests src/lib.rs (/opt/rustwide/target/debug/deps/grapple_m24c64-a9aea369949b2c1b)
[INFO] [stdout] 
[INFO] [stdout] running 0 tests
[INFO] [stdout] 
[INFO] [stdout] test result: ok. 0 passed; 0 failed; 0 ignored; 0 measured; 0 filtered out; finished in 0.00s
[INFO] [stdout] 
[INFO] [stderr]    Doc-tests grapple_m24c64
[INFO] [stdout] 
[INFO] [stdout] running 3 tests
[INFO] [stdout] test src/../README.md - (line 8) ... FAILED
[INFO] [stdout] test src/lib.rs - M24C64<I2C>::new (line 25) ... FAILED
[INFO] [stdout] test src/../README.md - (line 13) ... FAILED
[INFO] [stdout] 
[INFO] [stdout] failures:
[INFO] [stdout] 
[INFO] [stdout] ---- src/../README.md - (line 8) stdout ----
[INFO] [stdout] error: expected one of `!`, `.`, `::`, `;`, `?`, `{`, `}`, or an operator, found `add`
[INFO] [stdout]  --> src/../README.md:9:7
[INFO] [stdout]   |
[INFO] [stdout] 3 | cargo add grapple-m24c64
[INFO] [stdout]   |       ^^^ expected one of 8 possible tokens
[INFO] [stdout] 
[INFO] [stdout] error: aborting due to 1 previous error
[INFO] [stdout] 
[INFO] [stdout] Couldn't compile the test.
[INFO] [stdout] ---- src/lib.rs - M24C64<I2C>::new (line 25) stdout ----
[INFO] [stdout] error[E0425]: cannot find value `i2c` in this scope
[INFO] [stdout]  --> src/lib.rs:29:26
[INFO] [stdout]   |
[INFO] [stdout] 7 | let eeprom = M24C64::new(i2c, 0);
[INFO] [stdout]   |                          ^^^ not found in this scope
[INFO] [stdout] 
[INFO] [stdout] error: aborting due to 1 previous error
[INFO] [stdout] 
[INFO] [stdout] For more information about this error, try `rustc --explain E0425`.
[INFO] [stdout] Couldn't compile the test.
[INFO] [stdout] ---- src/../README.md - (line 13) stdout ----
[INFO] [stdout] error[E0425]: cannot find value `i2c` in this scope
[INFO] [stdout]  --> src/../README.md:17:26
[INFO] [stdout]   |
[INFO] [stdout] 7 | let eeprom = M24C64::new(i2c, 0b000);
[INFO] [stdout]   |                          ^^^ not found in this scope
[INFO] [stdout] 
[INFO] [stdout] error[E0425]: cannot find value `delay` in this scope
[INFO] [stdout]  --> src/../README.md:18:48
[INFO] [stdout]   |
[INFO] [stdout] 8 | eeprom.write(0xA0, &[0x00, 0x01, 0x02, 0x03], &delay);
[INFO] [stdout]   |                                                ^^^^^ not found in this scope
[INFO] [stdout] 
[INFO] [stdout] error: aborting due to 2 previous errors
[INFO] [stdout] 
[INFO] [stdout] For more information about this error, try `rustc --explain E0425`.
[INFO] [stdout] Couldn't compile the test.
[INFO] [stdout] 
[INFO] [stdout] failures:
[INFO] [stdout]     src/../README.md - (line 13)
[INFO] [stdout]     src/../README.md - (line 8)
[INFO] [stdout]     src/lib.rs - M24C64<I2C>::new (line 25)
[INFO] [stdout] 
[INFO] [stdout] test result: FAILED. 0 passed; 3 failed; 0 ignored; 0 measured; 0 filtered out; finished in 0.03s
[INFO] [stdout] 
[INFO] [stderr] error: doctest failed, to rerun pass `--doc`
[INFO] running `Command { std: "docker" "inspect" "ce021d231127a3905f9131689d14388e5c7bada06d8fdb89526512e7004b2ac7", kill_on_drop: false }`
[INFO] running `Command { std: "docker" "rm" "-f" "ce021d231127a3905f9131689d14388e5c7bada06d8fdb89526512e7004b2ac7", kill_on_drop: false }`
[INFO] [stdout] ce021d231127a3905f9131689d14388e5c7bada06d8fdb89526512e7004b2ac7
