[INFO] fetching crate graphile_worker 0.8.0...
[INFO] testing graphile_worker-0.8.0 against nightly-2024-10-28+rustflags=-Zrandomize-layout for randomize-layout
[INFO] extracting crate graphile_worker 0.8.0 into /workspace/builds/worker-3-tc2/source
[INFO] validating manifest of crates.io crate graphile_worker 0.8.0 on toolchain nightly-2024-10-28
[INFO] running `Command { std: CARGO_HOME="/workspace/cargo-home" RUSTUP_HOME="/workspace/rustup-home" "/workspace/cargo-home/bin/cargo" "+nightly-2024-10-28" "metadata" "--manifest-path" "Cargo.toml" "--no-deps", kill_on_drop: false }`
[INFO] removed /workspace/builds/worker-3-tc2/source/.cargo/config.toml
[INFO] removed /workspace/builds/worker-3-tc2/source/rust-toolchain.toml
[INFO] started tweaking crates.io crate graphile_worker 0.8.0
[INFO] finished tweaking crates.io crate graphile_worker 0.8.0
[INFO] tweaked toml for crates.io crate graphile_worker 0.8.0 written to /workspace/builds/worker-3-tc2/source/Cargo.toml
[INFO] crate crates.io crate graphile_worker 0.8.0 already has a lockfile, it will not be regenerated
[INFO] running `Command { std: CARGO_HOME="/workspace/cargo-home" RUSTUP_HOME="/workspace/rustup-home" "/workspace/cargo-home/bin/cargo" "+nightly-2024-10-28" "fetch" "--manifest-path" "Cargo.toml", kill_on_drop: false }`
[INFO] [stderr]     Blocking waiting for file lock on package cache
[INFO] running `Command { std: "docker" "create" "-v" "/var/lib/crater-agent-workspace/builds/worker-3-tc2/target:/opt/rustwide/target:rw,Z" "-v" "/var/lib/crater-agent-workspace/builds/worker-3-tc2/source:/opt/rustwide/workdir:ro,Z" "-v" "/var/lib/crater-agent-workspace/cargo-home:/opt/rustwide/cargo-home:ro,Z" "-v" "/var/lib/crater-agent-workspace/rustup-home:/opt/rustwide/rustup-home:ro,Z" "-e" "SOURCE_DIR=/opt/rustwide/workdir" "-e" "CARGO_TARGET_DIR=/opt/rustwide/target" "-e" "CARGO_HOME=/opt/rustwide/cargo-home" "-e" "RUSTUP_HOME=/opt/rustwide/rustup-home" "-w" "/opt/rustwide/workdir" "-m" "1610612736" "--user" "0:0" "--network" "none" "ghcr.io/rust-lang/crates-build-env/linux@sha256:4a844ea9eb2546a2d2c7022eacef16ef2e8229c7fbb2c7d4d55a9ceca922f72d" "/opt/rustwide/cargo-home/bin/cargo" "+nightly-2024-10-28" "metadata" "--no-deps" "--format-version=1", kill_on_drop: false }`
[INFO] [stdout] 8bcaf4416b7db5328e321fcafcca04d41f9125df446829e3ea7dd75fc3220887
[INFO] running `Command { std: "docker" "start" "-a" "8bcaf4416b7db5328e321fcafcca04d41f9125df446829e3ea7dd75fc3220887", kill_on_drop: false }`
[INFO] running `Command { std: "docker" "inspect" "8bcaf4416b7db5328e321fcafcca04d41f9125df446829e3ea7dd75fc3220887", kill_on_drop: false }`
[INFO] running `Command { std: "docker" "rm" "-f" "8bcaf4416b7db5328e321fcafcca04d41f9125df446829e3ea7dd75fc3220887", kill_on_drop: false }`
[INFO] [stdout] 8bcaf4416b7db5328e321fcafcca04d41f9125df446829e3ea7dd75fc3220887
[INFO] running `Command { std: "docker" "create" "-v" "/var/lib/crater-agent-workspace/builds/worker-3-tc2/target:/opt/rustwide/target:rw,Z" "-v" "/var/lib/crater-agent-workspace/builds/worker-3-tc2/source:/opt/rustwide/workdir:ro,Z" "-v" "/var/lib/crater-agent-workspace/cargo-home:/opt/rustwide/cargo-home:ro,Z" "-v" "/var/lib/crater-agent-workspace/rustup-home:/opt/rustwide/rustup-home:ro,Z" "-e" "SOURCE_DIR=/opt/rustwide/workdir" "-e" "CARGO_TARGET_DIR=/opt/rustwide/target" "-e" "CARGO_INCREMENTAL=0" "-e" "RUST_BACKTRACE=full" "-e" "RUSTFLAGS=--cap-lints=forbid -Zrandomize-layout" "-e" "RUSTDOCFLAGS=--cap-lints=forbid" "-e" "CARGO_HOME=/opt/rustwide/cargo-home" "-e" "RUSTUP_HOME=/opt/rustwide/rustup-home" "-w" "/opt/rustwide/workdir" "-m" "1610612736" "--user" "0:0" "--network" "none" "ghcr.io/rust-lang/crates-build-env/linux@sha256:4a844ea9eb2546a2d2c7022eacef16ef2e8229c7fbb2c7d4d55a9ceca922f72d" "/opt/rustwide/cargo-home/bin/cargo" "+nightly-2024-10-28" "build" "--frozen" "--message-format=json", kill_on_drop: false }`
[INFO] [stdout] 60422364abfb7afd34e94a553ce67949a8c9f2dee84145476dec4d49b7a83757
[INFO] running `Command { std: "docker" "start" "-a" "60422364abfb7afd34e94a553ce67949a8c9f2dee84145476dec4d49b7a83757", kill_on_drop: false }`
[INFO] [stderr]    Compiling proc-macro2 v1.0.84
[INFO] [stderr]    Compiling unicode-ident v1.0.12
[INFO] [stderr]    Compiling libc v0.2.155
[INFO] [stderr]    Compiling autocfg v1.3.0
[INFO] [stderr]    Compiling typenum v1.17.0
[INFO] [stderr]    Compiling memchr v2.7.2
[INFO] [stderr]    Compiling generic-array v0.14.7
[INFO] [stderr]    Compiling once_cell v1.19.0
[INFO] [stderr]    Compiling serde v1.0.203
[INFO] [stderr]    Compiling futures-core v0.3.30
[INFO] [stderr]    Compiling subtle v2.5.0
[INFO] [stderr]    Compiling thiserror v1.0.61
[INFO] [stderr]    Compiling cc v1.0.98
[INFO] [stderr]    Compiling bytes v1.6.0
[INFO] [stderr]    Compiling num-traits v0.2.19
[INFO] [stderr]    Compiling slab v0.4.9
[INFO] [stderr]    Compiling quote v1.0.36
[INFO] [stderr]    Compiling syn v2.0.66
[INFO] [stderr]    Compiling getrandom v0.2.15
[INFO] [stderr]    Compiling socket2 v0.5.7
[INFO] [stderr]    Compiling mio v0.8.11
[INFO] [stderr]    Compiling ahash v0.8.11
[INFO] [stderr]    Compiling futures-io v0.3.30
[INFO] [stderr]    Compiling futures-task v0.3.30
[INFO] [stderr]    Compiling tinyvec v1.6.0
[INFO] [stderr]    Compiling lock_api v0.4.12
[INFO] [stderr]    Compiling zerocopy v0.7.34
[INFO] [stderr]    Compiling iana-time-zone v0.1.60
[INFO] [stderr]    Compiling serde_json v1.0.117
[INFO] [stderr]    Compiling ring v0.17.8
[INFO] [stderr]    Compiling block-buffer v0.10.4
[INFO] [stderr]    Compiling crypto-common v0.1.6
[INFO] [stderr]    Compiling allocator-api2 v0.2.18
[INFO] [stderr]    Compiling smallvec v1.13.2
[INFO] [stderr]    Compiling unicode-bidi v0.3.15
[INFO] [stderr]    Compiling crossbeam-utils v0.8.20
[INFO] [stderr]    Compiling minimal-lexical v0.2.1
[INFO] [stderr]    Compiling parking_lot_core v0.9.10
[INFO] [stderr]    Compiling unicode-normalization v0.1.23
[INFO] [stderr]    Compiling hashbrown v0.14.5
[INFO] [stderr]    Compiling nom v7.1.3
[INFO] [stderr]    Compiling digest v0.10.7
[INFO] [stderr]    Compiling tracing-core v0.1.32
[INFO] [stderr]    Compiling futures-sink v0.3.30
[INFO] [stderr]    Compiling paste v1.0.15
[INFO] [stderr]    Compiling cpufeatures v0.2.12
[INFO] [stderr]    Compiling log v0.4.21
[INFO] [stderr]    Compiling syn v1.0.109
[INFO] [stderr]    Compiling rustls v0.21.12
[INFO] [stderr]    Compiling idna v0.5.0
[INFO] [stderr]    Compiling parking_lot v0.12.3
[INFO] [stderr]    Compiling rand_core v0.6.4
[INFO] [stderr]    Compiling base64 v0.21.7
[INFO] [stderr]    Compiling crc-catalog v2.4.0
[INFO] [stderr]    Compiling unicode_categories v0.1.1
[INFO] [stderr]    Compiling ppv-lite86 v0.2.17
[INFO] [stderr]    Compiling indexmap v2.2.6
[INFO] [stderr]    Compiling rustls-pemfile v1.0.4
[INFO] [stderr]    Compiling crossbeam-queue v0.3.11
[INFO] [stderr]    Compiling crc v3.2.1
[INFO] [stderr]    Compiling url v2.5.0
[INFO] [stderr]    Compiling rand_chacha v0.3.1
[INFO] [stderr]    Compiling futures-intrusive v0.5.0
[INFO] [stderr]    Compiling hashlink v0.8.4
[INFO] [stderr]    Compiling futures-channel v0.3.30
[INFO] [stderr]    Compiling atoi v2.0.0
[INFO] [stderr]    Compiling signal-hook-registry v1.4.2
[INFO] [stderr]    Compiling event-listener v2.5.3
[INFO] [stderr]    Compiling hex v0.4.3
[INFO] [stderr]    Compiling webpki-roots v0.25.4
[INFO] [stderr]    Compiling byteorder v1.5.0
[INFO] [stderr]    Compiling tokio v1.37.0
[INFO] [stderr]    Compiling unicode-properties v0.1.1
[INFO] [stderr]    Compiling bitflags v2.5.0
[INFO] [stderr]    Compiling rustix v0.38.34
[INFO] [stderr]    Compiling futures-util v0.3.30
[INFO] [stderr]    Compiling stringprep v0.1.5
[INFO] [stderr]    Compiling sha2 v0.10.8
[INFO] [stderr]    Compiling hmac v0.12.1
[INFO] [stderr]    Compiling chrono v0.4.38
[INFO] [stderr]    Compiling linux-raw-sys v0.4.14
[INFO] [stderr]    Compiling home v0.5.9
[INFO] [stderr]    Compiling whoami v1.5.1
[INFO] [stderr]    Compiling dotenvy v0.15.7
[INFO] [stderr]    Compiling sct v0.7.1
[INFO] [stderr]    Compiling rustls-webpki v0.101.7
[INFO] [stderr]    Compiling serde_derive v1.0.203
[INFO] [stderr]    Compiling thiserror-impl v1.0.61
[INFO] [stderr]    Compiling tracing-attributes v0.1.27
[INFO] [stderr]    Compiling futures-macro v0.3.30
[INFO] [stderr]    Compiling tokio-macros v2.2.0
[INFO] [stderr]    Compiling hkdf v0.12.4
[INFO] [stderr]    Compiling rand v0.8.5
[INFO] [stderr]    Compiling tokio-stream v0.1.15
[INFO] [stderr]    Compiling tracing v0.1.40
[INFO] [stderr]    Compiling md-5 v0.10.6
[INFO] [stderr]    Compiling unicode-segmentation v1.11.0
[INFO] [stderr]    Compiling fastrand v2.1.0
[INFO] [stderr]    Compiling proc-macro-error-attr v1.0.4
[INFO] [stderr]    Compiling tempfile v3.10.1
[INFO] [stderr]    Compiling heck v0.4.1
[INFO] [stderr]    Compiling proc-macro-error v1.0.4
[INFO] [stderr]    Compiling getset v0.1.2
[INFO] [stderr]    Compiling ucd-trie v0.1.6
[INFO] [stderr]    Compiling fnv v1.0.7
[INFO] [stderr]    Compiling strsim v0.11.1
[INFO] [stderr]    Compiling darling_core v0.20.9
[INFO] [stderr]    Compiling pest v2.7.10
[INFO] [stderr]    Compiling graphile_worker_extensions v0.1.3
[INFO] [stderr]    Compiling indoc v2.0.5
[INFO] [stderr]    Compiling num_cpus v1.16.0
[INFO] [stderr]    Compiling futures-executor v0.3.30
[INFO] [stderr]    Compiling futures v0.3.30
[INFO] [stderr]    Compiling pest_meta v2.7.10
[INFO] [stderr]    Compiling darling_macro v0.20.9
[INFO] [stderr]    Compiling pest_generator v2.7.10
[INFO] [stderr]    Compiling graphile_worker_shutdown_signal v0.3.2
[INFO] [stderr]    Compiling tokio-util v0.7.11
[INFO] [stderr]    Compiling darling v0.20.9
[INFO] [stderr]    Compiling derive_builder_core v0.20.0
[INFO] [stderr]    Compiling either v1.12.0
[INFO] [stderr]    Compiling pest_derive v2.7.10
[INFO] [stderr]    Compiling derive_builder_macro v0.20.0
[INFO] [stderr]    Compiling serde_qs v0.13.0
[INFO] [stderr]    Compiling itertools v0.12.1
[INFO] [stderr]    Compiling json5 v0.4.1
[INFO] [stderr]    Compiling derive_builder v0.20.0
[INFO] [stderr]    Compiling graphile_worker_crontab_types v0.5.4
[INFO] [stderr]    Compiling graphile_worker_crontab_parser v0.5.5
[INFO] [stderr]    Compiling sqlformat v0.2.3
[INFO] [stderr]    Compiling sqlx-core v0.7.4
[INFO] [stderr]    Compiling sqlx-postgres v0.7.4
[INFO] [stderr]    Compiling sqlx-macros-core v0.7.4
[INFO] [stderr]    Compiling sqlx-macros v0.7.4
[INFO] [stderr]    Compiling sqlx v0.7.4
[INFO] [stderr]    Compiling graphile_worker_job v0.1.2
[INFO] [stderr]    Compiling graphile_worker_crontab_runner v0.5.6
[INFO] [stderr]    Compiling graphile_worker_migrations v0.4.4
[INFO] [stderr]    Compiling graphile_worker_ctx v0.2.1
[INFO] [stderr]    Compiling graphile_worker_task_handler v0.5.0
[INFO] [stderr]    Compiling graphile_worker v0.8.0 (/opt/rustwide/workdir)
[INFO] [stderr]     Finished `dev` profile [unoptimized + debuginfo] target(s) in 23.79s
[INFO] running `Command { std: "docker" "inspect" "60422364abfb7afd34e94a553ce67949a8c9f2dee84145476dec4d49b7a83757", kill_on_drop: false }`
[INFO] running `Command { std: "docker" "rm" "-f" "60422364abfb7afd34e94a553ce67949a8c9f2dee84145476dec4d49b7a83757", kill_on_drop: false }`
[INFO] [stdout] 60422364abfb7afd34e94a553ce67949a8c9f2dee84145476dec4d49b7a83757
[INFO] running `Command { std: "docker" "create" "-v" "/var/lib/crater-agent-workspace/builds/worker-3-tc2/target:/opt/rustwide/target:rw,Z" "-v" "/var/lib/crater-agent-workspace/builds/worker-3-tc2/source:/opt/rustwide/workdir:ro,Z" "-v" "/var/lib/crater-agent-workspace/cargo-home:/opt/rustwide/cargo-home:ro,Z" "-v" "/var/lib/crater-agent-workspace/rustup-home:/opt/rustwide/rustup-home:ro,Z" "-e" "SOURCE_DIR=/opt/rustwide/workdir" "-e" "CARGO_TARGET_DIR=/opt/rustwide/target" "-e" "CARGO_INCREMENTAL=0" "-e" "RUST_BACKTRACE=full" "-e" "RUSTFLAGS=--cap-lints=forbid -Zrandomize-layout" "-e" "RUSTDOCFLAGS=--cap-lints=forbid" "-e" "CARGO_HOME=/opt/rustwide/cargo-home" "-e" "RUSTUP_HOME=/opt/rustwide/rustup-home" "-w" "/opt/rustwide/workdir" "-m" "1610612736" "--user" "0:0" "--network" "none" "ghcr.io/rust-lang/crates-build-env/linux@sha256:4a844ea9eb2546a2d2c7022eacef16ef2e8229c7fbb2c7d4d55a9ceca922f72d" "/opt/rustwide/cargo-home/bin/cargo" "+nightly-2024-10-28" "test" "--frozen" "--no-run" "--message-format=json", kill_on_drop: false }`
[INFO] [stdout] 727d0876ef71ddc268a09445d45622a7d91df6e8d5e5554d302271a0e7e0569a
[INFO] running `Command { std: "docker" "start" "-a" "727d0876ef71ddc268a09445d45622a7d91df6e8d5e5554d302271a0e7e0569a", kill_on_drop: false }`
[INFO] [stderr]    Compiling tracing-core v0.1.32
[INFO] [stderr]    Compiling log v0.4.21
[INFO] [stderr]    Compiling tokio v1.37.0
[INFO] [stderr]    Compiling regex-syntax v0.6.29
[INFO] [stderr]    Compiling regex-syntax v0.8.3
[INFO] [stderr]    Compiling overload v0.1.1
[INFO] [stderr]    Compiling sharded-slab v0.1.7
[INFO] [stderr]    Compiling nu-ansi-term v0.46.0
[INFO] [stderr]    Compiling thread_local v1.1.8
[INFO] [stderr]    Compiling tracing v0.1.40
[INFO] [stderr]    Compiling tracing-log v0.2.0
[INFO] [stderr]    Compiling sqlx-core v0.7.4
[INFO] [stderr]    Compiling atomic v0.5.3
[INFO] [stderr]    Compiling uuid v1.8.0
[INFO] [stderr]    Compiling regex-automata v0.4.6
[INFO] [stderr]    Compiling regex-automata v0.1.10
[INFO] [stderr]    Compiling matchers v0.1.0
[INFO] [stderr]    Compiling regex v1.10.4
[INFO] [stderr]    Compiling sqlx-postgres v0.7.4
[INFO] [stderr]    Compiling tracing-subscriber v0.3.18
[INFO] [stderr]    Compiling tokio-stream v0.1.15
[INFO] [stderr]    Compiling graphile_worker_shutdown_signal v0.3.2
[INFO] [stderr]    Compiling tokio-util v0.7.11
[INFO] [stderr]    Compiling sqlx-macros-core v0.7.4
[INFO] [stderr]    Compiling sqlx-macros v0.7.4
[INFO] [stderr]    Compiling sqlx v0.7.4
[INFO] [stderr]    Compiling graphile_worker_job v0.1.2
[INFO] [stderr]    Compiling graphile_worker_migrations v0.4.4
[INFO] [stderr]    Compiling graphile_worker_crontab_runner v0.5.6
[INFO] [stderr]    Compiling graphile_worker_ctx v0.2.1
[INFO] [stderr]    Compiling graphile_worker_task_handler v0.5.0
[INFO] [stderr]    Compiling graphile_worker v0.8.0 (/opt/rustwide/workdir)
[INFO] [stdout] warning: impl trait in impl method signature does not match trait method signature
[INFO] [stdout]   --> examples/run_once.rs:30:5
[INFO] [stdout]    |
[INFO] [stdout] 30 |     async fn run(self, _ctx: WorkerContext) -> Result<(), ()> {
[INFO] [stdout]    |     ^^^^^^^^^^^^^^^^^^^^^^^^^^^^^^^^^^^^^^^^^^^^^^^^^^^^^^^^^
[INFO] [stdout]    |
[INFO] [stdout]    = note: add `#[allow(refining_impl_trait)]` if it is intended for this to be part of the public API of this crate
[INFO] [stdout]    = note: we are soliciting feedback, see issue #121718 <https://github.com/rust-lang/rust/issues/121718> for more information
[INFO] [stdout]    = note: `#[warn(refining_impl_trait_internal)]` on by default
[INFO] [stdout] help: replace the return type so that it matches the trait
[INFO] [stdout]    |
[INFO] [stdout] 30 |     impl Future<Output = impl IntoTaskHandlerResult> + Send + 'static {
[INFO] [stdout]    |     ~~~~~~~~~~~~~~~~~~~~~~~~~~~~~~~~~~~~~~~~~~~~~~~~~~~~~~~~~~~~~~~~~
[INFO] [stdout] 
[INFO] [stdout] 
[INFO] [stdout] warning: impl trait in impl method signature does not match trait method signature
[INFO] [stdout]   --> examples/app_state.rs:37:5
[INFO] [stdout]    |
[INFO] [stdout] 37 |     async fn run(self, ctx: WorkerContext) {
[INFO] [stdout]    |     ^^^^^^^^^^^^^^^^^^^^^^^^^^^^^^^^^^^^^^
[INFO] [stdout]    |
[INFO] [stdout]    = note: add `#[allow(refining_impl_trait)]` if it is intended for this to be part of the public API of this crate
[INFO] [stdout]    = note: we are soliciting feedback, see issue #121718 <https://github.com/rust-lang/rust/issues/121718> for more information
[INFO] [stdout]    = note: `#[warn(refining_impl_trait_internal)]` on by default
[INFO] [stdout] help: replace the return type so that it matches the trait
[INFO] [stdout]    |
[INFO] [stdout] 37 |     impl Future<Output = impl IntoTaskHandlerResult> + Send + 'static {
[INFO] [stdout]    |     ~~~~~~~~~~~~~~~~~~~~~~~~~~~~~~~~~~~~~~~~~~~~~~~~~~~~~~~~~~~~~~~~~
[INFO] [stdout] 
[INFO] [stdout] 
[INFO] [stdout] warning: impl trait in impl method signature does not match trait method signature
[INFO] [stdout]   --> tests/worker_utils_add_job.rs:21:13
[INFO] [stdout]    |
[INFO] [stdout] 21 |             async fn run(self, _ctx: WorkerContext) -> Result<(), ()> {
[INFO] [stdout]    |             ^^^^^^^^^^^^^^^^^^^^^^^^^^^^^^^^^^^^^^^^^^^^^^^^^^^^^^^^^
[INFO] [stdout]    |
[INFO] [stdout]    = note: add `#[allow(refining_impl_trait)]` if it is intended for this to be part of the public API of this crate
[INFO] [stdout]    = note: we are soliciting feedback, see issue #121718 <https://github.com/rust-lang/rust/issues/121718> for more information
[INFO] [stdout]    = note: `#[warn(refining_impl_trait_internal)]` on by default
[INFO] [stdout] help: replace the return type so that it matches the trait
[INFO] [stdout]    |
[INFO] [stdout] 21 |             impl std::future::Future<Output = impl IntoTaskHandlerResult> + Send + 'static {
[INFO] [stdout]    |             ~~~~~~~~~~~~~~~~~~~~~~~~~~~~~~~~~~~~~~~~~~~~~~~~~~~~~~~~~~~~~~~~~~~~~~~~~~~~~~
[INFO] [stdout] 
[INFO] [stdout] 
[INFO] [stdout] warning: impl trait in impl method signature does not match trait method signature
[INFO] [stdout]   --> tests/run.rs:25:9
[INFO] [stdout]    |
[INFO] [stdout] 25 |         async fn run(self, _ctx: WorkerContext) -> Result<(), ()> {
[INFO] [stdout]    |         ^^^^^^^^^^^^^^^^^^^^^^^^^^^^^^^^^^^^^^^^^^^^^^^^^^^^^^^^^
[INFO] [stdout]    |
[INFO] [stdout]    = note: add `#[allow(refining_impl_trait)]` if it is intended for this to be part of the public API of this crate
[INFO] [stdout]    = note: we are soliciting feedback, see issue #121718 <https://github.com/rust-lang/rust/issues/121718> for more information
[INFO] [stdout]    = note: `#[warn(refining_impl_trait_internal)]` on by default
[INFO] [stdout] help: replace the return type so that it matches the trait
[INFO] [stdout]    |
[INFO] [stdout] 25 |         impl std::future::Future<Output = impl IntoTaskHandlerResult> + Send + 'static {
[INFO] [stdout]    |         ~~~~~~~~~~~~~~~~~~~~~~~~~~~~~~~~~~~~~~~~~~~~~~~~~~~~~~~~~~~~~~~~~~~~~~~~~~~~~~
[INFO] [stdout] 
[INFO] [stdout] 
[INFO] [stdout] warning: impl trait in impl method signature does not match trait method signature
[INFO] [stdout]   --> tests/worker_utils_add_job.rs:79:13
[INFO] [stdout]    |
[INFO] [stdout] 79 |             async fn run(self, _ctx: WorkerContext) -> Result<(), ()> {
[INFO] [stdout]    |             ^^^^^^^^^^^^^^^^^^^^^^^^^^^^^^^^^^^^^^^^^^^^^^^^^^^^^^^^^
[INFO] [stdout]    |
[INFO] [stdout]    = note: add `#[allow(refining_impl_trait)]` if it is intended for this to be part of the public API of this crate
[INFO] [stdout]    = note: we are soliciting feedback, see issue #121718 <https://github.com/rust-lang/rust/issues/121718> for more information
[INFO] [stdout] help: replace the return type so that it matches the trait
[INFO] [stdout]    |
[INFO] [stdout] 79 |             impl std::future::Future<Output = impl IntoTaskHandlerResult> + Send + 'static {
[INFO] [stdout]    |             ~~~~~~~~~~~~~~~~~~~~~~~~~~~~~~~~~~~~~~~~~~~~~~~~~~~~~~~~~~~~~~~~~~~~~~~~~~~~~~
[INFO] [stdout] 
[INFO] [stdout] 
[INFO] [stdout] warning: impl trait in impl method signature does not match trait method signature
[INFO] [stdout]    --> tests/worker_utils_add_job.rs:158:13
[INFO] [stdout]     |
[INFO] [stdout] 158 |             async fn run(self, _ctx: WorkerContext) -> Result<(), ()> {
[INFO] [stdout]     |             ^^^^^^^^^^^^^^^^^^^^^^^^^^^^^^^^^^^^^^^^^^^^^^^^^^^^^^^^^
[INFO] [stdout]     |
[INFO] [stdout]     = note: add `#[allow(refining_impl_trait)]` if it is intended for this to be part of the public API of this crate
[INFO] [stdout]     = note: we are soliciting feedback, see issue #121718 <https://github.com/rust-lang/rust/issues/121718> for more information
[INFO] [stdout] help: replace the return type so that it matches the trait
[INFO] [stdout]     |
[INFO] [stdout] 158 |             impl std::future::Future<Output = impl IntoTaskHandlerResult> + Send + 'static {
[INFO] [stdout]     |             ~~~~~~~~~~~~~~~~~~~~~~~~~~~~~~~~~~~~~~~~~~~~~~~~~~~~~~~~~~~~~~~~~~~~~~~~~~~~~~
[INFO] [stdout] 
[INFO] [stdout] 
[INFO] [stdout] warning: impl trait in impl method signature does not match trait method signature
[INFO] [stdout]   --> examples/crontab.rs:29:5
[INFO] [stdout]    |
[INFO] [stdout] 29 |     async fn run(self, _ctx: WorkerContext) -> Result<(), ()> {
[INFO] [stdout]    |     ^^^^^^^^^^^^^^^^^^^^^^^^^^^^^^^^^^^^^^^^^^^^^^^^^^^^^^^^^
[INFO] [stdout]    |
[INFO] [stdout]    = note: add `#[allow(refining_impl_trait)]` if it is intended for this to be part of the public API of this crate
[INFO] [stdout]    = note: we are soliciting feedback, see issue #121718 <https://github.com/rust-lang/rust/issues/121718> for more information
[INFO] [stdout]    = note: `#[warn(refining_impl_trait_internal)]` on by default
[INFO] [stdout] help: replace the return type so that it matches the trait
[INFO] [stdout]    |
[INFO] [stdout] 29 |     impl Future<Output = impl IntoTaskHandlerResult> + Send + 'static {
[INFO] [stdout]    |     ~~~~~~~~~~~~~~~~~~~~~~~~~~~~~~~~~~~~~~~~~~~~~~~~~~~~~~~~~~~~~~~~~
[INFO] [stdout] 
[INFO] [stdout] 
[INFO] [stdout] warning: impl trait in impl method signature does not match trait method signature
[INFO] [stdout]   --> examples/simple.rs:32:5
[INFO] [stdout]    |
[INFO] [stdout] 32 |     async fn run(self, _ctx: WorkerContext) -> Result<(), String> {
[INFO] [stdout]    |     ^^^^^^^^^^^^^^^^^^^^^^^^^^^^^^^^^^^^^^^^^^^^^^^^^^^^^^^^^^^^^
[INFO] [stdout]    |
[INFO] [stdout]    = note: add `#[allow(refining_impl_trait)]` if it is intended for this to be part of the public API of this crate
[INFO] [stdout]    = note: we are soliciting feedback, see issue #121718 <https://github.com/rust-lang/rust/issues/121718> for more information
[INFO] [stdout]    = note: `#[warn(refining_impl_trait_internal)]` on by default
[INFO] [stdout] help: replace the return type so that it matches the trait
[INFO] [stdout]    |
[INFO] [stdout] 32 |     impl Future<Output = impl IntoTaskHandlerResult> + Send + 'static {
[INFO] [stdout]    |     ~~~~~~~~~~~~~~~~~~~~~~~~~~~~~~~~~~~~~~~~~~~~~~~~~~~~~~~~~~~~~~~~~
[INFO] [stdout] 
[INFO] [stdout] 
[INFO] [stdout] warning: impl trait in impl method signature does not match trait method signature
[INFO] [stdout]   --> examples/crontab.rs:45:5
[INFO] [stdout]    |
[INFO] [stdout] 45 |     async fn run(self, _ctx: WorkerContext) -> Result<(), ()> {
[INFO] [stdout]    |     ^^^^^^^^^^^^^^^^^^^^^^^^^^^^^^^^^^^^^^^^^^^^^^^^^^^^^^^^^
[INFO] [stdout]    |
[INFO] [stdout]    = note: add `#[allow(refining_impl_trait)]` if it is intended for this to be part of the public API of this crate
[INFO] [stdout]    = note: we are soliciting feedback, see issue #121718 <https://github.com/rust-lang/rust/issues/121718> for more information
[INFO] [stdout] help: replace the return type so that it matches the trait
[INFO] [stdout]    |
[INFO] [stdout] 45 |     impl Future<Output = impl IntoTaskHandlerResult> + Send + 'static {
[INFO] [stdout]    |     ~~~~~~~~~~~~~~~~~~~~~~~~~~~~~~~~~~~~~~~~~~~~~~~~~~~~~~~~~~~~~~~~~
[INFO] [stdout] 
[INFO] [stdout] 
[INFO] [stdout] warning: impl trait in impl method signature does not match trait method signature
[INFO] [stdout]   --> tests/cron.rs:25:9
[INFO] [stdout]    |
[INFO] [stdout] 25 |         async fn run(self, _ctx: WorkerContext) -> Result<(), impl Debug> {
[INFO] [stdout]    |         ^^^^^^^^^^^^^^^^^^^^^^^^^^^^^^^^^^^^^^^^^^^^^^^^^^^^^^^^^^^^^^^^^
[INFO] [stdout]    |
[INFO] [stdout]    = note: add `#[allow(refining_impl_trait)]` if it is intended for this to be part of the public API of this crate
[INFO] [stdout]    = note: we are soliciting feedback, see issue #121718 <https://github.com/rust-lang/rust/issues/121718> for more information
[INFO] [stdout]    = note: `#[warn(refining_impl_trait_internal)]` on by default
[INFO] [stdout] help: replace the return type so that it matches the trait
[INFO] [stdout]    |
[INFO] [stdout] 25 |         impl std::future::Future<Output = impl IntoTaskHandlerResult> + Send + 'static {
[INFO] [stdout]    |         ~~~~~~~~~~~~~~~~~~~~~~~~~~~~~~~~~~~~~~~~~~~~~~~~~~~~~~~~~~~~~~~~~~~~~~~~~~~~~~
[INFO] [stdout] 
[INFO] [stdout] 
[INFO] [stdout] warning: impl trait in impl method signature does not match trait method signature
[INFO] [stdout]   --> tests/run_once.rs:29:9
[INFO] [stdout]    |
[INFO] [stdout] 29 |         async fn run(self, _ctx: WorkerContext) -> Result<(), ()> {
[INFO] [stdout]    |         ^^^^^^^^^^^^^^^^^^^^^^^^^^^^^^^^^^^^^^^^^^^^^^^^^^^^^^^^^
[INFO] [stdout]    |
[INFO] [stdout]    = note: add `#[allow(refining_impl_trait)]` if it is intended for this to be part of the public API of this crate
[INFO] [stdout]    = note: we are soliciting feedback, see issue #121718 <https://github.com/rust-lang/rust/issues/121718> for more information
[INFO] [stdout]    = note: `#[warn(refining_impl_trait_internal)]` on by default
[INFO] [stdout] help: replace the return type so that it matches the trait
[INFO] [stdout]    |
[INFO] [stdout] 29 |         impl std::future::Future<Output = impl IntoTaskHandlerResult> + Send + 'static {
[INFO] [stdout]    |         ~~~~~~~~~~~~~~~~~~~~~~~~~~~~~~~~~~~~~~~~~~~~~~~~~~~~~~~~~~~~~~~~~~~~~~~~~~~~~~
[INFO] [stdout] 
[INFO] [stdout] 
[INFO] [stdout] warning: impl trait in impl method signature does not match trait method signature
[INFO] [stdout]   --> tests/run_once.rs:43:9
[INFO] [stdout]    |
[INFO] [stdout] 43 |         async fn run(self, _ctx: WorkerContext) -> Result<(), ()> {
[INFO] [stdout]    |         ^^^^^^^^^^^^^^^^^^^^^^^^^^^^^^^^^^^^^^^^^^^^^^^^^^^^^^^^^
[INFO] [stdout]    |
[INFO] [stdout]    = note: add `#[allow(refining_impl_trait)]` if it is intended for this to be part of the public API of this crate
[INFO] [stdout]    = note: we are soliciting feedback, see issue #121718 <https://github.com/rust-lang/rust/issues/121718> for more information
[INFO] [stdout] help: replace the return type so that it matches the trait
[INFO] [stdout]    |
[INFO] [stdout] 43 |         impl std::future::Future<Output = impl IntoTaskHandlerResult> + Send + 'static {
[INFO] [stdout]    |         ~~~~~~~~~~~~~~~~~~~~~~~~~~~~~~~~~~~~~~~~~~~~~~~~~~~~~~~~~~~~~~~~~~~~~~~~~~~~~~
[INFO] [stdout] 
[INFO] [stdout] 
[INFO] [stdout] warning: impl trait in impl method signature does not match trait method signature
[INFO] [stdout]    --> tests/run_once.rs:109:9
[INFO] [stdout]     |
[INFO] [stdout] 109 |         async fn run(self, _ctx: WorkerContext) -> Result<(), String> {
[INFO] [stdout]     |         ^^^^^^^^^^^^^^^^^^^^^^^^^^^^^^^^^^^^^^^^^^^^^^^^^^^^^^^^^^^^^
[INFO] [stdout]     |
[INFO] [stdout]     = note: add `#[allow(refining_impl_trait)]` if it is intended for this to be part of the public API of this crate
[INFO] [stdout]     = note: we are soliciting feedback, see issue #121718 <https://github.com/rust-lang/rust/issues/121718> for more information
[INFO] [stdout] help: replace the return type so that it matches the trait
[INFO] [stdout]     |
[INFO] [stdout] 109 |         impl std::future::Future<Output = impl IntoTaskHandlerResult> + Send + 'static {
[INFO] [stdout]     |         ~~~~~~~~~~~~~~~~~~~~~~~~~~~~~~~~~~~~~~~~~~~~~~~~~~~~~~~~~~~~~~~~~~~~~~~~~~~~~~
[INFO] [stdout] 
[INFO] [stdout] 
[INFO] [stdout] warning: impl trait in impl method signature does not match trait method signature
[INFO] [stdout]    --> tests/run_once.rs:200:9
[INFO] [stdout]     |
[INFO] [stdout] 200 |         async fn run(self, _ctx: WorkerContext) -> Result<(), String> {
[INFO] [stdout]     |         ^^^^^^^^^^^^^^^^^^^^^^^^^^^^^^^^^^^^^^^^^^^^^^^^^^^^^^^^^^^^^
[INFO] [stdout]     |
[INFO] [stdout]     = note: add `#[allow(refining_impl_trait)]` if it is intended for this to be part of the public API of this crate
[INFO] [stdout]     = note: we are soliciting feedback, see issue #121718 <https://github.com/rust-lang/rust/issues/121718> for more information
[INFO] [stdout] help: replace the return type so that it matches the trait
[INFO] [stdout]     |
[INFO] [stdout] 200 |         impl std::future::Future<Output = impl IntoTaskHandlerResult> + Send + 'static {
[INFO] [stdout]     |         ~~~~~~~~~~~~~~~~~~~~~~~~~~~~~~~~~~~~~~~~~~~~~~~~~~~~~~~~~~~~~~~~~~~~~~~~~~~~~~
[INFO] [stdout] 
[INFO] [stdout] 
[INFO] [stdout] warning: impl trait in impl method signature does not match trait method signature
[INFO] [stdout]    --> tests/run_once.rs:284:9
[INFO] [stdout]     |
[INFO] [stdout] 284 |         async fn run(self, _ctx: WorkerContext) -> Result<(), ()> {
[INFO] [stdout]     |         ^^^^^^^^^^^^^^^^^^^^^^^^^^^^^^^^^^^^^^^^^^^^^^^^^^^^^^^^^
[INFO] [stdout]     |
[INFO] [stdout]     = note: add `#[allow(refining_impl_trait)]` if it is intended for this to be part of the public API of this crate
[INFO] [stdout]     = note: we are soliciting feedback, see issue #121718 <https://github.com/rust-lang/rust/issues/121718> for more information
[INFO] [stdout] help: replace the return type so that it matches the trait
[INFO] [stdout]     |
[INFO] [stdout] 284 |         impl std::future::Future<Output = impl IntoTaskHandlerResult> + Send + 'static {
[INFO] [stdout]     |         ~~~~~~~~~~~~~~~~~~~~~~~~~~~~~~~~~~~~~~~~~~~~~~~~~~~~~~~~~~~~~~~~~~~~~~~~~~~~~~
[INFO] [stdout] 
[INFO] [stdout] 
[INFO] [stdout] warning: impl trait in impl method signature does not match trait method signature
[INFO] [stdout]    --> tests/run_once.rs:350:9
[INFO] [stdout]     |
[INFO] [stdout] 350 |         async fn run(self, _ctx: WorkerContext) -> Result<(), ()> {
[INFO] [stdout]     |         ^^^^^^^^^^^^^^^^^^^^^^^^^^^^^^^^^^^^^^^^^^^^^^^^^^^^^^^^^
[INFO] [stdout]     |
[INFO] [stdout]     = note: add `#[allow(refining_impl_trait)]` if it is intended for this to be part of the public API of this crate
[INFO] [stdout]     = note: we are soliciting feedback, see issue #121718 <https://github.com/rust-lang/rust/issues/121718> for more information
[INFO] [stdout] help: replace the return type so that it matches the trait
[INFO] [stdout]     |
[INFO] [stdout] 350 |         impl std::future::Future<Output = impl IntoTaskHandlerResult> + Send + 'static {
[INFO] [stdout]     |         ~~~~~~~~~~~~~~~~~~~~~~~~~~~~~~~~~~~~~~~~~~~~~~~~~~~~~~~~~~~~~~~~~~~~~~~~~~~~~~
[INFO] [stdout] 
[INFO] [stdout] 
[INFO] [stdout] warning: impl trait in impl method signature does not match trait method signature
[INFO] [stdout]    --> tests/run_once.rs:435:9
[INFO] [stdout]     |
[INFO] [stdout] 435 |         async fn run(self, _ctx: WorkerContext) -> Result<(), ()> {
[INFO] [stdout]     |         ^^^^^^^^^^^^^^^^^^^^^^^^^^^^^^^^^^^^^^^^^^^^^^^^^^^^^^^^^
[INFO] [stdout]     |
[INFO] [stdout]     = note: add `#[allow(refining_impl_trait)]` if it is intended for this to be part of the public API of this crate
[INFO] [stdout]     = note: we are soliciting feedback, see issue #121718 <https://github.com/rust-lang/rust/issues/121718> for more information
[INFO] [stdout] help: replace the return type so that it matches the trait
[INFO] [stdout]     |
[INFO] [stdout] 435 |         impl std::future::Future<Output = impl IntoTaskHandlerResult> + Send + 'static {
[INFO] [stdout]     |         ~~~~~~~~~~~~~~~~~~~~~~~~~~~~~~~~~~~~~~~~~~~~~~~~~~~~~~~~~~~~~~~~~~~~~~~~~~~~~~
[INFO] [stdout] 
[INFO] [stdout] 
[INFO] [stdout] warning: impl trait in impl method signature does not match trait method signature
[INFO] [stdout]    --> tests/run_once.rs:505:9
[INFO] [stdout]     |
[INFO] [stdout] 505 |         async fn run(self, _ctx: WorkerContext) -> Result<(), ()> {
[INFO] [stdout]     |         ^^^^^^^^^^^^^^^^^^^^^^^^^^^^^^^^^^^^^^^^^^^^^^^^^^^^^^^^^
[INFO] [stdout]     |
[INFO] [stdout]     = note: add `#[allow(refining_impl_trait)]` if it is intended for this to be part of the public API of this crate
[INFO] [stdout]     = note: we are soliciting feedback, see issue #121718 <https://github.com/rust-lang/rust/issues/121718> for more information
[INFO] [stdout] help: replace the return type so that it matches the trait
[INFO] [stdout]     |
[INFO] [stdout] 505 |         impl std::future::Future<Output = impl IntoTaskHandlerResult> + Send + 'static {
[INFO] [stdout]     |         ~~~~~~~~~~~~~~~~~~~~~~~~~~~~~~~~~~~~~~~~~~~~~~~~~~~~~~~~~~~~~~~~~~~~~~~~~~~~~~
[INFO] [stdout] 
[INFO] [stdout] 
[INFO] [stdout] warning: impl trait in impl method signature does not match trait method signature
[INFO] [stdout]    --> tests/run_once.rs:626:9
[INFO] [stdout]     |
[INFO] [stdout] 626 |         async fn run(self, _ctx: WorkerContext) -> Result<(), String> {
[INFO] [stdout]     |         ^^^^^^^^^^^^^^^^^^^^^^^^^^^^^^^^^^^^^^^^^^^^^^^^^^^^^^^^^^^^^
[INFO] [stdout]     |
[INFO] [stdout]     = note: add `#[allow(refining_impl_trait)]` if it is intended for this to be part of the public API of this crate
[INFO] [stdout]     = note: we are soliciting feedback, see issue #121718 <https://github.com/rust-lang/rust/issues/121718> for more information
[INFO] [stdout] help: replace the return type so that it matches the trait
[INFO] [stdout]     |
[INFO] [stdout] 626 |         impl std::future::Future<Output = impl IntoTaskHandlerResult> + Send + 'static {
[INFO] [stdout]     |         ~~~~~~~~~~~~~~~~~~~~~~~~~~~~~~~~~~~~~~~~~~~~~~~~~~~~~~~~~~~~~~~~~~~~~~~~~~~~~~
[INFO] [stdout] 
[INFO] [stdout] 
[INFO] [stdout] warning: impl trait in impl method signature does not match trait method signature
[INFO] [stdout]    --> tests/run_once.rs:741:9
[INFO] [stdout]     |
[INFO] [stdout] 741 |         async fn run(self, _ctx: WorkerContext) -> Result<(), ()> {
[INFO] [stdout]     |         ^^^^^^^^^^^^^^^^^^^^^^^^^^^^^^^^^^^^^^^^^^^^^^^^^^^^^^^^^
[INFO] [stdout]     |
[INFO] [stdout]     = note: add `#[allow(refining_impl_trait)]` if it is intended for this to be part of the public API of this crate
[INFO] [stdout]     = note: we are soliciting feedback, see issue #121718 <https://github.com/rust-lang/rust/issues/121718> for more information
[INFO] [stdout] help: replace the return type so that it matches the trait
[INFO] [stdout]     |
[INFO] [stdout] 741 |         impl std::future::Future<Output = impl IntoTaskHandlerResult> + Send + 'static {
[INFO] [stdout]     |         ~~~~~~~~~~~~~~~~~~~~~~~~~~~~~~~~~~~~~~~~~~~~~~~~~~~~~~~~~~~~~~~~~~~~~~~~~~~~~~
[INFO] [stdout] 
[INFO] [stdout] 
[INFO] [stdout] warning: impl trait in impl method signature does not match trait method signature
[INFO] [stdout]    --> tests/run_once.rs:858:9
[INFO] [stdout]     |
[INFO] [stdout] 858 |         async fn run(self, _ctx: WorkerContext) -> Result<(), ()> {
[INFO] [stdout]     |         ^^^^^^^^^^^^^^^^^^^^^^^^^^^^^^^^^^^^^^^^^^^^^^^^^^^^^^^^^
[INFO] [stdout]     |
[INFO] [stdout]     = note: add `#[allow(refining_impl_trait)]` if it is intended for this to be part of the public API of this crate
[INFO] [stdout]     = note: we are soliciting feedback, see issue #121718 <https://github.com/rust-lang/rust/issues/121718> for more information
[INFO] [stdout] help: replace the return type so that it matches the trait
[INFO] [stdout]     |
[INFO] [stdout] 858 |         impl std::future::Future<Output = impl IntoTaskHandlerResult> + Send + 'static {
[INFO] [stdout]     |         ~~~~~~~~~~~~~~~~~~~~~~~~~~~~~~~~~~~~~~~~~~~~~~~~~~~~~~~~~~~~~~~~~~~~~~~~~~~~~~
[INFO] [stdout] 
[INFO] [stdout] 
[INFO] [stdout] warning: impl trait in impl method signature does not match trait method signature
[INFO] [stdout]    --> tests/run_once.rs:923:9
[INFO] [stdout]     |
[INFO] [stdout] 923 |         async fn run(self, _ctx: WorkerContext) -> Result<(), ()> {
[INFO] [stdout]     |         ^^^^^^^^^^^^^^^^^^^^^^^^^^^^^^^^^^^^^^^^^^^^^^^^^^^^^^^^^
[INFO] [stdout]     |
[INFO] [stdout]     = note: add `#[allow(refining_impl_trait)]` if it is intended for this to be part of the public API of this crate
[INFO] [stdout]     = note: we are soliciting feedback, see issue #121718 <https://github.com/rust-lang/rust/issues/121718> for more information
[INFO] [stdout] help: replace the return type so that it matches the trait
[INFO] [stdout]     |
[INFO] [stdout] 923 |         impl std::future::Future<Output = impl IntoTaskHandlerResult> + Send + 'static {
[INFO] [stdout]     |         ~~~~~~~~~~~~~~~~~~~~~~~~~~~~~~~~~~~~~~~~~~~~~~~~~~~~~~~~~~~~~~~~~~~~~~~~~~~~~~
[INFO] [stdout] 
[INFO] [stdout] 
[INFO] [stdout] warning: impl trait in impl method signature does not match trait method signature
[INFO] [stdout]     --> tests/run_once.rs:1024:9
[INFO] [stdout]      |
[INFO] [stdout] 1024 |         async fn run(self, _ctx: WorkerContext) -> Result<(), ()> {
[INFO] [stdout]      |         ^^^^^^^^^^^^^^^^^^^^^^^^^^^^^^^^^^^^^^^^^^^^^^^^^^^^^^^^^
[INFO] [stdout]      |
[INFO] [stdout]      = note: add `#[allow(refining_impl_trait)]` if it is intended for this to be part of the public API of this crate
[INFO] [stdout]      = note: we are soliciting feedback, see issue #121718 <https://github.com/rust-lang/rust/issues/121718> for more information
[INFO] [stdout] help: replace the return type so that it matches the trait
[INFO] [stdout]      |
[INFO] [stdout] 1024 |         impl std::future::Future<Output = impl IntoTaskHandlerResult> + Send + 'static {
[INFO] [stdout]      |         ~~~~~~~~~~~~~~~~~~~~~~~~~~~~~~~~~~~~~~~~~~~~~~~~~~~~~~~~~~~~~~~~~~~~~~~~~~~~~~
[INFO] [stdout] 
[INFO] [stdout] 
[INFO] [stdout] warning: impl trait in impl method signature does not match trait method signature
[INFO] [stdout]     --> tests/run_once.rs:1140:9
[INFO] [stdout]      |
[INFO] [stdout] 1140 |         async fn run(self, _ctx: WorkerContext) -> Result<(), ()> {
[INFO] [stdout]      |         ^^^^^^^^^^^^^^^^^^^^^^^^^^^^^^^^^^^^^^^^^^^^^^^^^^^^^^^^^
[INFO] [stdout]      |
[INFO] [stdout]      = note: add `#[allow(refining_impl_trait)]` if it is intended for this to be part of the public API of this crate
[INFO] [stdout]      = note: we are soliciting feedback, see issue #121718 <https://github.com/rust-lang/rust/issues/121718> for more information
[INFO] [stdout] help: replace the return type so that it matches the trait
[INFO] [stdout]      |
[INFO] [stdout] 1140 |         impl std::future::Future<Output = impl IntoTaskHandlerResult> + Send + 'static {
[INFO] [stdout]      |         ~~~~~~~~~~~~~~~~~~~~~~~~~~~~~~~~~~~~~~~~~~~~~~~~~~~~~~~~~~~~~~~~~~~~~~~~~~~~~~
[INFO] [stdout] 
[INFO] [stdout] 
[INFO] [stdout] warning: impl trait in impl method signature does not match trait method signature
[INFO] [stdout]     --> tests/run_once.rs:1259:9
[INFO] [stdout]      |
[INFO] [stdout] 1259 |         async fn run(self, _ctx: WorkerContext) -> Result<(), ()> {
[INFO] [stdout]      |         ^^^^^^^^^^^^^^^^^^^^^^^^^^^^^^^^^^^^^^^^^^^^^^^^^^^^^^^^^
[INFO] [stdout]      |
[INFO] [stdout]      = note: add `#[allow(refining_impl_trait)]` if it is intended for this to be part of the public API of this crate
[INFO] [stdout]      = note: we are soliciting feedback, see issue #121718 <https://github.com/rust-lang/rust/issues/121718> for more information
[INFO] [stdout] help: replace the return type so that it matches the trait
[INFO] [stdout]      |
[INFO] [stdout] 1259 |         impl std::future::Future<Output = impl IntoTaskHandlerResult> + Send + 'static {
[INFO] [stdout]      |         ~~~~~~~~~~~~~~~~~~~~~~~~~~~~~~~~~~~~~~~~~~~~~~~~~~~~~~~~~~~~~~~~~~~~~~~~~~~~~~
[INFO] [stdout] 
[INFO] [stdout] 
[INFO] [stdout] warning: impl trait in impl method signature does not match trait method signature
[INFO] [stdout]     --> tests/run_once.rs:1346:9
[INFO] [stdout]      |
[INFO] [stdout] 1346 |         async fn run(self, _ctx: WorkerContext) -> Result<(), ()> {
[INFO] [stdout]      |         ^^^^^^^^^^^^^^^^^^^^^^^^^^^^^^^^^^^^^^^^^^^^^^^^^^^^^^^^^
[INFO] [stdout]      |
[INFO] [stdout]      = note: add `#[allow(refining_impl_trait)]` if it is intended for this to be part of the public API of this crate
[INFO] [stdout]      = note: we are soliciting feedback, see issue #121718 <https://github.com/rust-lang/rust/issues/121718> for more information
[INFO] [stdout] help: replace the return type so that it matches the trait
[INFO] [stdout]      |
[INFO] [stdout] 1346 |         impl std::future::Future<Output = impl IntoTaskHandlerResult> + Send + 'static {
[INFO] [stdout]      |         ~~~~~~~~~~~~~~~~~~~~~~~~~~~~~~~~~~~~~~~~~~~~~~~~~~~~~~~~~~~~~~~~~~~~~~~~~~~~~~
[INFO] [stdout] 
[INFO] [stdout] 
[INFO] [stdout] warning: impl trait in impl method signature does not match trait method signature
[INFO] [stdout]   --> tests/forbidden_flags.rs:13:5
[INFO] [stdout]    |
[INFO] [stdout] 13 |     async fn run(self, _ctx: WorkerContext) -> Result<(), ()> {
[INFO] [stdout]    |     ^^^^^^^^^^^^^^^^^^^^^^^^^^^^^^^^^^^^^^^^^^^^^^^^^^^^^^^^^
[INFO] [stdout]    |
[INFO] [stdout]    = note: add `#[allow(refining_impl_trait)]` if it is intended for this to be part of the public API of this crate
[INFO] [stdout]    = note: we are soliciting feedback, see issue #121718 <https://github.com/rust-lang/rust/issues/121718> for more information
[INFO] [stdout]    = note: `#[warn(refining_impl_trait_internal)]` on by default
[INFO] [stdout] help: replace the return type so that it matches the trait
[INFO] [stdout]    |
[INFO] [stdout] 13 |     impl std::future::Future<Output = impl IntoTaskHandlerResult> + Send + 'static {
[INFO] [stdout]    |     ~~~~~~~~~~~~~~~~~~~~~~~~~~~~~~~~~~~~~~~~~~~~~~~~~~~~~~~~~~~~~~~~~~~~~~~~~~~~~~
[INFO] [stdout] 
[INFO] [stdout] 
[INFO] [stderr]     Finished `test` profile [unoptimized + debuginfo] target(s) in 19.63s
[INFO] running `Command { std: "docker" "inspect" "727d0876ef71ddc268a09445d45622a7d91df6e8d5e5554d302271a0e7e0569a", kill_on_drop: false }`
[INFO] running `Command { std: "docker" "rm" "-f" "727d0876ef71ddc268a09445d45622a7d91df6e8d5e5554d302271a0e7e0569a", kill_on_drop: false }`
[INFO] [stdout] 727d0876ef71ddc268a09445d45622a7d91df6e8d5e5554d302271a0e7e0569a
[INFO] running `Command { std: "docker" "create" "-v" "/var/lib/crater-agent-workspace/builds/worker-3-tc2/target:/opt/rustwide/target:rw,Z" "-v" "/var/lib/crater-agent-workspace/builds/worker-3-tc2/source:/opt/rustwide/workdir:ro,Z" "-v" "/var/lib/crater-agent-workspace/cargo-home:/opt/rustwide/cargo-home:ro,Z" "-v" "/var/lib/crater-agent-workspace/rustup-home:/opt/rustwide/rustup-home:ro,Z" "-e" "SOURCE_DIR=/opt/rustwide/workdir" "-e" "CARGO_TARGET_DIR=/opt/rustwide/target" "-e" "CARGO_INCREMENTAL=0" "-e" "RUST_BACKTRACE=full" "-e" "RUSTFLAGS=--cap-lints=forbid -Zrandomize-layout" "-e" "RUSTDOCFLAGS=--cap-lints=forbid" "-e" "CARGO_HOME=/opt/rustwide/cargo-home" "-e" "RUSTUP_HOME=/opt/rustwide/rustup-home" "-w" "/opt/rustwide/workdir" "-m" "1610612736" "--user" "0:0" "--network" "none" "ghcr.io/rust-lang/crates-build-env/linux@sha256:4a844ea9eb2546a2d2c7022eacef16ef2e8229c7fbb2c7d4d55a9ceca922f72d" "/opt/rustwide/cargo-home/bin/cargo" "+nightly-2024-10-28" "test" "--frozen", kill_on_drop: false }`
[INFO] [stdout] f4ab3a3773e7dbe213c81f7dff9cf6bdcafcb6b7f5843be263692c9da52d7cb1
[INFO] running `Command { std: "docker" "start" "-a" "f4ab3a3773e7dbe213c81f7dff9cf6bdcafcb6b7f5843be263692c9da52d7cb1", kill_on_drop: false }`
[INFO] [stderr] warning: impl trait in impl method signature does not match trait method signature
[INFO] [stderr]   --> tests/run_once.rs:29:9
[INFO] [stderr]    |
[INFO] [stderr] 29 |         async fn run(self, _ctx: WorkerContext) -> Result<(), ()> {
[INFO] [stderr]    |         ^^^^^^^^^^^^^^^^^^^^^^^^^^^^^^^^^^^^^^^^^^^^^^^^^^^^^^^^^
[INFO] [stderr]    |
[INFO] [stderr]    = note: add `#[allow(refining_impl_trait)]` if it is intended for this to be part of the public API of this crate
[INFO] [stderr]    = note: we are soliciting feedback, see issue #121718 <https://github.com/rust-lang/rust/issues/121718> for more information
[INFO] [stderr]    = note: `#[warn(refining_impl_trait_internal)]` on by default
[INFO] [stderr] help: replace the return type so that it matches the trait
[INFO] [stderr]    |
[INFO] [stderr] 29 |         impl std::future::Future<Output = impl IntoTaskHandlerResult> + Send + 'static {
[INFO] [stderr]    |         ~~~~~~~~~~~~~~~~~~~~~~~~~~~~~~~~~~~~~~~~~~~~~~~~~~~~~~~~~~~~~~~~~~~~~~~~~~~~~~
[INFO] [stderr] 
[INFO] [stderr] warning: impl trait in impl method signature does not match trait method signature
[INFO] [stderr]   --> tests/run_once.rs:43:9
[INFO] [stderr]    |
[INFO] [stderr] 43 |         async fn run(self, _ctx: WorkerContext) -> Result<(), ()> {
[INFO] [stderr]    |         ^^^^^^^^^^^^^^^^^^^^^^^^^^^^^^^^^^^^^^^^^^^^^^^^^^^^^^^^^
[INFO] [stderr]    |
[INFO] [stderr]    = note: add `#[allow(refining_impl_trait)]` if it is intended for this to be part of the public API of this crate
[INFO] [stderr]    = note: we are soliciting feedback, see issue #121718 <https://github.com/rust-lang/rust/issues/121718> for more information
[INFO] [stderr] help: replace the return type so that it matches the trait
[INFO] [stderr]    |
[INFO] [stderr] 43 |         impl std::future::Future<Output = impl IntoTaskHandlerResult> + Send + 'static {
[INFO] [stderr]    |         ~~~~~~~~~~~~~~~~~~~~~~~~~~~~~~~~~~~~~~~~~~~~~~~~~~~~~~~~~~~~~~~~~~~~~~~~~~~~~~
[INFO] [stderr] 
[INFO] [stderr] warning: impl trait in impl method signature does not match trait method signature
[INFO] [stderr]    --> tests/run_once.rs:109:9
[INFO] [stderr]     |
[INFO] [stderr] 109 |         async fn run(self, _ctx: WorkerContext) -> Result<(), String> {
[INFO] [stderr]     |         ^^^^^^^^^^^^^^^^^^^^^^^^^^^^^^^^^^^^^^^^^^^^^^^^^^^^^^^^^^^^^
[INFO] [stderr]     |
[INFO] [stderr]     = note: add `#[allow(refining_impl_trait)]` if it is intended for this to be part of the public API of this crate
[INFO] [stderr]     = note: we are soliciting feedback, see issue #121718 <https://github.com/rust-lang/rust/issues/121718> for more information
[INFO] [stderr] help: replace the return type so that it matches the trait
[INFO] [stderr]     |
[INFO] [stderr] 109 |         impl std::future::Future<Output = impl IntoTaskHandlerResult> + Send + 'static {
[INFO] [stderr]     |         ~~~~~~~~~~~~~~~~~~~~~~~~~~~~~~~~~~~~~~~~~~~~~~~~~~~~~~~~~~~~~~~~~~~~~~~~~~~~~~
[INFO] [stderr] 
[INFO] [stderr] warning: impl trait in impl method signature does not match trait method signature
[INFO] [stderr]    --> tests/run_once.rs:200:9
[INFO] [stderr]     |
[INFO] [stderr] 200 |         async fn run(self, _ctx: WorkerContext) -> Result<(), String> {
[INFO] [stderr]     |         ^^^^^^^^^^^^^^^^^^^^^^^^^^^^^^^^^^^^^^^^^^^^^^^^^^^^^^^^^^^^^
[INFO] [stderr]     |
[INFO] [stderr]     = note: add `#[allow(refining_impl_trait)]` if it is intended for this to be part of the public API of this crate
[INFO] [stderr]     = note: we are soliciting feedback, see issue #121718 <https://github.com/rust-lang/rust/issues/121718> for more information
[INFO] [stderr] help: replace the return type so that it matches the trait
[INFO] [stderr]     |
[INFO] [stderr] 200 |         impl std::future::Future<Output = impl IntoTaskHandlerResult> + Send + 'static {
[INFO] [stderr]     |         ~~~~~~~~~~~~~~~~~~~~~~~~~~~~~~~~~~~~~~~~~~~~~~~~~~~~~~~~~~~~~~~~~~~~~~~~~~~~~~
[INFO] [stderr] 
[INFO] [stderr] warning: impl trait in impl method signature does not match trait method signature
[INFO] [stderr]    --> tests/run_once.rs:284:9
[INFO] [stderr]     |
[INFO] [stderr] 284 |         async fn run(self, _ctx: WorkerContext) -> Result<(), ()> {
[INFO] [stderr]     |         ^^^^^^^^^^^^^^^^^^^^^^^^^^^^^^^^^^^^^^^^^^^^^^^^^^^^^^^^^
[INFO] [stderr]     |
[INFO] [stderr]     = note: add `#[allow(refining_impl_trait)]` if it is intended for this to be part of the public API of this crate
[INFO] [stderr]     = note: we are soliciting feedback, see issue #121718 <https://github.com/rust-lang/rust/issues/121718> for more information
[INFO] [stderr] help: replace the return type so that it matches the trait
[INFO] [stderr]     |
[INFO] [stderr] 284 |         impl std::future::Future<Output = impl IntoTaskHandlerResult> + Send + 'static {
[INFO] [stderr]     |         ~~~~~~~~~~~~~~~~~~~~~~~~~~~~~~~~~~~~~~~~~~~~~~~~~~~~~~~~~~~~~~~~~~~~~~~~~~~~~~
[INFO] [stderr] 
[INFO] [stderr] warning: impl trait in impl method signature does not match trait method signature
[INFO] [stderr]    --> tests/run_once.rs:350:9
[INFO] [stderr]     |
[INFO] [stderr] 350 |         async fn run(self, _ctx: WorkerContext) -> Result<(), ()> {
[INFO] [stderr]     |         ^^^^^^^^^^^^^^^^^^^^^^^^^^^^^^^^^^^^^^^^^^^^^^^^^^^^^^^^^
[INFO] [stderr]     |
[INFO] [stderr]     = note: add `#[allow(refining_impl_trait)]` if it is intended for this to be part of the public API of this crate
[INFO] [stderr]     = note: we are soliciting feedback, see issue #121718 <https://github.com/rust-lang/rust/issues/121718> for more information
[INFO] [stderr] help: replace the return type so that it matches the trait
[INFO] [stderr]     |
[INFO] [stderr] 350 |         impl std::future::Future<Output = impl IntoTaskHandlerResult> + Send + 'static {
[INFO] [stderr]     |         ~~~~~~~~~~~~~~~~~~~~~~~~~~~~~~~~~~~~~~~~~~~~~~~~~~~~~~~~~~~~~~~~~~~~~~~~~~~~~~
[INFO] [stderr] 
[INFO] [stderr] warning: impl trait in impl method signature does not match trait method signature
[INFO] [stderr]    --> tests/run_once.rs:435:9
[INFO] [stderr]     |
[INFO] [stderr] 435 |         async fn run(self, _ctx: WorkerContext) -> Result<(), ()> {
[INFO] [stderr]     |         ^^^^^^^^^^^^^^^^^^^^^^^^^^^^^^^^^^^^^^^^^^^^^^^^^^^^^^^^^
[INFO] [stderr]     |
[INFO] [stderr]     = note: add `#[allow(refining_impl_trait)]` if it is intended for this to be part of the public API of this crate
[INFO] [stderr]     = note: we are soliciting feedback, see issue #121718 <https://github.com/rust-lang/rust/issues/121718> for more information
[INFO] [stderr] help: replace the return type so that it matches the trait
[INFO] [stderr]     |
[INFO] [stderr] 435 |         impl std::future::Future<Output = impl IntoTaskHandlerResult> + Send + 'static {
[INFO] [stderr]     |         ~~~~~~~~~~~~~~~~~~~~~~~~~~~~~~~~~~~~~~~~~~~~~~~~~~~~~~~~~~~~~~~~~~~~~~~~~~~~~~
[INFO] [stderr] 
[INFO] [stderr] warning: impl trait in impl method signature does not match trait method signature
[INFO] [stderr]    --> tests/run_once.rs:505:9
[INFO] [stderr]     |
[INFO] [stderr] 505 |         async fn run(self, _ctx: WorkerContext) -> Result<(), ()> {
[INFO] [stderr]     |         ^^^^^^^^^^^^^^^^^^^^^^^^^^^^^^^^^^^^^^^^^^^^^^^^^^^^^^^^^
[INFO] [stderr]     |
[INFO] [stderr]     = note: add `#[allow(refining_impl_trait)]` if it is intended for this to be part of the public API of this crate
[INFO] [stderr]     = note: we are soliciting feedback, see issue #121718 <https://github.com/rust-lang/rust/issues/121718> for more information
[INFO] [stderr] help: replace the return type so that it matches the trait
[INFO] [stderr]     |
[INFO] [stderr] 505 |         impl std::future::Future<Output = impl IntoTaskHandlerResult> + Send + 'static {
[INFO] [stderr]     |         ~~~~~~~~~~~~~~~~~~~~~~~~~~~~~~~~~~~~~~~~~~~~~~~~~~~~~~~~~~~~~~~~~~~~~~~~~~~~~~
[INFO] [stderr] 
[INFO] [stderr] warning: impl trait in impl method signature does not match trait method signature
[INFO] [stderr]    --> tests/run_once.rs:626:9
[INFO] [stderr]     |
[INFO] [stderr] 626 |         async fn run(self, _ctx: WorkerContext) -> Result<(), String> {
[INFO] [stderr]     |         ^^^^^^^^^^^^^^^^^^^^^^^^^^^^^^^^^^^^^^^^^^^^^^^^^^^^^^^^^^^^^
[INFO] [stderr]     |
[INFO] [stderr]     = note: add `#[allow(refining_impl_trait)]` if it is intended for this to be part of the public API of this crate
[INFO] [stderr]     = note: we are soliciting feedback, see issue #121718 <https://github.com/rust-lang/rust/issues/121718> for more information
[INFO] [stderr] help: replace the return type so that it matches the trait
[INFO] [stderr]     |
[INFO] [stderr] 626 |         impl std::future::Future<Output = impl IntoTaskHandlerResult> + Send + 'static {
[INFO] [stderr]     |         ~~~~~~~~~~~~~~~~~~~~~~~~~~~~~~~~~~~~~~~~~~~~~~~~~~~~~~~~~~~~~~~~~~~~~~~~~~~~~~
[INFO] [stderr] 
[INFO] [stderr] warning: impl trait in impl method signature does not match trait method signature
[INFO] [stderr]    --> tests/run_once.rs:741:9
[INFO] [stderr]     |
[INFO] [stderr] 741 |         async fn run(self, _ctx: WorkerContext) -> Result<(), ()> {
[INFO] [stderr]     |         ^^^^^^^^^^^^^^^^^^^^^^^^^^^^^^^^^^^^^^^^^^^^^^^^^^^^^^^^^
[INFO] [stderr]     |
[INFO] [stderr]     = note: add `#[allow(refining_impl_trait)]` if it is intended for this to be part of the public API of this crate
[INFO] [stderr]     = note: we are soliciting feedback, see issue #121718 <https://github.com/rust-lang/rust/issues/121718> for more information
[INFO] [stderr] help: replace the return type so that it matches the trait
[INFO] [stderr]     |
[INFO] [stderr] 741 |         impl std::future::Future<Output = impl IntoTaskHandlerResult> + Send + 'static {
[INFO] [stderr]     |         ~~~~~~~~~~~~~~~~~~~~~~~~~~~~~~~~~~~~~~~~~~~~~~~~~~~~~~~~~~~~~~~~~~~~~~~~~~~~~~
[INFO] [stderr] 
[INFO] [stderr] warning: impl trait in impl method signature does not match trait method signature
[INFO] [stderr]    --> tests/run_once.rs:858:9
[INFO] [stderr]     |
[INFO] [stderr] 858 |         async fn run(self, _ctx: WorkerContext) -> Result<(), ()> {
[INFO] [stderr]     |         ^^^^^^^^^^^^^^^^^^^^^^^^^^^^^^^^^^^^^^^^^^^^^^^^^^^^^^^^^
[INFO] [stderr]     |
[INFO] [stderr]     = note: add `#[allow(refining_impl_trait)]` if it is intended for this to be part of the public API of this crate
[INFO] [stderr]     = note: we are soliciting feedback, see issue #121718 <https://github.com/rust-lang/rust/issues/121718> for more information
[INFO] [stderr] help: replace the return type so that it matches the trait
[INFO] [stderr]     |
[INFO] [stderr] 858 |         impl std::future::Future<Output = impl IntoTaskHandlerResult> + Send + 'static {
[INFO] [stderr]     |         ~~~~~~~~~~~~~~~~~~~~~~~~~~~~~~~~~~~~~~~~~~~~~~~~~~~~~~~~~~~~~~~~~~~~~~~~~~~~~~
[INFO] [stderr] 
[INFO] [stderr] warning: impl trait in impl method signature does not match trait method signature
[INFO] [stderr]    --> tests/run_once.rs:923:9
[INFO] [stderr]     |
[INFO] [stderr] 923 |         async fn run(self, _ctx: WorkerContext) -> Result<(), ()> {
[INFO] [stderr]     |         ^^^^^^^^^^^^^^^^^^^^^^^^^^^^^^^^^^^^^^^^^^^^^^^^^^^^^^^^^
[INFO] [stderr]     |
[INFO] [stderr]     = note: add `#[allow(refining_impl_trait)]` if it is intended for this to be part of the public API of this crate
[INFO] [stderr]     = note: we are soliciting feedback, see issue #121718 <https://github.com/rust-lang/rust/issues/121718> for more information
[INFO] [stderr] help: replace the return type so that it matches the trait
[INFO] [stderr]     |
[INFO] [stderr] 923 |         impl std::future::Future<Output = impl IntoTaskHandlerResult> + Send + 'static {
[INFO] [stderr]     |         ~~~~~~~~~~~~~~~~~~~~~~~~~~~~~~~~~~~~~~~~~~~~~~~~~~~~~~~~~~~~~~~~~~~~~~~~~~~~~~
[INFO] [stderr] 
[INFO] [stderr] warning: impl trait in impl method signature does not match trait method signature
[INFO] [stderr]     --> tests/run_once.rs:1024:9
[INFO] [stderr]      |
[INFO] [stderr] 1024 |         async fn run(self, _ctx: WorkerContext) -> Result<(), ()> {
[INFO] [stderr]      |         ^^^^^^^^^^^^^^^^^^^^^^^^^^^^^^^^^^^^^^^^^^^^^^^^^^^^^^^^^
[INFO] [stderr]      |
[INFO] [stderr]      = note: add `#[allow(refining_impl_trait)]` if it is intended for this to be part of the public API of this crate
[INFO] [stderr]      = note: we are soliciting feedback, see issue #121718 <https://github.com/rust-lang/rust/issues/121718> for more information
[INFO] [stderr] help: replace the return type so that it matches the trait
[INFO] [stderr]      |
[INFO] [stderr] 1024 |         impl std::future::Future<Output = impl IntoTaskHandlerResult> + Send + 'static {
[INFO] [stderr]      |         ~~~~~~~~~~~~~~~~~~~~~~~~~~~~~~~~~~~~~~~~~~~~~~~~~~~~~~~~~~~~~~~~~~~~~~~~~~~~~~
[INFO] [stderr] 
[INFO] [stderr] warning: impl trait in impl method signature does not match trait method signature
[INFO] [stderr]     --> tests/run_once.rs:1140:9
[INFO] [stderr]      |
[INFO] [stderr] 1140 |         async fn run(self, _ctx: WorkerContext) -> Result<(), ()> {
[INFO] [stderr]      |         ^^^^^^^^^^^^^^^^^^^^^^^^^^^^^^^^^^^^^^^^^^^^^^^^^^^^^^^^^
[INFO] [stderr]      |
[INFO] [stderr]      = note: add `#[allow(refining_impl_trait)]` if it is intended for this to be part of the public API of this crate
[INFO] [stderr]      = note: we are soliciting feedback, see issue #121718 <https://github.com/rust-lang/rust/issues/121718> for more information
[INFO] [stderr] help: replace the return type so that it matches the trait
[INFO] [stderr]      |
[INFO] [stderr] 1140 |         impl std::future::Future<Output = impl IntoTaskHandlerResult> + Send + 'static {
[INFO] [stderr]      |         ~~~~~~~~~~~~~~~~~~~~~~~~~~~~~~~~~~~~~~~~~~~~~~~~~~~~~~~~~~~~~~~~~~~~~~~~~~~~~~
[INFO] [stderr] 
[INFO] [stderr] warning: impl trait in impl method signature does not match trait method signature
[INFO] [stderr]     --> tests/run_once.rs:1259:9
[INFO] [stderr]      |
[INFO] [stderr] 1259 |         async fn run(self, _ctx: WorkerContext) -> Result<(), ()> {
[INFO] [stderr]      |         ^^^^^^^^^^^^^^^^^^^^^^^^^^^^^^^^^^^^^^^^^^^^^^^^^^^^^^^^^
[INFO] [stderr]      |
[INFO] [stderr]      = note: add `#[allow(refining_impl_trait)]` if it is intended for this to be part of the public API of this crate
[INFO] [stderr]      = note: we are soliciting feedback, see issue #121718 <https://github.com/rust-lang/rust/issues/121718> for more information
[INFO] [stderr] help: replace the return type so that it matches the trait
[INFO] [stderr]      |
[INFO] [stderr] 1259 |         impl std::future::Future<Output = impl IntoTaskHandlerResult> + Send + 'static {
[INFO] [stderr]      |         ~~~~~~~~~~~~~~~~~~~~~~~~~~~~~~~~~~~~~~~~~~~~~~~~~~~~~~~~~~~~~~~~~~~~~~~~~~~~~~
[INFO] [stderr] 
[INFO] [stderr] warning: impl trait in impl method signature does not match trait method signature
[INFO] [stderr]     --> tests/run_once.rs:1346:9
[INFO] [stderr]      |
[INFO] [stderr] 1346 |         async fn run(self, _ctx: WorkerContext) -> Result<(), ()> {
[INFO] [stderr]      |         ^^^^^^^^^^^^^^^^^^^^^^^^^^^^^^^^^^^^^^^^^^^^^^^^^^^^^^^^^
[INFO] [stderr]      |
[INFO] [stderr]      = note: add `#[allow(refining_impl_trait)]` if it is intended for this to be part of the public API of this crate
[INFO] [stderr]      = note: we are soliciting feedback, see issue #121718 <https://github.com/rust-lang/rust/issues/121718> for more information
[INFO] [stderr] help: replace the return type so that it matches the trait
[INFO] [stderr]      |
[INFO] [stderr] 1346 |         impl std::future::Future<Output = impl IntoTaskHandlerResult> + Send + 'static {
[INFO] [stderr]      |         ~~~~~~~~~~~~~~~~~~~~~~~~~~~~~~~~~~~~~~~~~~~~~~~~~~~~~~~~~~~~~~~~~~~~~~~~~~~~~~
[INFO] [stderr] 
[INFO] [stderr] warning: impl trait in impl method signature does not match trait method signature
[INFO] [stderr]   --> tests/cron.rs:25:9
[INFO] [stderr]    |
[INFO] [stderr] 25 |         async fn run(self, _ctx: WorkerContext) -> Result<(), impl Debug> {
[INFO] [stderr]    |         ^^^^^^^^^^^^^^^^^^^^^^^^^^^^^^^^^^^^^^^^^^^^^^^^^^^^^^^^^^^^^^^^^
[INFO] [stderr]    |
[INFO] [stderr]    = note: add `#[allow(refining_impl_trait)]` if it is intended for this to be part of the public API of this crate
[INFO] [stderr]    = note: we are soliciting feedback, see issue #121718 <https://github.com/rust-lang/rust/issues/121718> for more information
[INFO] [stderr]    = note: `#[warn(refining_impl_trait_internal)]` on by default
[INFO] [stderr] help: replace the return type so that it matches the trait
[INFO] [stderr]    |
[INFO] [stderr] 25 |         impl std::future::Future<Output = impl IntoTaskHandlerResult> + Send + 'static {
[INFO] [stderr]    |         ~~~~~~~~~~~~~~~~~~~~~~~~~~~~~~~~~~~~~~~~~~~~~~~~~~~~~~~~~~~~~~~~~~~~~~~~~~~~~~
[INFO] [stderr] 
[INFO] [stderr] warning: impl trait in impl method signature does not match trait method signature
[INFO] [stderr]   --> examples/crontab.rs:29:5
[INFO] [stderr]    |
[INFO] [stderr] 29 |     async fn run(self, _ctx: WorkerContext) -> Result<(), ()> {
[INFO] [stderr]    |     ^^^^^^^^^^^^^^^^^^^^^^^^^^^^^^^^^^^^^^^^^^^^^^^^^^^^^^^^^
[INFO] [stderr]    |
[INFO] [stderr]    = note: add `#[allow(refining_impl_trait)]` if it is intended for this to be part of the public API of this crate
[INFO] [stderr]    = note: we are soliciting feedback, see issue #121718 <https://github.com/rust-lang/rust/issues/121718> for more information
[INFO] [stderr]    = note: `#[warn(refining_impl_trait_internal)]` on by default
[INFO] [stderr] help: replace the return type so that it matches the trait
[INFO] [stderr]    |
[INFO] [stderr] 29 |     impl Future<Output = impl IntoTaskHandlerResult> + Send + 'static {
[INFO] [stderr]    |     ~~~~~~~~~~~~~~~~~~~~~~~~~~~~~~~~~~~~~~~~~~~~~~~~~~~~~~~~~~~~~~~~~
[INFO] [stderr] 
[INFO] [stderr] warning: impl trait in impl method signature does not match trait method signature
[INFO] [stderr]   --> examples/crontab.rs:45:5
[INFO] [stderr]    |
[INFO] [stderr] 45 |     async fn run(self, _ctx: WorkerContext) -> Result<(), ()> {
[INFO] [stderr]    |     ^^^^^^^^^^^^^^^^^^^^^^^^^^^^^^^^^^^^^^^^^^^^^^^^^^^^^^^^^
[INFO] [stderr]    |
[INFO] [stderr]    = note: add `#[allow(refining_impl_trait)]` if it is intended for this to be part of the public API of this crate
[INFO] [stderr]    = note: we are soliciting feedback, see issue #121718 <https://github.com/rust-lang/rust/issues/121718> for more information
[INFO] [stderr] help: replace the return type so that it matches the trait
[INFO] [stderr]    |
[INFO] [stderr] 45 |     impl Future<Output = impl IntoTaskHandlerResult> + Send + 'static {
[INFO] [stderr]    |     ~~~~~~~~~~~~~~~~~~~~~~~~~~~~~~~~~~~~~~~~~~~~~~~~~~~~~~~~~~~~~~~~~
[INFO] [stderr] 
[INFO] [stderr] warning: impl trait in impl method signature does not match trait method signature
[INFO] [stderr]   --> tests/worker_utils_add_job.rs:21:13
[INFO] [stderr]    |
[INFO] [stderr] 21 |             async fn run(self, _ctx: WorkerContext) -> Result<(), ()> {
[INFO] [stderr]    |             ^^^^^^^^^^^^^^^^^^^^^^^^^^^^^^^^^^^^^^^^^^^^^^^^^^^^^^^^^
[INFO] [stderr]    |
[INFO] [stderr]    = note: add `#[allow(refining_impl_trait)]` if it is intended for this to be part of the public API of this crate
[INFO] [stderr]    = note: we are soliciting feedback, see issue #121718 <https://github.com/rust-lang/rust/issues/121718> for more information
[INFO] [stderr]    = note: `#[warn(refining_impl_trait_internal)]` on by default
[INFO] [stderr] help: replace the return type so that it matches the trait
[INFO] [stderr]    |
[INFO] [stderr] 21 |             impl std::future::Future<Output = impl IntoTaskHandlerResult> + Send + 'static {
[INFO] [stderr]    |             ~~~~~~~~~~~~~~~~~~~~~~~~~~~~~~~~~~~~~~~~~~~~~~~~~~~~~~~~~~~~~~~~~~~~~~~~~~~~~~
[INFO] [stderr] 
[INFO] [stderr] warning: impl trait in impl method signature does not match trait method signature
[INFO] [stderr]   --> tests/worker_utils_add_job.rs:79:13
[INFO] [stderr]    |
[INFO] [stderr] 79 |             async fn run(self, _ctx: WorkerContext) -> Result<(), ()> {
[INFO] [stderr]    |             ^^^^^^^^^^^^^^^^^^^^^^^^^^^^^^^^^^^^^^^^^^^^^^^^^^^^^^^^^
[INFO] [stderr]    |
[INFO] [stderr]    = note: add `#[allow(refining_impl_trait)]` if it is intended for this to be part of the public API of this crate
[INFO] [stderr]    = note: we are soliciting feedback, see issue #121718 <https://github.com/rust-lang/rust/issues/121718> for more information
[INFO] [stderr] help: replace the return type so that it matches the trait
[INFO] [stderr]    |
[INFO] [stderr] 79 |             impl std::future::Future<Output = impl IntoTaskHandlerResult> + Send + 'static {
[INFO] [stderr]    |             ~~~~~~~~~~~~~~~~~~~~~~~~~~~~~~~~~~~~~~~~~~~~~~~~~~~~~~~~~~~~~~~~~~~~~~~~~~~~~~
[INFO] [stderr] 
[INFO] [stderr] warning: impl trait in impl method signature does not match trait method signature
[INFO] [stderr]    --> tests/worker_utils_add_job.rs:158:13
[INFO] [stderr]     |
[INFO] [stderr] 158 |             async fn run(self, _ctx: WorkerContext) -> Result<(), ()> {
[INFO] [stderr]     |             ^^^^^^^^^^^^^^^^^^^^^^^^^^^^^^^^^^^^^^^^^^^^^^^^^^^^^^^^^
[INFO] [stderr]     |
[INFO] [stderr]     = note: add `#[allow(refining_impl_trait)]` if it is intended for this to be part of the public API of this crate
[INFO] [stderr]     = note: we are soliciting feedback, see issue #121718 <https://github.com/rust-lang/rust/issues/121718> for more information
[INFO] [stderr] help: replace the return type so that it matches the trait
[INFO] [stderr]     |
[INFO] [stderr] 158 |             impl std::future::Future<Output = impl IntoTaskHandlerResult> + Send + 'static {
[INFO] [stderr]     |             ~~~~~~~~~~~~~~~~~~~~~~~~~~~~~~~~~~~~~~~~~~~~~~~~~~~~~~~~~~~~~~~~~~~~~~~~~~~~~~
[INFO] [stderr] 
[INFO] [stderr] warning: impl trait in impl method signature does not match trait method signature
[INFO] [stderr]   --> examples/simple.rs:32:5
[INFO] [stderr]    |
[INFO] [stderr] 32 |     async fn run(self, _ctx: WorkerContext) -> Result<(), String> {
[INFO] [stderr]    |     ^^^^^^^^^^^^^^^^^^^^^^^^^^^^^^^^^^^^^^^^^^^^^^^^^^^^^^^^^^^^^
[INFO] [stderr]    |
[INFO] [stderr]    = note: add `#[allow(refining_impl_trait)]` if it is intended for this to be part of the public API of this crate
[INFO] [stderr]    = note: we are soliciting feedback, see issue #121718 <https://github.com/rust-lang/rust/issues/121718> for more information
[INFO] [stderr]    = note: `#[warn(refining_impl_trait_internal)]` on by default
[INFO] [stderr] help: replace the return type so that it matches the trait
[INFO] [stderr]    |
[INFO] [stderr] 32 |     impl Future<Output = impl IntoTaskHandlerResult> + Send + 'static {
[INFO] [stderr]    |     ~~~~~~~~~~~~~~~~~~~~~~~~~~~~~~~~~~~~~~~~~~~~~~~~~~~~~~~~~~~~~~~~~
[INFO] [stderr] 
[INFO] [stderr] warning: `graphile_worker` (test "run_once") generated 16 warnings
[INFO] [stderr] warning: `graphile_worker` (test "cron") generated 1 warning
[INFO] [stderr] warning: `graphile_worker` (example "crontab") generated 2 warnings
[INFO] [stderr] warning: `graphile_worker` (test "worker_utils_add_job") generated 3 warnings
[INFO] [stderr] warning: `graphile_worker` (example "simple") generated 1 warning
[INFO] [stderr] warning: impl trait in impl method signature does not match trait method signature
[INFO] [stderr]   --> tests/forbidden_flags.rs:13:5
[INFO] [stderr]    |
[INFO] [stderr] 13 |     async fn run(self, _ctx: WorkerContext) -> Result<(), ()> {
[INFO] [stderr]    |     ^^^^^^^^^^^^^^^^^^^^^^^^^^^^^^^^^^^^^^^^^^^^^^^^^^^^^^^^^
[INFO] [stderr]    |
[INFO] [stderr]    = note: add `#[allow(refining_impl_trait)]` if it is intended for this to be part of the public API of this crate
[INFO] [stderr]    = note: we are soliciting feedback, see issue #121718 <https://github.com/rust-lang/rust/issues/121718> for more information
[INFO] [stderr]    = note: `#[warn(refining_impl_trait_internal)]` on by default
[INFO] [stderr] help: replace the return type so that it matches the trait
[INFO] [stderr]    |
[INFO] [stderr] 13 |     impl std::future::Future<Output = impl IntoTaskHandlerResult> + Send + 'static {
[INFO] [stderr]    |     ~~~~~~~~~~~~~~~~~~~~~~~~~~~~~~~~~~~~~~~~~~~~~~~~~~~~~~~~~~~~~~~~~~~~~~~~~~~~~~
[INFO] [stderr] 
[INFO] [stderr] warning: impl trait in impl method signature does not match trait method signature
[INFO] [stderr]   --> examples/app_state.rs:37:5
[INFO] [stderr]    |
[INFO] [stderr] 37 |     async fn run(self, ctx: WorkerContext) {
[INFO] [stderr]    |     ^^^^^^^^^^^^^^^^^^^^^^^^^^^^^^^^^^^^^^
[INFO] [stderr]    |
[INFO] [stderr]    = note: add `#[allow(refining_impl_trait)]` if it is intended for this to be part of the public API of this crate
[INFO] [stderr]    = note: we are soliciting feedback, see issue #121718 <https://github.com/rust-lang/rust/issues/121718> for more information
[INFO] [stderr]    = note: `#[warn(refining_impl_trait_internal)]` on by default
[INFO] [stderr] help: replace the return type so that it matches the trait
[INFO] [stderr]    |
[INFO] [stderr] 37 |     impl Future<Output = impl IntoTaskHandlerResult> + Send + 'static {
[INFO] [stderr]    |     ~~~~~~~~~~~~~~~~~~~~~~~~~~~~~~~~~~~~~~~~~~~~~~~~~~~~~~~~~~~~~~~~~
[INFO] [stderr] 
[INFO] [stderr] warning: impl trait in impl method signature does not match trait method signature
[INFO] [stderr]   --> examples/run_once.rs:30:5
[INFO] [stderr]    |
[INFO] [stderr] 30 |     async fn run(self, _ctx: WorkerContext) -> Result<(), ()> {
[INFO] [stderr]    |     ^^^^^^^^^^^^^^^^^^^^^^^^^^^^^^^^^^^^^^^^^^^^^^^^^^^^^^^^^
[INFO] [stderr]    |
[INFO] [stderr]    = note: add `#[allow(refining_impl_trait)]` if it is intended for this to be part of the public API of this crate
[INFO] [stderr]    = note: we are soliciting feedback, see issue #121718 <https://github.com/rust-lang/rust/issues/121718> for more information
[INFO] [stderr]    = note: `#[warn(refining_impl_trait_internal)]` on by default
[INFO] [stderr] help: replace the return type so that it matches the trait
[INFO] [stderr]    |
[INFO] [stderr] 30 |     impl Future<Output = impl IntoTaskHandlerResult> + Send + 'static {
[INFO] [stderr]    |     ~~~~~~~~~~~~~~~~~~~~~~~~~~~~~~~~~~~~~~~~~~~~~~~~~~~~~~~~~~~~~~~~~
[INFO] [stderr] 
[INFO] [stderr] warning: impl trait in impl method signature does not match trait method signature
[INFO] [stderr]   --> tests/run.rs:25:9
[INFO] [stderr]    |
[INFO] [stderr] 25 |         async fn run(self, _ctx: WorkerContext) -> Result<(), ()> {
[INFO] [stderr]    |         ^^^^^^^^^^^^^^^^^^^^^^^^^^^^^^^^^^^^^^^^^^^^^^^^^^^^^^^^^
[INFO] [stderr]    |
[INFO] [stderr]    = note: add `#[allow(refining_impl_trait)]` if it is intended for this to be part of the public API of this crate
[INFO] [stderr]    = note: we are soliciting feedback, see issue #121718 <https://github.com/rust-lang/rust/issues/121718> for more information
[INFO] [stderr]    = note: `#[warn(refining_impl_trait_internal)]` on by default
[INFO] [stderr] help: replace the return type so that it matches the trait
[INFO] [stderr]    |
[INFO] [stderr] 25 |         impl std::future::Future<Output = impl IntoTaskHandlerResult> + Send + 'static {
[INFO] [stderr]    |         ~~~~~~~~~~~~~~~~~~~~~~~~~~~~~~~~~~~~~~~~~~~~~~~~~~~~~~~~~~~~~~~~~~~~~~~~~~~~~~
[INFO] [stderr] 
[INFO] [stderr] warning: `graphile_worker` (test "forbidden_flags") generated 1 warning
[INFO] [stderr] warning: `graphile_worker` (example "app_state") generated 1 warning
[INFO] [stderr] warning: `graphile_worker` (example "run_once") generated 1 warning
[INFO] [stderr] warning: `graphile_worker` (test "run") generated 1 warning
[INFO] [stderr]     Finished `test` profile [unoptimized + debuginfo] target(s) in 0.17s
[INFO] [stderr]      Running unittests src/lib.rs (/opt/rustwide/target/debug/deps/graphile_worker-afa6094646ab01bd)
[INFO] [stdout] 
[INFO] [stdout] running 2 tests
[INFO] [stdout] test job_spec::tests::should_build_unset_job_spec_without_panic ... ok
[INFO] [stdout] test job_spec::tests::test_job_spec ... ok
[INFO] [stdout] 
[INFO] [stdout] test result: ok. 2 passed; 0 failed; 0 ignored; 0 measured; 0 filtered out; finished in 0.00s
[INFO] [stdout] 
[INFO] [stderr]      Running tests/cron.rs (/opt/rustwide/target/debug/deps/cron-eabf54149126d254)
[INFO] [stdout] 
[INFO] [stdout] running 3 tests
[INFO] [stdout] test backfills_if_identifier_already_registered_5h_ago ... FAILED
[INFO] [stdout] test register_identifiers ... FAILED
[INFO] [stdout] test backfills_if_identifier_already_registered_25h_ago ... FAILED
[INFO] [stdout] 
[INFO] [stdout] failures:
[INFO] [stdout] 
[INFO] [stdout] ---- backfills_if_identifier_already_registered_5h_ago stdout ----
[INFO] [stdout] thread 'backfills_if_identifier_already_registered_5h_ago' panicked at tests/helpers.rs:280:48:
[INFO] [stdout] DATABASE_URL must be set: NotPresent
[INFO] [stdout] stack backtrace:
[INFO] [stdout]    0:     0x61ddf482f77a - std::backtrace_rs::backtrace::libunwind::trace::h207520d6e9873551
[INFO] [stdout]                                at /rustc/df4ca44d3fbc9301ee17f30f4d474e6ae4b05252/library/std/src/../../backtrace/src/backtrace/libunwind.rs:116:5
[INFO] [stdout]    1:     0x61ddf482f77a - std::backtrace_rs::backtrace::trace_unsynchronized::h2ed7433f370e3eca
[INFO] [stdout]                                at /rustc/df4ca44d3fbc9301ee17f30f4d474e6ae4b05252/library/std/src/../../backtrace/src/backtrace/mod.rs:66:5
[INFO] [stdout]    2:     0x61ddf482f77a - std::sys::backtrace::_print_fmt::h916fac51166b18d7
[INFO] [stdout]                                at /rustc/df4ca44d3fbc9301ee17f30f4d474e6ae4b05252/library/std/src/sys/backtrace.rs:66:9
[INFO] [stdout]    3:     0x61ddf482f77a - <std::sys::backtrace::BacktraceLock::print::DisplayBacktrace as core::fmt::Display>::fmt::ha0a4c9b8ce3802e6
[INFO] [stdout]                                at /rustc/df4ca44d3fbc9301ee17f30f4d474e6ae4b05252/library/std/src/sys/backtrace.rs:39:26
[INFO] [stdout]    4:     0x61ddf485b1b3 - core::fmt::rt::Argument::fmt::h4cfc8587d52b3eb5
[INFO] [stdout]                                at /rustc/df4ca44d3fbc9301ee17f30f4d474e6ae4b05252/library/core/src/fmt/rt.rs:177:76
[INFO] [stdout]    5:     0x61ddf485b1b3 - core::fmt::write::h522cc39e5b36ae9f
[INFO] [stdout]                                at /rustc/df4ca44d3fbc9301ee17f30f4d474e6ae4b05252/library/core/src/fmt/mod.rs:1190:21
[INFO] [stdout]    6:     0x61ddf482b7c3 - std::io::Write::write_fmt::h7d3c26752da97734
[INFO] [stdout]                                at /rustc/df4ca44d3fbc9301ee17f30f4d474e6ae4b05252/library/std/src/io/mod.rs:1839:15
[INFO] [stdout]    7:     0x61ddf482f5c2 - std::sys::backtrace::BacktraceLock::print::h4b9e00b29e9c0942
[INFO] [stdout]                                at /rustc/df4ca44d3fbc9301ee17f30f4d474e6ae4b05252/library/std/src/sys/backtrace.rs:42:9
[INFO] [stdout]    8:     0x61ddf4830c0a - std::panicking::default_hook::{{closure}}::hb59b88280d0324d9
[INFO] [stdout]                                at /rustc/df4ca44d3fbc9301ee17f30f4d474e6ae4b05252/library/std/src/panicking.rs:268:22
[INFO] [stdout]    9:     0x61ddf4830a14 - std::panicking::default_hook::he1dd496665be4a29
[INFO] [stdout]                                at /rustc/df4ca44d3fbc9301ee17f30f4d474e6ae4b05252/library/std/src/panicking.rs:292:9
[INFO] [stdout]   10:     0x61ddf4255e79 - <alloc::boxed::Box<F,A> as core::ops::function::Fn<Args>>::call::h4ff71de18744e1dc
[INFO] [stdout]                                at /rustc/df4ca44d3fbc9301ee17f30f4d474e6ae4b05252/library/alloc/src/boxed.rs:2468:9
[INFO] [stdout]   11:     0x61ddf4255e79 - test::test_main::{{closure}}::hcf7c055ce117aa81
[INFO] [stdout]                                at /rustc/df4ca44d3fbc9301ee17f30f4d474e6ae4b05252/library/test/src/lib.rs:133:21
[INFO] [stdout]   12:     0x61ddf4831308 - <alloc::boxed::Box<F,A> as core::ops::function::Fn<Args>>::call::h1d66c6bbd60c9692
[INFO] [stdout]                                at /rustc/df4ca44d3fbc9301ee17f30f4d474e6ae4b05252/library/alloc/src/boxed.rs:2468:9
[INFO] [stdout]   13:     0x61ddf4831308 - std::panicking::rust_panic_with_hook::h2ff17fe8f26dfcf8
[INFO] [stdout]                                at /rustc/df4ca44d3fbc9301ee17f30f4d474e6ae4b05252/library/std/src/panicking.rs:809:13
[INFO] [stdout]   14:     0x61ddf48310ca - std::panicking::begin_panic_handler::{{closure}}::h4fad77951c07e101
[INFO] [stdout]                                at /rustc/df4ca44d3fbc9301ee17f30f4d474e6ae4b05252/library/std/src/panicking.rs:674:13
[INFO] [stdout]   15:     0x61ddf482fc59 - std::sys::backtrace::__rust_end_short_backtrace::hb1a25b3da5d0ea08
[INFO] [stdout]                                at /rustc/df4ca44d3fbc9301ee17f30f4d474e6ae4b05252/library/std/src/sys/backtrace.rs:170:18
[INFO] [stdout]   16:     0x61ddf4830d5c - rust_begin_unwind
[INFO] [stdout]                                at /rustc/df4ca44d3fbc9301ee17f30f4d474e6ae4b05252/library/std/src/panicking.rs:665:5
[INFO] [stdout]   17:     0x61ddf4858ea0 - core::panicking::panic_fmt::ha9db07b529f9b256
[INFO] [stdout]                                at /rustc/df4ca44d3fbc9301ee17f30f4d474e6ae4b05252/library/core/src/panicking.rs:75:14
[INFO] [stdout]   18:     0x61ddf4859346 - core::result::unwrap_failed::h5e8218e4d4338b8a
[INFO] [stdout]                                at /rustc/df4ca44d3fbc9301ee17f30f4d474e6ae4b05252/library/core/src/result.rs:1698:5
[INFO] [stdout]   19:     0x61ddf4199de6 - core::result::Result<T,E>::expect::hf8060f0580967dba
[INFO] [stdout]                                at /rustc/df4ca44d3fbc9301ee17f30f4d474e6ae4b05252/library/core/src/result.rs:1060:23
[INFO] [stdout]   20:     0x61ddf41c70be - cron::helpers::create_test_database::{{closure}}::h0859b6330744e02f
[INFO] [stdout]                                at /opt/rustwide/workdir/tests/helpers.rs:280:18
[INFO] [stdout]   21:     0x61ddf41c972b - cron::helpers::with_test_db::{{closure}}::{{closure}}::hce9163fecf016337
[INFO] [stdout]                                at /opt/rustwide/workdir/tests/helpers.rs:328:50
[INFO] [stdout]   22:     0x61ddf41d5dca - <tokio::task::local::RunUntil<T> as core::future::future::Future>::poll::{{closure}}::hee668759a9510e01
[INFO] [stdout]                                at /opt/rustwide/cargo-home/registry/src/index.crates.io-6f17d22bba15001f/tokio-1.37.0/src/task/local.rs:978:42
[INFO] [stdout]   23:     0x61ddf41d3490 - tokio::task::local::LocalSet::with::{{closure}}::h9bb36595d5fcc0b4
[INFO] [stdout]                                at /opt/rustwide/cargo-home/registry/src/index.crates.io-6f17d22bba15001f/tokio-1.37.0/src/task/local.rs:730:13
[INFO] [stdout]   24:     0x61ddf41d7b50 - std::thread::local::LocalKey<T>::try_with::h398a81f9f30aa21f
[INFO] [stdout]                                at /rustc/df4ca44d3fbc9301ee17f30f4d474e6ae4b05252/library/std/src/thread/local.rs:283:12
[INFO] [stdout]   25:     0x61ddf41d710a - std::thread::local::LocalKey<T>::with::h1b21e4d9d53d5a52
[INFO] [stdout]                                at /rustc/df4ca44d3fbc9301ee17f30f4d474e6ae4b05252/library/std/src/thread/local.rs:260:9
[INFO] [stdout]   26:     0x61ddf41d3306 - tokio::task::local::LocalSet::with::h8638aa70e2bdaccb
[INFO] [stdout]                                at /opt/rustwide/cargo-home/registry/src/index.crates.io-6f17d22bba15001f/tokio-1.37.0/src/task/local.rs:728:9
[INFO] [stdout]   27:     0x61ddf41d5a65 - <tokio::task::local::RunUntil<T> as core::future::future::Future>::poll::h7e4163c131b06ebe
[INFO] [stdout]                                at /opt/rustwide/cargo-home/registry/src/index.crates.io-6f17d22bba15001f/tokio-1.37.0/src/task/local.rs:968:9
[INFO] [stdout]   28:     0x61ddf41d3b43 - tokio::task::local::LocalSet::run_until::{{closure}}::h774bce666089b370
[INFO] [stdout]                                at /opt/rustwide/cargo-home/registry/src/index.crates.io-6f17d22bba15001f/tokio-1.37.0/src/task/local.rs:635:19
[INFO] [stdout]   29:     0x61ddf41c8882 - cron::helpers::with_test_db::{{closure}}::he9a22ddacacd0e15
[INFO] [stdout]                                at /opt/rustwide/workdir/tests/helpers.rs:339:10
[INFO] [stdout]   30:     0x61ddf420670e - cron::backfills_if_identifier_already_registered_5h_ago::{{closure}}::h4bc44b2fc90abdbd
[INFO] [stdout]                                at /opt/rustwide/workdir/tests/cron.rs:179:6
[INFO] [stdout]   31:     0x61ddf41ebb22 - <core::pin::Pin<P> as core::future::future::Future>::poll::hab7b66b2504a2756
[INFO] [stdout]                                at /rustc/df4ca44d3fbc9301ee17f30f4d474e6ae4b05252/library/core/src/future/future.rs:123:9
[INFO] [stdout]   32:     0x61ddf41ebbbd - <core::pin::Pin<P> as core::future::future::Future>::poll::heaf3ff4cd29714af
[INFO] [stdout]                                at /rustc/df4ca44d3fbc9301ee17f30f4d474e6ae4b05252/library/core/src/future/future.rs:123:9
[INFO] [stdout]   33:     0x61ddf418eacf - tokio::runtime::scheduler::current_thread::CoreGuard::block_on::{{closure}}::{{closure}}::{{closure}}::h144f9a591e02f1a8
[INFO] [stdout]                                at /opt/rustwide/cargo-home/registry/src/index.crates.io-6f17d22bba15001f/tokio-1.37.0/src/runtime/scheduler/current_thread/mod.rs:659:57
[INFO] [stdout]   34:     0x61ddf418ea05 - tokio::runtime::coop::with_budget::h06ebfe9b17246780
[INFO] [stdout]                                at /opt/rustwide/cargo-home/registry/src/index.crates.io-6f17d22bba15001f/tokio-1.37.0/src/runtime/coop.rs:107:5
[INFO] [stdout]   35:     0x61ddf418ea05 - tokio::runtime::coop::budget::h7aa0afe4789ed860
[INFO] [stdout]                                at /opt/rustwide/cargo-home/registry/src/index.crates.io-6f17d22bba15001f/tokio-1.37.0/src/runtime/coop.rs:73:5
[INFO] [stdout]   36:     0x61ddf418ea05 - tokio::runtime::scheduler::current_thread::CoreGuard::block_on::{{closure}}::{{closure}}::hce78e0687f1f5d75
[INFO] [stdout]                                at /opt/rustwide/cargo-home/registry/src/index.crates.io-6f17d22bba15001f/tokio-1.37.0/src/runtime/scheduler/current_thread/mod.rs:659:25
[INFO] [stdout]   37:     0x61ddf418d4fc - tokio::runtime::scheduler::current_thread::Context::enter::h0995db102fe810c6
[INFO] [stdout]                                at /opt/rustwide/cargo-home/registry/src/index.crates.io-6f17d22bba15001f/tokio-1.37.0/src/runtime/scheduler/current_thread/mod.rs:404:19
[INFO] [stdout]   38:     0x61ddf418e28b - tokio::runtime::scheduler::current_thread::CoreGuard::block_on::{{closure}}::h235b799b1bb484b9
[INFO] [stdout]                                at /opt/rustwide/cargo-home/registry/src/index.crates.io-6f17d22bba15001f/tokio-1.37.0/src/runtime/scheduler/current_thread/mod.rs:658:36
[INFO] [stdout]   39:     0x61ddf418dff4 - tokio::runtime::scheduler::current_thread::CoreGuard::enter::{{closure}}::h4fbb4cae22a71205
[INFO] [stdout]                                at /opt/rustwide/cargo-home/registry/src/index.crates.io-6f17d22bba15001f/tokio-1.37.0/src/runtime/scheduler/current_thread/mod.rs:737:68
[INFO] [stdout]   40:     0x61ddf42037fb - tokio::runtime::context::scoped::Scoped<T>::set::ha437df76fd677806
[INFO] [stdout]                                at /opt/rustwide/cargo-home/registry/src/index.crates.io-6f17d22bba15001f/tokio-1.37.0/src/runtime/context/scoped.rs:40:9
[INFO] [stdout]   41:     0x61ddf41697c9 - tokio::runtime::context::set_scheduler::{{closure}}::h494be149fc5bcca8
[INFO] [stdout]                                at /opt/rustwide/cargo-home/registry/src/index.crates.io-6f17d22bba15001f/tokio-1.37.0/src/runtime/context.rs:176:26
[INFO] [stdout]   42:     0x61ddf41d86ad - std::thread::local::LocalKey<T>::try_with::hfdaa20001cd3fa23
[INFO] [stdout]                                at /rustc/df4ca44d3fbc9301ee17f30f4d474e6ae4b05252/library/std/src/thread/local.rs:283:12
[INFO] [stdout]   43:     0x61ddf41d736a - std::thread::local::LocalKey<T>::with::hd2388fcc30c88ea3
[INFO] [stdout]                                at /rustc/df4ca44d3fbc9301ee17f30f4d474e6ae4b05252/library/std/src/thread/local.rs:260:9
[INFO] [stdout]   44:     0x61ddf416977d - tokio::runtime::context::set_scheduler::h22d8ad64103961a6
[INFO] [stdout]                                at /opt/rustwide/cargo-home/registry/src/index.crates.io-6f17d22bba15001f/tokio-1.37.0/src/runtime/context.rs:176:9
[INFO] [stdout]   45:     0x61ddf418ddac - tokio::runtime::scheduler::current_thread::CoreGuard::enter::h5a61b8df5ea0bc85
[INFO] [stdout]                                at /opt/rustwide/cargo-home/registry/src/index.crates.io-6f17d22bba15001f/tokio-1.37.0/src/runtime/scheduler/current_thread/mod.rs:737:27
[INFO] [stdout]   46:     0x61ddf418e013 - tokio::runtime::scheduler::current_thread::CoreGuard::block_on::h77e9ad837ef7b051
[INFO] [stdout]                                at /opt/rustwide/cargo-home/registry/src/index.crates.io-6f17d22bba15001f/tokio-1.37.0/src/runtime/scheduler/current_thread/mod.rs:646:19
[INFO] [stdout]   47:     0x61ddf418c5dd - tokio::runtime::scheduler::current_thread::CurrentThread::block_on::{{closure}}::had85b2794fb976e5
[INFO] [stdout]                                at /opt/rustwide/cargo-home/registry/src/index.crates.io-6f17d22bba15001f/tokio-1.37.0/src/runtime/scheduler/current_thread/mod.rs:175:28
[INFO] [stdout]   48:     0x61ddf41dbc56 - tokio::runtime::context::runtime::enter_runtime::h3ed173763c404868
[INFO] [stdout]                                at /opt/rustwide/cargo-home/registry/src/index.crates.io-6f17d22bba15001f/tokio-1.37.0/src/runtime/context/runtime.rs:65:16
[INFO] [stdout]   49:     0x61ddf418c4f1 - tokio::runtime::scheduler::current_thread::CurrentThread::block_on::h55fa12848cb4f150
[INFO] [stdout]                                at /opt/rustwide/cargo-home/registry/src/index.crates.io-6f17d22bba15001f/tokio-1.37.0/src/runtime/scheduler/current_thread/mod.rs:167:9
[INFO] [stdout]   50:     0x61ddf417739d - tokio::runtime::runtime::Runtime::block_on::h0ff7266182850cce
[INFO] [stdout]                                at /opt/rustwide/cargo-home/registry/src/index.crates.io-6f17d22bba15001f/tokio-1.37.0/src/runtime/runtime.rs:349:47
[INFO] [stdout]   51:     0x61ddf42064ed - cron::backfills_if_identifier_already_registered_5h_ago::h0ca58b4cf4bfc156
[INFO] [stdout]                                at /opt/rustwide/workdir/tests/cron.rs:84:5
[INFO] [stdout]   52:     0x61ddf4206337 - cron::backfills_if_identifier_already_registered_5h_ago::{{closure}}::h551c175d4e211541
[INFO] [stdout]                                at /opt/rustwide/workdir/tests/cron.rs:83:61
[INFO] [stdout]   53:     0x61ddf4151d36 - core::ops::function::FnOnce::call_once::h2868f613839ee1dc
[INFO] [stdout]                                at /rustc/df4ca44d3fbc9301ee17f30f4d474e6ae4b05252/library/core/src/ops/function.rs:250:5
[INFO] [stdout]   54:     0x61ddf425a74b - core::ops::function::FnOnce::call_once::h22c3ba5715e93f05
[INFO] [stdout]                                at /rustc/df4ca44d3fbc9301ee17f30f4d474e6ae4b05252/library/core/src/ops/function.rs:250:5
[INFO] [stdout]   55:     0x61ddf425a74b - test::__rust_begin_short_backtrace::h8e82d8113d0da17f
[INFO] [stdout]                                at /rustc/df4ca44d3fbc9301ee17f30f4d474e6ae4b05252/library/test/src/lib.rs:621:18
[INFO] [stdout]   56:     0x61ddf425a0c7 - test::run_test_in_process::{{closure}}::h33235f4f20b7b7c7
[INFO] [stdout]                                at /rustc/df4ca44d3fbc9301ee17f30f4d474e6ae4b05252/library/test/src/lib.rs:644:60
[INFO] [stdout]   57:     0x61ddf425a0c7 - <core::panic::unwind_safe::AssertUnwindSafe<F> as core::ops::function::FnOnce<()>>::call_once::hb5043206310c586f
[INFO] [stdout]                                at /rustc/df4ca44d3fbc9301ee17f30f4d474e6ae4b05252/library/core/src/panic/unwind_safe.rs:272:9
[INFO] [stdout]   58:     0x61ddf425a0c7 - std::panicking::try::do_call::h9ad4731a60ab23e2
[INFO] [stdout]                                at /rustc/df4ca44d3fbc9301ee17f30f4d474e6ae4b05252/library/std/src/panicking.rs:557:40
[INFO] [stdout]   59:     0x61ddf425a0c7 - std::panicking::try::h3824d23db772a716
[INFO] [stdout]                                at /rustc/df4ca44d3fbc9301ee17f30f4d474e6ae4b05252/library/std/src/panicking.rs:520:19
[INFO] [stdout]   60:     0x61ddf425a0c7 - std::panic::catch_unwind::h5afd514605fde46b
[INFO] [stdout]                                at /rustc/df4ca44d3fbc9301ee17f30f4d474e6ae4b05252/library/std/src/panic.rs:358:14
[INFO] [stdout]   61:     0x61ddf425a0c7 - test::run_test_in_process::h0d5cbfa7067d1720
[INFO] [stdout]                                at /rustc/df4ca44d3fbc9301ee17f30f4d474e6ae4b05252/library/test/src/lib.rs:644:27
[INFO] [stdout]   62:     0x61ddf425a0c7 - test::run_test::{{closure}}::h708eb8872708115d
[INFO] [stdout]                                at /rustc/df4ca44d3fbc9301ee17f30f4d474e6ae4b05252/library/test/src/lib.rs:565:43
[INFO] [stdout]   63:     0x61ddf421d7e4 - test::run_test::{{closure}}::h392c51cee94713ab
[INFO] [stdout]                                at /rustc/df4ca44d3fbc9301ee17f30f4d474e6ae4b05252/library/test/src/lib.rs:595:41
[INFO] [stdout]   64:     0x61ddf421d7e4 - std::sys::backtrace::__rust_begin_short_backtrace::h2f40290710935a8b
[INFO] [stdout]                                at /rustc/df4ca44d3fbc9301ee17f30f4d474e6ae4b05252/library/std/src/sys/backtrace.rs:154:18
[INFO] [stdout]   65:     0x61ddf4220f8e - std::thread::Builder::spawn_unchecked_::{{closure}}::{{closure}}::h3fd968d89053a903
[INFO] [stdout]                                at /rustc/df4ca44d3fbc9301ee17f30f4d474e6ae4b05252/library/std/src/thread/mod.rs:541:17
[INFO] [stdout]   66:     0x61ddf4220f8e - <core::panic::unwind_safe::AssertUnwindSafe<F> as core::ops::function::FnOnce<()>>::call_once::h743f637ba4229880
[INFO] [stdout]                                at /rustc/df4ca44d3fbc9301ee17f30f4d474e6ae4b05252/library/core/src/panic/unwind_safe.rs:272:9
[INFO] [stdout]   67:     0x61ddf4220f8e - std::panicking::try::do_call::h07440897322525a6
[INFO] [stdout]                                at /rustc/df4ca44d3fbc9301ee17f30f4d474e6ae4b05252/library/std/src/panicking.rs:557:40
[INFO] [stdout]   68:     0x61ddf4220f8e - std::panicking::try::he5a2e00188156637
[INFO] [stdout]                                at /rustc/df4ca44d3fbc9301ee17f30f4d474e6ae4b05252/library/std/src/panicking.rs:520:19
[INFO] [stdout]   69:     0x61ddf4220f8e - std::panic::catch_unwind::hbaf3cae49b3c6433
[INFO] [stdout]                                at /rustc/df4ca44d3fbc9301ee17f30f4d474e6ae4b05252/library/std/src/panic.rs:358:14
[INFO] [stdout]   70:     0x61ddf4220f8e - std::thread::Builder::spawn_unchecked_::{{closure}}::h8e141ea224820bce
[INFO] [stdout]                                at /rustc/df4ca44d3fbc9301ee17f30f4d474e6ae4b05252/library/std/src/thread/mod.rs:540:30
[INFO] [stdout]   71:     0x61ddf4220f8e - core::ops::function::FnOnce::call_once{{vtable.shim}}::h90d312fedd7b8ea8
[INFO] [stdout]                                at /rustc/df4ca44d3fbc9301ee17f30f4d474e6ae4b05252/library/core/src/ops/function.rs:250:5
[INFO] [stdout]   72:     0x61ddf48355bb - <alloc::boxed::Box<F,A> as core::ops::function::FnOnce<Args>>::call_once::h69aa08ddb6adb8b6
[INFO] [stdout]                                at /rustc/df4ca44d3fbc9301ee17f30f4d474e6ae4b05252/library/alloc/src/boxed.rs:2454:9
[INFO] [stdout]   73:     0x61ddf48355bb - <alloc::boxed::Box<F,A> as core::ops::function::FnOnce<Args>>::call_once::h5aa36efdb79c806f
[INFO] [stdout]                                at /rustc/df4ca44d3fbc9301ee17f30f4d474e6ae4b05252/library/alloc/src/boxed.rs:2454:9
[INFO] [stdout]   74:     0x61ddf48355bb - std::sys::pal::unix::thread::Thread::new::thread_start::h6cd80a1b4be5158d
[INFO] [stdout]                                at /rustc/df4ca44d3fbc9301ee17f30f4d474e6ae4b05252/library/std/src/sys/pal/unix/thread.rs:105:17
[INFO] [stdout]   75:     0x7a3ba1169ac3 - <unknown>
[INFO] [stdout]   76:     0x7a3ba11faa04 - clone
[INFO] [stdout]   77:                0x0 - <unknown>
[INFO] [stdout] 
[INFO] [stdout] ---- register_identifiers stdout ----
[INFO] [stdout] thread 'register_identifiers' panicked at tests/helpers.rs:280:48:
[INFO] [stdout] DATABASE_URL must be set: NotPresent
[INFO] [stdout] stack backtrace:
[INFO] [stdout]    0:     0x61ddf482f77a - std::backtrace_rs::backtrace::libunwind::trace::h207520d6e9873551
[INFO] [stdout]                                at /rustc/df4ca44d3fbc9301ee17f30f4d474e6ae4b05252/library/std/src/../../backtrace/src/backtrace/libunwind.rs:116:5
[INFO] [stdout]    1:     0x61ddf482f77a - std::backtrace_rs::backtrace::trace_unsynchronized::h2ed7433f370e3eca
[INFO] [stdout]                                at /rustc/df4ca44d3fbc9301ee17f30f4d474e6ae4b05252/library/std/src/../../backtrace/src/backtrace/mod.rs:66:5
[INFO] [stdout]    2:     0x61ddf482f77a - std::sys::backtrace::_print_fmt::h916fac51166b18d7
[INFO] [stdout]                                at /rustc/df4ca44d3fbc9301ee17f30f4d474e6ae4b05252/library/std/src/sys/backtrace.rs:66:9
[INFO] [stdout]    3:     0x61ddf482f77a - <std::sys::backtrace::BacktraceLock::print::DisplayBacktrace as core::fmt::Display>::fmt::ha0a4c9b8ce3802e6
[INFO] [stdout]                                at /rustc/df4ca44d3fbc9301ee17f30f4d474e6ae4b05252/library/std/src/sys/backtrace.rs:39:26
[INFO] [stdout]    4:     0x61ddf485b1b3 - core::fmt::rt::Argument::fmt::h4cfc8587d52b3eb5
[INFO] [stdout]                                at /rustc/df4ca44d3fbc9301ee17f30f4d474e6ae4b05252/library/core/src/fmt/rt.rs:177:76
[INFO] [stdout]    5:     0x61ddf485b1b3 - core::fmt::write::h522cc39e5b36ae9f
[INFO] [stdout]                                at /rustc/df4ca44d3fbc9301ee17f30f4d474e6ae4b05252/library/core/src/fmt/mod.rs:1190:21
[INFO] [stdout]    6:     0x61ddf482b7c3 - std::io::Write::write_fmt::h7d3c26752da97734
[INFO] [stdout]                                at /rustc/df4ca44d3fbc9301ee17f30f4d474e6ae4b05252/library/std/src/io/mod.rs:1839:15
[INFO] [stdout]    7:     0x61ddf482f5c2 - std::sys::backtrace::BacktraceLock::print::h4b9e00b29e9c0942
[INFO] [stdout]                                at /rustc/df4ca44d3fbc9301ee17f30f4d474e6ae4b05252/library/std/src/sys/backtrace.rs:42:9
[INFO] [stdout]    8:     0x61ddf4830c0a - std::panicking::default_hook::{{closure}}::hb59b88280d0324d9
[INFO] [stdout]                                at /rustc/df4ca44d3fbc9301ee17f30f4d474e6ae4b05252/library/std/src/panicking.rs:268:22
[INFO] [stdout]    9:     0x61ddf4830a14 - std::panicking::default_hook::he1dd496665be4a29
[INFO] [stdout]                                at /rustc/df4ca44d3fbc9301ee17f30f4d474e6ae4b05252/library/std/src/panicking.rs:292:9
[INFO] [stdout]   10:     0x61ddf4255e79 - <alloc::boxed::Box<F,A> as core::ops::function::Fn<Args>>::call::h4ff71de18744e1dc
[INFO] [stdout]                                at /rustc/df4ca44d3fbc9301ee17f30f4d474e6ae4b05252/library/alloc/src/boxed.rs:2468:9
[INFO] [stdout]   11:     0x61ddf4255e79 - test::test_main::{{closure}}::hcf7c055ce117aa81
[INFO] [stdout]                                at /rustc/df4ca44d3fbc9301ee17f30f4d474e6ae4b05252/library/test/src/lib.rs:133:21
[INFO] [stdout]   12:     0x61ddf4831308 - <alloc::boxed::Box<F,A> as core::ops::function::Fn<Args>>::call::h1d66c6bbd60c9692
[INFO] [stdout]                                at /rustc/df4ca44d3fbc9301ee17f30f4d474e6ae4b05252/library/alloc/src/boxed.rs:2468:9
[INFO] [stdout]   13:     0x61ddf4831308 - std::panicking::rust_panic_with_hook::h2ff17fe8f26dfcf8
[INFO] [stdout]                                at /rustc/df4ca44d3fbc9301ee17f30f4d474e6ae4b05252/library/std/src/panicking.rs:809:13
[INFO] [stdout]   14:     0x61ddf48310ca - std::panicking::begin_panic_handler::{{closure}}::h4fad77951c07e101
[INFO] [stdout]                                at /rustc/df4ca44d3fbc9301ee17f30f4d474e6ae4b05252/library/std/src/panicking.rs:674:13
[INFO] [stdout]   15:     0x61ddf482fc59 - std::sys::backtrace::__rust_end_short_backtrace::hb1a25b3da5d0ea08
[INFO] [stdout]                                at /rustc/df4ca44d3fbc9301ee17f30f4d474e6ae4b05252/library/std/src/sys/backtrace.rs:170:18
[INFO] [stdout]   16:     0x61ddf4830d5c - rust_begin_unwind
[INFO] [stdout]                                at /rustc/df4ca44d3fbc9301ee17f30f4d474e6ae4b05252/library/std/src/panicking.rs:665:5
[INFO] [stdout]   17:     0x61ddf4858ea0 - core::panicking::panic_fmt::ha9db07b529f9b256
[INFO] [stdout]                                at /rustc/df4ca44d3fbc9301ee17f30f4d474e6ae4b05252/library/core/src/panicking.rs:75:14
[INFO] [stdout]   18:     0x61ddf4859346 - core::result::unwrap_failed::h5e8218e4d4338b8a
[INFO] [stdout]                                at /rustc/df4ca44d3fbc9301ee17f30f4d474e6ae4b05252/library/core/src/result.rs:1698:5
[INFO] [stdout]   19:     0x61ddf4199de6 - core::result::Result<T,E>::expect::hf8060f0580967dba
[INFO] [stdout]                                at /rustc/df4ca44d3fbc9301ee17f30f4d474e6ae4b05252/library/core/src/result.rs:1060:23
[INFO] [stdout]   20:     0x61ddf41c70be - cron::helpers::create_test_database::{{closure}}::h0859b6330744e02f
[INFO] [stdout]                                at /opt/rustwide/workdir/tests/helpers.rs:280:18
[INFO] [stdout]   21:     0x61ddf41c8b0b - cron::helpers::with_test_db::{{closure}}::{{closure}}::h2a474f3fcbeef4bc
[INFO] [stdout]                                at /opt/rustwide/workdir/tests/helpers.rs:328:50
[INFO] [stdout]   22:     0x61ddf41d5b4a - <tokio::task::local::RunUntil<T> as core::future::future::Future>::poll::{{closure}}::h08cec6ad1db44288
[INFO] [stdout]                                at /opt/rustwide/cargo-home/registry/src/index.crates.io-6f17d22bba15001f/tokio-1.37.0/src/task/local.rs:978:42
[INFO] [stdout]   23:     0x61ddf41d33a0 - tokio::task::local::LocalSet::with::{{closure}}::h6e0eb91f2b410f26
[INFO] [stdout]                                at /opt/rustwide/cargo-home/registry/src/index.crates.io-6f17d22bba15001f/tokio-1.37.0/src/task/local.rs:730:13
[INFO] [stdout]   24:     0x61ddf41d76c0 - std::thread::local::LocalKey<T>::try_with::h2c9ee7cd87ab3773
[INFO] [stdout]                                at /rustc/df4ca44d3fbc9301ee17f30f4d474e6ae4b05252/library/std/src/thread/local.rs:283:12
[INFO] [stdout]   25:     0x61ddf41d73da - std::thread::local::LocalKey<T>::with::hfa1687919b3482aa
[INFO] [stdout]                                at /rustc/df4ca44d3fbc9301ee17f30f4d474e6ae4b05252/library/std/src/thread/local.rs:260:9
[INFO] [stdout]   26:     0x61ddf41d32c6 - tokio::task::local::LocalSet::with::h3d6bf4d0d10ffa24
[INFO] [stdout]                                at /opt/rustwide/cargo-home/registry/src/index.crates.io-6f17d22bba15001f/tokio-1.37.0/src/task/local.rs:728:9
[INFO] [stdout]   27:     0x61ddf41d5ac5 - <tokio::task::local::RunUntil<T> as core::future::future::Future>::poll::hc4b741b5c86f5cf0
[INFO] [stdout]                                at /opt/rustwide/cargo-home/registry/src/index.crates.io-6f17d22bba15001f/tokio-1.37.0/src/task/local.rs:968:9
[INFO] [stdout]   28:     0x61ddf41d38c3 - tokio::task::local::LocalSet::run_until::{{closure}}::h4e18661147ee03fb
[INFO] [stdout]                                at /opt/rustwide/cargo-home/registry/src/index.crates.io-6f17d22bba15001f/tokio-1.37.0/src/task/local.rs:635:19
[INFO] [stdout]   29:     0x61ddf41c8282 - cron::helpers::with_test_db::{{closure}}::h3ce0909099e50dfe
[INFO] [stdout]                                at /opt/rustwide/workdir/tests/helpers.rs:339:10
[INFO] [stdout]   30:     0x61ddf42047de - cron::register_identifiers::{{closure}}::hf68b418c7a082321
[INFO] [stdout]                                at /opt/rustwide/workdir/tests/cron.rs:79:6
[INFO] [stdout]   31:     0x61ddf41ebb22 - <core::pin::Pin<P> as core::future::future::Future>::poll::hab7b66b2504a2756
[INFO] [stdout]                                at /rustc/df4ca44d3fbc9301ee17f30f4d474e6ae4b05252/library/core/src/future/future.rs:123:9
[INFO] [stdout]   32:     0x61ddf41ebbbd - <core::pin::Pin<P> as core::future::future::Future>::poll::heaf3ff4cd29714af
[INFO] [stdout]                                at /rustc/df4ca44d3fbc9301ee17f30f4d474e6ae4b05252/library/core/src/future/future.rs:123:9
[INFO] [stdout]   33:     0x61ddf418eacf - tokio::runtime::scheduler::current_thread::CoreGuard::block_on::{{closure}}::{{closure}}::{{closure}}::h144f9a591e02f1a8
[INFO] [stdout]                                at /opt/rustwide/cargo-home/registry/src/index.crates.io-6f17d22bba15001f/tokio-1.37.0/src/runtime/scheduler/current_thread/mod.rs:659:57
[INFO] [stdout]   34:     0x61ddf418ea05 - tokio::runtime::coop::with_budget::h06ebfe9b17246780
[INFO] [stdout]                                at /opt/rustwide/cargo-home/registry/src/index.crates.io-6f17d22bba15001f/tokio-1.37.0/src/runtime/coop.rs:107:5
[INFO] [stdout]   35:     0x61ddf418ea05 - tokio::runtime::coop::budget::h7aa0afe4789ed860
[INFO] [stdout]                                at /opt/rustwide/cargo-home/registry/src/index.crates.io-6f17d22bba15001f/tokio-1.37.0/src/runtime/coop.rs:73:5
[INFO] [stdout]   36:     0x61ddf418ea05 - tokio::runtime::scheduler::current_thread::CoreGuard::block_on::{{closure}}::{{closure}}::hce78e0687f1f5d75
[INFO] [stdout]                                at /opt/rustwide/cargo-home/registry/src/index.crates.io-6f17d22bba15001f/tokio-1.37.0/src/runtime/scheduler/current_thread/mod.rs:659:25
[INFO] [stdout]   37:     0x61ddf418d4fc - tokio::runtime::scheduler::current_thread::Context::enter::h0995db102fe810c6
[INFO] [stdout]                                at /opt/rustwide/cargo-home/registry/src/index.crates.io-6f17d22bba15001f/tokio-1.37.0/src/runtime/scheduler/current_thread/mod.rs:404:19
[INFO] [stdout]   38:     0x61ddf418e28b - tokio::runtime::scheduler::current_thread::CoreGuard::block_on::{{closure}}::h235b799b1bb484b9
[INFO] [stdout]                                at /opt/rustwide/cargo-home/registry/src/index.crates.io-6f17d22bba15001f/tokio-1.37.0/src/runtime/scheduler/current_thread/mod.rs:658:36
[INFO] [stdout]   39:     0x61ddf418dff4 - tokio::runtime::scheduler::current_thread::CoreGuard::enter::{{closure}}::h4fbb4cae22a71205
[INFO] [stdout]                                at /opt/rustwide/cargo-home/registry/src/index.crates.io-6f17d22bba15001f/tokio-1.37.0/src/runtime/scheduler/current_thread/mod.rs:737:68
[INFO] [stdout]   40:     0x61ddf42037fb - tokio::runtime::context::scoped::Scoped<T>::set::ha437df76fd677806
[INFO] [stdout]                                at /opt/rustwide/cargo-home/registry/src/index.crates.io-6f17d22bba15001f/tokio-1.37.0/src/runtime/context/scoped.rs:40:9
[INFO] [stdout]   41:     0x61ddf41697c9 - tokio::runtime::context::set_scheduler::{{closure}}::h494be149fc5bcca8
[INFO] [stdout]                                at /opt/rustwide/cargo-home/registry/src/index.crates.io-6f17d22bba15001f/tokio-1.37.0/src/runtime/context.rs:176:26
[INFO] [stdout]   42:     0x61ddf41d86ad - std::thread::local::LocalKey<T>::try_with::hfdaa20001cd3fa23
[INFO] [stdout]                                at /rustc/df4ca44d3fbc9301ee17f30f4d474e6ae4b05252/library/std/src/thread/local.rs:283:12
[INFO] [stdout]   43:     0x61ddf41d736a - std::thread::local::LocalKey<T>::with::hd2388fcc30c88ea3
[INFO] [stdout]                                at /rustc/df4ca44d3fbc9301ee17f30f4d474e6ae4b05252/library/std/src/thread/local.rs:260:9
[INFO] [stdout]   44:     0x61ddf416977d - tokio::runtime::context::set_scheduler::h22d8ad64103961a6
[INFO] [stdout]                                at /opt/rustwide/cargo-home/registry/src/index.crates.io-6f17d22bba15001f/tokio-1.37.0/src/runtime/context.rs:176:9
[INFO] [stdout]   45:     0x61ddf418ddac - tokio::runtime::scheduler::current_thread::CoreGuard::enter::h5a61b8df5ea0bc85
[INFO] [stdout]                                at /opt/rustwide/cargo-home/registry/src/index.crates.io-6f17d22bba15001f/tokio-1.37.0/src/runtime/scheduler/current_thread/mod.rs:737:27
[INFO] [stdout]   46:     0x61ddf418e013 - tokio::runtime::scheduler::current_thread::CoreGuard::block_on::h77e9ad837ef7b051
[INFO] [stdout]                                at /opt/rustwide/cargo-home/registry/src/index.crates.io-6f17d22bba15001f/tokio-1.37.0/src/runtime/scheduler/current_thread/mod.rs:646:19
[INFO] [stdout]   47:     0x61ddf418c5dd - tokio::runtime::scheduler::current_thread::CurrentThread::block_on::{{closure}}::had85b2794fb976e5
[INFO] [stdout]                                at /opt/rustwide/cargo-home/registry/src/index.crates.io-6f17d22bba15001f/tokio-1.37.0/src/runtime/scheduler/current_thread/mod.rs:175:28
[INFO] [stdout]   48:     0x61ddf41dbc56 - tokio::runtime::context::runtime::enter_runtime::h3ed173763c404868
[INFO] [stdout]                                at /opt/rustwide/cargo-home/registry/src/index.crates.io-6f17d22bba15001f/tokio-1.37.0/src/runtime/context/runtime.rs:65:16
[INFO] [stdout]   49:     0x61ddf418c4f1 - tokio::runtime::scheduler::current_thread::CurrentThread::block_on::h55fa12848cb4f150
[INFO] [stdout]                                at /opt/rustwide/cargo-home/registry/src/index.crates.io-6f17d22bba15001f/tokio-1.37.0/src/runtime/scheduler/current_thread/mod.rs:167:9
[INFO] [stdout]   50:     0x61ddf417739d - tokio::runtime::runtime::Runtime::block_on::h0ff7266182850cce
[INFO] [stdout]                                at /opt/rustwide/cargo-home/registry/src/index.crates.io-6f17d22bba15001f/tokio-1.37.0/src/runtime/runtime.rs:349:47
[INFO] [stdout]   51:     0x61ddf42045bd - cron::register_identifiers::h59ad399a711655c4
[INFO] [stdout]                                at /opt/rustwide/workdir/tests/cron.rs:17:5
[INFO] [stdout]   52:     0x61ddf4204407 - cron::register_identifiers::{{closure}}::hf9bf42162b365d20
[INFO] [stdout]                                at /opt/rustwide/workdir/tests/cron.rs:14:32
[INFO] [stdout]   53:     0x61ddf4152db6 - core::ops::function::FnOnce::call_once::hd9f385566e7ab880
[INFO] [stdout]                                at /rustc/df4ca44d3fbc9301ee17f30f4d474e6ae4b05252/library/core/src/ops/function.rs:250:5
[INFO] [stdout]   54:     0x61ddf425a74b - core::ops::function::FnOnce::call_once::h22c3ba5715e93f05
[INFO] [stdout]                                at /rustc/df4ca44d3fbc9301ee17f30f4d474e6ae4b05252/library/core/src/ops/function.rs:250:5
[INFO] [stdout]   55:     0x61ddf425a74b - test::__rust_begin_short_backtrace::h8e82d8113d0da17f
[INFO] [stdout]                                at /rustc/df4ca44d3fbc9301ee17f30f4d474e6ae4b05252/library/test/src/lib.rs:621:18
[INFO] [stdout]   56:     0x61ddf425a0c7 - test::run_test_in_process::{{closure}}::h33235f4f20b7b7c7
[INFO] [stdout]                                at /rustc/df4ca44d3fbc9301ee17f30f4d474e6ae4b05252/library/test/src/lib.rs:644:60
[INFO] [stdout]   57:     0x61ddf425a0c7 - <core::panic::unwind_safe::AssertUnwindSafe<F> as core::ops::function::FnOnce<()>>::call_once::hb5043206310c586f
[INFO] [stdout]                                at /rustc/df4ca44d3fbc9301ee17f30f4d474e6ae4b05252/library/core/src/panic/unwind_safe.rs:272:9
[INFO] [stdout]   58:     0x61ddf425a0c7 - std::panicking::try::do_call::h9ad4731a60ab23e2
[INFO] [stdout]                                at /rustc/df4ca44d3fbc9301ee17f30f4d474e6ae4b05252/library/std/src/panicking.rs:557:40
[INFO] [stdout]   59:     0x61ddf425a0c7 - std::panicking::try::h3824d23db772a716
[INFO] [stdout]                                at /rustc/df4ca44d3fbc9301ee17f30f4d474e6ae4b05252/library/std/src/panicking.rs:520:19
[INFO] [stdout]   60:     0x61ddf425a0c7 - std::panic::catch_unwind::h5afd514605fde46b
[INFO] [stdout]                                at /rustc/df4ca44d3fbc9301ee17f30f4d474e6ae4b05252/library/std/src/panic.rs:358:14
[INFO] [stdout]   61:     0x61ddf425a0c7 - test::run_test_in_process::h0d5cbfa7067d1720
[INFO] [stdout]                                at /rustc/df4ca44d3fbc9301ee17f30f4d474e6ae4b05252/library/test/src/lib.rs:644:27
[INFO] [stdout]   62:     0x61ddf425a0c7 - test::run_test::{{closure}}::h708eb8872708115d
[INFO] [stdout]                                at /rustc/df4ca44d3fbc9301ee17f30f4d474e6ae4b05252/library/test/src/lib.rs:565:43
[INFO] [stdout]   63:     0x61ddf421d7e4 - test::run_test::{{closure}}::h392c51cee94713ab
[INFO] [stdout]                                at /rustc/df4ca44d3fbc9301ee17f30f4d474e6ae4b05252/library/test/src/lib.rs:595:41
[INFO] [stdout]   64:     0x61ddf421d7e4 - std::sys::backtrace::__rust_begin_short_backtrace::h2f40290710935a8b
[INFO] [stdout]                                at /rustc/df4ca44d3fbc9301ee17f30f4d474e6ae4b05252/library/std/src/sys/backtrace.rs:154:18
[INFO] [stdout]   65:     0x61ddf4220f8e - std::thread::Builder::spawn_unchecked_::{{closure}}::{{closure}}::h3fd968d89053a903
[INFO] [stdout]                                at /rustc/df4ca44d3fbc9301ee17f30f4d474e6ae4b05252/library/std/src/thread/mod.rs:541:17
[INFO] [stdout]   66:     0x61ddf4220f8e - <core::panic::unwind_safe::AssertUnwindSafe<F> as core::ops::function::FnOnce<()>>::call_once::h743f637ba4229880
[INFO] [stdout]                                at /rustc/df4ca44d3fbc9301ee17f30f4d474e6ae4b05252/library/core/src/panic/unwind_safe.rs:272:9
[INFO] [stdout]   67:     0x61ddf4220f8e - std::panicking::try::do_call::h07440897322525a6
[INFO] [stdout]                                at /rustc/df4ca44d3fbc9301ee17f30f4d474e6ae4b05252/library/std/src/panicking.rs:557:40
[INFO] [stdout]   68:     0x61ddf4220f8e - std::panicking::try::he5a2e00188156637
[INFO] [stdout]                                at /rustc/df4ca44d3fbc9301ee17f30f4d474e6ae4b05252/library/std/src/panicking.rs:520:19
[INFO] [stdout]   69:     0x61ddf4220f8e - std::panic::catch_unwind::hbaf3cae49b3c6433
[INFO] [stdout]                                at /rustc/df4ca44d3fbc9301ee17f30f4d474e6ae4b05252/library/std/src/panic.rs:358:14
[INFO] [stdout]   70:     0x61ddf4220f8e - std::thread::Builder::spawn_unchecked_::{{closure}}::h8e141ea224820bce
[INFO] [stdout]                                at /rustc/df4ca44d3fbc9301ee17f30f4d474e6ae4b05252/library/std/src/thread/mod.rs:540:30
[INFO] [stdout]   71:     0x61ddf4220f8e - core::ops::function::FnOnce::call_once{{vtable.shim}}::h90d312fedd7b8ea8
[INFO] [stdout]                                at /rustc/df4ca44d3fbc9301ee17f30f4d474e6ae4b05252/library/core/src/ops/function.rs:250:5
[INFO] [stdout]   72:     0x61ddf48355bb - <alloc::boxed::Box<F,A> as core::ops::function::FnOnce<Args>>::call_once::h69aa08ddb6adb8b6
[INFO] [stdout]                                at /rustc/df4ca44d3fbc9301ee17f30f4d474e6ae4b05252/library/alloc/src/boxed.rs:2454:9
[INFO] [stdout]   73:     0x61ddf48355bb - <alloc::boxed::Box<F,A> as core::ops::function::FnOnce<Args>>::call_once::h5aa36efdb79c806f
[INFO] [stdout]                                at /rustc/df4ca44d3fbc9301ee17f30f4d474e6ae4b05252/library/alloc/src/boxed.rs:2454:9
[INFO] [stdout]   74:     0x61ddf48355bb - std::sys::pal::unix::thread::Thread::new::thread_start::h6cd80a1b4be5158d
[INFO] [stdout]                                at /rustc/df4ca44d3fbc9301ee17f30f4d474e6ae4b05252/library/std/src/sys/pal/unix/thread.rs:105:17
[INFO] [stdout]   75:     0x7a3ba1169ac3 - <unknown>
[INFO] [stdout]   76:     0x7a3ba11faa04 - clone
[INFO] [stdout]   77:                0x0 - <unknown>
[INFO] [stdout] 
[INFO] [stdout] ---- backfills_if_identifier_already_registered_25h_ago stdout ----
[INFO] [stdout] thread 'backfills_if_identifier_already_registered_25h_ago' panicked at tests/helpers.rs:280:48:
[INFO] [stdout] DATABASE_URL must be set: NotPresent
[INFO] [stdout] stack backtrace:
[INFO] [stdout]    0:     0x61ddf482f77a - std::backtrace_rs::backtrace::libunwind::trace::h207520d6e9873551
[INFO] [stdout]                                at /rustc/df4ca44d3fbc9301ee17f30f4d474e6ae4b05252/library/std/src/../../backtrace/src/backtrace/libunwind.rs:116:5
[INFO] [stdout]    1:     0x61ddf482f77a - std::backtrace_rs::backtrace::trace_unsynchronized::h2ed7433f370e3eca
[INFO] [stdout]                                at /rustc/df4ca44d3fbc9301ee17f30f4d474e6ae4b05252/library/std/src/../../backtrace/src/backtrace/mod.rs:66:5
[INFO] [stdout]    2:     0x61ddf482f77a - std::sys::backtrace::_print_fmt::h916fac51166b18d7
[INFO] [stdout]                                at /rustc/df4ca44d3fbc9301ee17f30f4d474e6ae4b05252/library/std/src/sys/backtrace.rs:66:9
[INFO] [stdout]    3:     0x61ddf482f77a - <std::sys::backtrace::BacktraceLock::print::DisplayBacktrace as core::fmt::Display>::fmt::ha0a4c9b8ce3802e6
[INFO] [stdout]                                at /rustc/df4ca44d3fbc9301ee17f30f4d474e6ae4b05252/library/std/src/sys/backtrace.rs:39:26
[INFO] [stdout]    4:     0x61ddf485b1b3 - core::fmt::rt::Argument::fmt::h4cfc8587d52b3eb5
[INFO] [stdout]                                at /rustc/df4ca44d3fbc9301ee17f30f4d474e6ae4b05252/library/core/src/fmt/rt.rs:177:76
[INFO] [stdout]    5:     0x61ddf485b1b3 - core::fmt::write::h522cc39e5b36ae9f
[INFO] [stdout]                                at /rustc/df4ca44d3fbc9301ee17f30f4d474e6ae4b05252/library/core/src/fmt/mod.rs:1190:21
[INFO] [stdout]    6:     0x61ddf482b7c3 - std::io::Write::write_fmt::h7d3c26752da97734
[INFO] [stdout]                                at /rustc/df4ca44d3fbc9301ee17f30f4d474e6ae4b05252/library/std/src/io/mod.rs:1839:15
[INFO] [stdout]    7:     0x61ddf482f5c2 - std::sys::backtrace::BacktraceLock::print::h4b9e00b29e9c0942
[INFO] [stdout]                                at /rustc/df4ca44d3fbc9301ee17f30f4d474e6ae4b05252/library/std/src/sys/backtrace.rs:42:9
[INFO] [stdout]    8:     0x61ddf4830c0a - std::panicking::default_hook::{{closure}}::hb59b88280d0324d9
[INFO] [stdout]                                at /rustc/df4ca44d3fbc9301ee17f30f4d474e6ae4b05252/library/std/src/panicking.rs:268:22
[INFO] [stdout]    9:     0x61ddf4830a14 - std::panicking::default_hook::he1dd496665be4a29
[INFO] [stdout]                                at /rustc/df4ca44d3fbc9301ee17f30f4d474e6ae4b05252/library/std/src/panicking.rs:292:9
[INFO] [stdout]   10:     0x61ddf4255e79 - <alloc::boxed::Box<F,A> as core::ops::function::Fn<Args>>::call::h4ff71de18744e1dc
[INFO] [stdout]                                at /rustc/df4ca44d3fbc9301ee17f30f4d474e6ae4b05252/library/alloc/src/boxed.rs:2468:9
[INFO] [stdout]   11:     0x61ddf4255e79 - test::test_main::{{closure}}::hcf7c055ce117aa81
[INFO] [stdout]                                at /rustc/df4ca44d3fbc9301ee17f30f4d474e6ae4b05252/library/test/src/lib.rs:133:21
[INFO] [stdout]   12:     0x61ddf4831308 - <alloc::boxed::Box<F,A> as core::ops::function::Fn<Args>>::call::h1d66c6bbd60c9692
[INFO] [stdout]                                at /rustc/df4ca44d3fbc9301ee17f30f4d474e6ae4b05252/library/alloc/src/boxed.rs:2468:9
[INFO] [stdout]   13:     0x61ddf4831308 - std::panicking::rust_panic_with_hook::h2ff17fe8f26dfcf8
[INFO] [stdout]                                at /rustc/df4ca44d3fbc9301ee17f30f4d474e6ae4b05252/library/std/src/panicking.rs:809:13
[INFO] [stdout]   14:     0x61ddf48310ca - std::panicking::begin_panic_handler::{{closure}}::h4fad77951c07e101
[INFO] [stdout]                                at /rustc/df4ca44d3fbc9301ee17f30f4d474e6ae4b05252/library/std/src/panicking.rs:674:13
[INFO] [stdout]   15:     0x61ddf482fc59 - std::sys::backtrace::__rust_end_short_backtrace::hb1a25b3da5d0ea08
[INFO] [stdout]                                at /rustc/df4ca44d3fbc9301ee17f30f4d474e6ae4b05252/library/std/src/sys/backtrace.rs:170:18
[INFO] [stdout]   16:     0x61ddf4830d5c - rust_begin_unwind
[INFO] [stdout]                                at /rustc/df4ca44d3fbc9301ee17f30f4d474e6ae4b05252/library/std/src/panicking.rs:665:5
[INFO] [stdout]   17:     0x61ddf4858ea0 - core::panicking::panic_fmt::ha9db07b529f9b256
[INFO] [stdout]                                at /rustc/df4ca44d3fbc9301ee17f30f4d474e6ae4b05252/library/core/src/panicking.rs:75:14
[INFO] [stdout]   18:     0x61ddf4859346 - core::result::unwrap_failed::h5e8218e4d4338b8a
[INFO] [stdout]                                at /rustc/df4ca44d3fbc9301ee17f30f4d474e6ae4b05252/library/core/src/result.rs:1698:5
[INFO] [stdout]   19:     0x61ddf4199de6 - core::result::Result<T,E>::expect::hf8060f0580967dba
[INFO] [stdout]                                at /rustc/df4ca44d3fbc9301ee17f30f4d474e6ae4b05252/library/core/src/result.rs:1060:23
[INFO] [stdout]   20:     0x61ddf41c70be - cron::helpers::create_test_database::{{closure}}::h0859b6330744e02f
[INFO] [stdout]                                at /opt/rustwide/workdir/tests/helpers.rs:280:18
[INFO] [stdout]   21:     0x61ddf41c911b - cron::helpers::with_test_db::{{closure}}::{{closure}}::hca4d4cd0092bf639
[INFO] [stdout]                                at /opt/rustwide/workdir/tests/helpers.rs:328:50
[INFO] [stdout]   22:     0x61ddf41d5c8a - <tokio::task::local::RunUntil<T> as core::future::future::Future>::poll::{{closure}}::h9cc50a00a695332c
[INFO] [stdout]                                at /opt/rustwide/cargo-home/registry/src/index.crates.io-6f17d22bba15001f/tokio-1.37.0/src/task/local.rs:978:42
[INFO] [stdout]   23:     0x61ddf41d3580 - tokio::task::local::LocalSet::with::{{closure}}::hb0dc7edc579e39fd
[INFO] [stdout]                                at /opt/rustwide/cargo-home/registry/src/index.crates.io-6f17d22bba15001f/tokio-1.37.0/src/task/local.rs:730:13
[INFO] [stdout]   24:     0x61ddf41d82a0 - std::thread::local::LocalKey<T>::try_with::habe63245453d219e
[INFO] [stdout]                                at /rustc/df4ca44d3fbc9301ee17f30f4d474e6ae4b05252/library/std/src/thread/local.rs:283:12
[INFO] [stdout]   25:     0x61ddf41d72fa - std::thread::local::LocalKey<T>::with::h9c6247a60b29e2e8
[INFO] [stdout]                                at /rustc/df4ca44d3fbc9301ee17f30f4d474e6ae4b05252/library/std/src/thread/local.rs:260:9
[INFO] [stdout]   26:     0x61ddf41d3286 - tokio::task::local::LocalSet::with::h37194e8ef80dfc1b
[INFO] [stdout]                                at /opt/rustwide/cargo-home/registry/src/index.crates.io-6f17d22bba15001f/tokio-1.37.0/src/task/local.rs:728:9
[INFO] [stdout]   27:     0x61ddf41d5a05 - <tokio::task::local::RunUntil<T> as core::future::future::Future>::poll::h232ccfce07b04d58
[INFO] [stdout]                                at /opt/rustwide/cargo-home/registry/src/index.crates.io-6f17d22bba15001f/tokio-1.37.0/src/task/local.rs:968:9
[INFO] [stdout]   28:     0x61ddf41d3dc3 - tokio::task::local::LocalSet::run_until::{{closure}}::h9f7340ae2a3469b9
[INFO] [stdout]                                at /opt/rustwide/cargo-home/registry/src/index.crates.io-6f17d22bba15001f/tokio-1.37.0/src/task/local.rs:635:19
[INFO] [stdout]   29:     0x61ddf41c8582 - cron::helpers::with_test_db::{{closure}}::hdc768f739816f35c
[INFO] [stdout]                                at /opt/rustwide/workdir/tests/helpers.rs:339:10
[INFO] [stdout]   30:     0x61ddf420838e - cron::backfills_if_identifier_already_registered_25h_ago::{{closure}}::hccdb3fb514ab5a2d
[INFO] [stdout]                                at /opt/rustwide/workdir/tests/cron.rs:279:6
[INFO] [stdout]   31:     0x61ddf41ebb22 - <core::pin::Pin<P> as core::future::future::Future>::poll::hab7b66b2504a2756
[INFO] [stdout]                                at /rustc/df4ca44d3fbc9301ee17f30f4d474e6ae4b05252/library/core/src/future/future.rs:123:9
[INFO] [stdout]   32:     0x61ddf41ebbbd - <core::pin::Pin<P> as core::future::future::Future>::poll::heaf3ff4cd29714af
[INFO] [stdout]                                at /rustc/df4ca44d3fbc9301ee17f30f4d474e6ae4b05252/library/core/src/future/future.rs:123:9
[INFO] [stdout]   33:     0x61ddf418eacf - tokio::runtime::scheduler::current_thread::CoreGuard::block_on::{{closure}}::{{closure}}::{{closure}}::h144f9a591e02f1a8
[INFO] [stdout]                                at /opt/rustwide/cargo-home/registry/src/index.crates.io-6f17d22bba15001f/tokio-1.37.0/src/runtime/scheduler/current_thread/mod.rs:659:57
[INFO] [stdout]   34:     0x61ddf418ea05 - tokio::runtime::coop::with_budget::h06ebfe9b17246780
[INFO] [stdout]                                at /opt/rustwide/cargo-home/registry/src/index.crates.io-6f17d22bba15001f/tokio-1.37.0/src/runtime/coop.rs:107:5
[INFO] [stdout]   35:     0x61ddf418ea05 - tokio::runtime::coop::budget::h7aa0afe4789ed860
[INFO] [stdout]                                at /opt/rustwide/cargo-home/registry/src/index.crates.io-6f17d22bba15001f/tokio-1.37.0/src/runtime/coop.rs:73:5
[INFO] [stdout]   36:     0x61ddf418ea05 - tokio::runtime::scheduler::current_thread::CoreGuard::block_on::{{closure}}::{{closure}}::hce78e0687f1f5d75
[INFO] [stdout]                                at /opt/rustwide/cargo-home/registry/src/index.crates.io-6f17d22bba15001f/tokio-1.37.0/src/runtime/scheduler/current_thread/mod.rs:659:25
[INFO] [stdout]   37:     0x61ddf418d4fc - tokio::runtime::scheduler::current_thread::Context::enter::h0995db102fe810c6
[INFO] [stdout]                                at /opt/rustwide/cargo-home/registry/src/index.crates.io-6f17d22bba15001f/tokio-1.37.0/src/runtime/scheduler/current_thread/mod.rs:404:19
[INFO] [stdout]   38:     0x61ddf418e28b - tokio::runtime::scheduler::current_thread::CoreGuard::block_on::{{closure}}::h235b799b1bb484b9
[INFO] [stdout]                                at /opt/rustwide/cargo-home/registry/src/index.crates.io-6f17d22bba15001f/tokio-1.37.0/src/runtime/scheduler/current_thread/mod.rs:658:36
[INFO] [stdout]   39:     0x61ddf418dff4 - tokio::runtime::scheduler::current_thread::CoreGuard::enter::{{closure}}::h4fbb4cae22a71205
[INFO] [stdout]                                at /opt/rustwide/cargo-home/registry/src/index.crates.io-6f17d22bba15001f/tokio-1.37.0/src/runtime/scheduler/current_thread/mod.rs:737:68
[INFO] [stdout]   40:     0x61ddf42037fb - tokio::runtime::context::scoped::Scoped<T>::set::ha437df76fd677806
[INFO] [stdout]                                at /opt/rustwide/cargo-home/registry/src/index.crates.io-6f17d22bba15001f/tokio-1.37.0/src/runtime/context/scoped.rs:40:9
[INFO] [stdout]   41:     0x61ddf41697c9 - tokio::runtime::context::set_scheduler::{{closure}}::h494be149fc5bcca8
[INFO] [stdout]                                at /opt/rustwide/cargo-home/registry/src/index.crates.io-6f17d22bba15001f/tokio-1.37.0/src/runtime/context.rs:176:26
[INFO] [stdout]   42:     0x61ddf41d86ad - std::thread::local::LocalKey<T>::try_with::hfdaa20001cd3fa23
[INFO] [stdout]                                at /rustc/df4ca44d3fbc9301ee17f30f4d474e6ae4b05252/library/std/src/thread/local.rs:283:12
[INFO] [stdout]   43:     0x61ddf41d736a - std::thread::local::LocalKey<T>::with::hd2388fcc30c88ea3
[INFO] [stdout]                                at /rustc/df4ca44d3fbc9301ee17f30f4d474e6ae4b05252/library/std/src/thread/local.rs:260:9
[INFO] [stdout]   44:     0x61ddf416977d - tokio::runtime::context::set_scheduler::h22d8ad64103961a6
[INFO] [stdout]                                at /opt/rustwide/cargo-home/registry/src/index.crates.io-6f17d22bba15001f/tokio-1.37.0/src/runtime/context.rs:176:9
[INFO] [stdout]   45:     0x61ddf418ddac - tokio::runtime::scheduler::current_thread::CoreGuard::enter::h5a61b8df5ea0bc85
[INFO] [stdout]                                at /opt/rustwide/cargo-home/registry/src/index.crates.io-6f17d22bba15001f/tokio-1.37.0/src/runtime/scheduler/current_thread/mod.rs:737:27
[INFO] [stdout]   46:     0x61ddf418e013 - tokio::runtime::scheduler::current_thread::CoreGuard::block_on::h77e9ad837ef7b051
[INFO] [stdout]                                at /opt/rustwide/cargo-home/registry/src/index.crates.io-6f17d22bba15001f/tokio-1.37.0/src/runtime/scheduler/current_thread/mod.rs:646:19
[INFO] [stdout]   47:     0x61ddf418c5dd - tokio::runtime::scheduler::current_thread::CurrentThread::block_on::{{closure}}::had85b2794fb976e5
[INFO] [stdout]                                at /opt/rustwide/cargo-home/registry/src/index.crates.io-6f17d22bba15001f/tokio-1.37.0/src/runtime/scheduler/current_thread/mod.rs:175:28
[INFO] [stdout]   48:     0x61ddf41dbc56 - tokio::runtime::context::runtime::enter_runtime::h3ed173763c404868
[INFO] [stdout]                                at /opt/rustwide/cargo-home/registry/src/index.crates.io-6f17d22bba15001f/tokio-1.37.0/src/runtime/context/runtime.rs:65:16
[INFO] [stdout]   49:     0x61ddf418c4f1 - tokio::runtime::scheduler::current_thread::CurrentThread::block_on::h55fa12848cb4f150
[INFO] [stdout]                                at /opt/rustwide/cargo-home/registry/src/index.crates.io-6f17d22bba15001f/tokio-1.37.0/src/runtime/scheduler/current_thread/mod.rs:167:9
[INFO] [stdout]   50:     0x61ddf417739d - tokio::runtime::runtime::Runtime::block_on::h0ff7266182850cce
[INFO] [stdout]                                at /opt/rustwide/cargo-home/registry/src/index.crates.io-6f17d22bba15001f/tokio-1.37.0/src/runtime/runtime.rs:349:47
[INFO] [stdout]   51:     0x61ddf420816d - cron::backfills_if_identifier_already_registered_25h_ago::h0e66eb6ed6310b25
[INFO] [stdout]                                at /opt/rustwide/workdir/tests/cron.rs:184:5
[INFO] [stdout]   52:     0x61ddf4207fb7 - cron::backfills_if_identifier_already_registered_25h_ago::{{closure}}::h87964b6af6e37887
[INFO] [stdout]                                at /opt/rustwide/workdir/tests/cron.rs:183:62
[INFO] [stdout]   53:     0x61ddf41521e6 - core::ops::function::FnOnce::call_once::h40c6cb4803c78990
[INFO] [stdout]                                at /rustc/df4ca44d3fbc9301ee17f30f4d474e6ae4b05252/library/core/src/ops/function.rs:250:5
[INFO] [stdout]   54:     0x61ddf425a74b - core::ops::function::FnOnce::call_once::h22c3ba5715e93f05
[INFO] [stdout]                                at /rustc/df4ca44d3fbc9301ee17f30f4d474e6ae4b05252/library/core/src/ops/function.rs:250:5
[INFO] [stdout]   55:     0x61ddf425a74b - test::__rust_begin_short_backtrace::h8e82d8113d0da17f
[INFO] [stdout]                                at /rustc/df4ca44d3fbc9301ee17f30f4d474e6ae4b05252/library/test/src/lib.rs:621:18
[INFO] [stdout]   56:     0x61ddf425a0c7 - test::run_test_in_process::{{closure}}::h33235f4f20b7b7c7
[INFO] [stdout]                                at /rustc/df4ca44d3fbc9301ee17f30f4d474e6ae4b05252/library/test/src/lib.rs:644:60
[INFO] [stdout]   57:     0x61ddf425a0c7 - <core::panic::unwind_safe::AssertUnwindSafe<F> as core::ops::function::FnOnce<()>>::call_once::hb5043206310c586f
[INFO] [stdout]                                at /rustc/df4ca44d3fbc9301ee17f30f4d474e6ae4b05252/library/core/src/panic/unwind_safe.rs:272:9
[INFO] [stdout]   58:     0x61ddf425a0c7 - std::panicking::try::do_call::h9ad4731a60ab23e2
[INFO] [stdout]                                at /rustc/df4ca44d3fbc9301ee17f30f4d474e6ae4b05252/library/std/src/panicking.rs:557:40
[INFO] [stdout]   59:     0x61ddf425a0c7 - std::panicking::try::h3824d23db772a716
[INFO] [stdout]                                at /rustc/df4ca44d3fbc9301ee17f30f4d474e6ae4b05252/library/std/src/panicking.rs:520:19
[INFO] [stdout]   60:     0x61ddf425a0c7 - std::panic::catch_unwind::h5afd514605fde46b
[INFO] [stdout]                                at /rustc/df4ca44d3fbc9301ee17f30f4d474e6ae4b05252/library/std/src/panic.rs:358:14
[INFO] [stdout]   61:     0x61ddf425a0c7 - test::run_test_in_process::h0d5cbfa7067d1720
[INFO] [stdout]                                at /rustc/df4ca44d3fbc9301ee17f30f4d474e6ae4b05252/library/test/src/lib.rs:644:27
[INFO] [stdout]   62:     0x61ddf425a0c7 - test::run_test::{{closure}}::h708eb8872708115d
[INFO] [stdout]                                at /rustc/df4ca44d3fbc9301ee17f30f4d474e6ae4b05252/library/test/src/lib.rs:565:43
[INFO] [stdout]   63:     0x61ddf421d7e4 - test::run_test::{{closure}}::h392c51cee94713ab
[INFO] [stdout]                                at /rustc/df4ca44d3fbc9301ee17f30f4d474e6ae4b05252/library/test/src/lib.rs:595:41
[INFO] [stdout]   64:     0x61ddf421d7e4 - std::sys::backtrace::__rust_begin_short_backtrace::h2f40290710935a8b
[INFO] [stdout]                                at /rustc/df4ca44d3fbc9301ee17f30f4d474e6ae4b05252/library/std/src/sys/backtrace.rs:154:18
[INFO] [stdout]   65:     0x61ddf4220f8e - std::thread::Builder::spawn_unchecked_::{{closure}}::{{closure}}::h3fd968d89053a903
[INFO] [stdout]                                at /rustc/df4ca44d3fbc9301ee17f30f4d474e6ae4b05252/library/std/src/thread/mod.rs:541:17
[INFO] [stdout]   66:     0x61ddf4220f8e - <core::panic::unwind_safe::AssertUnwindSafe<F> as core::ops::function::FnOnce<()>>::call_once::h743f637ba4229880
[INFO] [stdout]                                at /rustc/df4ca44d3fbc9301ee17f30f4d474e6ae4b05252/library/core/src/panic/unwind_safe.rs:272:9
[INFO] [stdout]   67:     0x61ddf4220f8e - std::panicking::try::do_call::h07440897322525a6
[INFO] [stdout]                                at /rustc/df4ca44d3fbc9301ee17f30f4d474e6ae4b05252/library/std/src/panicking.rs:557:40
[INFO] [stdout]   68:     0x61ddf4220f8e - std::panicking::try::he5a2e00188156637
[INFO] [stdout]                                at /rustc/df4ca44d3fbc9301ee17f30f4d474e6ae4b05252/library/std/src/panicking.rs:520:19
[INFO] [stdout]   69:     0x61ddf4220f8e - std::panic::catch_unwind::hbaf3cae49b3c6433
[INFO] [stdout]                                at /rustc/df4ca44d3fbc9301ee17f30f4d474e6ae4b05252/library/std/src/panic.rs:358:14
[INFO] [stdout]   70:     0x61ddf4220f8e - std::thread::Builder::spawn_unchecked_::{{closure}}::h8e141ea224820bce
[INFO] [stdout]                                at /rustc/df4ca44d3fbc9301ee17f30f4d474e6ae4b05252/library/std/src/thread/mod.rs:540:30
[INFO] [stdout]   71:     0x61ddf4220f8e - core::ops::function::FnOnce::call_once{{vtable.shim}}::h90d312fedd7b8ea8
[INFO] [stdout]                                at /rustc/df4ca44d3fbc9301ee17f30f4d474e6ae4b05252/library/core/src/ops/function.rs:250:5
[INFO] [stdout]   72:     0x61ddf48355bb - <alloc::boxed::Box<F,A> as core::ops::function::FnOnce<Args>>::call_once::h69aa08ddb6adb8b6
[INFO] [stdout]                                at /rustc/df4ca44d3fbc9301ee17f30f4d474e6ae4b05252/library/alloc/src/boxed.rs:2454:9
[INFO] [stdout]   73:     0x61ddf48355bb - <alloc::boxed::Box<F,A> as core::ops::function::FnOnce<Args>>::call_once::h5aa36efdb79c806f
[INFO] [stdout]                                at /rustc/df4ca44d3fbc9301ee17f30f4d474e6ae4b05252/library/alloc/src/boxed.rs:2454:9
[INFO] [stdout]   74:     0x61ddf48355bb - std::sys::pal::unix::thread::Thread::new::thread_start::h6cd80a1b4be5158d
[INFO] [stdout]                                at /rustc/df4ca44d3fbc9301ee17f30f4d474e6ae4b05252/library/std/src/sys/pal/unix/thread.rs:105:17
[INFO] [stdout]   75:     0x7a3ba1169ac3 - <unknown>
[INFO] [stdout]   76:     0x7a3ba11faa04 - clone
[INFO] [stdout]   77:                0x0 - <unknown>
[INFO] [stdout] 
[INFO] [stdout] 
[INFO] [stdout] failures:
[INFO] [stdout]     backfills_if_identifier_already_registered_25h_ago
[INFO] [stdout]     backfills_if_identifier_already_registered_5h_ago
[INFO] [stdout]     register_identifiers
[INFO] [stdout] 
[INFO] [stdout] test result: FAILED. 0 passed; 3 failed; 0 ignored; 0 measured; 0 filtered out; finished in 0.04s
[INFO] [stdout] 
[INFO] [stderr] error: test failed, to rerun pass `--test cron`
[INFO] running `Command { std: "docker" "inspect" "f4ab3a3773e7dbe213c81f7dff9cf6bdcafcb6b7f5843be263692c9da52d7cb1", kill_on_drop: false }`
[INFO] running `Command { std: "docker" "rm" "-f" "f4ab3a3773e7dbe213c81f7dff9cf6bdcafcb6b7f5843be263692c9da52d7cb1", kill_on_drop: false }`
[INFO] [stdout] f4ab3a3773e7dbe213c81f7dff9cf6bdcafcb6b7f5843be263692c9da52d7cb1
