[INFO] fetching crate graphfind-rs 0.1.0...
[INFO] testing graphfind-rs-0.1.0 against nightly-2024-10-28+rustflags=-Zrandomize-layout for randomize-layout
[INFO] extracting crate graphfind-rs 0.1.0 into /workspace/builds/worker-5-tc2/source
[INFO] validating manifest of crates.io crate graphfind-rs 0.1.0 on toolchain nightly-2024-10-28
[INFO] running `Command { std: CARGO_HOME="/workspace/cargo-home" RUSTUP_HOME="/workspace/rustup-home" "/workspace/cargo-home/bin/cargo" "+nightly-2024-10-28" "metadata" "--manifest-path" "Cargo.toml" "--no-deps", kill_on_drop: false }`
[INFO] started tweaking crates.io crate graphfind-rs 0.1.0
[INFO] finished tweaking crates.io crate graphfind-rs 0.1.0
[INFO] tweaked toml for crates.io crate graphfind-rs 0.1.0 written to /workspace/builds/worker-5-tc2/source/Cargo.toml
[INFO] running `Command { std: CARGO_HOME="/workspace/cargo-home" RUSTUP_HOME="/workspace/rustup-home" "/workspace/cargo-home/bin/cargo" "+nightly-2024-10-28" "generate-lockfile" "--manifest-path" "Cargo.toml", kill_on_drop: false }`
[INFO] [stderr]     Updating crates.io index
[INFO] [stderr]      Locking 67 packages to latest compatible versions
[INFO] [stderr]       Adding graphviz-rust v0.6.6 (available: v0.9.3)
[INFO] running `Command { std: CARGO_HOME="/workspace/cargo-home" RUSTUP_HOME="/workspace/rustup-home" "/workspace/cargo-home/bin/cargo" "+nightly-2024-10-28" "fetch" "--manifest-path" "Cargo.toml", kill_on_drop: false }`
[INFO] running `Command { std: "docker" "create" "-v" "/var/lib/crater-agent-workspace/builds/worker-5-tc2/target:/opt/rustwide/target:rw,Z" "-v" "/var/lib/crater-agent-workspace/builds/worker-5-tc2/source:/opt/rustwide/workdir:ro,Z" "-v" "/var/lib/crater-agent-workspace/cargo-home:/opt/rustwide/cargo-home:ro,Z" "-v" "/var/lib/crater-agent-workspace/rustup-home:/opt/rustwide/rustup-home:ro,Z" "-e" "SOURCE_DIR=/opt/rustwide/workdir" "-e" "CARGO_TARGET_DIR=/opt/rustwide/target" "-e" "CARGO_HOME=/opt/rustwide/cargo-home" "-e" "RUSTUP_HOME=/opt/rustwide/rustup-home" "-w" "/opt/rustwide/workdir" "-m" "1610612736" "--user" "0:0" "--network" "none" "ghcr.io/rust-lang/crates-build-env/linux@sha256:4a844ea9eb2546a2d2c7022eacef16ef2e8229c7fbb2c7d4d55a9ceca922f72d" "/opt/rustwide/cargo-home/bin/cargo" "+nightly-2024-10-28" "metadata" "--no-deps" "--format-version=1", kill_on_drop: false }`
[INFO] [stdout] fc25057aa864923ce2eca0a0b49065d804cdb155d8e7aa375342d35010141b25
[INFO] running `Command { std: "docker" "start" "-a" "fc25057aa864923ce2eca0a0b49065d804cdb155d8e7aa375342d35010141b25", kill_on_drop: false }`
[INFO] running `Command { std: "docker" "inspect" "fc25057aa864923ce2eca0a0b49065d804cdb155d8e7aa375342d35010141b25", kill_on_drop: false }`
[INFO] running `Command { std: "docker" "rm" "-f" "fc25057aa864923ce2eca0a0b49065d804cdb155d8e7aa375342d35010141b25", kill_on_drop: false }`
[INFO] [stdout] fc25057aa864923ce2eca0a0b49065d804cdb155d8e7aa375342d35010141b25
[INFO] running `Command { std: "docker" "create" "-v" "/var/lib/crater-agent-workspace/builds/worker-5-tc2/target:/opt/rustwide/target:rw,Z" "-v" "/var/lib/crater-agent-workspace/builds/worker-5-tc2/source:/opt/rustwide/workdir:ro,Z" "-v" "/var/lib/crater-agent-workspace/cargo-home:/opt/rustwide/cargo-home:ro,Z" "-v" "/var/lib/crater-agent-workspace/rustup-home:/opt/rustwide/rustup-home:ro,Z" "-e" "SOURCE_DIR=/opt/rustwide/workdir" "-e" "CARGO_TARGET_DIR=/opt/rustwide/target" "-e" "CARGO_INCREMENTAL=0" "-e" "RUST_BACKTRACE=full" "-e" "RUSTFLAGS=--cap-lints=forbid -Zrandomize-layout" "-e" "RUSTDOCFLAGS=--cap-lints=forbid" "-e" "CARGO_HOME=/opt/rustwide/cargo-home" "-e" "RUSTUP_HOME=/opt/rustwide/rustup-home" "-w" "/opt/rustwide/workdir" "-m" "1610612736" "--user" "0:0" "--network" "none" "ghcr.io/rust-lang/crates-build-env/linux@sha256:4a844ea9eb2546a2d2c7022eacef16ef2e8229c7fbb2c7d4d55a9ceca922f72d" "/opt/rustwide/cargo-home/bin/cargo" "+nightly-2024-10-28" "build" "--frozen" "--message-format=json", kill_on_drop: false }`
[INFO] [stdout] 2fbb90283947ea8b2707a897f5b5680a513b7407f74b47bcd73f4a5eb05195ea
[INFO] running `Command { std: "docker" "start" "-a" "2fbb90283947ea8b2707a897f5b5680a513b7407f74b47bcd73f4a5eb05195ea", kill_on_drop: false }`
[INFO] [stderr]    Compiling proc-macro2 v1.0.89
[INFO] [stderr]    Compiling bimap v0.6.3
[INFO] [stderr]    Compiling quote v1.0.37
[INFO] [stderr]    Compiling syn v2.0.86
[INFO] [stderr]    Compiling serde_derive v1.0.214
[INFO] [stderr]    Compiling serde v1.0.214
[INFO] [stderr]    Compiling petgraph v0.6.5
[INFO] [stderr]    Compiling serde_json v1.0.132
[INFO] [stderr]    Compiling graphfind-rs v0.1.0 (/opt/rustwide/workdir)
[INFO] [stderr]     Finished `dev` profile [unoptimized + debuginfo] target(s) in 7.74s
[INFO] running `Command { std: "docker" "inspect" "2fbb90283947ea8b2707a897f5b5680a513b7407f74b47bcd73f4a5eb05195ea", kill_on_drop: false }`
[INFO] running `Command { std: "docker" "rm" "-f" "2fbb90283947ea8b2707a897f5b5680a513b7407f74b47bcd73f4a5eb05195ea", kill_on_drop: false }`
[INFO] [stdout] 2fbb90283947ea8b2707a897f5b5680a513b7407f74b47bcd73f4a5eb05195ea
[INFO] running `Command { std: "docker" "create" "-v" "/var/lib/crater-agent-workspace/builds/worker-5-tc2/target:/opt/rustwide/target:rw,Z" "-v" "/var/lib/crater-agent-workspace/builds/worker-5-tc2/source:/opt/rustwide/workdir:ro,Z" "-v" "/var/lib/crater-agent-workspace/cargo-home:/opt/rustwide/cargo-home:ro,Z" "-v" "/var/lib/crater-agent-workspace/rustup-home:/opt/rustwide/rustup-home:ro,Z" "-e" "SOURCE_DIR=/opt/rustwide/workdir" "-e" "CARGO_TARGET_DIR=/opt/rustwide/target" "-e" "CARGO_INCREMENTAL=0" "-e" "RUST_BACKTRACE=full" "-e" "RUSTFLAGS=--cap-lints=forbid -Zrandomize-layout" "-e" "RUSTDOCFLAGS=--cap-lints=forbid" "-e" "CARGO_HOME=/opt/rustwide/cargo-home" "-e" "RUSTUP_HOME=/opt/rustwide/rustup-home" "-w" "/opt/rustwide/workdir" "-m" "1610612736" "--user" "0:0" "--network" "none" "ghcr.io/rust-lang/crates-build-env/linux@sha256:4a844ea9eb2546a2d2c7022eacef16ef2e8229c7fbb2c7d4d55a9ceca922f72d" "/opt/rustwide/cargo-home/bin/cargo" "+nightly-2024-10-28" "test" "--frozen" "--no-run" "--message-format=json", kill_on_drop: false }`
[INFO] [stdout] 1e86dd5d5e9ebd65864c229cbf683fa2d47d6a46b87d4bf7ebbe660a59a7718c
[INFO] running `Command { std: "docker" "start" "-a" "1e86dd5d5e9ebd65864c229cbf683fa2d47d6a46b87d4bf7ebbe660a59a7718c", kill_on_drop: false }`
[INFO] [stderr]    Compiling libc v0.2.161
[INFO] [stderr]    Compiling byteorder v1.5.0
[INFO] [stderr]    Compiling petgraph v0.6.5
[INFO] [stderr]    Compiling serde_json v1.0.132
[INFO] [stderr]    Compiling zerocopy v0.7.35
[INFO] [stderr]    Compiling getrandom v0.2.15
[INFO] [stderr]    Compiling ppv-lite86 v0.2.20
[INFO] [stderr]    Compiling rand_core v0.6.4
[INFO] [stderr]    Compiling rand_chacha v0.3.1
[INFO] [stderr]    Compiling rand v0.8.5
[INFO] [stderr]    Compiling graphfind-rs v0.1.0 (/opt/rustwide/workdir)
[INFO] [stderr]    Compiling test_dir v0.2.0
[INFO] [stderr]     Finished `test` profile [unoptimized + debuginfo] target(s) in 3.81s
[INFO] running `Command { std: "docker" "inspect" "1e86dd5d5e9ebd65864c229cbf683fa2d47d6a46b87d4bf7ebbe660a59a7718c", kill_on_drop: false }`
[INFO] running `Command { std: "docker" "rm" "-f" "1e86dd5d5e9ebd65864c229cbf683fa2d47d6a46b87d4bf7ebbe660a59a7718c", kill_on_drop: false }`
[INFO] [stdout] 1e86dd5d5e9ebd65864c229cbf683fa2d47d6a46b87d4bf7ebbe660a59a7718c
[INFO] running `Command { std: "docker" "create" "-v" "/var/lib/crater-agent-workspace/builds/worker-5-tc2/target:/opt/rustwide/target:rw,Z" "-v" "/var/lib/crater-agent-workspace/builds/worker-5-tc2/source:/opt/rustwide/workdir:ro,Z" "-v" "/var/lib/crater-agent-workspace/cargo-home:/opt/rustwide/cargo-home:ro,Z" "-v" "/var/lib/crater-agent-workspace/rustup-home:/opt/rustwide/rustup-home:ro,Z" "-e" "SOURCE_DIR=/opt/rustwide/workdir" "-e" "CARGO_TARGET_DIR=/opt/rustwide/target" "-e" "CARGO_INCREMENTAL=0" "-e" "RUST_BACKTRACE=full" "-e" "RUSTFLAGS=--cap-lints=forbid -Zrandomize-layout" "-e" "RUSTDOCFLAGS=--cap-lints=forbid" "-e" "CARGO_HOME=/opt/rustwide/cargo-home" "-e" "RUSTUP_HOME=/opt/rustwide/rustup-home" "-w" "/opt/rustwide/workdir" "-m" "1610612736" "--user" "0:0" "--network" "none" "ghcr.io/rust-lang/crates-build-env/linux@sha256:4a844ea9eb2546a2d2c7022eacef16ef2e8229c7fbb2c7d4d55a9ceca922f72d" "/opt/rustwide/cargo-home/bin/cargo" "+nightly-2024-10-28" "test" "--frozen", kill_on_drop: false }`
[INFO] [stdout] b447826c59e74234f86e5eafaa453722df9a8c60f29e238922ee7391e7489c2c
[INFO] running `Command { std: "docker" "start" "-a" "b447826c59e74234f86e5eafaa453722df9a8c60f29e238922ee7391e7489c2c", kill_on_drop: false }`
[INFO] [stderr]     Finished `test` profile [unoptimized + debuginfo] target(s) in 0.02s
[INFO] [stderr]      Running unittests src/lib.rs (/opt/rustwide/target/debug/deps/graphfind_rs-23030e4470c164c2)
[INFO] [stdout] 
[INFO] [stdout] running 0 tests
[INFO] [stdout] 
[INFO] [stdout] test result: ok. 0 passed; 0 failed; 0 ignored; 0 measured; 0 filtered out; finished in 0.00s
[INFO] [stdout] 
[INFO] [stderr]      Running tests/borrow.rs (/opt/rustwide/target/debug/deps/borrow-7cbde3a6eccc405f)
[INFO] [stdout] 
[INFO] [stdout] running 1 test
[INFO] [stdout] test test_borrowing_iterator ... ok
[INFO] [stdout] 
[INFO] [stdout] test result: ok. 1 passed; 0 failed; 0 ignored; 0 measured; 0 filtered out; finished in 0.00s
[INFO] [stdout] 
[INFO] [stderr]      Running tests/petgraph.rs (/opt/rustwide/target/debug/deps/petgraph-9242871014a054fb)
[INFO] [stdout] 
[INFO] [stdout] running 1 test
[INFO] [stdout] test test_graph_weights ... ok
[INFO] [stdout] 
[INFO] [stdout] test result: ok. 1 passed; 0 failed; 0 ignored; 0 measured; 0 filtered out; finished in 0.00s
[INFO] [stdout] 
[INFO] [stderr]      Running tests/test_filter_map.rs (/opt/rustwide/target/debug/deps/test_filter_map-fdabcf1e67c5191d)
[INFO] [stdout] 
[INFO] [stdout] running 14 tests
[INFO] [stdout] test test_edge_node_projection ... ok
[INFO] [stdout] test test_filter_map_directly ... ok
[INFO] [stdout] test test_filter_pattern ... ok
[INFO] [stdout] test test_filter_pattern_result ... ok
[INFO] [stdout] test test_weight_node_only ... ok
[INFO] [stdout] test test_filter_nodes_only ... ok
[INFO] [stdout] test test_filter_edges_only ... ok
[INFO] [stdout] test test_wrong_edge_ends - should panic ... ok
[INFO] [stdout] test test_wrong_node_incoming_edges - should panic ... ok
[INFO] [stdout] test test_wrong_edge_index - should panic ... ok
[INFO] [stdout] test test_wrong_node_adjacent_edges - should panic ... ok
[INFO] [stdout] test test_wrong_node_index - should panic ... ok
[INFO] [stdout] test test_wrong_node_outgoing_edges - should panic ... ok
[INFO] [stderr]      Running tests/test_graph_trait.rs (/opt/rustwide/target/debug/deps/test_graph_trait-c8574d2bc7ccb22e)
[INFO] [stdout] test test_map_only ... ok
[INFO] [stdout] 
[INFO] [stdout] test result: ok. 14 passed; 0 failed; 0 ignored; 0 measured; 0 filtered out; finished in 0.05s
[INFO] [stdout] 
[INFO] [stdout] 
[INFO] [stdout] running 9 tests
[INFO] [stdout] test query_edge_indices ... ok
[INFO] [stdout] test query_node_indices ... ok
[INFO] [stdout] test query_node_properties ... ok
[INFO] [stdout] test check_undirected_edges ... ok
[INFO] [stdout] test query_edge_properties ... ok
[INFO] [stdout] test trial_and_error ... ok
[INFO] [stderr]      Running tests/test_pat_match.rs (/opt/rustwide/target/debug/deps/test_pat_match-80dec6256eccf516)
[INFO] [stdout] test check_edge_references - should panic ... ok
[INFO] [stdout] test wrong_edge_index_directed_test - should panic ... ok
[INFO] [stdout] test check_node_references - should panic ... ok
[INFO] [stdout] 
[INFO] [stdout] test result: ok. 9 passed; 0 failed; 0 ignored; 0 measured; 0 filtered out; finished in 0.01s
[INFO] [stdout] 
[INFO] [stdout] 
[INFO] [stdout] running 37 tests
[INFO] [stdout] test attributes_with_parameters ... ok
[INFO] [stdout] test all_stereotypes ... ok
[INFO] [stdout] test all_stereotypes_2 ... ok
[INFO] [stdout] test bk_two_to_three ... ok
[INFO] [stdout] test bk_two_to_two ... ok
[INFO] [stdout] test create_with_attributes ... ok
[INFO] [stdout] test create ... ok
[INFO] [stdout] test match_double_edges ... ok
[INFO] [stdout] test cycle_in_knows_match ... ok
[INFO] [stdout] test delete_test ... ok
[INFO] [stdout] test match_single_edges ... ok
[INFO] [stdout] test match_empty ... ok
[INFO] [stdout] test match_pattern_too_large ... ok
[INFO] [stdout] test match_person_nodes_only ... ok
[INFO] [stdout] test match_two_node_pairs ... ok
[INFO] [stdout] test match_three_star_inverse ... ok
[INFO] [stdout] test match_wrong_matches_only ... ok
[INFO] [stdout] test match_three_star_even_weights ... ok
[INFO] [stdout] test reflexive_optimization ... ok
[INFO] [stdout] test reflexive_optimization2 ... ok
[INFO] [stdout] test require ... ok
[INFO] [stdout] test req_test ... ok
[INFO] [stdout] test require_delete ... ok
[INFO] [stdout] test seq_create ... ok
[INFO] [stdout] test optimization_test ... ok
[INFO] [stdout] test check_ignored_edges - should panic ... ok
[INFO] [stdout] test check_ignored_nodes - should panic ... ok
[INFO] [stdout] test ignore_wrong_edge_dest - should panic ... ok
[INFO] [stdout] test match_three_star_in_six_star ... ok
[INFO] [stdout] test ignore_wrong_edge_source - should panic ... ok
[INFO] [stdout] test test_single_node_any_pattern ... ok
[INFO] [stdout] test sequence_optimization ... ok
[INFO] [stdout] test test_empty_pattern_no_results ... ok
[INFO] [stdout] test test_node_edge_counts_terminate_early ... ok
[INFO] [stdout] test three_to_two ... ok
[INFO] [stdout] test three_to_three ... ok
[INFO] [stdout] test two_to_two ... ok
[INFO] [stdout] 
[INFO] [stdout] test result: ok. 37 passed; 0 failed; 0 ignored; 0 measured; 0 filtered out; finished in 0.05s
[INFO] [stdout] 
[INFO] [stderr]      Running tests/test_print.rs (/opt/rustwide/target/debug/deps/test_print-11a39ae5c35fb86f)
[INFO] [stdout] 
[INFO] [stdout] running 1 test
[INFO] [stdout] test test_petgraph_print ... ok
[INFO] [stdout] 
[INFO] [stdout] test result: ok. 1 passed; 0 failed; 0 ignored; 0 measured; 0 filtered out; finished in 0.00s
[INFO] [stdout] 
[INFO] [stderr]      Running tests/test_serde_json.rs (/opt/rustwide/target/debug/deps/test_serde_json-cc15f3fc1c34fbb8)
[INFO] [stdout] 
[INFO] [stdout] running 3 tests
[INFO] [stdout] test test_serde_file_not_exists ... ok
[INFO] [stdout] test test_write_error_nonexistent_dir ... ok
[INFO] [stdout] test test_serde_json_graph_read_write ... FAILED
[INFO] [stdout] 
[INFO] [stdout] failures:
[INFO] [stdout] 
[INFO] [stdout] ---- test_serde_json_graph_read_write stdout ----
[INFO] [stdout] thread 'test_serde_json_graph_read_write' panicked at /opt/rustwide/cargo-home/registry/src/index.crates.io-6f17d22bba15001f/test_dir-0.2.0/src/lib.rs:145:13:
[INFO] [stdout] Cannot create temp dir in current directory
[INFO] [stdout] stack backtrace:
[INFO] [stdout]    0:     0x5c51f4ac418a - std::backtrace_rs::backtrace::libunwind::trace::h207520d6e9873551
[INFO] [stdout]                                at /rustc/df4ca44d3fbc9301ee17f30f4d474e6ae4b05252/library/std/src/../../backtrace/src/backtrace/libunwind.rs:116:5
[INFO] [stdout]    1:     0x5c51f4ac418a - std::backtrace_rs::backtrace::trace_unsynchronized::h2ed7433f370e3eca
[INFO] [stdout]                                at /rustc/df4ca44d3fbc9301ee17f30f4d474e6ae4b05252/library/std/src/../../backtrace/src/backtrace/mod.rs:66:5
[INFO] [stdout]    2:     0x5c51f4ac418a - std::sys::backtrace::_print_fmt::h916fac51166b18d7
[INFO] [stdout]                                at /rustc/df4ca44d3fbc9301ee17f30f4d474e6ae4b05252/library/std/src/sys/backtrace.rs:66:9
[INFO] [stdout]    3:     0x5c51f4ac418a - <std::sys::backtrace::BacktraceLock::print::DisplayBacktrace as core::fmt::Display>::fmt::ha0a4c9b8ce3802e6
[INFO] [stdout]                                at /rustc/df4ca44d3fbc9301ee17f30f4d474e6ae4b05252/library/std/src/sys/backtrace.rs:39:26
[INFO] [stdout]    4:     0x5c51f4aec053 - core::fmt::rt::Argument::fmt::h4cfc8587d52b3eb5
[INFO] [stdout]                                at /rustc/df4ca44d3fbc9301ee17f30f4d474e6ae4b05252/library/core/src/fmt/rt.rs:177:76
[INFO] [stdout]    5:     0x5c51f4aec053 - core::fmt::write::h522cc39e5b36ae9f
[INFO] [stdout]                                at /rustc/df4ca44d3fbc9301ee17f30f4d474e6ae4b05252/library/core/src/fmt/mod.rs:1190:21
[INFO] [stdout]    6:     0x5c51f4ac0be3 - std::io::Write::write_fmt::h7d3c26752da97734
[INFO] [stdout]                                at /rustc/df4ca44d3fbc9301ee17f30f4d474e6ae4b05252/library/std/src/io/mod.rs:1839:15
[INFO] [stdout]    7:     0x5c51f4ac3fd2 - std::sys::backtrace::BacktraceLock::print::h4b9e00b29e9c0942
[INFO] [stdout]                                at /rustc/df4ca44d3fbc9301ee17f30f4d474e6ae4b05252/library/std/src/sys/backtrace.rs:42:9
[INFO] [stdout]    8:     0x5c51f4ac561a - std::panicking::default_hook::{{closure}}::hb59b88280d0324d9
[INFO] [stdout]                                at /rustc/df4ca44d3fbc9301ee17f30f4d474e6ae4b05252/library/std/src/panicking.rs:268:22
[INFO] [stdout]    9:     0x5c51f4ac5424 - std::panicking::default_hook::he1dd496665be4a29
[INFO] [stdout]                                at /rustc/df4ca44d3fbc9301ee17f30f4d474e6ae4b05252/library/std/src/panicking.rs:292:9
[INFO] [stdout]   10:     0x5c51f4a37369 - <alloc::boxed::Box<F,A> as core::ops::function::Fn<Args>>::call::h4ff71de18744e1dc
[INFO] [stdout]                                at /rustc/df4ca44d3fbc9301ee17f30f4d474e6ae4b05252/library/alloc/src/boxed.rs:2468:9
[INFO] [stdout]   11:     0x5c51f4a37369 - test::test_main::{{closure}}::hcf7c055ce117aa81
[INFO] [stdout]                                at /rustc/df4ca44d3fbc9301ee17f30f4d474e6ae4b05252/library/test/src/lib.rs:133:21
[INFO] [stdout]   12:     0x5c51f4ac5d18 - <alloc::boxed::Box<F,A> as core::ops::function::Fn<Args>>::call::h1d66c6bbd60c9692
[INFO] [stdout]                                at /rustc/df4ca44d3fbc9301ee17f30f4d474e6ae4b05252/library/alloc/src/boxed.rs:2468:9
[INFO] [stdout]   13:     0x5c51f4ac5d18 - std::panicking::rust_panic_with_hook::h2ff17fe8f26dfcf8
[INFO] [stdout]                                at /rustc/df4ca44d3fbc9301ee17f30f4d474e6ae4b05252/library/std/src/panicking.rs:809:13
[INFO] [stdout]   14:     0x5c51f4a42cba - std::panicking::begin_panic::{{closure}}::h095f769a78b65b1a
[INFO] [stdout]                                at /rustc/df4ca44d3fbc9301ee17f30f4d474e6ae4b05252/library/std/src/panicking.rs:738:9
[INFO] [stdout]   15:     0x5c51f4a429ca - std::sys::backtrace::__rust_end_short_backtrace::hcfe3678e37303dfc
[INFO] [stdout]                                at /rustc/df4ca44d3fbc9301ee17f30f4d474e6ae4b05252/library/std/src/sys/backtrace.rs:170:18
[INFO] [stdout]   16:     0x5c51f4a42c63 - std::panicking::begin_panic::h30f3a4a9e8b6097e
[INFO] [stdout]                                at /rustc/df4ca44d3fbc9301ee17f30f4d474e6ae4b05252/library/std/src/panicking.rs:737:5
[INFO] [stdout]   17:     0x5c51f4a46804 - test_dir::TestDir::current_rnd::hc3a3c19508dd1941
[INFO] [stdout]                                at /opt/rustwide/cargo-home/registry/src/index.crates.io-6f17d22bba15001f/test_dir-0.2.0/src/lib.rs:145:13
[INFO] [stdout]   18:     0x5c51f49fbfb8 - test_serde_json::test_serde_json_graph_read_write::hf9cd0acdee8f08a8
[INFO] [stdout]                                at /opt/rustwide/workdir/tests/test_serde_json.rs:20:15
[INFO] [stdout]   19:     0x5c51f49fbf87 - test_serde_json::test_serde_json_graph_read_write::{{closure}}::h8200ce822eab1e38
[INFO] [stdout]                                at /opt/rustwide/workdir/tests/test_serde_json.rs:18:38
[INFO] [stdout]   20:     0x5c51f49f5046 - core::ops::function::FnOnce::call_once::h01efe9b2a6fb2e3d
[INFO] [stdout]                                at /rustc/df4ca44d3fbc9301ee17f30f4d474e6ae4b05252/library/core/src/ops/function.rs:250:5
[INFO] [stdout]   21:     0x5c51f4a3bc3b - core::ops::function::FnOnce::call_once::h22c3ba5715e93f05
[INFO] [stdout]                                at /rustc/df4ca44d3fbc9301ee17f30f4d474e6ae4b05252/library/core/src/ops/function.rs:250:5
[INFO] [stdout]   22:     0x5c51f4a3bc3b - test::__rust_begin_short_backtrace::h8e82d8113d0da17f
[INFO] [stdout]                                at /rustc/df4ca44d3fbc9301ee17f30f4d474e6ae4b05252/library/test/src/lib.rs:621:18
[INFO] [stdout]   23:     0x5c51f4a3b5b7 - test::run_test_in_process::{{closure}}::h33235f4f20b7b7c7
[INFO] [stdout]                                at /rustc/df4ca44d3fbc9301ee17f30f4d474e6ae4b05252/library/test/src/lib.rs:644:60
[INFO] [stdout]   24:     0x5c51f4a3b5b7 - <core::panic::unwind_safe::AssertUnwindSafe<F> as core::ops::function::FnOnce<()>>::call_once::hb5043206310c586f
[INFO] [stdout]                                at /rustc/df4ca44d3fbc9301ee17f30f4d474e6ae4b05252/library/core/src/panic/unwind_safe.rs:272:9
[INFO] [stdout]   25:     0x5c51f4a3b5b7 - std::panicking::try::do_call::h9ad4731a60ab23e2
[INFO] [stdout]                                at /rustc/df4ca44d3fbc9301ee17f30f4d474e6ae4b05252/library/std/src/panicking.rs:557:40
[INFO] [stdout]   26:     0x5c51f4a3b5b7 - std::panicking::try::h3824d23db772a716
[INFO] [stdout]                                at /rustc/df4ca44d3fbc9301ee17f30f4d474e6ae4b05252/library/std/src/panicking.rs:520:19
[INFO] [stdout]   27:     0x5c51f4a3b5b7 - std::panic::catch_unwind::h5afd514605fde46b
[INFO] [stdout]                                at /rustc/df4ca44d3fbc9301ee17f30f4d474e6ae4b05252/library/std/src/panic.rs:358:14
[INFO] [stdout]   28:     0x5c51f4a3b5b7 - test::run_test_in_process::h0d5cbfa7067d1720
[INFO] [stdout]                                at /rustc/df4ca44d3fbc9301ee17f30f4d474e6ae4b05252/library/test/src/lib.rs:644:27
[INFO] [stdout]   29:     0x5c51f4a3b5b7 - test::run_test::{{closure}}::h708eb8872708115d
[INFO] [stdout]                                at /rustc/df4ca44d3fbc9301ee17f30f4d474e6ae4b05252/library/test/src/lib.rs:565:43
[INFO] [stdout]   30:     0x5c51f49fecd4 - test::run_test::{{closure}}::h392c51cee94713ab
[INFO] [stdout]                                at /rustc/df4ca44d3fbc9301ee17f30f4d474e6ae4b05252/library/test/src/lib.rs:595:41
[INFO] [stdout]   31:     0x5c51f49fecd4 - std::sys::backtrace::__rust_begin_short_backtrace::h2f40290710935a8b
[INFO] [stdout]                                at /rustc/df4ca44d3fbc9301ee17f30f4d474e6ae4b05252/library/std/src/sys/backtrace.rs:154:18
[INFO] [stdout]   32:     0x5c51f4a0247e - std::thread::Builder::spawn_unchecked_::{{closure}}::{{closure}}::h3fd968d89053a903
[INFO] [stdout]                                at /rustc/df4ca44d3fbc9301ee17f30f4d474e6ae4b05252/library/std/src/thread/mod.rs:541:17
[INFO] [stdout]   33:     0x5c51f4a0247e - <core::panic::unwind_safe::AssertUnwindSafe<F> as core::ops::function::FnOnce<()>>::call_once::h743f637ba4229880
[INFO] [stdout]                                at /rustc/df4ca44d3fbc9301ee17f30f4d474e6ae4b05252/library/core/src/panic/unwind_safe.rs:272:9
[INFO] [stdout]   34:     0x5c51f4a0247e - std::panicking::try::do_call::h07440897322525a6
[INFO] [stdout]                                at /rustc/df4ca44d3fbc9301ee17f30f4d474e6ae4b05252/library/std/src/panicking.rs:557:40
[INFO] [stdout]   35:     0x5c51f4a0247e - std::panicking::try::he5a2e00188156637
[INFO] [stdout]                                at /rustc/df4ca44d3fbc9301ee17f30f4d474e6ae4b05252/library/std/src/panicking.rs:520:19
[INFO] [stdout]   36:     0x5c51f4a0247e - std::panic::catch_unwind::hbaf3cae49b3c6433
[INFO] [stdout]                                at /rustc/df4ca44d3fbc9301ee17f30f4d474e6ae4b05252/library/std/src/panic.rs:358:14
[INFO] [stdout]   37:     0x5c51f4a0247e - std::thread::Builder::spawn_unchecked_::{{closure}}::h8e141ea224820bce
[INFO] [stdout]                                at /rustc/df4ca44d3fbc9301ee17f30f4d474e6ae4b05252/library/std/src/thread/mod.rs:540:30
[INFO] [stdout]   38:     0x5c51f4a0247e - core::ops::function::FnOnce::call_once{{vtable.shim}}::h90d312fedd7b8ea8
[INFO] [stdout]                                at /rustc/df4ca44d3fbc9301ee17f30f4d474e6ae4b05252/library/core/src/ops/function.rs:250:5
[INFO] [stdout]   39:     0x5c51f4acaaab - <alloc::boxed::Box<F,A> as core::ops::function::FnOnce<Args>>::call_once::h69aa08ddb6adb8b6
[INFO] [stdout]                                at /rustc/df4ca44d3fbc9301ee17f30f4d474e6ae4b05252/library/alloc/src/boxed.rs:2454:9
[INFO] [stdout]   40:     0x5c51f4acaaab - <alloc::boxed::Box<F,A> as core::ops::function::FnOnce<Args>>::call_once::h5aa36efdb79c806f
[INFO] [stdout]                                at /rustc/df4ca44d3fbc9301ee17f30f4d474e6ae4b05252/library/alloc/src/boxed.rs:2454:9
[INFO] [stdout]   41:     0x5c51f4acaaab - std::sys::pal::unix::thread::Thread::new::thread_start::h6cd80a1b4be5158d
[INFO] [stdout]                                at /rustc/df4ca44d3fbc9301ee17f30f4d474e6ae4b05252/library/std/src/sys/pal/unix/thread.rs:105:17
[INFO] [stdout]   42:     0x71db0a71eac3 - <unknown>
[INFO] [stdout]   43:     0x71db0a7afa04 - clone
[INFO] [stdout]   44:                0x0 - <unknown>
[INFO] [stdout] 
[INFO] [stdout] 
[INFO] [stdout] failures:
[INFO] [stdout]     test_serde_json_graph_read_write
[INFO] [stdout] 
[INFO] [stdout] test result: FAILED. 2 passed; 1 failed; 0 ignored; 0 measured; 0 filtered out; finished in 0.03s
[INFO] [stdout] 
[INFO] [stderr] error: test failed, to rerun pass `--test test_serde_json`
[INFO] running `Command { std: "docker" "inspect" "b447826c59e74234f86e5eafaa453722df9a8c60f29e238922ee7391e7489c2c", kill_on_drop: false }`
[INFO] running `Command { std: "docker" "rm" "-f" "b447826c59e74234f86e5eafaa453722df9a8c60f29e238922ee7391e7489c2c", kill_on_drop: false }`
[INFO] [stdout] b447826c59e74234f86e5eafaa453722df9a8c60f29e238922ee7391e7489c2c
