[INFO] fetching crate graphannis-cli 3.5.1...
[INFO] testing graphannis-cli-3.5.1 against nightly-2024-10-28+rustflags=-Zrandomize-layout for randomize-layout
[INFO] extracting crate graphannis-cli 3.5.1 into /workspace/builds/worker-5-tc2/source
[INFO] validating manifest of crates.io crate graphannis-cli 3.5.1 on toolchain nightly-2024-10-28
[INFO] running `Command { std: CARGO_HOME="/workspace/cargo-home" RUSTUP_HOME="/workspace/rustup-home" "/workspace/cargo-home/bin/cargo" "+nightly-2024-10-28" "metadata" "--manifest-path" "Cargo.toml" "--no-deps", kill_on_drop: false }`
[INFO] started tweaking crates.io crate graphannis-cli 3.5.1
[INFO] removed 0 missing tests
[INFO] finished tweaking crates.io crate graphannis-cli 3.5.1
[INFO] tweaked toml for crates.io crate graphannis-cli 3.5.1 written to /workspace/builds/worker-5-tc2/source/Cargo.toml
[INFO] crate crates.io crate graphannis-cli 3.5.1 already has a lockfile, it will not be regenerated
[INFO] running `Command { std: CARGO_HOME="/workspace/cargo-home" RUSTUP_HOME="/workspace/rustup-home" "/workspace/cargo-home/bin/cargo" "+nightly-2024-10-28" "fetch" "--manifest-path" "Cargo.toml", kill_on_drop: false }`
[INFO] running `Command { std: "docker" "create" "-v" "/var/lib/crater-agent-workspace/builds/worker-5-tc2/target:/opt/rustwide/target:rw,Z" "-v" "/var/lib/crater-agent-workspace/builds/worker-5-tc2/source:/opt/rustwide/workdir:ro,Z" "-v" "/var/lib/crater-agent-workspace/cargo-home:/opt/rustwide/cargo-home:ro,Z" "-v" "/var/lib/crater-agent-workspace/rustup-home:/opt/rustwide/rustup-home:ro,Z" "-e" "SOURCE_DIR=/opt/rustwide/workdir" "-e" "CARGO_TARGET_DIR=/opt/rustwide/target" "-e" "CARGO_HOME=/opt/rustwide/cargo-home" "-e" "RUSTUP_HOME=/opt/rustwide/rustup-home" "-w" "/opt/rustwide/workdir" "-m" "1610612736" "--user" "0:0" "--network" "none" "ghcr.io/rust-lang/crates-build-env/linux@sha256:4a844ea9eb2546a2d2c7022eacef16ef2e8229c7fbb2c7d4d55a9ceca922f72d" "/opt/rustwide/cargo-home/bin/cargo" "+nightly-2024-10-28" "metadata" "--no-deps" "--format-version=1", kill_on_drop: false }`
[INFO] [stdout] e63b8ec7a6fd45aba7a2fa9bc1910a17abbdc99b7b8a6b2c587e58db6b672bef
[INFO] running `Command { std: "docker" "start" "-a" "e63b8ec7a6fd45aba7a2fa9bc1910a17abbdc99b7b8a6b2c587e58db6b672bef", kill_on_drop: false }`
[INFO] running `Command { std: "docker" "inspect" "e63b8ec7a6fd45aba7a2fa9bc1910a17abbdc99b7b8a6b2c587e58db6b672bef", kill_on_drop: false }`
[INFO] running `Command { std: "docker" "rm" "-f" "e63b8ec7a6fd45aba7a2fa9bc1910a17abbdc99b7b8a6b2c587e58db6b672bef", kill_on_drop: false }`
[INFO] [stdout] e63b8ec7a6fd45aba7a2fa9bc1910a17abbdc99b7b8a6b2c587e58db6b672bef
[INFO] running `Command { std: "docker" "create" "-v" "/var/lib/crater-agent-workspace/builds/worker-5-tc2/target:/opt/rustwide/target:rw,Z" "-v" "/var/lib/crater-agent-workspace/builds/worker-5-tc2/source:/opt/rustwide/workdir:ro,Z" "-v" "/var/lib/crater-agent-workspace/cargo-home:/opt/rustwide/cargo-home:ro,Z" "-v" "/var/lib/crater-agent-workspace/rustup-home:/opt/rustwide/rustup-home:ro,Z" "-e" "SOURCE_DIR=/opt/rustwide/workdir" "-e" "CARGO_TARGET_DIR=/opt/rustwide/target" "-e" "CARGO_INCREMENTAL=0" "-e" "RUST_BACKTRACE=full" "-e" "RUSTFLAGS=--cap-lints=forbid -Zrandomize-layout" "-e" "RUSTDOCFLAGS=--cap-lints=forbid" "-e" "CARGO_HOME=/opt/rustwide/cargo-home" "-e" "RUSTUP_HOME=/opt/rustwide/rustup-home" "-w" "/opt/rustwide/workdir" "-m" "1610612736" "--user" "0:0" "--network" "none" "ghcr.io/rust-lang/crates-build-env/linux@sha256:4a844ea9eb2546a2d2c7022eacef16ef2e8229c7fbb2c7d4d55a9ceca922f72d" "/opt/rustwide/cargo-home/bin/cargo" "+nightly-2024-10-28" "build" "--frozen" "--message-format=json", kill_on_drop: false }`
[INFO] [stdout] c2d8e60c74f69e87b1e58a0ed3d137ad218bb87e95b89806dfca925ed1e194cc
[INFO] running `Command { std: "docker" "start" "-a" "c2d8e60c74f69e87b1e58a0ed3d137ad218bb87e95b89806dfca925ed1e194cc", kill_on_drop: false }`
[INFO] [stderr]    Compiling libc v0.2.159
[INFO] [stderr]    Compiling autocfg v1.3.0
[INFO] [stderr]    Compiling proc-macro2 v1.0.86
[INFO] [stderr]    Compiling serde v1.0.210
[INFO] [stderr]    Compiling regex-syntax v0.8.4
[INFO] [stderr]    Compiling smallvec v1.13.2
[INFO] [stderr]    Compiling generic-array v0.14.7
[INFO] [stderr]    Compiling memchr v2.7.4
[INFO] [stderr]    Compiling hashbrown v0.14.5
[INFO] [stderr]    Compiling rustix v0.38.37
[INFO] [stderr]    Compiling parking_lot_core v0.9.10
[INFO] [stderr]    Compiling bitflags v2.6.0
[INFO] [stderr]    Compiling doc-comment v0.3.3
[INFO] [stderr]    Compiling once_cell v1.19.0
[INFO] [stderr]    Compiling crunchy v0.2.2
[INFO] [stderr]    Compiling scopeguard v1.2.0
[INFO] [stderr]    Compiling linux-raw-sys v0.4.14
[INFO] [stderr]    Compiling aho-corasick v1.1.3
[INFO] [stderr]    Compiling thiserror v1.0.64
[INFO] [stderr]    Compiling syn v1.0.109
[INFO] [stderr]    Compiling tiny-keccak v2.0.2
[INFO] [stderr]    Compiling num-traits v0.2.19
[INFO] [stderr]    Compiling lock_api v0.4.12
[INFO] [stderr]    Compiling siphasher v0.3.11
[INFO] [stderr]    Compiling cpufeatures v0.2.14
[INFO] [stderr]    Compiling phf_shared v0.10.0
[INFO] [stderr]    Compiling ahash v0.7.8
[INFO] [stderr]    Compiling unicode-segmentation v1.12.0
[INFO] [stderr]    Compiling bit-vec v0.6.3
[INFO] [stderr]    Compiling quote v1.0.37
[INFO] [stderr]    Compiling crypto-common v0.1.6
[INFO] [stderr]    Compiling block-buffer v0.10.4
[INFO] [stderr]    Compiling precomputed-hash v0.1.1
[INFO] [stderr]    Compiling unicode-width v0.1.14
[INFO] [stderr]    Compiling digest v0.10.7
[INFO] [stderr]    Compiling snap v1.1.1
[INFO] [stderr]    Compiling indexmap v2.5.0
[INFO] [stderr]    Compiling fixedbitset v0.4.2
[INFO] [stderr]    Compiling zstd-safe v5.0.2+zstd.1.5.2
[INFO] [stderr]    Compiling syn v2.0.77
[INFO] [stderr]    Compiling jobserver v0.1.32
[INFO] [stderr]    Compiling dirs-sys-next v0.1.2
[INFO] [stderr]    Compiling new_debug_unreachable v1.0.6
[INFO] [stderr]    Compiling log v0.4.22
[INFO] [stderr]    Compiling time-macros v0.2.18
[INFO] [stderr]    Compiling dirs-next v2.0.0
[INFO] [stderr]    Compiling term v0.7.0
[INFO] [stderr]    Compiling cc v1.1.21
[INFO] [stderr]    Compiling parking_lot v0.12.3
[INFO] [stderr]    Compiling ena v0.14.3
[INFO] [stderr]    Compiling petgraph v0.6.5
[INFO] [stderr]    Compiling ascii-canvas v3.0.0
[INFO] [stderr]    Compiling string_cache v0.8.7
[INFO] [stderr]    Compiling bit-set v0.5.3
[INFO] [stderr]    Compiling inout v0.1.3
[INFO] [stderr]    Compiling getrandom v0.2.15
[INFO] [stderr]    Compiling deranged v0.3.11
[INFO] [stderr]    Compiling rand_core v0.6.4
[INFO] [stderr]    Compiling csv-core v0.1.11
[INFO] [stderr]    Compiling smartstring v1.0.1
[INFO] [stderr]    Compiling memoffset v0.6.5
[INFO] [stderr]    Compiling itertools v0.11.0
[INFO] [stderr]    Compiling itertools v0.10.5
[INFO] [stderr]    Compiling fastrand v2.1.1
[INFO] [stderr]    Compiling unicode-xid v0.2.6
[INFO] [stderr]    Compiling base64ct v1.6.0
[INFO] [stderr]    Compiling serde_json v1.0.128
[INFO] [stderr]    Compiling crc-catalog v2.4.0
[INFO] [stderr]    Compiling regex-automata v0.4.7
[INFO] [stderr]    Compiling winnow v0.6.19
[INFO] [stderr]    Compiling miniz_oxide v0.8.0
[INFO] [stderr]    Compiling time v0.3.36
[INFO] [stderr]    Compiling crc v3.2.1
[INFO] [stderr]    Compiling toml_datetime v0.6.8
[INFO] [stderr]    Compiling zstd-sys v2.0.13+zstd.1.5.6
[INFO] [stderr]    Compiling bzip2-sys v0.1.11+1.0.8
[INFO] [stderr]    Compiling sys-info v0.9.1
[INFO] [stderr]    Compiling serde_spanned v0.6.7
[INFO] [stderr]    Compiling tikv-jemalloc-sys v0.5.4+5.3.0-patched
[INFO] [stderr]    Compiling bincode v1.3.3
[INFO] [stderr]    Compiling csv v1.3.0
[INFO] [stderr]    Compiling password-hash v0.4.2
[INFO] [stderr]    Compiling tempfile v3.12.0
[INFO] [stderr]    Compiling zerocopy-derive v0.7.35
[INFO] [stderr]    Compiling thiserror-impl v1.0.64
[INFO] [stderr]    Compiling serde_derive v1.0.210
[INFO] [stderr]    Compiling cipher v0.4.4
[INFO] [stderr]    Compiling memmap2 v0.5.10
[INFO] [stderr]    Compiling num-integer v0.1.46
[INFO] [stderr]    Compiling sha2 v0.10.8
[INFO] [stderr]    Compiling hmac v0.12.1
[INFO] [stderr]    Compiling lalrpop-util v0.20.2
[INFO] [stderr]    Compiling regex v1.10.6
[INFO] [stderr]    Compiling toml_edit v0.22.22
[INFO] [stderr]    Compiling heck v0.3.3
[INFO] [stderr]    Compiling zerocopy v0.7.35
[INFO] [stderr]    Compiling binary-layout v2.1.0
[INFO] [stderr]    Compiling lalrpop v0.20.2
[INFO] [stderr]    Compiling static_assertions v1.1.0
[INFO] [stderr]    Compiling integer-encoding v3.0.4
[INFO] [stderr]    Compiling plotters-backend v0.3.7
[INFO] [stderr]    Compiling linked-hash-map v0.5.6
[INFO] [stderr]    Compiling file_diff v1.0.0
[INFO] [stderr]    Compiling sstable v0.11.1
[INFO] [stderr]    Compiling flate2 v1.0.33
[INFO] [stderr]    Compiling plotters-svg v0.3.7
[INFO] [stderr]    Compiling strum_macros v0.21.1
[INFO] [stderr]    Compiling pbkdf2 v0.11.0
[INFO] [stderr]    Compiling bzip2 v0.4.4
[INFO] [stderr]    Compiling binary-layout v4.0.2
[INFO] [stderr]    Compiling ppv-lite86 v0.2.20
[INFO] [stderr]    Compiling aes v0.8.4
[INFO] [stderr]    Compiling hashbrown v0.12.3
[INFO] [stderr]    Compiling serde_bytes v0.11.15
[INFO] [stderr]    Compiling memmap2 v0.9.5
[INFO] [stderr]    Compiling rand_chacha v0.3.1
[INFO] [stderr]    Compiling textwrap v0.11.0
[INFO] [stderr]    Compiling sha1 v0.10.6
[INFO] [stderr]    Compiling nibble_vec v0.1.0
[INFO] [stderr]    Compiling quick-xml v0.28.2
[INFO] [stderr]    Compiling itertools v0.9.0
[INFO] [stderr]    Compiling rand v0.8.5
[INFO] [stderr]    Compiling constant_time_eq v0.1.5
[INFO] [stderr]    Compiling normpath v1.3.0
[INFO] [stderr]    Compiling endian-type v0.1.2
[INFO] [stderr]    Compiling half v1.8.3
[INFO] [stderr]    Compiling anyhow v1.0.89
[INFO] [stderr]    Compiling strum v0.21.0
[INFO] [stderr]    Compiling cast v0.3.0
[INFO] [stderr]    Compiling clru v0.6.2
[INFO] [stderr]    Compiling tinytemplate v1.2.1
[INFO] [stderr]    Compiling criterion-plot v0.4.5
[INFO] [stderr]    Compiling serde_cbor v0.11.2
[INFO] [stderr]    Compiling boolean_expression v0.4.4
[INFO] [stderr]    Compiling radix_trie v0.2.1
[INFO] [stderr]    Compiling clap v2.34.0
[INFO] [stderr]    Compiling toml v0.8.19
[INFO] [stderr]    Compiling lru v0.7.8
[INFO] [stderr]    Compiling nix v0.23.2
[INFO] [stderr]    Compiling plotters v0.3.7
[INFO] [stderr]    Compiling fd-lock v3.0.13
[INFO] [stderr]    Compiling is-terminal v0.4.13
[INFO] [stderr]    Compiling atty v0.2.14
[INFO] [stderr]    Compiling page_size v0.4.2
[INFO] [stderr]    Compiling memory-stats v1.2.0
[INFO] [stderr]    Compiling fs2 v0.4.3
[INFO] [stderr]    Compiling termcolor v1.4.1
[INFO] [stderr]    Compiling oorandom v11.1.4
[INFO] [stderr]    Compiling encode_unicode v1.0.0
[INFO] [stderr]    Compiling rustyline-derive v0.5.0
[INFO] [stderr]    Compiling transient-btree-index v0.5.1
[INFO] [stderr]    Compiling simplelog v0.12.2
[INFO] [stderr]    Compiling toml v0.5.11
[INFO] [stderr]    Compiling compound_duration v1.2.1
[INFO] [stderr]    Compiling prettytable-rs v0.10.0
[INFO] [stderr]    Compiling graphannis-core v3.5.1
[INFO] [stderr]    Compiling criterion v0.3.6
[INFO] [stderr]    Compiling rustyline v9.1.2
[INFO] [stderr]    Compiling zstd v0.11.2+zstd.1.5.2
[INFO] [stderr]    Compiling zip v0.6.6
[INFO] [stderr]    Compiling graphannis v3.5.1
[INFO] [stderr]    Compiling tikv-jemallocator v0.5.4
[INFO] [stderr]    Compiling graphannis-cli v3.5.1 (/opt/rustwide/workdir)
[INFO] [stderr]     Finished `dev` profile [unoptimized + debuginfo] target(s) in 53.66s
[INFO] running `Command { std: "docker" "inspect" "c2d8e60c74f69e87b1e58a0ed3d137ad218bb87e95b89806dfca925ed1e194cc", kill_on_drop: false }`
[INFO] running `Command { std: "docker" "rm" "-f" "c2d8e60c74f69e87b1e58a0ed3d137ad218bb87e95b89806dfca925ed1e194cc", kill_on_drop: false }`
[INFO] [stdout] c2d8e60c74f69e87b1e58a0ed3d137ad218bb87e95b89806dfca925ed1e194cc
[INFO] running `Command { std: "docker" "create" "-v" "/var/lib/crater-agent-workspace/builds/worker-5-tc2/target:/opt/rustwide/target:rw,Z" "-v" "/var/lib/crater-agent-workspace/builds/worker-5-tc2/source:/opt/rustwide/workdir:ro,Z" "-v" "/var/lib/crater-agent-workspace/cargo-home:/opt/rustwide/cargo-home:ro,Z" "-v" "/var/lib/crater-agent-workspace/rustup-home:/opt/rustwide/rustup-home:ro,Z" "-e" "SOURCE_DIR=/opt/rustwide/workdir" "-e" "CARGO_TARGET_DIR=/opt/rustwide/target" "-e" "CARGO_INCREMENTAL=0" "-e" "RUST_BACKTRACE=full" "-e" "RUSTFLAGS=--cap-lints=forbid -Zrandomize-layout" "-e" "RUSTDOCFLAGS=--cap-lints=forbid" "-e" "CARGO_HOME=/opt/rustwide/cargo-home" "-e" "RUSTUP_HOME=/opt/rustwide/rustup-home" "-w" "/opt/rustwide/workdir" "-m" "1610612736" "--user" "0:0" "--network" "none" "ghcr.io/rust-lang/crates-build-env/linux@sha256:4a844ea9eb2546a2d2c7022eacef16ef2e8229c7fbb2c7d4d55a9ceca922f72d" "/opt/rustwide/cargo-home/bin/cargo" "+nightly-2024-10-28" "test" "--frozen" "--no-run" "--message-format=json", kill_on_drop: false }`
[INFO] [stdout] 82f79ecbf43edcdd382f44ffe75534007f864accde12819416bfccfd4380c7a8
[INFO] running `Command { std: "docker" "start" "-a" "82f79ecbf43edcdd382f44ffe75534007f864accde12819416bfccfd4380c7a8", kill_on_drop: false }`
[INFO] [stderr]    Compiling serde v1.0.210
[INFO] [stderr]    Compiling once_cell v1.19.0
[INFO] [stderr]    Compiling lock_api v0.4.12
[INFO] [stderr]    Compiling regex-automata v0.4.7
[INFO] [stderr]    Compiling syn v2.0.77
[INFO] [stderr]    Compiling parking_lot_core v0.9.10
[INFO] [stderr]    Compiling slab v0.4.9
[INFO] [stderr]    Compiling futures-core v0.3.30
[INFO] [stderr]    Compiling futures-sink v0.3.30
[INFO] [stderr]    Compiling pin-project-lite v0.2.14
[INFO] [stderr]    Compiling futures-task v0.3.30
[INFO] [stderr]    Compiling futures-io v0.3.30
[INFO] [stderr]    Compiling predicates-core v1.0.8
[INFO] [stderr]    Compiling console v0.15.8
[INFO] [stderr]    Compiling assert_cmd v2.0.16
[INFO] [stderr]    Compiling difflib v0.4.0
[INFO] [stderr]    Compiling ahash v0.7.8
[INFO] [stderr]    Compiling tempfile v3.12.0
[INFO] [stderr]    Compiling futures-channel v0.3.30
[INFO] [stderr]    Compiling similar v2.6.0
[INFO] [stderr]    Compiling anstyle v1.0.8
[INFO] [stderr]    Compiling parking_lot v0.12.3
[INFO] [stderr]    Compiling termtree v0.4.1
[INFO] [stderr]    Compiling dashmap v5.5.3
[INFO] [stderr]    Compiling hashbrown v0.12.3
[INFO] [stderr]    Compiling futures-util v0.3.30
[INFO] [stderr]    Compiling predicates v3.1.2
[INFO] [stderr]    Compiling predicates-tree v1.0.11
[INFO] [stderr]    Compiling wait-timeout v0.2.0
[INFO] [stderr]    Compiling string_cache v0.8.7
[INFO] [stderr]    Compiling lru v0.7.8
[INFO] [stderr]    Compiling regex v1.10.6
[INFO] [stderr]    Compiling lalrpop-util v0.20.2
[INFO] [stderr]    Compiling lalrpop v0.20.2
[INFO] [stderr]    Compiling bstr v1.10.0
[INFO] [stderr]    Compiling serde_derive v1.0.210
[INFO] [stderr]    Compiling zerocopy-derive v0.7.35
[INFO] [stderr]    Compiling thiserror-impl v1.0.64
[INFO] [stderr]    Compiling serial_test_derive v2.0.0
[INFO] [stderr]    Compiling futures-executor v0.3.30
[INFO] [stderr]    Compiling futures v0.3.30
[INFO] [stderr]    Compiling serial_test v2.0.0
[INFO] [stderr]    Compiling zerocopy v0.7.35
[INFO] [stderr]    Compiling thiserror v1.0.64
[INFO] [stderr]    Compiling binary-layout v4.0.2
[INFO] [stderr]    Compiling ppv-lite86 v0.2.20
[INFO] [stderr]    Compiling rand_chacha v0.3.1
[INFO] [stderr]    Compiling rand v0.8.5
[INFO] [stderr]    Compiling serde_spanned v0.6.7
[INFO] [stderr]    Compiling toml_datetime v0.6.8
[INFO] [stderr]    Compiling csv v1.3.0
[INFO] [stderr]    Compiling serde_json v1.0.128
[INFO] [stderr]    Compiling bincode v1.3.3
[INFO] [stderr]    Compiling serde_bytes v0.11.15
[INFO] [stderr]    Compiling smartstring v1.0.1
[INFO] [stderr]    Compiling serde_cbor v0.11.2
[INFO] [stderr]    Compiling toml v0.5.11
[INFO] [stderr]    Compiling insta v1.40.0
[INFO] [stderr]    Compiling toml_edit v0.22.22
[INFO] [stderr]    Compiling transient-btree-index v0.5.1
[INFO] [stderr]    Compiling prettytable-rs v0.10.0
[INFO] [stderr]    Compiling tinytemplate v1.2.1
[INFO] [stderr]    Compiling criterion v0.3.6
[INFO] [stderr]    Compiling insta-cmd v0.5.0
[INFO] [stderr]    Compiling graphannis v3.5.1
[INFO] [stderr]    Compiling toml v0.8.19
[INFO] [stderr]    Compiling graphannis-core v3.5.1
[INFO] [stderr]    Compiling graphannis-cli v3.5.1 (/opt/rustwide/workdir)
[INFO] [stderr]     Finished `test` profile [unoptimized + debuginfo] target(s) in 20.47s
[INFO] running `Command { std: "docker" "inspect" "82f79ecbf43edcdd382f44ffe75534007f864accde12819416bfccfd4380c7a8", kill_on_drop: false }`
[INFO] running `Command { std: "docker" "rm" "-f" "82f79ecbf43edcdd382f44ffe75534007f864accde12819416bfccfd4380c7a8", kill_on_drop: false }`
[INFO] [stdout] 82f79ecbf43edcdd382f44ffe75534007f864accde12819416bfccfd4380c7a8
[INFO] running `Command { std: "docker" "create" "-v" "/var/lib/crater-agent-workspace/builds/worker-5-tc2/target:/opt/rustwide/target:rw,Z" "-v" "/var/lib/crater-agent-workspace/builds/worker-5-tc2/source:/opt/rustwide/workdir:ro,Z" "-v" "/var/lib/crater-agent-workspace/cargo-home:/opt/rustwide/cargo-home:ro,Z" "-v" "/var/lib/crater-agent-workspace/rustup-home:/opt/rustwide/rustup-home:ro,Z" "-e" "SOURCE_DIR=/opt/rustwide/workdir" "-e" "CARGO_TARGET_DIR=/opt/rustwide/target" "-e" "CARGO_INCREMENTAL=0" "-e" "RUST_BACKTRACE=full" "-e" "RUSTFLAGS=--cap-lints=forbid -Zrandomize-layout" "-e" "RUSTDOCFLAGS=--cap-lints=forbid" "-e" "CARGO_HOME=/opt/rustwide/cargo-home" "-e" "RUSTUP_HOME=/opt/rustwide/rustup-home" "-w" "/opt/rustwide/workdir" "-m" "1610612736" "--user" "0:0" "--network" "none" "ghcr.io/rust-lang/crates-build-env/linux@sha256:4a844ea9eb2546a2d2c7022eacef16ef2e8229c7fbb2c7d4d55a9ceca922f72d" "/opt/rustwide/cargo-home/bin/cargo" "+nightly-2024-10-28" "test" "--frozen", kill_on_drop: false }`
[INFO] [stdout] d327ceec4050aacd4a3600de14f5b078b294f2f5523d082d9a186a8307eb2849
[INFO] running `Command { std: "docker" "start" "-a" "d327ceec4050aacd4a3600de14f5b078b294f2f5523d082d9a186a8307eb2849", kill_on_drop: false }`
[INFO] [stderr]     Finished `test` profile [unoptimized + debuginfo] target(s) in 0.15s
[INFO] [stderr]      Running unittests src/bin/annis.rs (/opt/rustwide/target/debug/deps/annis-2bd6b1598b66728f)
[INFO] [stdout] 
[INFO] [stdout] running 0 tests
[INFO] [stdout] 
[INFO] [stdout] test result: ok. 0 passed; 0 failed; 0 ignored; 0 measured; 0 filtered out; finished in 0.00s
[INFO] [stdout] 
[INFO] [stderr]      Running unittests src/bin/annis_bench_queries.rs (/opt/rustwide/target/debug/deps/annis_bench_queries-4cd61d8f2289762b)
[INFO] [stdout] 
[INFO] [stdout] running 0 tests
[INFO] [stdout] 
[INFO] [stdout] test result: ok. 0 passed; 0 failed; 0 ignored; 0 measured; 0 filtered out; finished in 0.00s
[INFO] [stdout] 
[INFO] [stderr]      Running tests/cli.rs (/opt/rustwide/target/debug/deps/cli-8479af011a48722e)
[INFO] [stdout] 
[INFO] [stdout] running 4 tests
[INFO] [stdout] test list_corpora_partially_loaded ... FAILED
[INFO] [stdout] test list_corpora_not_loaded ... FAILED
[INFO] [stdout] test show_corpus_info ... FAILED
[INFO] [stdout] test list_corpora_fully_loaded ... FAILED
[INFO] [stdout] 
[INFO] [stdout] failures:
[INFO] [stdout] 
[INFO] [stdout] ---- list_corpora_partially_loaded stdout ----
[INFO] [stdout] ━━━━━━━━━━━━━━━━━━━━━━━━━━━━━━━ Snapshot Summary ━━━━━━━━━━━━━━━━━━━━━━━━━━━━━━━
[INFO] [stdout] Snapshot file: tests/snapshots/cli__list_corpora_partially_loaded.snap
[INFO] [stdout] Snapshot: list_corpora_partially_loaded
[INFO] [stdout] Source: tests/cli.rs:87
[INFO] [stdout] ────────────────────────────────────────────────────────────────────────────────
[INFO] [stdout] program: annis
[INFO] [stdout] args:
[INFO] [stdout]   - "../graphannis/tests/data/"
[INFO] [stdout]   - "-c"
[INFO] [stdout]   - corpus sample-disk-based-3.3
[INFO] [stdout]   - "-c"
[INFO] [stdout]   - count tok
[INFO] [stdout]   - "-c"
[INFO] [stdout]   - list
[INFO] [stdout] ────────────────────────────────────────────────────────────────────────────────
[INFO] [stdout] -old snapshot
[INFO] [stdout] +new results
[INFO] [stdout] ────────────┬───────────────────────────────────────────────────────────────────
[INFO] [stdout]     0       │-success: true
[INFO] [stdout]     1       │-exit_code: 0
[INFO] [stdout]           0 │+success: false
[INFO] [stdout]           1 │+exit_code: 3
[INFO] [stdout]     2     2 │ ----- stdout -----
[INFO] [stdout]     3       │-12:00:00[INFO] Loaded corpus sample-disk-based-3.3
[INFO] [stdout]     4       │-12:00:00[INFO] Total cache size is 100 / 300 MB and loaded corpora are: sample-disk-based-3.3.
[INFO] [stdout]     5       │-12:00:00[INFO] Total cache size is 100 / 300 MB and loaded corpora are: sample-disk-based-3.3.
[INFO] [stdout]     6       │-12:00:00[INFO] Executed query in 10 ms
[INFO] [stdout]     7       │-result: 44 matches in 4 documents
[INFO] [stdout]     8       │-sample-disk-based-1.5 (not loaded)
[INFO] [stdout]     9       │-sample-disk-based-3.2 (not loaded)
[INFO] [stdout]    10       │-sample-disk-based-3.3 (partially loaded)
[INFO] [stdout]    11       │-sample-memory-based-1.5 (not loaded)
[INFO] [stdout]    12       │-sample-memory-based-3.2 (not loaded)
[INFO] [stdout]    13       │-sample-memory-based-3.3 (not loaded)
[INFO] [stdout]    14       │-graphANNIS says good-bye!
[INFO] [stdout]           3 │+Must give a valid directory as argument
[INFO] [stdout]    15     4 │ 
[INFO] [stdout]    16     5 │ ----- stderr -----
[INFO] [stdout] ────────────┴───────────────────────────────────────────────────────────────────
[INFO] [stdout] thread 'list_corpora_partially_loaded' panicked at tests/cli.rs:87:22:
[INFO] [stdout] called `Result::unwrap()` on an `Err` value: Os { code: 30, kind: ReadOnlyFilesystem, message: "Read-only file system" }
[INFO] [stdout] stack backtrace:
[INFO] [stdout]    0:     0x59994e1ad9ba - std::backtrace_rs::backtrace::libunwind::trace::h207520d6e9873551
[INFO] [stdout]                                at /rustc/df4ca44d3fbc9301ee17f30f4d474e6ae4b05252/library/std/src/../../backtrace/src/backtrace/libunwind.rs:116:5
[INFO] [stdout]    1:     0x59994e1ad9ba - std::backtrace_rs::backtrace::trace_unsynchronized::h2ed7433f370e3eca
[INFO] [stdout]                                at /rustc/df4ca44d3fbc9301ee17f30f4d474e6ae4b05252/library/std/src/../../backtrace/src/backtrace/mod.rs:66:5
[INFO] [stdout]    2:     0x59994e1ad9ba - std::sys::backtrace::_print_fmt::h916fac51166b18d7
[INFO] [stdout]                                at /rustc/df4ca44d3fbc9301ee17f30f4d474e6ae4b05252/library/std/src/sys/backtrace.rs:66:9
[INFO] [stdout]    3:     0x59994e1ad9ba - <std::sys::backtrace::BacktraceLock::print::DisplayBacktrace as core::fmt::Display>::fmt::ha0a4c9b8ce3802e6
[INFO] [stdout]                                at /rustc/df4ca44d3fbc9301ee17f30f4d474e6ae4b05252/library/std/src/sys/backtrace.rs:39:26
[INFO] [stdout]    4:     0x59994e1d8a83 - core::fmt::rt::Argument::fmt::h4cfc8587d52b3eb5
[INFO] [stdout]                                at /rustc/df4ca44d3fbc9301ee17f30f4d474e6ae4b05252/library/core/src/fmt/rt.rs:177:76
[INFO] [stdout]    5:     0x59994e1d8a83 - core::fmt::write::h522cc39e5b36ae9f
[INFO] [stdout]                                at /rustc/df4ca44d3fbc9301ee17f30f4d474e6ae4b05252/library/core/src/fmt/mod.rs:1190:21
[INFO] [stdout]    6:     0x59994e1a9863 - std::io::Write::write_fmt::h7d3c26752da97734
[INFO] [stdout]                                at /rustc/df4ca44d3fbc9301ee17f30f4d474e6ae4b05252/library/std/src/io/mod.rs:1839:15
[INFO] [stdout]    7:     0x59994e1ad802 - std::sys::backtrace::BacktraceLock::print::h4b9e00b29e9c0942
[INFO] [stdout]                                at /rustc/df4ca44d3fbc9301ee17f30f4d474e6ae4b05252/library/std/src/sys/backtrace.rs:42:9
[INFO] [stdout]    8:     0x59994e1aee9a - std::panicking::default_hook::{{closure}}::hb59b88280d0324d9
[INFO] [stdout]                                at /rustc/df4ca44d3fbc9301ee17f30f4d474e6ae4b05252/library/std/src/panicking.rs:268:22
[INFO] [stdout]    9:     0x59994e1aeca4 - std::panicking::default_hook::he1dd496665be4a29
[INFO] [stdout]                                at /rustc/df4ca44d3fbc9301ee17f30f4d474e6ae4b05252/library/std/src/panicking.rs:292:9
[INFO] [stdout]   10:     0x59994dd7e0a9 - <alloc::boxed::Box<F,A> as core::ops::function::Fn<Args>>::call::h4ff71de18744e1dc
[INFO] [stdout]                                at /rustc/df4ca44d3fbc9301ee17f30f4d474e6ae4b05252/library/alloc/src/boxed.rs:2468:9
[INFO] [stdout]   11:     0x59994dd7e0a9 - test::test_main::{{closure}}::hcf7c055ce117aa81
[INFO] [stdout]                                at /rustc/df4ca44d3fbc9301ee17f30f4d474e6ae4b05252/library/test/src/lib.rs:133:21
[INFO] [stdout]   12:     0x59994e1af598 - <alloc::boxed::Box<F,A> as core::ops::function::Fn<Args>>::call::h1d66c6bbd60c9692
[INFO] [stdout]                                at /rustc/df4ca44d3fbc9301ee17f30f4d474e6ae4b05252/library/alloc/src/boxed.rs:2468:9
[INFO] [stdout]   13:     0x59994e1af598 - std::panicking::rust_panic_with_hook::h2ff17fe8f26dfcf8
[INFO] [stdout]                                at /rustc/df4ca44d3fbc9301ee17f30f4d474e6ae4b05252/library/std/src/panicking.rs:809:13
[INFO] [stdout]   14:     0x59994e1af35a - std::panicking::begin_panic_handler::{{closure}}::h4fad77951c07e101
[INFO] [stdout]                                at /rustc/df4ca44d3fbc9301ee17f30f4d474e6ae4b05252/library/std/src/panicking.rs:674:13
[INFO] [stdout]   15:     0x59994e1ade99 - std::sys::backtrace::__rust_end_short_backtrace::hb1a25b3da5d0ea08
[INFO] [stdout]                                at /rustc/df4ca44d3fbc9301ee17f30f4d474e6ae4b05252/library/std/src/sys/backtrace.rs:170:18
[INFO] [stdout]   16:     0x59994e1aefec - rust_begin_unwind
[INFO] [stdout]                                at /rustc/df4ca44d3fbc9301ee17f30f4d474e6ae4b05252/library/std/src/panicking.rs:665:5
[INFO] [stdout]   17:     0x59994e1d5f10 - core::panicking::panic_fmt::ha9db07b529f9b256
[INFO] [stdout]                                at /rustc/df4ca44d3fbc9301ee17f30f4d474e6ae4b05252/library/core/src/panicking.rs:75:14
[INFO] [stdout]   18:     0x59994e1d6396 - core::result::unwrap_failed::h5e8218e4d4338b8a
[INFO] [stdout]                                at /rustc/df4ca44d3fbc9301ee17f30f4d474e6ae4b05252/library/core/src/result.rs:1698:5
[INFO] [stdout]   19:     0x59994dd43f67 - core::result::Result<T,E>::unwrap::h9399995f4dff92ab
[INFO] [stdout]                                at /rustc/df4ca44d3fbc9301ee17f30f4d474e6ae4b05252/library/core/src/result.rs:1103:23
[INFO] [stdout]   20:     0x59994dd43f67 - cli::list_corpora_partially_loaded::{{closure}}::{{closure}}::{{closure}}::{{closure}}::h16e870bd8836cd30
[INFO] [stdout]                                at /opt/rustwide/cargo-home/registry/src/index.crates.io-6f17d22bba15001f/insta-cmd-0.5.0/src/macros.rs:43:13
[INFO] [stdout]   21:     0x59994dd43bf4 - cli::list_corpora_partially_loaded::{{closure}}::{{closure}}::{{closure}}::ha79c5e7ca5fb94f8
[INFO] [stdout]                                at /opt/rustwide/cargo-home/registry/src/index.crates.io-6f17d22bba15001f/insta-cmd-0.5.0/src/macros.rs:11:13
[INFO] [stdout]   22:     0x59994dd3dc04 - insta::settings::Settings::bind::h14a99af7216cf5d0
[INFO] [stdout]                                at /opt/rustwide/cargo-home/registry/src/index.crates.io-6f17d22bba15001f/insta-1.40.0/src/settings.rs:510:9
[INFO] [stdout]   23:     0x59994dd43768 - cli::list_corpora_partially_loaded::{{closure}}::{{closure}}::h20c31b518d9e5628
[INFO] [stdout]                                at /opt/rustwide/workdir/tests/cli.rs:87:22
[INFO] [stdout]   24:     0x59994dd3dedf - insta::settings::Settings::bind::h6017180ee9085cf4
[INFO] [stdout]                                at /opt/rustwide/cargo-home/registry/src/index.crates.io-6f17d22bba15001f/insta-1.40.0/src/settings.rs:510:9
[INFO] [stdout]   25:     0x59994dd43517 - cli::list_corpora_partially_loaded::{{closure}}::h364ba7bdc3d70ca4
[INFO] [stdout]                                at /opt/rustwide/workdir/tests/cli.rs:87:5
[INFO] [stdout]   26:     0x59994dd3bb4e - core::ops::function::FnOnce::call_once::hd1cb4ed5a6c9acd3
[INFO] [stdout]                                at /rustc/df4ca44d3fbc9301ee17f30f4d474e6ae4b05252/library/core/src/ops/function.rs:250:5
[INFO] [stdout]   27:     0x59994dd3b207 - serial_test::serial_code_lock::local_serial_core_with_return::he434bee484cf72ab
[INFO] [stdout]                                at /opt/rustwide/cargo-home/registry/src/index.crates.io-6f17d22bba15001f/serial_test-2.0.0/src/serial_code_lock.rs:15:5
[INFO] [stdout]   28:     0x59994dd432f6 - cli::list_corpora_partially_loaded::hd33c318648903a0c
[INFO] [stdout]                                at /opt/rustwide/workdir/tests/cli.rs:74:1
[INFO] [stdout]   29:     0x59994dd432c7 - cli::list_corpora_partially_loaded::{{closure}}::h7cd9a86111292500
[INFO] [stdout]                                at /opt/rustwide/workdir/tests/cli.rs:75:39
[INFO] [stdout]   30:     0x59994dd3bab6 - core::ops::function::FnOnce::call_once::h7982355b741cd1a6
[INFO] [stdout]                                at /rustc/df4ca44d3fbc9301ee17f30f4d474e6ae4b05252/library/core/src/ops/function.rs:250:5
[INFO] [stdout]   31:     0x59994dd8297b - core::ops::function::FnOnce::call_once::h22c3ba5715e93f05
[INFO] [stdout]                                at /rustc/df4ca44d3fbc9301ee17f30f4d474e6ae4b05252/library/core/src/ops/function.rs:250:5
[INFO] [stdout]   32:     0x59994dd8297b - test::__rust_begin_short_backtrace::h8e82d8113d0da17f
[INFO] [stdout]                                at /rustc/df4ca44d3fbc9301ee17f30f4d474e6ae4b05252/library/test/src/lib.rs:621:18
[INFO] [stdout]   33:     0x59994dd822f7 - test::run_test_in_process::{{closure}}::h33235f4f20b7b7c7
[INFO] [stdout]                                at /rustc/df4ca44d3fbc9301ee17f30f4d474e6ae4b05252/library/test/src/lib.rs:644:60
[INFO] [stdout]   34:     0x59994dd822f7 - <core::panic::unwind_safe::AssertUnwindSafe<F> as core::ops::function::FnOnce<()>>::call_once::hb5043206310c586f
[INFO] [stdout]                                at /rustc/df4ca44d3fbc9301ee17f30f4d474e6ae4b05252/library/core/src/panic/unwind_safe.rs:272:9
[INFO] [stdout]   35:     0x59994dd822f7 - std::panicking::try::do_call::h9ad4731a60ab23e2
[INFO] [stdout]                                at /rustc/df4ca44d3fbc9301ee17f30f4d474e6ae4b05252/library/std/src/panicking.rs:557:40
[INFO] [stdout]   36:     0x59994dd822f7 - std::panicking::try::h3824d23db772a716
[INFO] [stdout]                                at /rustc/df4ca44d3fbc9301ee17f30f4d474e6ae4b05252/library/std/src/panicking.rs:520:19
[INFO] [stdout]   37:     0x59994dd822f7 - std::panic::catch_unwind::h5afd514605fde46b
[INFO] [stdout]                                at /rustc/df4ca44d3fbc9301ee17f30f4d474e6ae4b05252/library/std/src/panic.rs:358:14
[INFO] [stdout]   38:     0x59994dd822f7 - test::run_test_in_process::h0d5cbfa7067d1720
[INFO] [stdout]                                at /rustc/df4ca44d3fbc9301ee17f30f4d474e6ae4b05252/library/test/src/lib.rs:644:27
[INFO] [stdout]   39:     0x59994dd822f7 - test::run_test::{{closure}}::h708eb8872708115d
[INFO] [stdout]                                at /rustc/df4ca44d3fbc9301ee17f30f4d474e6ae4b05252/library/test/src/lib.rs:565:43
[INFO] [stdout]   40:     0x59994dd45a14 - test::run_test::{{closure}}::h392c51cee94713ab
[INFO] [stdout]                                at /rustc/df4ca44d3fbc9301ee17f30f4d474e6ae4b05252/library/test/src/lib.rs:595:41
[INFO] [stdout]   41:     0x59994dd45a14 - std::sys::backtrace::__rust_begin_short_backtrace::h2f40290710935a8b
[INFO] [stdout]                                at /rustc/df4ca44d3fbc9301ee17f30f4d474e6ae4b05252/library/std/src/sys/backtrace.rs:154:18
[INFO] [stdout]   42:     0x59994dd491be - std::thread::Builder::spawn_unchecked_::{{closure}}::{{closure}}::h3fd968d89053a903
[INFO] [stdout]                                at /rustc/df4ca44d3fbc9301ee17f30f4d474e6ae4b05252/library/std/src/thread/mod.rs:541:17
[INFO] [stdout]   43:     0x59994dd491be - <core::panic::unwind_safe::AssertUnwindSafe<F> as core::ops::function::FnOnce<()>>::call_once::h743f637ba4229880
[INFO] [stdout]                                at /rustc/df4ca44d3fbc9301ee17f30f4d474e6ae4b05252/library/core/src/panic/unwind_safe.rs:272:9
[INFO] [stdout]   44:     0x59994dd491be - std::panicking::try::do_call::h07440897322525a6
[INFO] [stdout]                                at /rustc/df4ca44d3fbc9301ee17f30f4d474e6ae4b05252/library/std/src/panicking.rs:557:40
[INFO] [stdout]   45:     0x59994dd491be - std::panicking::try::he5a2e00188156637
[INFO] [stdout]                                at /rustc/df4ca44d3fbc9301ee17f30f4d474e6ae4b05252/library/std/src/panicking.rs:520:19
[INFO] [stdout]   46:     0x59994dd491be - std::panic::catch_unwind::hbaf3cae49b3c6433
[INFO] [stdout]                                at /rustc/df4ca44d3fbc9301ee17f30f4d474e6ae4b05252/library/std/src/panic.rs:358:14
[INFO] [stdout]   47:     0x59994dd491be - std::thread::Builder::spawn_unchecked_::{{closure}}::h8e141ea224820bce
[INFO] [stdout]                                at /rustc/df4ca44d3fbc9301ee17f30f4d474e6ae4b05252/library/std/src/thread/mod.rs:540:30
[INFO] [stdout]   48:     0x59994dd491be - core::ops::function::FnOnce::call_once{{vtable.shim}}::h90d312fedd7b8ea8
[INFO] [stdout]                                at /rustc/df4ca44d3fbc9301ee17f30f4d474e6ae4b05252/library/core/src/ops/function.rs:250:5
[INFO] [stdout]   49:     0x59994e1b39bb - <alloc::boxed::Box<F,A> as core::ops::function::FnOnce<Args>>::call_once::h69aa08ddb6adb8b6
[INFO] [stdout]                                at /rustc/df4ca44d3fbc9301ee17f30f4d474e6ae4b05252/library/alloc/src/boxed.rs:2454:9
[INFO] [stdout]   50:     0x59994e1b39bb - <alloc::boxed::Box<F,A> as core::ops::function::FnOnce<Args>>::call_once::h5aa36efdb79c806f
[INFO] [stdout]                                at /rustc/df4ca44d3fbc9301ee17f30f4d474e6ae4b05252/library/alloc/src/boxed.rs:2454:9
[INFO] [stdout]   51:     0x59994e1b39bb - std::sys::pal::unix::thread::Thread::new::thread_start::h6cd80a1b4be5158d
[INFO] [stdout]                                at /rustc/df4ca44d3fbc9301ee17f30f4d474e6ae4b05252/library/std/src/sys/pal/unix/thread.rs:105:17
[INFO] [stdout]   52:     0x70ceaa004ac3 - <unknown>
[INFO] [stdout]   53:     0x70ceaa095a04 - clone
[INFO] [stdout]   54:                0x0 - <unknown>
[INFO] [stdout] 
[INFO] [stdout] ---- list_corpora_not_loaded stdout ----
[INFO] [stdout] ━━━━━━━━━━━━━━━━━━━━━━━━━━━━━━━ Snapshot Summary ━━━━━━━━━━━━━━━━━━━━━━━━━━━━━━━
[INFO] [stdout] Snapshot file: tests/snapshots/cli__list_corpora_not_loaded.snap
[INFO] [stdout] Snapshot: list_corpora_not_loaded
[INFO] [stdout] Source: tests/cli.rs:49
[INFO] [stdout] ────────────────────────────────────────────────────────────────────────────────
[INFO] [stdout] program: annis
[INFO] [stdout] args:
[INFO] [stdout]   - "../graphannis/tests/data/"
[INFO] [stdout]   - "-c"
[INFO] [stdout]   - list
[INFO] [stdout] ────────────────────────────────────────────────────────────────────────────────
[INFO] [stdout] -old snapshot
[INFO] [stdout] +new results
[INFO] [stdout] ────────────┬───────────────────────────────────────────────────────────────────
[INFO] [stdout]     0       │-success: true
[INFO] [stdout]     1       │-exit_code: 0
[INFO] [stdout]           0 │+success: false
[INFO] [stdout]           1 │+exit_code: 3
[INFO] [stdout]     2     2 │ ----- stdout -----
[INFO] [stdout]     3       │-sample-disk-based-1.5 (not loaded)
[INFO] [stdout]     4       │-sample-disk-based-3.2 (not loaded)
[INFO] [stdout]     5       │-sample-disk-based-3.3 (not loaded)
[INFO] [stdout]     6       │-sample-memory-based-1.5 (not loaded)
[INFO] [stdout]     7       │-sample-memory-based-3.2 (not loaded)
[INFO] [stdout]     8       │-sample-memory-based-3.3 (not loaded)
[INFO] [stdout]     9       │-graphANNIS says good-bye!
[INFO] [stdout]           3 │+Must give a valid directory as argument
[INFO] [stdout]    10     4 │ 
[INFO] [stdout]    11     5 │ ----- stderr -----
[INFO] [stdout] ────────────┴───────────────────────────────────────────────────────────────────
[INFO] [stdout] thread 'list_corpora_not_loaded' panicked at tests/cli.rs:49:22:
[INFO] [stdout] called `Result::unwrap()` on an `Err` value: Os { code: 30, kind: ReadOnlyFilesystem, message: "Read-only file system" }
[INFO] [stdout] stack backtrace:
[INFO] [stdout]    0:     0x59994e1ad9ba - std::backtrace_rs::backtrace::libunwind::trace::h207520d6e9873551
[INFO] [stdout]                                at /rustc/df4ca44d3fbc9301ee17f30f4d474e6ae4b05252/library/std/src/../../backtrace/src/backtrace/libunwind.rs:116:5
[INFO] [stdout]    1:     0x59994e1ad9ba - std::backtrace_rs::backtrace::trace_unsynchronized::h2ed7433f370e3eca
[INFO] [stdout]                                at /rustc/df4ca44d3fbc9301ee17f30f4d474e6ae4b05252/library/std/src/../../backtrace/src/backtrace/mod.rs:66:5
[INFO] [stdout]    2:     0x59994e1ad9ba - std::sys::backtrace::_print_fmt::h916fac51166b18d7
[INFO] [stdout]                                at /rustc/df4ca44d3fbc9301ee17f30f4d474e6ae4b05252/library/std/src/sys/backtrace.rs:66:9
[INFO] [stdout]    3:     0x59994e1ad9ba - <std::sys::backtrace::BacktraceLock::print::DisplayBacktrace as core::fmt::Display>::fmt::ha0a4c9b8ce3802e6
[INFO] [stdout]                                at /rustc/df4ca44d3fbc9301ee17f30f4d474e6ae4b05252/library/std/src/sys/backtrace.rs:39:26
[INFO] [stdout]    4:     0x59994e1d8a83 - core::fmt::rt::Argument::fmt::h4cfc8587d52b3eb5
[INFO] [stdout]                                at /rustc/df4ca44d3fbc9301ee17f30f4d474e6ae4b05252/library/core/src/fmt/rt.rs:177:76
[INFO] [stdout]    5:     0x59994e1d8a83 - core::fmt::write::h522cc39e5b36ae9f
[INFO] [stdout]                                at /rustc/df4ca44d3fbc9301ee17f30f4d474e6ae4b05252/library/core/src/fmt/mod.rs:1190:21
[INFO] [stdout]    6:     0x59994e1a9863 - std::io::Write::write_fmt::h7d3c26752da97734
[INFO] [stdout]                                at /rustc/df4ca44d3fbc9301ee17f30f4d474e6ae4b05252/library/std/src/io/mod.rs:1839:15
[INFO] [stdout]    7:     0x59994e1ad802 - std::sys::backtrace::BacktraceLock::print::h4b9e00b29e9c0942
[INFO] [stdout]                                at /rustc/df4ca44d3fbc9301ee17f30f4d474e6ae4b05252/library/std/src/sys/backtrace.rs:42:9
[INFO] [stdout]    8:     0x59994e1aee9a - std::panicking::default_hook::{{closure}}::hb59b88280d0324d9
[INFO] [stdout]                                at /rustc/df4ca44d3fbc9301ee17f30f4d474e6ae4b05252/library/std/src/panicking.rs:268:22
[INFO] [stdout]    9:     0x59994e1aeca4 - std::panicking::default_hook::he1dd496665be4a29
[INFO] [stdout]                                at /rustc/df4ca44d3fbc9301ee17f30f4d474e6ae4b05252/library/std/src/panicking.rs:292:9
[INFO] [stdout]   10:     0x59994dd7e0a9 - <alloc::boxed::Box<F,A> as core::ops::function::Fn<Args>>::call::h4ff71de18744e1dc
[INFO] [stdout]                                at /rustc/df4ca44d3fbc9301ee17f30f4d474e6ae4b05252/library/alloc/src/boxed.rs:2468:9
[INFO] [stdout]   11:     0x59994dd7e0a9 - test::test_main::{{closure}}::hcf7c055ce117aa81
[INFO] [stdout]                                at /rustc/df4ca44d3fbc9301ee17f30f4d474e6ae4b05252/library/test/src/lib.rs:133:21
[INFO] [stdout]   12:     0x59994e1af598 - <alloc::boxed::Box<F,A> as core::ops::function::Fn<Args>>::call::h1d66c6bbd60c9692
[INFO] [stdout]                                at /rustc/df4ca44d3fbc9301ee17f30f4d474e6ae4b05252/library/alloc/src/boxed.rs:2468:9
[INFO] [stdout]   13:     0x59994e1af598 - std::panicking::rust_panic_with_hook::h2ff17fe8f26dfcf8
[INFO] [stdout]                                at /rustc/df4ca44d3fbc9301ee17f30f4d474e6ae4b05252/library/std/src/panicking.rs:809:13
[INFO] [stdout]   14:     0x59994e1af35a - std::panicking::begin_panic_handler::{{closure}}::h4fad77951c07e101
[INFO] [stdout]                                at /rustc/df4ca44d3fbc9301ee17f30f4d474e6ae4b05252/library/std/src/panicking.rs:674:13
[INFO] [stdout]   15:     0x59994e1ade99 - std::sys::backtrace::__rust_end_short_backtrace::hb1a25b3da5d0ea08
[INFO] [stdout]                                at /rustc/df4ca44d3fbc9301ee17f30f4d474e6ae4b05252/library/std/src/sys/backtrace.rs:170:18
[INFO] [stdout]   16:     0x59994e1aefec - rust_begin_unwind
[INFO] [stdout]                                at /rustc/df4ca44d3fbc9301ee17f30f4d474e6ae4b05252/library/std/src/panicking.rs:665:5
[INFO] [stdout]   17:     0x59994e1d5f10 - core::panicking::panic_fmt::ha9db07b529f9b256
[INFO] [stdout]                                at /rustc/df4ca44d3fbc9301ee17f30f4d474e6ae4b05252/library/core/src/panicking.rs:75:14
[INFO] [stdout]   18:     0x59994e1d6396 - core::result::unwrap_failed::h5e8218e4d4338b8a
[INFO] [stdout]                                at /rustc/df4ca44d3fbc9301ee17f30f4d474e6ae4b05252/library/core/src/result.rs:1698:5
[INFO] [stdout]   19:     0x59994dd42227 - core::result::Result<T,E>::unwrap::h9399995f4dff92ab
[INFO] [stdout]                                at /rustc/df4ca44d3fbc9301ee17f30f4d474e6ae4b05252/library/core/src/result.rs:1103:23
[INFO] [stdout]   20:     0x59994dd42227 - cli::list_corpora_not_loaded::{{closure}}::{{closure}}::{{closure}}::{{closure}}::h2fd1a87d91763d37
[INFO] [stdout]                                at /opt/rustwide/cargo-home/registry/src/index.crates.io-6f17d22bba15001f/insta-cmd-0.5.0/src/macros.rs:43:13
[INFO] [stdout]   21:     0x59994dd41eb4 - cli::list_corpora_not_loaded::{{closure}}::{{closure}}::{{closure}}::h7640dcc53eeafdfb
[INFO] [stdout]                                at /opt/rustwide/cargo-home/registry/src/index.crates.io-6f17d22bba15001f/insta-cmd-0.5.0/src/macros.rs:11:13
[INFO] [stdout]   22:     0x59994dd3de34 - insta::settings::Settings::bind::h59a3181286e81a98
[INFO] [stdout]                                at /opt/rustwide/cargo-home/registry/src/index.crates.io-6f17d22bba15001f/insta-1.40.0/src/settings.rs:510:9
[INFO] [stdout]   23:     0x59994dd41a28 - cli::list_corpora_not_loaded::{{closure}}::{{closure}}::hed35c284742a9616
[INFO] [stdout]                                at /opt/rustwide/workdir/tests/cli.rs:49:22
[INFO] [stdout]   24:     0x59994dd3dcaf - insta::settings::Settings::bind::h2899c6ca5e5d7f8b
[INFO] [stdout]                                at /opt/rustwide/cargo-home/registry/src/index.crates.io-6f17d22bba15001f/insta-1.40.0/src/settings.rs:510:9
[INFO] [stdout]   25:     0x59994dd417e3 - cli::list_corpora_not_loaded::{{closure}}::h730652b2897919a7
[INFO] [stdout]                                at /opt/rustwide/workdir/tests/cli.rs:49:5
[INFO] [stdout]   26:     0x59994dd3bbde - core::ops::function::FnOnce::call_once::hea7df14e832df3c3
[INFO] [stdout]                                at /rustc/df4ca44d3fbc9301ee17f30f4d474e6ae4b05252/library/core/src/ops/function.rs:250:5
[INFO] [stdout]   27:     0x59994dd3b207 - serial_test::serial_code_lock::local_serial_core_with_return::he434bee484cf72ab
[INFO] [stdout]                                at /opt/rustwide/cargo-home/registry/src/index.crates.io-6f17d22bba15001f/serial_test-2.0.0/src/serial_code_lock.rs:15:5
[INFO] [stdout]   28:     0x59994dd41646 - cli::list_corpora_not_loaded::h1da56c8570fba059
[INFO] [stdout]                                at /opt/rustwide/workdir/tests/cli.rs:42:1
[INFO] [stdout]   29:     0x59994dd41617 - cli::list_corpora_not_loaded::{{closure}}::h1bc24210ca07daea
[INFO] [stdout]                                at /opt/rustwide/workdir/tests/cli.rs:43:33
[INFO] [stdout]   30:     0x59994dd3bc36 - core::ops::function::FnOnce::call_once::hff3283620f055e60
[INFO] [stdout]                                at /rustc/df4ca44d3fbc9301ee17f30f4d474e6ae4b05252/library/core/src/ops/function.rs:250:5
[INFO] [stdout]   31:     0x59994dd8297b - core::ops::function::FnOnce::call_once::h22c3ba5715e93f05
[INFO] [stdout]                                at /rustc/df4ca44d3fbc9301ee17f30f4d474e6ae4b05252/library/core/src/ops/function.rs:250:5
[INFO] [stdout]   32:     0x59994dd8297b - test::__rust_begin_short_backtrace::h8e82d8113d0da17f
[INFO] [stdout]                                at /rustc/df4ca44d3fbc9301ee17f30f4d474e6ae4b05252/library/test/src/lib.rs:621:18
[INFO] [stdout]   33:     0x59994dd822f7 - test::run_test_in_process::{{closure}}::h33235f4f20b7b7c7
[INFO] [stdout]                                at /rustc/df4ca44d3fbc9301ee17f30f4d474e6ae4b05252/library/test/src/lib.rs:644:60
[INFO] [stdout]   34:     0x59994dd822f7 - <core::panic::unwind_safe::AssertUnwindSafe<F> as core::ops::function::FnOnce<()>>::call_once::hb5043206310c586f
[INFO] [stdout]                                at /rustc/df4ca44d3fbc9301ee17f30f4d474e6ae4b05252/library/core/src/panic/unwind_safe.rs:272:9
[INFO] [stdout]   35:     0x59994dd822f7 - std::panicking::try::do_call::h9ad4731a60ab23e2
[INFO] [stdout]                                at /rustc/df4ca44d3fbc9301ee17f30f4d474e6ae4b05252/library/std/src/panicking.rs:557:40
[INFO] [stdout]   36:     0x59994dd822f7 - std::panicking::try::h3824d23db772a716
[INFO] [stdout]                                at /rustc/df4ca44d3fbc9301ee17f30f4d474e6ae4b05252/library/std/src/panicking.rs:520:19
[INFO] [stdout]   37:     0x59994dd822f7 - std::panic::catch_unwind::h5afd514605fde46b
[INFO] [stdout]                                at /rustc/df4ca44d3fbc9301ee17f30f4d474e6ae4b05252/library/std/src/panic.rs:358:14
[INFO] [stdout]   38:     0x59994dd822f7 - test::run_test_in_process::h0d5cbfa7067d1720
[INFO] [stdout]                                at /rustc/df4ca44d3fbc9301ee17f30f4d474e6ae4b05252/library/test/src/lib.rs:644:27
[INFO] [stdout]   39:     0x59994dd822f7 - test::run_test::{{closure}}::h708eb8872708115d
[INFO] [stdout]                                at /rustc/df4ca44d3fbc9301ee17f30f4d474e6ae4b05252/library/test/src/lib.rs:565:43
[INFO] [stdout]   40:     0x59994dd45a14 - test::run_test::{{closure}}::h392c51cee94713ab
[INFO] [stdout]                                at /rustc/df4ca44d3fbc9301ee17f30f4d474e6ae4b05252/library/test/src/lib.rs:595:41
[INFO] [stdout]   41:     0x59994dd45a14 - std::sys::backtrace::__rust_begin_short_backtrace::h2f40290710935a8b
[INFO] [stdout]                                at /rustc/df4ca44d3fbc9301ee17f30f4d474e6ae4b05252/library/std/src/sys/backtrace.rs:154:18
[INFO] [stdout]   42:     0x59994dd491be - std::thread::Builder::spawn_unchecked_::{{closure}}::{{closure}}::h3fd968d89053a903
[INFO] [stdout]                                at /rustc/df4ca44d3fbc9301ee17f30f4d474e6ae4b05252/library/std/src/thread/mod.rs:541:17
[INFO] [stdout]   43:     0x59994dd491be - <core::panic::unwind_safe::AssertUnwindSafe<F> as core::ops::function::FnOnce<()>>::call_once::h743f637ba4229880
[INFO] [stdout]                                at /rustc/df4ca44d3fbc9301ee17f30f4d474e6ae4b05252/library/core/src/panic/unwind_safe.rs:272:9
[INFO] [stdout]   44:     0x59994dd491be - std::panicking::try::do_call::h07440897322525a6
[INFO] [stdout]                                at /rustc/df4ca44d3fbc9301ee17f30f4d474e6ae4b05252/library/std/src/panicking.rs:557:40
[INFO] [stdout]   45:     0x59994dd491be - std::panicking::try::he5a2e00188156637
[INFO] [stdout]                                at /rustc/df4ca44d3fbc9301ee17f30f4d474e6ae4b05252/library/std/src/panicking.rs:520:19
[INFO] [stdout]   46:     0x59994dd491be - std::panic::catch_unwind::hbaf3cae49b3c6433
[INFO] [stdout]                                at /rustc/df4ca44d3fbc9301ee17f30f4d474e6ae4b05252/library/std/src/panic.rs:358:14
[INFO] [stdout]   47:     0x59994dd491be - std::thread::Builder::spawn_unchecked_::{{closure}}::h8e141ea224820bce
[INFO] [stdout]                                at /rustc/df4ca44d3fbc9301ee17f30f4d474e6ae4b05252/library/std/src/thread/mod.rs:540:30
[INFO] [stdout]   48:     0x59994dd491be - core::ops::function::FnOnce::call_once{{vtable.shim}}::h90d312fedd7b8ea8
[INFO] [stdout]                                at /rustc/df4ca44d3fbc9301ee17f30f4d474e6ae4b05252/library/core/src/ops/function.rs:250:5
[INFO] [stdout]   49:     0x59994e1b39bb - <alloc::boxed::Box<F,A> as core::ops::function::FnOnce<Args>>::call_once::h69aa08ddb6adb8b6
[INFO] [stdout]                                at /rustc/df4ca44d3fbc9301ee17f30f4d474e6ae4b05252/library/alloc/src/boxed.rs:2454:9
[INFO] [stdout]   50:     0x59994e1b39bb - <alloc::boxed::Box<F,A> as core::ops::function::FnOnce<Args>>::call_once::h5aa36efdb79c806f
[INFO] [stdout]                                at /rustc/df4ca44d3fbc9301ee17f30f4d474e6ae4b05252/library/alloc/src/boxed.rs:2454:9
[INFO] [stdout]   51:     0x59994e1b39bb - std::sys::pal::unix::thread::Thread::new::thread_start::h6cd80a1b4be5158d
[INFO] [stdout]                                at /rustc/df4ca44d3fbc9301ee17f30f4d474e6ae4b05252/library/std/src/sys/pal/unix/thread.rs:105:17
[INFO] [stdout]   52:     0x70ceaa004ac3 - <unknown>
[INFO] [stdout]   53:     0x70ceaa095a04 - clone
[INFO] [stdout]   54:                0x0 - <unknown>
[INFO] [stdout] 
[INFO] [stdout] ---- show_corpus_info stdout ----
[INFO] [stdout] ━━━━━━━━━━━━━━━━━━━━━━━━━━━━━━━ Snapshot Summary ━━━━━━━━━━━━━━━━━━━━━━━━━━━━━━━
[INFO] [stdout] Snapshot file: tests/snapshots/cli__show_corpus_info.snap
[INFO] [stdout] Snapshot: show_corpus_info
[INFO] [stdout] Source: tests/cli.rs:36
[INFO] [stdout] ────────────────────────────────────────────────────────────────────────────────
[INFO] [stdout] program: annis
[INFO] [stdout] args:
[INFO] [stdout]   - "../graphannis/tests/data/"
[INFO] [stdout]   - "-c"
[INFO] [stdout]   - corpus sample-disk-based-3.3
[INFO] [stdout]   - "-c"
[INFO] [stdout]   - preload
[INFO] [stdout]   - "-c"
[INFO] [stdout]   - info
[INFO] [stdout] ────────────────────────────────────────────────────────────────────────────────
[INFO] [stdout] -old snapshot
[INFO] [stdout] +new results
[INFO] [stdout] ────────────┬───────────────────────────────────────────────────────────────────
[INFO] [stdout]     0       │-success: true
[INFO] [stdout]     1       │-exit_code: 0
[INFO] [stdout]           0 │+success: false
[INFO] [stdout]           1 │+exit_code: 3
[INFO] [stdout]     2     2 │ ----- stdout -----
[INFO] [stdout]     3       │-12:00:00[INFO] Loaded corpus sample-disk-based-3.3
[INFO] [stdout]     4       │-12:00:00[INFO] Total cache size is 100 / 300 MB and loaded corpora are: sample-disk-based-3.3.
[INFO] [stdout]     5       │-12:00:00[INFO] Total cache size is 100 / 300 MB and loaded corpora are: sample-disk-based-3.3.
[INFO] [stdout]     6       │-12:00:00[INFO] Preloaded corpus in 10 ms
[INFO] [stdout]     7       │-Status: "fully loaded"
[INFO] [stdout]     8       │-Token search shortcut possible: true
[INFO] [stdout]     9       │-------------
[INFO] [stdout]    10       │-Component Coverage//: 0 annnotations
[INFO] [stdout]    11       │-Stats: nodes=92, avg_fan_out=2.17, max_fan_out=11, max_depth=1
[INFO] [stdout]    12       │-Implementation: DiskAdjacencyListV1
[INFO] [stdout]    13       │-Status: "fully loaded"
[INFO] [stdout]    14       │-------------
[INFO] [stdout]    15       │-Component Coverage/annis/: 0 annnotations
[INFO] [stdout]    16       │-Stats: nodes=0, avg_fan_out=0.00, max_fan_out=0, max_depth=1, tree
[INFO] [stdout]    17       │-Implementation: DiskAdjacencyListV1
[INFO] [stdout]    18       │-Status: "fully loaded"
[INFO] [stdout]    19       │-------------
[INFO] [stdout]    20       │-Component Coverage/default_ns/: 0 annnotations
[INFO] [stdout]    21       │-Stats: nodes=56, avg_fan_out=0.93, max_fan_out=10, max_depth=1
[INFO] [stdout]    22       │-Implementation: DiskAdjacencyListV1
[INFO] [stdout]    23       │-Status: "fully loaded"
[INFO] [stdout]    24       │-------------
[INFO] [stdout]    25       │-Component Coverage/annis/inherited-coverage: 0 annnotations
[INFO] [stdout]    26       │-Stats: nodes=0, avg_fan_out=0.00, max_fan_out=0, max_depth=1, tree
[INFO] [stdout]    27       │-Implementation: DiskAdjacencyListV1
[INFO] [stdout]    28       │-Status: "fully loaded"
[INFO] [stdout]    29       │-------------
[INFO] [stdout]    30       │-Component Dominance/syntax/: 0 annnotations
[INFO] [stdout]    31       │-Stats: nodes=92, avg_fan_out=0.96, max_fan_out=3, max_depth=9, tree
[INFO] [stdout]    32       │-Implementation: PrePostOrderO16L8V1
[INFO] [stdout]    33       │-Status: "fully loaded"
[INFO] [stdout]    34       │-------------
[INFO] [stdout]    35       │-Component Pointing/default_ns/anaphoric: 0 annnotations
[INFO] [stdout]    36       │-Stats: nodes=8, avg_fan_out=0.50, max_fan_out=1, max_depth=1, tree
[INFO] [stdout]    37       │-Implementation: DiskPathV1_D15
[INFO] [stdout]    38       │-Status: "fully loaded"
[INFO] [stdout]    39       │-------------
[INFO] [stdout]    40       │-Component Ordering/annis/: 0 annnotations
[INFO] [stdout]    41       │-Stats: nodes=44, avg_fan_out=0.91, max_fan_out=1, max_depth=10, tree
[INFO] [stdout]    42       │-Implementation: DiskPathV1_D15
[INFO] [stdout]    43       │-Status: "fully loaded"
[INFO] [stdout]    44       │-------------
[INFO] [stdout]    45       │-Component LeftToken/annis/: 0 annnotations
[INFO] [stdout]    46       │-Stats: nodes=92, avg_fan_out=0.65, max_fan_out=1, max_depth=1
[INFO] [stdout]    47       │-Implementation: DiskPathV1_D15
[INFO] [stdout]    48       │-Status: "fully loaded"
[INFO] [stdout]    49       │-------------
[INFO] [stdout]    50       │-Component RightToken/annis/: 0 annnotations
[INFO] [stdout]    51       │-Stats: nodes=84, avg_fan_out=0.71, max_fan_out=1, max_depth=1
[INFO] [stdout]    52       │-Implementation: DiskPathV1_D15
[INFO] [stdout]    53       │-Status: "fully loaded"
[INFO] [stdout]    54       │-------------
[INFO] [stdout]    55       │-Component PartOf/annis/: 0 annnotations
[INFO] [stdout]    56       │-Stats: nodes=115, avg_fan_out=0.99, max_fan_out=1, max_depth=4
[INFO] [stdout]    57       │-Implementation: DiskPathV1_D15
[INFO] [stdout]    58       │-Status: "fully loaded"
[INFO] [stdout]    59       │-------------
[INFO] [stdout]    60       │-
[INFO] [stdout]    61       │-graphANNIS says good-bye!
[INFO] [stdout]           3 │+Must give a valid directory as argument
[INFO] [stdout]    62     4 │ 
[INFO] [stdout]    63     5 │ ----- stderr -----
[INFO] [stdout] ────────────┴───────────────────────────────────────────────────────────────────
[INFO] [stdout] thread 'show_corpus_info' panicked at tests/cli.rs:36:22:
[INFO] [stdout] called `Result::unwrap()` on an `Err` value: Os { code: 30, kind: ReadOnlyFilesystem, message: "Read-only file system" }
[INFO] [stdout] stack backtrace:
[INFO] [stdout]    0:     0x59994e1ad9ba - std::backtrace_rs::backtrace::libunwind::trace::h207520d6e9873551
[INFO] [stdout]                                at /rustc/df4ca44d3fbc9301ee17f30f4d474e6ae4b05252/library/std/src/../../backtrace/src/backtrace/libunwind.rs:116:5
[INFO] [stdout]    1:     0x59994e1ad9ba - std::backtrace_rs::backtrace::trace_unsynchronized::h2ed7433f370e3eca
[INFO] [stdout]                                at /rustc/df4ca44d3fbc9301ee17f30f4d474e6ae4b05252/library/std/src/../../backtrace/src/backtrace/mod.rs:66:5
[INFO] [stdout]    2:     0x59994e1ad9ba - std::sys::backtrace::_print_fmt::h916fac51166b18d7
[INFO] [stdout]                                at /rustc/df4ca44d3fbc9301ee17f30f4d474e6ae4b05252/library/std/src/sys/backtrace.rs:66:9
[INFO] [stdout]    3:     0x59994e1ad9ba - <std::sys::backtrace::BacktraceLock::print::DisplayBacktrace as core::fmt::Display>::fmt::ha0a4c9b8ce3802e6
[INFO] [stdout]                                at /rustc/df4ca44d3fbc9301ee17f30f4d474e6ae4b05252/library/std/src/sys/backtrace.rs:39:26
[INFO] [stdout]    4:     0x59994e1d8a83 - core::fmt::rt::Argument::fmt::h4cfc8587d52b3eb5
[INFO] [stdout]                                at /rustc/df4ca44d3fbc9301ee17f30f4d474e6ae4b05252/library/core/src/fmt/rt.rs:177:76
[INFO] [stdout]    5:     0x59994e1d8a83 - core::fmt::write::h522cc39e5b36ae9f
[INFO] [stdout]                                at /rustc/df4ca44d3fbc9301ee17f30f4d474e6ae4b05252/library/core/src/fmt/mod.rs:1190:21
[INFO] [stdout]    6:     0x59994e1a9863 - std::io::Write::write_fmt::h7d3c26752da97734
[INFO] [stdout]                                at /rustc/df4ca44d3fbc9301ee17f30f4d474e6ae4b05252/library/std/src/io/mod.rs:1839:15
[INFO] [stdout]    7:     0x59994e1ad802 - std::sys::backtrace::BacktraceLock::print::h4b9e00b29e9c0942
[INFO] [stdout]                                at /rustc/df4ca44d3fbc9301ee17f30f4d474e6ae4b05252/library/std/src/sys/backtrace.rs:42:9
[INFO] [stdout]    8:     0x59994e1aee9a - std::panicking::default_hook::{{closure}}::hb59b88280d0324d9
[INFO] [stdout]                                at /rustc/df4ca44d3fbc9301ee17f30f4d474e6ae4b05252/library/std/src/panicking.rs:268:22
[INFO] [stdout]    9:     0x59994e1aeca4 - std::panicking::default_hook::he1dd496665be4a29
[INFO] [stdout]                                at /rustc/df4ca44d3fbc9301ee17f30f4d474e6ae4b05252/library/std/src/panicking.rs:292:9
[INFO] [stdout]   10:     0x59994dd7e0a9 - <alloc::boxed::Box<F,A> as core::ops::function::Fn<Args>>::call::h4ff71de18744e1dc
[INFO] [stdout]                                at /rustc/df4ca44d3fbc9301ee17f30f4d474e6ae4b05252/library/alloc/src/boxed.rs:2468:9
[INFO] [stdout]   11:     0x59994dd7e0a9 - test::test_main::{{closure}}::hcf7c055ce117aa81
[INFO] [stdout]                                at /rustc/df4ca44d3fbc9301ee17f30f4d474e6ae4b05252/library/test/src/lib.rs:133:21
[INFO] [stdout]   12:     0x59994e1af598 - <alloc::boxed::Box<F,A> as core::ops::function::Fn<Args>>::call::h1d66c6bbd60c9692
[INFO] [stdout]                                at /rustc/df4ca44d3fbc9301ee17f30f4d474e6ae4b05252/library/alloc/src/boxed.rs:2468:9
[INFO] [stdout]   13:     0x59994e1af598 - std::panicking::rust_panic_with_hook::h2ff17fe8f26dfcf8
[INFO] [stdout]                                at /rustc/df4ca44d3fbc9301ee17f30f4d474e6ae4b05252/library/std/src/panicking.rs:809:13
[INFO] [stdout]   14:     0x59994e1af35a - std::panicking::begin_panic_handler::{{closure}}::h4fad77951c07e101
[INFO] [stdout]                                at /rustc/df4ca44d3fbc9301ee17f30f4d474e6ae4b05252/library/std/src/panicking.rs:674:13
[INFO] [stdout]   15:     0x59994e1ade99 - std::sys::backtrace::__rust_end_short_backtrace::hb1a25b3da5d0ea08
[INFO] [stdout]                                at /rustc/df4ca44d3fbc9301ee17f30f4d474e6ae4b05252/library/std/src/sys/backtrace.rs:170:18
[INFO] [stdout]   16:     0x59994e1aefec - rust_begin_unwind
[INFO] [stdout]                                at /rustc/df4ca44d3fbc9301ee17f30f4d474e6ae4b05252/library/std/src/panicking.rs:665:5
[INFO] [stdout]   17:     0x59994e1d5f10 - core::panicking::panic_fmt::ha9db07b529f9b256
[INFO] [stdout]                                at /rustc/df4ca44d3fbc9301ee17f30f4d474e6ae4b05252/library/core/src/panicking.rs:75:14
[INFO] [stdout]   18:     0x59994e1d6396 - core::result::unwrap_failed::h5e8218e4d4338b8a
[INFO] [stdout]                                at /rustc/df4ca44d3fbc9301ee17f30f4d474e6ae4b05252/library/core/src/result.rs:1698:5
[INFO] [stdout]   19:     0x59994dd41417 - core::result::Result<T,E>::unwrap::h9399995f4dff92ab
[INFO] [stdout]                                at /rustc/df4ca44d3fbc9301ee17f30f4d474e6ae4b05252/library/core/src/result.rs:1103:23
[INFO] [stdout]   20:     0x59994dd41417 - cli::show_corpus_info::{{closure}}::{{closure}}::{{closure}}::{{closure}}::hce648c7f9dfed810
[INFO] [stdout]                                at /opt/rustwide/cargo-home/registry/src/index.crates.io-6f17d22bba15001f/insta-cmd-0.5.0/src/macros.rs:43:13
[INFO] [stdout]   21:     0x59994dd410a4 - cli::show_corpus_info::{{closure}}::{{closure}}::{{closure}}::hd2ba9e5bb5e51303
[INFO] [stdout]                                at /opt/rustwide/cargo-home/registry/src/index.crates.io-6f17d22bba15001f/insta-cmd-0.5.0/src/macros.rs:11:13
[INFO] [stdout]   22:     0x59994dd3dd74 - insta::settings::Settings::bind::h3e3adbf281b5fd76
[INFO] [stdout]                                at /opt/rustwide/cargo-home/registry/src/index.crates.io-6f17d22bba15001f/insta-1.40.0/src/settings.rs:510:9
[INFO] [stdout]   23:     0x59994dd40c18 - cli::show_corpus_info::{{closure}}::{{closure}}::hde013271f2e2b729
[INFO] [stdout]                                at /opt/rustwide/workdir/tests/cli.rs:36:22
[INFO] [stdout]   24:     0x59994dd3e0ff - insta::settings::Settings::bind::hd85521ca8f9b51f9
[INFO] [stdout]                                at /opt/rustwide/cargo-home/registry/src/index.crates.io-6f17d22bba15001f/insta-1.40.0/src/settings.rs:510:9
[INFO] [stdout]   25:     0x59994dd409c7 - cli::show_corpus_info::{{closure}}::h3caab45e1cb820e0
[INFO] [stdout]                                at /opt/rustwide/workdir/tests/cli.rs:36:5
[INFO] [stdout]   26:     0x59994dd3bafe - core::ops::function::FnOnce::call_once::ha9551eb740e983f7
[INFO] [stdout]                                at /rustc/df4ca44d3fbc9301ee17f30f4d474e6ae4b05252/library/core/src/ops/function.rs:250:5
[INFO] [stdout]   27:     0x59994dd3b207 - serial_test::serial_code_lock::local_serial_core_with_return::he434bee484cf72ab
[INFO] [stdout]                                at /opt/rustwide/cargo-home/registry/src/index.crates.io-6f17d22bba15001f/serial_test-2.0.0/src/serial_code_lock.rs:15:5
[INFO] [stdout]   28:     0x59994dd407a6 - cli::show_corpus_info::h61054c5f406020ea
[INFO] [stdout]                                at /opt/rustwide/workdir/tests/cli.rs:23:1
[INFO] [stdout]   29:     0x59994dd40777 - cli::show_corpus_info::{{closure}}::hd3d41d04bb3114f4
[INFO] [stdout]                                at /opt/rustwide/workdir/tests/cli.rs:24:26
[INFO] [stdout]   30:     0x59994dd3ba36 - core::ops::function::FnOnce::call_once::h33d8ce6f70e37bbc
[INFO] [stdout]                                at /rustc/df4ca44d3fbc9301ee17f30f4d474e6ae4b05252/library/core/src/ops/function.rs:250:5
[INFO] [stdout]   31:     0x59994dd8297b - core::ops::function::FnOnce::call_once::h22c3ba5715e93f05
[INFO] [stdout]                                at /rustc/df4ca44d3fbc9301ee17f30f4d474e6ae4b05252/library/core/src/ops/function.rs:250:5
[INFO] [stdout]   32:     0x59994dd8297b - test::__rust_begin_short_backtrace::h8e82d8113d0da17f
[INFO] [stdout]                                at /rustc/df4ca44d3fbc9301ee17f30f4d474e6ae4b05252/library/test/src/lib.rs:621:18
[INFO] [stdout]   33:     0x59994dd822f7 - test::run_test_in_process::{{closure}}::h33235f4f20b7b7c7
[INFO] [stdout]                                at /rustc/df4ca44d3fbc9301ee17f30f4d474e6ae4b05252/library/test/src/lib.rs:644:60
[INFO] [stdout]   34:     0x59994dd822f7 - <core::panic::unwind_safe::AssertUnwindSafe<F> as core::ops::function::FnOnce<()>>::call_once::hb5043206310c586f
[INFO] [stdout]                                at /rustc/df4ca44d3fbc9301ee17f30f4d474e6ae4b05252/library/core/src/panic/unwind_safe.rs:272:9
[INFO] [stdout]   35:     0x59994dd822f7 - std::panicking::try::do_call::h9ad4731a60ab23e2
[INFO] [stdout]                                at /rustc/df4ca44d3fbc9301ee17f30f4d474e6ae4b05252/library/std/src/panicking.rs:557:40
[INFO] [stdout]   36:     0x59994dd822f7 - std::panicking::try::h3824d23db772a716
[INFO] [stdout]                                at /rustc/df4ca44d3fbc9301ee17f30f4d474e6ae4b05252/library/std/src/panicking.rs:520:19
[INFO] [stdout]   37:     0x59994dd822f7 - std::panic::catch_unwind::h5afd514605fde46b
[INFO] [stdout]                                at /rustc/df4ca44d3fbc9301ee17f30f4d474e6ae4b05252/library/std/src/panic.rs:358:14
[INFO] [stdout]   38:     0x59994dd822f7 - test::run_test_in_process::h0d5cbfa7067d1720
[INFO] [stdout]                                at /rustc/df4ca44d3fbc9301ee17f30f4d474e6ae4b05252/library/test/src/lib.rs:644:27
[INFO] [stdout]   39:     0x59994dd822f7 - test::run_test::{{closure}}::h708eb8872708115d
[INFO] [stdout]                                at /rustc/df4ca44d3fbc9301ee17f30f4d474e6ae4b05252/library/test/src/lib.rs:565:43
[INFO] [stdout]   40:     0x59994dd45a14 - test::run_test::{{closure}}::h392c51cee94713ab
[INFO] [stdout]                                at /rustc/df4ca44d3fbc9301ee17f30f4d474e6ae4b05252/library/test/src/lib.rs:595:41
[INFO] [stdout]   41:     0x59994dd45a14 - std::sys::backtrace::__rust_begin_short_backtrace::h2f40290710935a8b
[INFO] [stdout]                                at /rustc/df4ca44d3fbc9301ee17f30f4d474e6ae4b05252/library/std/src/sys/backtrace.rs:154:18
[INFO] [stdout]   42:     0x59994dd491be - std::thread::Builder::spawn_unchecked_::{{closure}}::{{closure}}::h3fd968d89053a903
[INFO] [stdout]                                at /rustc/df4ca44d3fbc9301ee17f30f4d474e6ae4b05252/library/std/src/thread/mod.rs:541:17
[INFO] [stdout]   43:     0x59994dd491be - <core::panic::unwind_safe::AssertUnwindSafe<F> as core::ops::function::FnOnce<()>>::call_once::h743f637ba4229880
[INFO] [stdout]                                at /rustc/df4ca44d3fbc9301ee17f30f4d474e6ae4b05252/library/core/src/panic/unwind_safe.rs:272:9
[INFO] [stdout]   44:     0x59994dd491be - std::panicking::try::do_call::h07440897322525a6
[INFO] [stdout]                                at /rustc/df4ca44d3fbc9301ee17f30f4d474e6ae4b05252/library/std/src/panicking.rs:557:40
[INFO] [stdout]   45:     0x59994dd491be - std::panicking::try::he5a2e00188156637
[INFO] [stdout]                                at /rustc/df4ca44d3fbc9301ee17f30f4d474e6ae4b05252/library/std/src/panicking.rs:520:19
[INFO] [stdout]   46:     0x59994dd491be - std::panic::catch_unwind::hbaf3cae49b3c6433
[INFO] [stdout]                                at /rustc/df4ca44d3fbc9301ee17f30f4d474e6ae4b05252/library/std/src/panic.rs:358:14
[INFO] [stdout]   47:     0x59994dd491be - std::thread::Builder::spawn_unchecked_::{{closure}}::h8e141ea224820bce
[INFO] [stdout]                                at /rustc/df4ca44d3fbc9301ee17f30f4d474e6ae4b05252/library/std/src/thread/mod.rs:540:30
[INFO] [stdout]   48:     0x59994dd491be - core::ops::function::FnOnce::call_once{{vtable.shim}}::h90d312fedd7b8ea8
[INFO] [stdout]                                at /rustc/df4ca44d3fbc9301ee17f30f4d474e6ae4b05252/library/core/src/ops/function.rs:250:5
[INFO] [stdout]   49:     0x59994e1b39bb - <alloc::boxed::Box<F,A> as core::ops::function::FnOnce<Args>>::call_once::h69aa08ddb6adb8b6
[INFO] [stdout]                                at /rustc/df4ca44d3fbc9301ee17f30f4d474e6ae4b05252/library/alloc/src/boxed.rs:2454:9
[INFO] [stdout]   50:     0x59994e1b39bb - <alloc::boxed::Box<F,A> as core::ops::function::FnOnce<Args>>::call_once::h5aa36efdb79c806f
[INFO] [stdout]                                at /rustc/df4ca44d3fbc9301ee17f30f4d474e6ae4b05252/library/alloc/src/boxed.rs:2454:9
[INFO] [stdout]   51:     0x59994e1b39bb - std::sys::pal::unix::thread::Thread::new::thread_start::h6cd80a1b4be5158d
[INFO] [stdout]                                at /rustc/df4ca44d3fbc9301ee17f30f4d474e6ae4b05252/library/std/src/sys/pal/unix/thread.rs:105:17
[INFO] [stdout]   52:     0x70ceaa004ac3 - <unknown>
[INFO] [stdout]   53:     0x70ceaa095a04 - clone
[INFO] [stdout]   54:                0x0 - <unknown>
[INFO] [stdout] 
[INFO] [stdout] ---- list_corpora_fully_loaded stdout ----
[INFO] [stdout] ━━━━━━━━━━━━━━━━━━━━━━━━━━━━━━━ Snapshot Summary ━━━━━━━━━━━━━━━━━━━━━━━━━━━━━━━
[INFO] [stdout] Snapshot file: tests/snapshots/cli__list_corpora_fully_loaded.snap
[INFO] [stdout] Snapshot: list_corpora_fully_loaded
[INFO] [stdout] Source: tests/cli.rs:68
[INFO] [stdout] ────────────────────────────────────────────────────────────────────────────────
[INFO] [stdout] program: annis
[INFO] [stdout] args:
[INFO] [stdout]   - "../graphannis/tests/data/"
[INFO] [stdout]   - "-c"
[INFO] [stdout]   - corpus sample-disk-based-3.3
[INFO] [stdout]   - "-c"
[INFO] [stdout]   - preload
[INFO] [stdout]   - "-c"
[INFO] [stdout]   - list
[INFO] [stdout] ────────────────────────────────────────────────────────────────────────────────
[INFO] [stdout] -old snapshot
[INFO] [stdout] +new results
[INFO] [stdout] ────────────┬───────────────────────────────────────────────────────────────────
[INFO] [stdout]     0       │-success: true
[INFO] [stdout]     1       │-exit_code: 0
[INFO] [stdout]           0 │+success: false
[INFO] [stdout]           1 │+exit_code: 3
[INFO] [stdout]     2     2 │ ----- stdout -----
[INFO] [stdout]     3       │-12:00:00[INFO] Loaded corpus sample-disk-based-3.3
[INFO] [stdout]     4       │-12:00:00[INFO] Total cache size is 100 / 300 MB and loaded corpora are: sample-disk-based-3.3.
[INFO] [stdout]     5       │-12:00:00[INFO] Total cache size is 100 / 300 MB and loaded corpora are: sample-disk-based-3.3.
[INFO] [stdout]     6       │-12:00:00[INFO] Preloaded corpus in 10 ms
[INFO] [stdout]     7       │-sample-disk-based-1.5 (not loaded)
[INFO] [stdout]     8       │-sample-disk-based-3.2 (not loaded)
[INFO] [stdout]     9       │-sample-disk-based-3.3 (fully loaded)
[INFO] [stdout]    10       │-sample-memory-based-1.5 (not loaded)
[INFO] [stdout]    11       │-sample-memory-based-3.2 (not loaded)
[INFO] [stdout]    12       │-sample-memory-based-3.3 (not loaded)
[INFO] [stdout]    13       │-graphANNIS says good-bye!
[INFO] [stdout]           3 │+Must give a valid directory as argument
[INFO] [stdout]    14     4 │ 
[INFO] [stdout]    15     5 │ ----- stderr -----
[INFO] [stdout] ────────────┴───────────────────────────────────────────────────────────────────
[INFO] [stdout] thread 'list_corpora_fully_loaded' panicked at tests/cli.rs:68:22:
[INFO] [stdout] called `Result::unwrap()` on an `Err` value: Os { code: 30, kind: ReadOnlyFilesystem, message: "Read-only file system" }
[INFO] [stdout] stack backtrace:
[INFO] [stdout]    0:     0x59994e1ad9ba - std::backtrace_rs::backtrace::libunwind::trace::h207520d6e9873551
[INFO] [stdout]                                at /rustc/df4ca44d3fbc9301ee17f30f4d474e6ae4b05252/library/std/src/../../backtrace/src/backtrace/libunwind.rs:116:5
[INFO] [stdout]    1:     0x59994e1ad9ba - std::backtrace_rs::backtrace::trace_unsynchronized::h2ed7433f370e3eca
[INFO] [stdout]                                at /rustc/df4ca44d3fbc9301ee17f30f4d474e6ae4b05252/library/std/src/../../backtrace/src/backtrace/mod.rs:66:5
[INFO] [stdout]    2:     0x59994e1ad9ba - std::sys::backtrace::_print_fmt::h916fac51166b18d7
[INFO] [stdout]                                at /rustc/df4ca44d3fbc9301ee17f30f4d474e6ae4b05252/library/std/src/sys/backtrace.rs:66:9
[INFO] [stdout]    3:     0x59994e1ad9ba - <std::sys::backtrace::BacktraceLock::print::DisplayBacktrace as core::fmt::Display>::fmt::ha0a4c9b8ce3802e6
[INFO] [stdout]                                at /rustc/df4ca44d3fbc9301ee17f30f4d474e6ae4b05252/library/std/src/sys/backtrace.rs:39:26
[INFO] [stdout]    4:     0x59994e1d8a83 - core::fmt::rt::Argument::fmt::h4cfc8587d52b3eb5
[INFO] [stdout]                                at /rustc/df4ca44d3fbc9301ee17f30f4d474e6ae4b05252/library/core/src/fmt/rt.rs:177:76
[INFO] [stdout]    5:     0x59994e1d8a83 - core::fmt::write::h522cc39e5b36ae9f
[INFO] [stdout]                                at /rustc/df4ca44d3fbc9301ee17f30f4d474e6ae4b05252/library/core/src/fmt/mod.rs:1190:21
[INFO] [stdout]    6:     0x59994e1a9863 - std::io::Write::write_fmt::h7d3c26752da97734
[INFO] [stdout]                                at /rustc/df4ca44d3fbc9301ee17f30f4d474e6ae4b05252/library/std/src/io/mod.rs:1839:15
[INFO] [stdout]    7:     0x59994e1ad802 - std::sys::backtrace::BacktraceLock::print::h4b9e00b29e9c0942
[INFO] [stdout]                                at /rustc/df4ca44d3fbc9301ee17f30f4d474e6ae4b05252/library/std/src/sys/backtrace.rs:42:9
[INFO] [stdout]    8:     0x59994e1aee9a - std::panicking::default_hook::{{closure}}::hb59b88280d0324d9
[INFO] [stdout]                                at /rustc/df4ca44d3fbc9301ee17f30f4d474e6ae4b05252/library/std/src/panicking.rs:268:22
[INFO] [stdout]    9:     0x59994e1aeca4 - std::panicking::default_hook::he1dd496665be4a29
[INFO] [stdout]                                at /rustc/df4ca44d3fbc9301ee17f30f4d474e6ae4b05252/library/std/src/panicking.rs:292:9
[INFO] [stdout]   10:     0x59994dd7e0a9 - <alloc::boxed::Box<F,A> as core::ops::function::Fn<Args>>::call::h4ff71de18744e1dc
[INFO] [stdout]                                at /rustc/df4ca44d3fbc9301ee17f30f4d474e6ae4b05252/library/alloc/src/boxed.rs:2468:9
[INFO] [stdout]   11:     0x59994dd7e0a9 - test::test_main::{{closure}}::hcf7c055ce117aa81
[INFO] [stdout]                                at /rustc/df4ca44d3fbc9301ee17f30f4d474e6ae4b05252/library/test/src/lib.rs:133:21
[INFO] [stdout]   12:     0x59994e1af598 - <alloc::boxed::Box<F,A> as core::ops::function::Fn<Args>>::call::h1d66c6bbd60c9692
[INFO] [stdout]                                at /rustc/df4ca44d3fbc9301ee17f30f4d474e6ae4b05252/library/alloc/src/boxed.rs:2468:9
[INFO] [stdout]   13:     0x59994e1af598 - std::panicking::rust_panic_with_hook::h2ff17fe8f26dfcf8
[INFO] [stdout]                                at /rustc/df4ca44d3fbc9301ee17f30f4d474e6ae4b05252/library/std/src/panicking.rs:809:13
[INFO] [stdout]   14:     0x59994e1af35a - std::panicking::begin_panic_handler::{{closure}}::h4fad77951c07e101
[INFO] [stdout]                                at /rustc/df4ca44d3fbc9301ee17f30f4d474e6ae4b05252/library/std/src/panicking.rs:674:13
[INFO] [stdout]   15:     0x59994e1ade99 - std::sys::backtrace::__rust_end_short_backtrace::hb1a25b3da5d0ea08
[INFO] [stdout]                                at /rustc/df4ca44d3fbc9301ee17f30f4d474e6ae4b05252/library/std/src/sys/backtrace.rs:170:18
[INFO] [stdout]   16:     0x59994e1aefec - rust_begin_unwind
[INFO] [stdout]                                at /rustc/df4ca44d3fbc9301ee17f30f4d474e6ae4b05252/library/std/src/panicking.rs:665:5
[INFO] [stdout]   17:     0x59994e1d5f10 - core::panicking::panic_fmt::ha9db07b529f9b256
[INFO] [stdout]                                at /rustc/df4ca44d3fbc9301ee17f30f4d474e6ae4b05252/library/core/src/panicking.rs:75:14
[INFO] [stdout]   18:     0x59994e1d6396 - core::result::unwrap_failed::h5e8218e4d4338b8a
[INFO] [stdout]                                at /rustc/df4ca44d3fbc9301ee17f30f4d474e6ae4b05252/library/core/src/result.rs:1698:5
[INFO] [stdout]   19:     0x59994dd430c7 - core::result::Result<T,E>::unwrap::h9399995f4dff92ab
[INFO] [stdout]                                at /rustc/df4ca44d3fbc9301ee17f30f4d474e6ae4b05252/library/core/src/result.rs:1103:23
[INFO] [stdout]   20:     0x59994dd430c7 - cli::list_corpora_fully_loaded::{{closure}}::{{closure}}::{{closure}}::{{closure}}::hbf52aae4889a19ac
[INFO] [stdout]                                at /opt/rustwide/cargo-home/registry/src/index.crates.io-6f17d22bba15001f/insta-cmd-0.5.0/src/macros.rs:43:13
[INFO] [stdout]   21:     0x59994dd42d54 - cli::list_corpora_fully_loaded::{{closure}}::{{closure}}::{{closure}}::hc19a981fa6ff7f16
[INFO] [stdout]                                at /opt/rustwide/cargo-home/registry/src/index.crates.io-6f17d22bba15001f/insta-cmd-0.5.0/src/macros.rs:11:13
[INFO] [stdout]   22:     0x59994dd3dfa4 - insta::settings::Settings::bind::h82681f5c0a99944a
[INFO] [stdout]                                at /opt/rustwide/cargo-home/registry/src/index.crates.io-6f17d22bba15001f/insta-1.40.0/src/settings.rs:510:9
[INFO] [stdout]   23:     0x59994dd428c8 - cli::list_corpora_fully_loaded::{{closure}}::{{closure}}::h35da18c98d3f5dc4
[INFO] [stdout]                                at /opt/rustwide/workdir/tests/cli.rs:68:22
[INFO] [stdout]   24:     0x59994dd3e04f - insta::settings::Settings::bind::h85d81a58f0589bf1
[INFO] [stdout]                                at /opt/rustwide/cargo-home/registry/src/index.crates.io-6f17d22bba15001f/insta-1.40.0/src/settings.rs:510:9
[INFO] [stdout]   25:     0x59994dd42677 - cli::list_corpora_fully_loaded::{{closure}}::hb68ad59ca8626a4e
[INFO] [stdout]                                at /opt/rustwide/workdir/tests/cli.rs:68:5
[INFO] [stdout]   26:     0x59994dd3b9de - core::ops::function::FnOnce::call_once::h1e0c20fd0590f4e4
[INFO] [stdout]                                at /rustc/df4ca44d3fbc9301ee17f30f4d474e6ae4b05252/library/core/src/ops/function.rs:250:5
[INFO] [stdout]   27:     0x59994dd3b207 - serial_test::serial_code_lock::local_serial_core_with_return::he434bee484cf72ab
[INFO] [stdout]                                at /opt/rustwide/cargo-home/registry/src/index.crates.io-6f17d22bba15001f/serial_test-2.0.0/src/serial_code_lock.rs:15:5
[INFO] [stdout]   28:     0x59994dd42456 - cli::list_corpora_fully_loaded::h5ee99ce0af9591e2
[INFO] [stdout]                                at /opt/rustwide/workdir/tests/cli.rs:55:1
[INFO] [stdout]   29:     0x59994dd42427 - cli::list_corpora_fully_loaded::{{closure}}::h1cca9cf94257b3b8
[INFO] [stdout]                                at /opt/rustwide/workdir/tests/cli.rs:56:35
[INFO] [stdout]   30:     0x59994dd3bba6 - core::ops::function::FnOnce::call_once::he9d5bea72efeda50
[INFO] [stdout]                                at /rustc/df4ca44d3fbc9301ee17f30f4d474e6ae4b05252/library/core/src/ops/function.rs:250:5
[INFO] [stdout]   31:     0x59994dd8297b - core::ops::function::FnOnce::call_once::h22c3ba5715e93f05
[INFO] [stdout]                                at /rustc/df4ca44d3fbc9301ee17f30f4d474e6ae4b05252/library/core/src/ops/function.rs:250:5
[INFO] [stdout]   32:     0x59994dd8297b - test::__rust_begin_short_backtrace::h8e82d8113d0da17f
[INFO] [stdout]                                at /rustc/df4ca44d3fbc9301ee17f30f4d474e6ae4b05252/library/test/src/lib.rs:621:18
[INFO] [stdout]   33:     0x59994dd822f7 - test::run_test_in_process::{{closure}}::h33235f4f20b7b7c7
[INFO] [stdout]                                at /rustc/df4ca44d3fbc9301ee17f30f4d474e6ae4b05252/library/test/src/lib.rs:644:60
[INFO] [stdout]   34:     0x59994dd822f7 - <core::panic::unwind_safe::AssertUnwindSafe<F> as core::ops::function::FnOnce<()>>::call_once::hb5043206310c586f
[INFO] [stdout]                                at /rustc/df4ca44d3fbc9301ee17f30f4d474e6ae4b05252/library/core/src/panic/unwind_safe.rs:272:9
[INFO] [stdout]   35:     0x59994dd822f7 - std::panicking::try::do_call::h9ad4731a60ab23e2
[INFO] [stdout]                                at /rustc/df4ca44d3fbc9301ee17f30f4d474e6ae4b05252/library/std/src/panicking.rs:557:40
[INFO] [stdout]   36:     0x59994dd822f7 - std::panicking::try::h3824d23db772a716
[INFO] [stdout]                                at /rustc/df4ca44d3fbc9301ee17f30f4d474e6ae4b05252/library/std/src/panicking.rs:520:19
[INFO] [stdout]   37:     0x59994dd822f7 - std::panic::catch_unwind::h5afd514605fde46b
[INFO] [stdout]                                at /rustc/df4ca44d3fbc9301ee17f30f4d474e6ae4b05252/library/std/src/panic.rs:358:14
[INFO] [stdout]   38:     0x59994dd822f7 - test::run_test_in_process::h0d5cbfa7067d1720
[INFO] [stdout]                                at /rustc/df4ca44d3fbc9301ee17f30f4d474e6ae4b05252/library/test/src/lib.rs:644:27
[INFO] [stdout]   39:     0x59994dd822f7 - test::run_test::{{closure}}::h708eb8872708115d
[INFO] [stdout]                                at /rustc/df4ca44d3fbc9301ee17f30f4d474e6ae4b05252/library/test/src/lib.rs:565:43
[INFO] [stdout]   40:     0x59994dd45a14 - test::run_test::{{closure}}::h392c51cee94713ab
[INFO] [stdout]                                at /rustc/df4ca44d3fbc9301ee17f30f4d474e6ae4b05252/library/test/src/lib.rs:595:41
[INFO] [stdout]   41:     0x59994dd45a14 - std::sys::backtrace::__rust_begin_short_backtrace::h2f40290710935a8b
[INFO] [stdout]                                at /rustc/df4ca44d3fbc9301ee17f30f4d474e6ae4b05252/library/std/src/sys/backtrace.rs:154:18
[INFO] [stdout]   42:     0x59994dd491be - std::thread::Builder::spawn_unchecked_::{{closure}}::{{closure}}::h3fd968d89053a903
[INFO] [stdout]                                at /rustc/df4ca44d3fbc9301ee17f30f4d474e6ae4b05252/library/std/src/thread/mod.rs:541:17
[INFO] [stdout]   43:     0x59994dd491be - <core::panic::unwind_safe::AssertUnwindSafe<F> as core::ops::function::FnOnce<()>>::call_once::h743f637ba4229880
[INFO] [stdout]                                at /rustc/df4ca44d3fbc9301ee17f30f4d474e6ae4b05252/library/core/src/panic/unwind_safe.rs:272:9
[INFO] [stdout]   44:     0x59994dd491be - std::panicking::try::do_call::h07440897322525a6
[INFO] [stdout]                                at /rustc/df4ca44d3fbc9301ee17f30f4d474e6ae4b05252/library/std/src/panicking.rs:557:40
[INFO] [stdout]   45:     0x59994dd491be - std::panicking::try::he5a2e00188156637
[INFO] [stdout]                                at /rustc/df4ca44d3fbc9301ee17f30f4d474e6ae4b05252/library/std/src/panicking.rs:520:19
[INFO] [stdout]   46:     0x59994dd491be - std::panic::catch_unwind::hbaf3cae49b3c6433
[INFO] [stdout]                                at /rustc/df4ca44d3fbc9301ee17f30f4d474e6ae4b05252/library/std/src/panic.rs:358:14
[INFO] [stdout]   47:     0x59994dd491be - std::thread::Builder::spawn_unchecked_::{{closure}}::h8e141ea224820bce
[INFO] [stdout]                                at /rustc/df4ca44d3fbc9301ee17f30f4d474e6ae4b05252/library/std/src/thread/mod.rs:540:30
[INFO] [stdout]   48:     0x59994dd491be - core::ops::function::FnOnce::call_once{{vtable.shim}}::h90d312fedd7b8ea8
[INFO] [stdout]                                at /rustc/df4ca44d3fbc9301ee17f30f4d474e6ae4b05252/library/core/src/ops/function.rs:250:5
[INFO] [stdout]   49:     0x59994e1b39bb - <alloc::boxed::Box<F,A> as core::ops::function::FnOnce<Args>>::call_once::h69aa08ddb6adb8b6
[INFO] [stdout]                                at /rustc/df4ca44d3fbc9301ee17f30f4d474e6ae4b05252/library/alloc/src/boxed.rs:2454:9
[INFO] [stdout]   50:     0x59994e1b39bb - <alloc::boxed::Box<F,A> as core::ops::function::FnOnce<Args>>::call_once::h5aa36efdb79c806f
[INFO] [stdout]                                at /rustc/df4ca44d3fbc9301ee17f30f4d474e6ae4b05252/library/alloc/src/boxed.rs:2454:9
[INFO] [stdout]   51:     0x59994e1b39bb - std::sys::pal::unix::thread::Thread::new::thread_start::h6cd80a1b4be5158d
[INFO] [stdout]                                at /rustc/df4ca44d3fbc9301ee17f30f4d474e6ae4b05252/library/std/src/sys/pal/unix/thread.rs:105:17
[INFO] [stdout]   52:     0x70ceaa004ac3 - <unknown>
[INFO] [stdout]   53:     0x70ceaa095a04 - clone
[INFO] [stdout]   54:                0x0 - <unknown>
[INFO] [stdout] 
[INFO] [stdout] 
[INFO] [stdout] failures:
[INFO] [stdout]     list_corpora_fully_loaded
[INFO] [stdout]     list_corpora_not_loaded
[INFO] [stdout]     list_corpora_partially_loaded
[INFO] [stdout]     show_corpus_info
[INFO] [stdout] 
[INFO] [stdout] test result: FAILED. 0 passed; 4 failed; 0 ignored; 0 measured; 0 filtered out; finished in 0.06s
[INFO] [stdout] 
[INFO] [stderr] error: test failed, to rerun pass `--test cli`
[INFO] running `Command { std: "docker" "inspect" "d327ceec4050aacd4a3600de14f5b078b294f2f5523d082d9a186a8307eb2849", kill_on_drop: false }`
[INFO] running `Command { std: "docker" "rm" "-f" "d327ceec4050aacd4a3600de14f5b078b294f2f5523d082d9a186a8307eb2849", kill_on_drop: false }`
[INFO] [stdout] d327ceec4050aacd4a3600de14f5b078b294f2f5523d082d9a186a8307eb2849
