[INFO] fetching crate grafana-plugin-sdk-macros 0.5.0...
[INFO] testing grafana-plugin-sdk-macros-0.5.0 against nightly-2024-10-28+rustflags=-Zrandomize-layout for randomize-layout
[INFO] extracting crate grafana-plugin-sdk-macros 0.5.0 into /workspace/builds/worker-3-tc2/source
[INFO] validating manifest of crates.io crate grafana-plugin-sdk-macros 0.5.0 on toolchain nightly-2024-10-28
[INFO] running `Command { std: CARGO_HOME="/workspace/cargo-home" RUSTUP_HOME="/workspace/rustup-home" "/workspace/cargo-home/bin/cargo" "+nightly-2024-10-28" "metadata" "--manifest-path" "Cargo.toml" "--no-deps", kill_on_drop: false }`
[INFO] started tweaking crates.io crate grafana-plugin-sdk-macros 0.5.0
[INFO] removed 0 missing tests
[INFO] finished tweaking crates.io crate grafana-plugin-sdk-macros 0.5.0
[INFO] tweaked toml for crates.io crate grafana-plugin-sdk-macros 0.5.0 written to /workspace/builds/worker-3-tc2/source/Cargo.toml
[INFO] running `Command { std: CARGO_HOME="/workspace/cargo-home" RUSTUP_HOME="/workspace/rustup-home" "/workspace/cargo-home/bin/cargo" "+nightly-2024-10-28" "generate-lockfile" "--manifest-path" "Cargo.toml", kill_on_drop: false }`
[INFO] [stderr]     Updating crates.io index
[INFO] [stderr]      Locking 54 packages to latest compatible versions
[INFO] running `Command { std: CARGO_HOME="/workspace/cargo-home" RUSTUP_HOME="/workspace/rustup-home" "/workspace/cargo-home/bin/cargo" "+nightly-2024-10-28" "fetch" "--manifest-path" "Cargo.toml", kill_on_drop: false }`
[INFO] running `Command { std: "docker" "create" "-v" "/var/lib/crater-agent-workspace/builds/worker-3-tc2/target:/opt/rustwide/target:rw,Z" "-v" "/var/lib/crater-agent-workspace/builds/worker-3-tc2/source:/opt/rustwide/workdir:ro,Z" "-v" "/var/lib/crater-agent-workspace/cargo-home:/opt/rustwide/cargo-home:ro,Z" "-v" "/var/lib/crater-agent-workspace/rustup-home:/opt/rustwide/rustup-home:ro,Z" "-e" "SOURCE_DIR=/opt/rustwide/workdir" "-e" "CARGO_TARGET_DIR=/opt/rustwide/target" "-e" "CARGO_HOME=/opt/rustwide/cargo-home" "-e" "RUSTUP_HOME=/opt/rustwide/rustup-home" "-w" "/opt/rustwide/workdir" "-m" "1610612736" "--user" "0:0" "--network" "none" "ghcr.io/rust-lang/crates-build-env/linux@sha256:4a844ea9eb2546a2d2c7022eacef16ef2e8229c7fbb2c7d4d55a9ceca922f72d" "/opt/rustwide/cargo-home/bin/cargo" "+nightly-2024-10-28" "metadata" "--no-deps" "--format-version=1", kill_on_drop: false }`
[INFO] [stdout] 759a624070123cc1ba08a10d07bffe63f85599894a8b8b9e1e759c74770225b7
[INFO] running `Command { std: "docker" "start" "-a" "759a624070123cc1ba08a10d07bffe63f85599894a8b8b9e1e759c74770225b7", kill_on_drop: false }`
[INFO] running `Command { std: "docker" "inspect" "759a624070123cc1ba08a10d07bffe63f85599894a8b8b9e1e759c74770225b7", kill_on_drop: false }`
[INFO] running `Command { std: "docker" "rm" "-f" "759a624070123cc1ba08a10d07bffe63f85599894a8b8b9e1e759c74770225b7", kill_on_drop: false }`
[INFO] [stdout] 759a624070123cc1ba08a10d07bffe63f85599894a8b8b9e1e759c74770225b7
[INFO] running `Command { std: "docker" "create" "-v" "/var/lib/crater-agent-workspace/builds/worker-3-tc2/target:/opt/rustwide/target:rw,Z" "-v" "/var/lib/crater-agent-workspace/builds/worker-3-tc2/source:/opt/rustwide/workdir:ro,Z" "-v" "/var/lib/crater-agent-workspace/cargo-home:/opt/rustwide/cargo-home:ro,Z" "-v" "/var/lib/crater-agent-workspace/rustup-home:/opt/rustwide/rustup-home:ro,Z" "-e" "SOURCE_DIR=/opt/rustwide/workdir" "-e" "CARGO_TARGET_DIR=/opt/rustwide/target" "-e" "CARGO_INCREMENTAL=0" "-e" "RUST_BACKTRACE=full" "-e" "RUSTFLAGS=--cap-lints=forbid -Zrandomize-layout" "-e" "RUSTDOCFLAGS=--cap-lints=forbid" "-e" "CARGO_HOME=/opt/rustwide/cargo-home" "-e" "RUSTUP_HOME=/opt/rustwide/rustup-home" "-w" "/opt/rustwide/workdir" "-m" "1610612736" "--user" "0:0" "--network" "none" "ghcr.io/rust-lang/crates-build-env/linux@sha256:4a844ea9eb2546a2d2c7022eacef16ef2e8229c7fbb2c7d4d55a9ceca922f72d" "/opt/rustwide/cargo-home/bin/cargo" "+nightly-2024-10-28" "build" "--frozen" "--message-format=json", kill_on_drop: false }`
[INFO] [stdout] b9c5d68c7dfd998391c9ddf3cbec3b8da158944a78db9362993db11b25394b51
[INFO] running `Command { std: "docker" "start" "-a" "b9c5d68c7dfd998391c9ddf3cbec3b8da158944a78db9362993db11b25394b51", kill_on_drop: false }`
[INFO] [stderr]    Compiling fnv v1.0.7
[INFO] [stderr]    Compiling strsim v0.11.1
[INFO] [stderr]    Compiling syn v2.0.86
[INFO] [stderr]    Compiling darling_core v0.20.10
[INFO] [stderr]    Compiling darling_macro v0.20.10
[INFO] [stderr]    Compiling darling v0.20.10
[INFO] [stderr]    Compiling grafana-plugin-sdk-macros v0.5.0 (/opt/rustwide/workdir)
[INFO] [stderr]     Finished `dev` profile [unoptimized + debuginfo] target(s) in 3.78s
[INFO] running `Command { std: "docker" "inspect" "b9c5d68c7dfd998391c9ddf3cbec3b8da158944a78db9362993db11b25394b51", kill_on_drop: false }`
[INFO] running `Command { std: "docker" "rm" "-f" "b9c5d68c7dfd998391c9ddf3cbec3b8da158944a78db9362993db11b25394b51", kill_on_drop: false }`
[INFO] [stdout] b9c5d68c7dfd998391c9ddf3cbec3b8da158944a78db9362993db11b25394b51
[INFO] running `Command { std: "docker" "create" "-v" "/var/lib/crater-agent-workspace/builds/worker-3-tc2/target:/opt/rustwide/target:rw,Z" "-v" "/var/lib/crater-agent-workspace/builds/worker-3-tc2/source:/opt/rustwide/workdir:ro,Z" "-v" "/var/lib/crater-agent-workspace/cargo-home:/opt/rustwide/cargo-home:ro,Z" "-v" "/var/lib/crater-agent-workspace/rustup-home:/opt/rustwide/rustup-home:ro,Z" "-e" "SOURCE_DIR=/opt/rustwide/workdir" "-e" "CARGO_TARGET_DIR=/opt/rustwide/target" "-e" "CARGO_INCREMENTAL=0" "-e" "RUST_BACKTRACE=full" "-e" "RUSTFLAGS=--cap-lints=forbid -Zrandomize-layout" "-e" "RUSTDOCFLAGS=--cap-lints=forbid" "-e" "CARGO_HOME=/opt/rustwide/cargo-home" "-e" "RUSTUP_HOME=/opt/rustwide/rustup-home" "-w" "/opt/rustwide/workdir" "-m" "1610612736" "--user" "0:0" "--network" "none" "ghcr.io/rust-lang/crates-build-env/linux@sha256:4a844ea9eb2546a2d2c7022eacef16ef2e8229c7fbb2c7d4d55a9ceca922f72d" "/opt/rustwide/cargo-home/bin/cargo" "+nightly-2024-10-28" "test" "--frozen" "--no-run" "--message-format=json", kill_on_drop: false }`
[INFO] [stdout] b8c50bc60e560827117ab42278f83ab0fe18506c9fc76a9fe0247831414b5375
[INFO] running `Command { std: "docker" "start" "-a" "b8c50bc60e560827117ab42278f83ab0fe18506c9fc76a9fe0247831414b5375", kill_on_drop: false }`
[INFO] [stderr]    Compiling proc-macro2 v1.0.89
[INFO] [stderr]    Compiling ident_case v1.0.1
[INFO] [stderr]    Compiling winnow v0.6.20
[INFO] [stderr]    Compiling target-triple v0.1.3
[INFO] [stderr]    Compiling glob v0.3.1
[INFO] [stderr]    Compiling tokio v1.41.0
[INFO] [stderr]    Compiling quote v1.0.37
[INFO] [stderr]    Compiling syn v2.0.86
[INFO] [stderr]    Compiling darling_core v0.20.10
[INFO] [stderr]    Compiling serde_derive v1.0.214
[INFO] [stderr]    Compiling thiserror-impl v1.0.66
[INFO] [stderr]    Compiling thiserror v1.0.66
[INFO] [stderr]    Compiling darling_macro v0.20.10
[INFO] [stderr]    Compiling darling v0.20.10
[INFO] [stderr]    Compiling grafana-plugin-sdk-macros v0.5.0 (/opt/rustwide/workdir)
[INFO] [stderr]    Compiling serde v1.0.214
[INFO] [stderr]    Compiling toml_datetime v0.6.8
[INFO] [stderr]    Compiling serde_spanned v0.6.8
[INFO] [stderr]    Compiling serde_json v1.0.132
[INFO] [stderr]    Compiling toml_edit v0.22.22
[INFO] [stderr]    Compiling toml v0.8.19
[INFO] [stderr]    Compiling trybuild v1.0.101
[INFO] [stderr]     Finished `test` profile [unoptimized + debuginfo] target(s) in 15.41s
[INFO] running `Command { std: "docker" "inspect" "b8c50bc60e560827117ab42278f83ab0fe18506c9fc76a9fe0247831414b5375", kill_on_drop: false }`
[INFO] running `Command { std: "docker" "rm" "-f" "b8c50bc60e560827117ab42278f83ab0fe18506c9fc76a9fe0247831414b5375", kill_on_drop: false }`
[INFO] [stdout] b8c50bc60e560827117ab42278f83ab0fe18506c9fc76a9fe0247831414b5375
[INFO] running `Command { std: "docker" "create" "-v" "/var/lib/crater-agent-workspace/builds/worker-3-tc2/target:/opt/rustwide/target:rw,Z" "-v" "/var/lib/crater-agent-workspace/builds/worker-3-tc2/source:/opt/rustwide/workdir:ro,Z" "-v" "/var/lib/crater-agent-workspace/cargo-home:/opt/rustwide/cargo-home:ro,Z" "-v" "/var/lib/crater-agent-workspace/rustup-home:/opt/rustwide/rustup-home:ro,Z" "-e" "SOURCE_DIR=/opt/rustwide/workdir" "-e" "CARGO_TARGET_DIR=/opt/rustwide/target" "-e" "CARGO_INCREMENTAL=0" "-e" "RUST_BACKTRACE=full" "-e" "RUSTFLAGS=--cap-lints=forbid -Zrandomize-layout" "-e" "RUSTDOCFLAGS=--cap-lints=forbid" "-e" "CARGO_HOME=/opt/rustwide/cargo-home" "-e" "RUSTUP_HOME=/opt/rustwide/rustup-home" "-w" "/opt/rustwide/workdir" "-m" "1610612736" "--user" "0:0" "--network" "none" "ghcr.io/rust-lang/crates-build-env/linux@sha256:4a844ea9eb2546a2d2c7022eacef16ef2e8229c7fbb2c7d4d55a9ceca922f72d" "/opt/rustwide/cargo-home/bin/cargo" "+nightly-2024-10-28" "test" "--frozen", kill_on_drop: false }`
[INFO] [stdout] 8c95d591229c577673b297a7ecec64689f31473fce82e89451f565f1f9a1a250
[INFO] running `Command { std: "docker" "start" "-a" "8c95d591229c577673b297a7ecec64689f31473fce82e89451f565f1f9a1a250", kill_on_drop: false }`
[INFO] [stderr]     Finished `test` profile [unoptimized + debuginfo] target(s) in 0.08s
[INFO] [stderr]      Running unittests src/lib.rs (/opt/rustwide/target/debug/deps/grafana_plugin_sdk_macros-2c9c3e41f8f3485c)
[INFO] [stdout] 
[INFO] [stdout] running 0 tests
[INFO] [stdout] 
[INFO] [stdout] test result: ok. 0 passed; 0 failed; 0 ignored; 0 measured; 0 filtered out; finished in 0.00s
[INFO] [stdout] 
[INFO] [stderr]      Running tests/test.rs (/opt/rustwide/target/debug/deps/test-460eb01f5fe3224f)
[INFO] [stdout] 
[INFO] [stdout] running 1 test
[INFO] [stderr]    Compiling proc-macro2 v1.0.89
[INFO] [stderr]    Compiling unicode-ident v1.0.13
[INFO] [stderr]    Compiling fnv v1.0.7
[INFO] [stderr]    Compiling ident_case v1.0.1
[INFO] [stderr]    Compiling strsim v0.11.1
[INFO] [stderr]    Compiling thiserror v1.0.66
[INFO] [stderr]    Compiling serde v1.0.214
[INFO] [stderr]    Compiling bytes v1.8.0
[INFO] [stderr]    Compiling itoa v1.0.11
[INFO] [stderr]    Compiling pin-project-lite v0.2.15
[INFO] [stderr]    Compiling tokio v1.41.0
[INFO] [stderr]    Compiling http v1.1.0
[INFO] [stderr]    Compiling quote v1.0.37
[INFO] [stderr]    Compiling syn v2.0.86
[INFO] [stderr]    Compiling darling_core v0.20.10
[INFO] [stderr]    Compiling serde_derive v1.0.214
[INFO] [stderr]    Compiling thiserror-impl v1.0.66
[INFO] [stderr]    Compiling darling_macro v0.20.10
[INFO] [stderr]    Compiling darling v0.20.10
[INFO] [stderr]    Compiling grafana-plugin-sdk-macros v0.5.0 (/opt/rustwide/workdir)
[INFO] [stderr]    Compiling grafana-plugin-sdk-macros-tests v0.0.0 (/opt/rustwide/target/tests/trybuild/grafana-plugin-sdk-macros)
[INFO] [stderr]     Finished `dev` profile [unoptimized + debuginfo] target(s) in 16.45s
[INFO] [stderr] 
[INFO] [stderr] 
[INFO] [stderr] test tests/ui-pass/basic.rs [should pass] ... error
[INFO] [stderr] ┈┈┈┈┈┈┈┈┈┈┈┈┈┈┈┈┈┈┈┈┈┈┈┈┈┈┈┈┈┈┈┈┈┈┈┈┈┈┈┈┈┈┈┈┈┈┈┈┈┈┈┈┈┈┈┈┈┈┈┈
[INFO] [stderr] error[E0433]: failed to resolve: use of undeclared crate or module `grafana_plugin_sdk`
[INFO] [stderr]  --> tests/ui-pass/basic.rs:4:9
[INFO] [stderr]   |
[INFO] [stderr] 4 |     use grafana_plugin_sdk::{backend, data, prelude::*};
[INFO] [stderr]   |         ^^^^^^^^^^^^^^^^^^ use of undeclared crate or module `grafana_plugin_sdk`
[INFO] [stderr] 
[INFO] [stderr] error[E0433]: failed to resolve: use of undeclared crate or module `grafana_plugin_sdk`
[INFO] [stderr]   --> tests/ui-pass/basic.rs:59:9
[INFO] [stderr]    |
[INFO] [stderr] 59 |     use grafana_plugin_sdk::{backend, data, prelude::*};
[INFO] [stderr]    |         ^^^^^^^^^^^^^^^^^^ use of undeclared crate or module `grafana_plugin_sdk`
[INFO] [stderr] 
[INFO] [stderr] error[E0432]: unresolved import `grafana_plugin_sdk`
[INFO] [stderr]  --> tests/ui-pass/basic.rs:4:9
[INFO] [stderr]   |
[INFO] [stderr] 4 |     use grafana_plugin_sdk::{backend, data, prelude::*};
[INFO] [stderr]   |         ^^^^^^^^^^^^^^^^^^ use of undeclared crate or module `grafana_plugin_sdk`
[INFO] [stderr] 
[INFO] [stderr] error[E0432]: unresolved import `grafana_plugin_sdk`
[INFO] [stderr]   --> tests/ui-pass/basic.rs:59:9
[INFO] [stderr]    |
[INFO] [stderr] 59 |     use grafana_plugin_sdk::{backend, data, prelude::*};
[INFO] [stderr]    |         ^^^^^^^^^^^^^^^^^^ use of undeclared crate or module `grafana_plugin_sdk`
[INFO] [stderr] 
[INFO] [stderr] error[E0433]: failed to resolve: use of undeclared crate or module `grafana_plugin_sdk`
[INFO] [stderr]   --> tests/ui-pass/basic.rs:50:7
[INFO] [stderr]    |
[INFO] [stderr] 50 |     #[grafana_plugin_sdk::main(services(data))]
[INFO] [stderr]    |       ^^^^^^^^^^^^^^^^^^ use of undeclared crate or module `grafana_plugin_sdk`
[INFO] [stderr] 
[INFO] [stderr] error[E0433]: failed to resolve: use of undeclared crate or module `grafana_plugin_sdk`
[INFO] [stderr]    --> tests/ui-pass/basic.rs:177:7
[INFO] [stderr]     |
[INFO] [stderr] 177 |     #[grafana_plugin_sdk::main(services(data, diagnostics, resource, stream))]
[INFO] [stderr]     |       ^^^^^^^^^^^^^^^^^^ use of undeclared crate or module `grafana_plugin_sdk`
[INFO] [stderr] 
[INFO] [stderr] error: cannot find derive macro `GrafanaPlugin` in this scope
[INFO] [stderr]  --> tests/ui-pass/basic.rs:7:21
[INFO] [stderr]   |
[INFO] [stderr] 7 |     #[derive(Clone, GrafanaPlugin)]
[INFO] [stderr]   |                     ^^^^^^^^^^^^^
[INFO] [stderr] 
[INFO] [stderr] error: cannot find attribute `grafana_plugin` in this scope
[INFO] [stderr]  --> tests/ui-pass/basic.rs:8:7
[INFO] [stderr]   |
[INFO] [stderr] 8 |     #[grafana_plugin(plugin_type = "datasource")]
[INFO] [stderr]   |       ^^^^^^^^^^^^^^
[INFO] [stderr] 
[INFO] [stderr] error: cannot find derive macro `GrafanaPlugin` in this scope
[INFO] [stderr]   --> tests/ui-pass/basic.rs:64:21
[INFO] [stderr]    |
[INFO] [stderr] 64 |     #[derive(Clone, GrafanaPlugin)]
[INFO] [stderr]    |                     ^^^^^^^^^^^^^
[INFO] [stderr] 
[INFO] [stderr] error: cannot find attribute `grafana_plugin` in this scope
[INFO] [stderr]   --> tests/ui-pass/basic.rs:65:7
[INFO] [stderr]    |
[INFO] [stderr] 65 |     #[grafana_plugin(plugin_type = "datasource")]
[INFO] [stderr]    |       ^^^^^^^^^^^^^^
[INFO] [stderr] ┈┈┈┈┈┈┈┈┈┈┈┈┈┈┈┈┈┈┈┈┈┈┈┈┈┈┈┈┈┈┈┈┈┈┈┈┈┈┈┈┈┈┈┈┈┈┈┈┈┈┈┈┈┈┈┈┈┈┈┈
[INFO] [stderr] 
[INFO] [stderr] test tests/ui-pass/init_subscriber.rs [should pass] ... error
[INFO] [stderr] ┈┈┈┈┈┈┈┈┈┈┈┈┈┈┈┈┈┈┈┈┈┈┈┈┈┈┈┈┈┈┈┈┈┈┈┈┈┈┈┈┈┈┈┈┈┈┈┈┈┈┈┈┈┈┈┈┈┈┈┈
[INFO] [stderr] error[E0433]: failed to resolve: use of undeclared crate or module `grafana_plugin_sdk`
[INFO] [stderr]  --> tests/ui-pass/init_subscriber.rs:4:9
[INFO] [stderr]   |
[INFO] [stderr] 4 |     use grafana_plugin_sdk::{backend, data, prelude::*};
[INFO] [stderr]   |         ^^^^^^^^^^^^^^^^^^ use of undeclared crate or module `grafana_plugin_sdk`
[INFO] [stderr] 
[INFO] [stderr] error[E0432]: unresolved import `grafana_plugin_sdk`
[INFO] [stderr]  --> tests/ui-pass/init_subscriber.rs:4:9
[INFO] [stderr]   |
[INFO] [stderr] 4 |     use grafana_plugin_sdk::{backend, data, prelude::*};
[INFO] [stderr]   |         ^^^^^^^^^^^^^^^^^^ use of undeclared crate or module `grafana_plugin_sdk`
[INFO] [stderr] 
[INFO] [stderr] error[E0433]: failed to resolve: use of undeclared crate or module `grafana_plugin_sdk`
[INFO] [stderr]   --> tests/ui-pass/init_subscriber.rs:50:7
[INFO] [stderr]    |
[INFO] [stderr] 50 |     #[grafana_plugin_sdk::main(services(data), init_subscriber = true)]
[INFO] [stderr]    |       ^^^^^^^^^^^^^^^^^^ use of undeclared crate or module `grafana_plugin_sdk`
[INFO] [stderr] 
[INFO] [stderr] error: cannot find derive macro `GrafanaPlugin` in this scope
[INFO] [stderr]  --> tests/ui-pass/init_subscriber.rs:7:21
[INFO] [stderr]   |
[INFO] [stderr] 7 |     #[derive(Clone, GrafanaPlugin)]
[INFO] [stderr]   |                     ^^^^^^^^^^^^^
[INFO] [stderr] 
[INFO] [stderr] error: cannot find attribute `grafana_plugin` in this scope
[INFO] [stderr]  --> tests/ui-pass/init_subscriber.rs:8:7
[INFO] [stderr]   |
[INFO] [stderr] 8 |     #[grafana_plugin(plugin_type = "datasource")]
[INFO] [stderr]   |       ^^^^^^^^^^^^^^
[INFO] [stderr] ┈┈┈┈┈┈┈┈┈┈┈┈┈┈┈┈┈┈┈┈┈┈┈┈┈┈┈┈┈┈┈┈┈┈┈┈┈┈┈┈┈┈┈┈┈┈┈┈┈┈┈┈┈┈┈┈┈┈┈┈
[INFO] [stderr] 
[INFO] [stderr] test tests/ui-pass/shutdown_handler.rs [should pass] ... error
[INFO] [stderr] ┈┈┈┈┈┈┈┈┈┈┈┈┈┈┈┈┈┈┈┈┈┈┈┈┈┈┈┈┈┈┈┈┈┈┈┈┈┈┈┈┈┈┈┈┈┈┈┈┈┈┈┈┈┈┈┈┈┈┈┈
[INFO] [stderr] error[E0433]: failed to resolve: use of undeclared crate or module `grafana_plugin_sdk`
[INFO] [stderr]  --> tests/ui-pass/shutdown_handler.rs:4:9
[INFO] [stderr]   |
[INFO] [stderr] 4 |     use grafana_plugin_sdk::{backend, data, prelude::*};
[INFO] [stderr]   |         ^^^^^^^^^^^^^^^^^^ use of undeclared crate or module `grafana_plugin_sdk`
[INFO] [stderr] 
[INFO] [stderr] error[E0432]: unresolved import `grafana_plugin_sdk`
[INFO] [stderr]  --> tests/ui-pass/shutdown_handler.rs:4:9
[INFO] [stderr]   |
[INFO] [stderr] 4 |     use grafana_plugin_sdk::{backend, data, prelude::*};
[INFO] [stderr]   |         ^^^^^^^^^^^^^^^^^^ use of undeclared crate or module `grafana_plugin_sdk`
[INFO] [stderr] 
[INFO] [stderr] error[E0433]: failed to resolve: use of undeclared crate or module `grafana_plugin_sdk`
[INFO] [stderr]   --> tests/ui-pass/shutdown_handler.rs:50:7
[INFO] [stderr]    |
[INFO] [stderr] 50 |     #[grafana_plugin_sdk::main(services(data), shutdown_handler = "127.0.0.1:10001")]
[INFO] [stderr]    |       ^^^^^^^^^^^^^^^^^^ use of undeclared crate or module `grafana_plugin_sdk`
[INFO] [stderr] 
[INFO] [stderr] error: cannot find derive macro `GrafanaPlugin` in this scope
[INFO] [stderr]  --> tests/ui-pass/shutdown_handler.rs:7:21
[INFO] [stderr]   |
[INFO] [stderr] 7 |     #[derive(Clone, GrafanaPlugin)]
[INFO] [stderr]   |                     ^^^^^^^^^^^^^
[INFO] [stderr] 
[INFO] [stderr] error: cannot find attribute `grafana_plugin` in this scope
[INFO] [stderr]  --> tests/ui-pass/shutdown_handler.rs:8:7
[INFO] [stderr]   |
[INFO] [stderr] 8 |     #[grafana_plugin(plugin_type = "datasource")]
[INFO] [stderr]   |       ^^^^^^^^^^^^^^
[INFO] [stderr] ┈┈┈┈┈┈┈┈┈┈┈┈┈┈┈┈┈┈┈┈┈┈┈┈┈┈┈┈┈┈┈┈┈┈┈┈┈┈┈┈┈┈┈┈┈┈┈┈┈┈┈┈┈┈┈┈┈┈┈┈
[INFO] [stderr] 
[INFO] [stderr] test tests/ui-fail/missing_services.rs [should fail to compile] ... mismatch
[INFO] [stderr] 
[INFO] [stderr] EXPECTED:
[INFO] [stderr] ┈┈┈┈┈┈┈┈┈┈┈┈┈┈┈┈┈┈┈┈┈┈┈┈┈┈┈┈┈┈┈┈┈┈┈┈┈┈┈┈┈┈┈┈┈┈┈┈┈┈┈┈┈┈┈┈┈┈┈┈
[INFO] [stderr] error: at least one service must be provided, e.g. `#[grafana_plugin_sdk::main(services(data))]`
[INFO] [stderr]  --> tests/ui-fail/missing_services.rs:7:5
[INFO] [stderr]   |
[INFO] [stderr] 7 |     #[grafana_plugin_sdk::main]
[INFO] [stderr]   |     ^^^^^^^^^^^^^^^^^^^^^^^^^^^
[INFO] [stderr]   |
[INFO] [stderr]   = note: this error originates in the attribute macro `grafana_plugin_sdk::main` (in Nightly builds, run with -Z macro-backtrace for more info)
[INFO] [stderr] ┈┈┈┈┈┈┈┈┈┈┈┈┈┈┈┈┈┈┈┈┈┈┈┈┈┈┈┈┈┈┈┈┈┈┈┈┈┈┈┈┈┈┈┈┈┈┈┈┈┈┈┈┈┈┈┈┈┈┈┈
[INFO] [stderr] 
[INFO] [stderr] ACTUAL OUTPUT:
[INFO] [stderr] ┈┈┈┈┈┈┈┈┈┈┈┈┈┈┈┈┈┈┈┈┈┈┈┈┈┈┈┈┈┈┈┈┈┈┈┈┈┈┈┈┈┈┈┈┈┈┈┈┈┈┈┈┈┈┈┈┈┈┈┈
[INFO] [stderr] error[E0433]: failed to resolve: use of undeclared crate or module `grafana_plugin_sdk`
[INFO] [stderr]  --> tests/ui-fail/missing_services.rs:7:7
[INFO] [stderr]   |
[INFO] [stderr] 7 |     #[grafana_plugin_sdk::main]
[INFO] [stderr]   |       ^^^^^^^^^^^^^^^^^^ use of undeclared crate or module `grafana_plugin_sdk`
[INFO] [stderr] ┈┈┈┈┈┈┈┈┈┈┈┈┈┈┈┈┈┈┈┈┈┈┈┈┈┈┈┈┈┈┈┈┈┈┈┈┈┈┈┈┈┈┈┈┈┈┈┈┈┈┈┈┈┈┈┈┈┈┈┈
[INFO] [stderr] note: If the actual output is the correct output you can bless it by rerunning
[INFO] [stderr]       your test with the environment variable TRYBUILD=overwrite
[INFO] [stderr] 
[INFO] [stderr] test tests/ui-fail/duplicate_services.rs [should fail to compile] ... mismatch
[INFO] [stderr] 
[INFO] [stderr] EXPECTED:
[INFO] [stderr] ┈┈┈┈┈┈┈┈┈┈┈┈┈┈┈┈┈┈┈┈┈┈┈┈┈┈┈┈┈┈┈┈┈┈┈┈┈┈┈┈┈┈┈┈┈┈┈┈┈┈┈┈┈┈┈┈┈┈┈┈
[INFO] [stderr] error: `data` set multiple times.
[INFO] [stderr]   --> tests/ui-fail/duplicate_services.rs:50:47
[INFO] [stderr]    |
[INFO] [stderr] 50 |     #[grafana_plugin_sdk::main(services(data, data))]
[INFO] [stderr]    |                                               ^^^^
[INFO] [stderr] ┈┈┈┈┈┈┈┈┈┈┈┈┈┈┈┈┈┈┈┈┈┈┈┈┈┈┈┈┈┈┈┈┈┈┈┈┈┈┈┈┈┈┈┈┈┈┈┈┈┈┈┈┈┈┈┈┈┈┈┈
[INFO] [stderr] 
[INFO] [stderr] ACTUAL OUTPUT:
[INFO] [stderr] ┈┈┈┈┈┈┈┈┈┈┈┈┈┈┈┈┈┈┈┈┈┈┈┈┈┈┈┈┈┈┈┈┈┈┈┈┈┈┈┈┈┈┈┈┈┈┈┈┈┈┈┈┈┈┈┈┈┈┈┈
[INFO] [stderr] error[E0433]: failed to resolve: use of undeclared crate or module `grafana_plugin_sdk`
[INFO] [stderr]  --> tests/ui-fail/duplicate_services.rs:4:9
[INFO] [stderr]   |
[INFO] [stderr] 4 |     use grafana_plugin_sdk::{backend, data, prelude::*};
[INFO] [stderr]   |         ^^^^^^^^^^^^^^^^^^ use of undeclared crate or module `grafana_plugin_sdk`
[INFO] [stderr] 
[INFO] [stderr] error[E0432]: unresolved import `grafana_plugin_sdk`
[INFO] [stderr]  --> tests/ui-fail/duplicate_services.rs:4:9
[INFO] [stderr]   |
[INFO] [stderr] 4 |     use grafana_plugin_sdk::{backend, data, prelude::*};
[INFO] [stderr]   |         ^^^^^^^^^^^^^^^^^^ use of undeclared crate or module `grafana_plugin_sdk`
[INFO] [stderr] 
[INFO] [stderr] error[E0433]: failed to resolve: use of undeclared crate or module `grafana_plugin_sdk`
[INFO] [stderr]   --> tests/ui-fail/duplicate_services.rs:50:7
[INFO] [stderr]    |
[INFO] [stderr] 50 |     #[grafana_plugin_sdk::main(services(data, data))]
[INFO] [stderr]    |       ^^^^^^^^^^^^^^^^^^ use of undeclared crate or module `grafana_plugin_sdk`
[INFO] [stderr] 
[INFO] [stderr] error: cannot find derive macro `GrafanaPlugin` in this scope
[INFO] [stderr]  --> tests/ui-fail/duplicate_services.rs:7:21
[INFO] [stderr]   |
[INFO] [stderr] 7 |     #[derive(Clone, GrafanaPlugin)]
[INFO] [stderr]   |                     ^^^^^^^^^^^^^
[INFO] [stderr] 
[INFO] [stderr] error: cannot find attribute `grafana_plugin` in this scope
[INFO] [stderr]  --> tests/ui-fail/duplicate_services.rs:8:7
[INFO] [stderr]   |
[INFO] [stderr] 8 |     #[grafana_plugin(plugin_type = "datasource")]
[INFO] [stderr]   |       ^^^^^^^^^^^^^^
[INFO] [stderr] ┈┈┈┈┈┈┈┈┈┈┈┈┈┈┈┈┈┈┈┈┈┈┈┈┈┈┈┈┈┈┈┈┈┈┈┈┈┈┈┈┈┈┈┈┈┈┈┈┈┈┈┈┈┈┈┈┈┈┈┈
[INFO] [stderr] note: If the actual output is the correct output you can bless it by rerunning
[INFO] [stderr]       your test with the environment variable TRYBUILD=overwrite
[INFO] [stderr] 
[INFO] [stderr] test tests/ui-fail/non_impl_service.rs [should fail to compile] ... mismatch
[INFO] [stderr] 
[INFO] [stderr] EXPECTED:
[INFO] [stderr] ┈┈┈┈┈┈┈┈┈┈┈┈┈┈┈┈┈┈┈┈┈┈┈┈┈┈┈┈┈┈┈┈┈┈┈┈┈┈┈┈┈┈┈┈┈┈┈┈┈┈┈┈┈┈┈┈┈┈┈┈
[INFO] [stderr] error[E0277]: the trait bound `MyPlugin: DataService` is not satisfied
[INFO] [stderr]   --> tests/ui-fail/non_impl_service.rs:10:5
[INFO] [stderr]    |
[INFO] [stderr] 10 |     #[grafana_plugin_sdk::main(services(data))]
[INFO] [stderr]    |     ^^^^^^^^^^^^^^^^^^^^^^^^^^^^^^^^^^^^^^^^^^^ the trait `DataService` is not implemented for `MyPlugin`
[INFO] [stderr]    |
[INFO] [stderr]    = help: the trait `DataService` is implemented for `backend::noop::NoopService`
[INFO] [stderr] note: required by a bound in `grafana_plugin_sdk::backend::Plugin::<D, Q, R, S>::data_service`
[INFO] [stderr]   --> $WORKSPACE/crates/grafana-plugin-sdk/src/backend/mod.rs
[INFO] [stderr]    |
[INFO] [stderr]    |     pub fn data_service<T>(self, service: T) -> Plugin<D, T, R, S>
[INFO] [stderr]    |            ------------ required by a bound in this associated function
[INFO] [stderr]    |     where
[INFO] [stderr]    |         T: DataService + Send + Sync + 'static,
[INFO] [stderr]    |            ^^^^^^^^^^^ required by this bound in `Plugin::<D, Q, R, S>::data_service`
[INFO] [stderr]    = note: this error originates in the attribute macro `grafana_plugin_sdk::main` (in Nightly builds, run with -Z macro-backtrace for more info)
[INFO] [stderr] 
[INFO] [stderr] error[E0599]: the method `start` exists for struct `Plugin<NoopService, MyPlugin, NoopService, NoopService>`, but its trait bounds were not satisfied
[INFO] [stderr]   --> tests/ui-fail/non_impl_service.rs:10:5
[INFO] [stderr]    |
[INFO] [stderr] 8  |     struct MyPlugin;
[INFO] [stderr]    |     --------------- doesn't satisfy `MyPlugin: DataService`
[INFO] [stderr] 9  |
[INFO] [stderr] 10 |     #[grafana_plugin_sdk::main(services(data))]
[INFO] [stderr]    |     ^^^^^^^^^^^^^^^^^^^^^^^^^^^^^^^^^^^^^^^^^^^ method cannot be called due to unsatisfied trait bounds
[INFO] [stderr]    |
[INFO] [stderr]    = note: the following trait bounds were not satisfied:
[INFO] [stderr]            `MyPlugin: DataService`
[INFO] [stderr] note: the trait `DataService` must be implemented
[INFO] [stderr]   --> $WORKSPACE/crates/grafana-plugin-sdk/src/backend/data.rs
[INFO] [stderr]    |
[INFO] [stderr]    | pub trait DataService: GrafanaPlugin {
[INFO] [stderr]    | ^^^^^^^^^^^^^^^^^^^^^^^^^^^^^^^^^^^^
[INFO] [stderr]    = note: this error originates in the attribute macro `grafana_plugin_sdk::main` (in Nightly builds, run with -Z macro-backtrace for more info)
[INFO] [stderr] ┈┈┈┈┈┈┈┈┈┈┈┈┈┈┈┈┈┈┈┈┈┈┈┈┈┈┈┈┈┈┈┈┈┈┈┈┈┈┈┈┈┈┈┈┈┈┈┈┈┈┈┈┈┈┈┈┈┈┈┈
[INFO] [stderr] 
[INFO] [stderr] ACTUAL OUTPUT:
[INFO] [stderr] ┈┈┈┈┈┈┈┈┈┈┈┈┈┈┈┈┈┈┈┈┈┈┈┈┈┈┈┈┈┈┈┈┈┈┈┈┈┈┈┈┈┈┈┈┈┈┈┈┈┈┈┈┈┈┈┈┈┈┈┈
[INFO] [stderr] error[E0433]: failed to resolve: use of undeclared crate or module `grafana_plugin_sdk`
[INFO] [stderr]  --> tests/ui-fail/non_impl_service.rs:4:9
[INFO] [stderr]   |
[INFO] [stderr] 4 |     use grafana_plugin_sdk::prelude::*;
[INFO] [stderr]   |         ^^^^^^^^^^^^^^^^^^ use of undeclared crate or module `grafana_plugin_sdk`
[INFO] [stderr] 
[INFO] [stderr] error[E0433]: failed to resolve: use of undeclared crate or module `grafana_plugin_sdk`
[INFO] [stderr]   --> tests/ui-fail/non_impl_service.rs:10:7
[INFO] [stderr]    |
[INFO] [stderr] 10 |     #[grafana_plugin_sdk::main(services(data))]
[INFO] [stderr]    |       ^^^^^^^^^^^^^^^^^^ use of undeclared crate or module `grafana_plugin_sdk`
[INFO] [stderr] 
[INFO] [stderr] error: cannot find derive macro `GrafanaPlugin` in this scope
[INFO] [stderr]  --> tests/ui-fail/non_impl_service.rs:6:21
[INFO] [stderr]   |
[INFO] [stderr] 6 |     #[derive(Clone, GrafanaPlugin)]
[INFO] [stderr]   |                     ^^^^^^^^^^^^^
[INFO] [stderr] 
[INFO] [stderr] error: cannot find attribute `grafana_plugin` in this scope
[INFO] [stderr]  --> tests/ui-fail/non_impl_service.rs:7:7
[INFO] [stderr]   |
[INFO] [stderr] 7 |     #[grafana_plugin(plugin_type = "datasource")]
[INFO] [stderr]   |       ^^^^^^^^^^^^^^
[INFO] [stderr] ┈┈┈┈┈┈┈┈┈┈┈┈┈┈┈┈┈┈┈┈┈┈┈┈┈┈┈┈┈┈┈┈┈┈┈┈┈┈┈┈┈┈┈┈┈┈┈┈┈┈┈┈┈┈┈┈┈┈┈┈
[INFO] [stderr] note: If the actual output is the correct output you can bless it by rerunning
[INFO] [stderr]       your test with the environment variable TRYBUILD=overwrite
[INFO] [stderr] 
[INFO] [stderr] test tests/ui-fail/invalid_init_subscriber.rs [should fail to compile] ... mismatch
[INFO] [stderr] 
[INFO] [stderr] EXPECTED:
[INFO] [stderr] ┈┈┈┈┈┈┈┈┈┈┈┈┈┈┈┈┈┈┈┈┈┈┈┈┈┈┈┈┈┈┈┈┈┈┈┈┈┈┈┈┈┈┈┈┈┈┈┈┈┈┈┈┈┈┈┈┈┈┈┈
[INFO] [stderr] error: `init_subscriber` should be specified as `init_subscriber = true`
[INFO] [stderr]   --> tests/ui-fail/invalid_init_subscriber.rs:50:48
[INFO] [stderr]    |
[INFO] [stderr] 50 |     #[grafana_plugin_sdk::main(services(data), init_subscriber(true))]
[INFO] [stderr]    |                                                ^^^^^^^^^^^^^^^^^^^^^
[INFO] [stderr] ┈┈┈┈┈┈┈┈┈┈┈┈┈┈┈┈┈┈┈┈┈┈┈┈┈┈┈┈┈┈┈┈┈┈┈┈┈┈┈┈┈┈┈┈┈┈┈┈┈┈┈┈┈┈┈┈┈┈┈┈
[INFO] [stderr] 
[INFO] [stderr] ACTUAL OUTPUT:
[INFO] [stderr] ┈┈┈┈┈┈┈┈┈┈┈┈┈┈┈┈┈┈┈┈┈┈┈┈┈┈┈┈┈┈┈┈┈┈┈┈┈┈┈┈┈┈┈┈┈┈┈┈┈┈┈┈┈┈┈┈┈┈┈┈
[INFO] [stderr] error[E0433]: failed to resolve: use of undeclared crate or module `grafana_plugin_sdk`
[INFO] [stderr]  --> tests/ui-fail/invalid_init_subscriber.rs:4:9
[INFO] [stderr]   |
[INFO] [stderr] 4 |     use grafana_plugin_sdk::{backend, data, prelude::*};
[INFO] [stderr]   |         ^^^^^^^^^^^^^^^^^^ use of undeclared crate or module `grafana_plugin_sdk`
[INFO] [stderr] 
[INFO] [stderr] error[E0432]: unresolved import `grafana_plugin_sdk`
[INFO] [stderr]  --> tests/ui-fail/invalid_init_subscriber.rs:4:9
[INFO] [stderr]   |
[INFO] [stderr] 4 |     use grafana_plugin_sdk::{backend, data, prelude::*};
[INFO] [stderr]   |         ^^^^^^^^^^^^^^^^^^ use of undeclared crate or module `grafana_plugin_sdk`
[INFO] [stderr] 
[INFO] [stderr] error[E0433]: failed to resolve: use of undeclared crate or module `grafana_plugin_sdk`
[INFO] [stderr]   --> tests/ui-fail/invalid_init_subscriber.rs:50:7
[INFO] [stderr]    |
[INFO] [stderr] 50 |     #[grafana_plugin_sdk::main(services(data), init_subscriber(true))]
[INFO] [stderr]    |       ^^^^^^^^^^^^^^^^^^ use of undeclared crate or module `grafana_plugin_sdk`
[INFO] [stderr] 
[INFO] [stderr] error: cannot find derive macro `GrafanaPlugin` in this scope
[INFO] [stderr]  --> tests/ui-fail/invalid_init_subscriber.rs:7:21
[INFO] [stderr]   |
[INFO] [stderr] 7 |     #[derive(Clone, GrafanaPlugin)]
[INFO] [stderr]   |                     ^^^^^^^^^^^^^
[INFO] [stderr] 
[INFO] [stderr] error: cannot find attribute `grafana_plugin` in this scope
[INFO] [stderr]  --> tests/ui-fail/invalid_init_subscriber.rs:8:7
[INFO] [stderr]   |
[INFO] [stderr] 8 |     #[grafana_plugin(plugin_type = "datasource")]
[INFO] [stderr]   |       ^^^^^^^^^^^^^^
[INFO] [stderr] ┈┈┈┈┈┈┈┈┈┈┈┈┈┈┈┈┈┈┈┈┈┈┈┈┈┈┈┈┈┈┈┈┈┈┈┈┈┈┈┈┈┈┈┈┈┈┈┈┈┈┈┈┈┈┈┈┈┈┈┈
[INFO] [stderr] note: If the actual output is the correct output you can bless it by rerunning
[INFO] [stderr]       your test with the environment variable TRYBUILD=overwrite
[INFO] [stderr] 
[INFO] [stderr] test tests/ui-fail/invalid_shutdown_handler.rs [should fail to compile] ... mismatch
[INFO] [stderr] 
[INFO] [stderr] EXPECTED:
[INFO] [stderr] ┈┈┈┈┈┈┈┈┈┈┈┈┈┈┈┈┈┈┈┈┈┈┈┈┈┈┈┈┈┈┈┈┈┈┈┈┈┈┈┈┈┈┈┈┈┈┈┈┈┈┈┈┈┈┈┈┈┈┈┈
[INFO] [stderr] error: `shutdown_handler` must be a string literal.
[INFO] [stderr]   --> tests/ui-fail/invalid_shutdown_handler.rs:50:67
[INFO] [stderr]    |
[INFO] [stderr] 50 |     #[grafana_plugin_sdk::main(services(data), shutdown_handler = true)]
[INFO] [stderr]    |                                                                   ^^^^
[INFO] [stderr] 
[INFO] [stderr] error: `shutdown_handler` should be specified as `shutdown_handler = "127.0.0.1:10001"
[INFO] [stderr]    --> tests/ui-fail/invalid_shutdown_handler.rs:103:48
[INFO] [stderr]     |
[INFO] [stderr] 103 |     #[grafana_plugin_sdk::main(services(data), shutdown_handler("127.0.0.1:10001"))]
[INFO] [stderr]     |                                                ^^^^^^^^^^^^^^^^^^^^^^^^^^^^^^^^^^^
[INFO] [stderr] ┈┈┈┈┈┈┈┈┈┈┈┈┈┈┈┈┈┈┈┈┈┈┈┈┈┈┈┈┈┈┈┈┈┈┈┈┈┈┈┈┈┈┈┈┈┈┈┈┈┈┈┈┈┈┈┈┈┈┈┈
[INFO] [stderr] 
[INFO] [stderr] ACTUAL OUTPUT:
[INFO] [stderr] ┈┈┈┈┈┈┈┈┈┈┈┈┈┈┈┈┈┈┈┈┈┈┈┈┈┈┈┈┈┈┈┈┈┈┈┈┈┈┈┈┈┈┈┈┈┈┈┈┈┈┈┈┈┈┈┈┈┈┈┈
[INFO] [stderr] error[E0433]: failed to resolve: use of undeclared crate or module `grafana_plugin_sdk`
[INFO] [stderr]  --> tests/ui-fail/invalid_shutdown_handler.rs:4:9
[INFO] [stderr]   |
[INFO] [stderr] 4 |     use grafana_plugin_sdk::{backend, data, prelude::*};
[INFO] [stderr]   |         ^^^^^^^^^^^^^^^^^^ use of undeclared crate or module `grafana_plugin_sdk`
[INFO] [stderr] 
[INFO] [stderr] error[E0433]: failed to resolve: use of undeclared crate or module `grafana_plugin_sdk`
[INFO] [stderr]   --> tests/ui-fail/invalid_shutdown_handler.rs:57:9
[INFO] [stderr]    |
[INFO] [stderr] 57 |     use grafana_plugin_sdk::{backend, data, prelude::*};
[INFO] [stderr]    |         ^^^^^^^^^^^^^^^^^^ use of undeclared crate or module `grafana_plugin_sdk`
[INFO] [stderr] 
[INFO] [stderr] error[E0432]: unresolved import `grafana_plugin_sdk`
[INFO] [stderr]  --> tests/ui-fail/invalid_shutdown_handler.rs:4:9
[INFO] [stderr]   |
[INFO] [stderr] 4 |     use grafana_plugin_sdk::{backend, data, prelude::*};
[INFO] [stderr]   |         ^^^^^^^^^^^^^^^^^^ use of undeclared crate or module `grafana_plugin_sdk`
[INFO] [stderr] 
[INFO] [stderr] error[E0432]: unresolved import `grafana_plugin_sdk`
[INFO] [stderr]   --> tests/ui-fail/invalid_shutdown_handler.rs:57:9
[INFO] [stderr]    |
[INFO] [stderr] 57 |     use grafana_plugin_sdk::{backend, data, prelude::*};
[INFO] [stderr]    |         ^^^^^^^^^^^^^^^^^^ use of undeclared crate or module `grafana_plugin_sdk`
[INFO] [stderr] 
[INFO] [stderr] error[E0433]: failed to resolve: use of undeclared crate or module `grafana_plugin_sdk`
[INFO] [stderr]   --> tests/ui-fail/invalid_shutdown_handler.rs:50:7
[INFO] [stderr]    |
[INFO] [stderr] 50 |     #[grafana_plugin_sdk::main(services(data), shutdown_handler = true)]
[INFO] [stderr]    |       ^^^^^^^^^^^^^^^^^^ use of undeclared crate or module `grafana_plugin_sdk`
[INFO] [stderr] 
[INFO] [stderr] error[E0433]: failed to resolve: use of undeclared crate or module `grafana_plugin_sdk`
[INFO] [stderr]    --> tests/ui-fail/invalid_shutdown_handler.rs:103:7
[INFO] [stderr]     |
[INFO] [stderr] 103 |     #[grafana_plugin_sdk::main(services(data), shutdown_handler("127.0.0.1:10001"))]
[INFO] [stderr]     |       ^^^^^^^^^^^^^^^^^^ use of undeclared crate or module `grafana_plugin_sdk`
[INFO] [stderr] 
[INFO] [stderr] error: cannot find derive macro `GrafanaPlugin` in this scope
[INFO] [stderr]  --> tests/ui-fail/invalid_shutdown_handler.rs:7:21
[INFO] [stderr]   |
[INFO] [stderr] 7 |     #[derive(Clone, GrafanaPlugin)]
[INFO] [stderr]   |                     ^^^^^^^^^^^^^
[INFO] [stderr] 
[INFO] [stderr] error: cannot find attribute `grafana_plugin` in this scope
[INFO] [stderr]  --> tests/ui-fail/invalid_shutdown_handler.rs:8:7
[INFO] [stderr]   |
[INFO] [stderr] 8 |     #[grafana_plugin(plugin_type = "datasource")]
[INFO] [stderr]   |       ^^^^^^^^^^^^^^
[INFO] [stderr] 
[INFO] [stderr] error: cannot find derive macro `GrafanaPlugin` in this scope
[INFO] [stderr]   --> tests/ui-fail/invalid_shutdown_handler.rs:60:21
[INFO] [stderr]    |
[INFO] [stderr] 60 |     #[derive(Clone, GrafanaPlugin)]
[INFO] [stderr]    |                     ^^^^^^^^^^^^^
[INFO] [stderr] 
[INFO] [stderr] error: cannot find attribute `grafana_plugin` in this scope
[INFO] [stderr]   --> tests/ui-fail/invalid_shutdown_handler.rs:61:7
[INFO] [stderr]    |
[INFO] [stderr] 61 |     #[grafana_plugin(plugin_type = "datasource")]
[INFO] [stderr]    |       ^^^^^^^^^^^^^^
[INFO] [stderr] ┈┈┈┈┈┈┈┈┈┈┈┈┈┈┈┈┈┈┈┈┈┈┈┈┈┈┈┈┈┈┈┈┈┈┈┈┈┈┈┈┈┈┈┈┈┈┈┈┈┈┈┈┈┈┈┈┈┈┈┈
[INFO] [stderr] note: If the actual output is the correct output you can bless it by rerunning
[INFO] [stderr]       your test with the environment variable TRYBUILD=overwrite
[INFO] [stderr] 
[INFO] [stderr] 
[INFO] [stderr] 
[INFO] [stdout] test test ... FAILED
[INFO] [stdout] 
[INFO] [stdout] failures:
[INFO] [stdout] 
[INFO] [stdout] ---- test stdout ----
[INFO] [stdout] thread 'test' panicked at /opt/rustwide/cargo-home/registry/src/index.crates.io-6f17d22bba15001f/trybuild-1.0.101/src/run.rs:101:13:
[INFO] [stdout] 8 of 8 tests failed
[INFO] [stdout] stack backtrace:
[INFO] [stdout]    0:     0x6430aa5a4e5a - std::backtrace_rs::backtrace::libunwind::trace::h207520d6e9873551
[INFO] [stdout]                                at /rustc/df4ca44d3fbc9301ee17f30f4d474e6ae4b05252/library/std/src/../../backtrace/src/backtrace/libunwind.rs:116:5
[INFO] [stdout]    1:     0x6430aa5a4e5a - std::backtrace_rs::backtrace::trace_unsynchronized::h2ed7433f370e3eca
[INFO] [stdout]                                at /rustc/df4ca44d3fbc9301ee17f30f4d474e6ae4b05252/library/std/src/../../backtrace/src/backtrace/mod.rs:66:5
[INFO] [stdout]    2:     0x6430aa5a4e5a - std::sys::backtrace::_print_fmt::h916fac51166b18d7
[INFO] [stdout]                                at /rustc/df4ca44d3fbc9301ee17f30f4d474e6ae4b05252/library/std/src/sys/backtrace.rs:66:9
[INFO] [stderr] error: test failed, to rerun pass `--test test`
[INFO] [stdout]    3:     0x6430aa5a4e5a - <std::sys::backtrace::BacktraceLock::print::DisplayBacktrace as core::fmt::Display>::fmt::ha0a4c9b8ce3802e6
[INFO] [stdout]                                at /rustc/df4ca44d3fbc9301ee17f30f4d474e6ae4b05252/library/std/src/sys/backtrace.rs:39:26
[INFO] [stdout]    4:     0x6430aa5cf303 - core::fmt::rt::Argument::fmt::h4cfc8587d52b3eb5
[INFO] [stdout]                                at /rustc/df4ca44d3fbc9301ee17f30f4d474e6ae4b05252/library/core/src/fmt/rt.rs:177:76
[INFO] [stdout]    5:     0x6430aa5cf303 - core::fmt::write::h522cc39e5b36ae9f
[INFO] [stdout]                                at /rustc/df4ca44d3fbc9301ee17f30f4d474e6ae4b05252/library/core/src/fmt/mod.rs:1190:21
[INFO] [stdout]    6:     0x6430aa5a0e93 - std::io::Write::write_fmt::h7d3c26752da97734
[INFO] [stdout]                                at /rustc/df4ca44d3fbc9301ee17f30f4d474e6ae4b05252/library/std/src/io/mod.rs:1839:15
[INFO] [stdout]    7:     0x6430aa5a4ca2 - std::sys::backtrace::BacktraceLock::print::h4b9e00b29e9c0942
[INFO] [stdout]                                at /rustc/df4ca44d3fbc9301ee17f30f4d474e6ae4b05252/library/std/src/sys/backtrace.rs:42:9
[INFO] [stdout]    8:     0x6430aa5a68ea - std::panicking::default_hook::{{closure}}::hb59b88280d0324d9
[INFO] [stdout]                                at /rustc/df4ca44d3fbc9301ee17f30f4d474e6ae4b05252/library/std/src/panicking.rs:268:22
[INFO] [stdout]    9:     0x6430aa5a66f4 - std::panicking::default_hook::he1dd496665be4a29
[INFO] [stdout]                                at /rustc/df4ca44d3fbc9301ee17f30f4d474e6ae4b05252/library/std/src/panicking.rs:292:9
[INFO] [stdout]   10:     0x6430aa56d3e9 - <alloc::boxed::Box<F,A> as core::ops::function::Fn<Args>>::call::h4ff71de18744e1dc
[INFO] [stdout]                                at /rustc/df4ca44d3fbc9301ee17f30f4d474e6ae4b05252/library/alloc/src/boxed.rs:2468:9
[INFO] [stdout]   11:     0x6430aa56d3e9 - test::test_main::{{closure}}::hcf7c055ce117aa81
[INFO] [stdout]                                at /rustc/df4ca44d3fbc9301ee17f30f4d474e6ae4b05252/library/test/src/lib.rs:133:21
[INFO] [stdout]   12:     0x6430aa5a6fe8 - <alloc::boxed::Box<F,A> as core::ops::function::Fn<Args>>::call::h1d66c6bbd60c9692
[INFO] [stdout]                                at /rustc/df4ca44d3fbc9301ee17f30f4d474e6ae4b05252/library/alloc/src/boxed.rs:2468:9
[INFO] [stdout]   13:     0x6430aa5a6fe8 - std::panicking::rust_panic_with_hook::h2ff17fe8f26dfcf8
[INFO] [stdout]                                at /rustc/df4ca44d3fbc9301ee17f30f4d474e6ae4b05252/library/std/src/panicking.rs:809:13
[INFO] [stdout]   14:     0x6430aa5a6daa - std::panicking::begin_panic_handler::{{closure}}::h4fad77951c07e101
[INFO] [stdout]                                at /rustc/df4ca44d3fbc9301ee17f30f4d474e6ae4b05252/library/std/src/panicking.rs:674:13
[INFO] [stdout]   15:     0x6430aa5a5339 - std::sys::backtrace::__rust_end_short_backtrace::hb1a25b3da5d0ea08
[INFO] [stdout]                                at /rustc/df4ca44d3fbc9301ee17f30f4d474e6ae4b05252/library/std/src/sys/backtrace.rs:170:18
[INFO] [stdout]   16:     0x6430aa5a6a3c - rust_begin_unwind
[INFO] [stdout]                                at /rustc/df4ca44d3fbc9301ee17f30f4d474e6ae4b05252/library/std/src/panicking.rs:665:5
[INFO] [stdout]   17:     0x6430aa5cd6b0 - core::panicking::panic_fmt::ha9db07b529f9b256
[INFO] [stdout]                                at /rustc/df4ca44d3fbc9301ee17f30f4d474e6ae4b05252/library/core/src/panicking.rs:75:14
[INFO] [stdout]   18:     0x6430aa28dd6f - trybuild::run::<impl trybuild::Runner>::run::h31bc2dabfe49b7ba
[INFO] [stdout]                                at /opt/rustwide/cargo-home/registry/src/index.crates.io-6f17d22bba15001f/trybuild-1.0.101/src/run.rs:101:13
[INFO] [stdout]   19:     0x6430aa293278 - <trybuild::TestCases as core::ops::drop::Drop>::drop::h032087ae96abdf14
[INFO] [stdout]                                at /opt/rustwide/cargo-home/registry/src/index.crates.io-6f17d22bba15001f/trybuild-1.0.101/src/lib.rs:340:13
[INFO] [stdout]   20:     0x6430aa27ebf7 - core::ptr::drop_in_place<trybuild::TestCases>::h64cf023f22b4a8d8
[INFO] [stdout]                                at /rustc/df4ca44d3fbc9301ee17f30f4d474e6ae4b05252/library/core/src/ptr/mod.rs:521:1
[INFO] [stdout]   21:     0x6430aa27f52e - test::test::h8680a0dfc623c1d4
[INFO] [stdout]                                at /opt/rustwide/workdir/tests/test.rs:12:1
[INFO] [stdout]   22:     0x6430aa27f417 - test::test::{{closure}}::ha2f326747534f0d3
[INFO] [stdout]                                at /opt/rustwide/workdir/tests/test.rs:2:10
[INFO] [stdout]   23:     0x6430aa27eb66 - core::ops::function::FnOnce::call_once::h520f708328847cbe
[INFO] [stdout]                                at /rustc/df4ca44d3fbc9301ee17f30f4d474e6ae4b05252/library/core/src/ops/function.rs:250:5
[INFO] [stdout]   24:     0x6430aa571cbb - core::ops::function::FnOnce::call_once::h22c3ba5715e93f05
[INFO] [stdout]                                at /rustc/df4ca44d3fbc9301ee17f30f4d474e6ae4b05252/library/core/src/ops/function.rs:250:5
[INFO] [stdout]   25:     0x6430aa571cbb - test::__rust_begin_short_backtrace::h8e82d8113d0da17f
[INFO] [stdout]                                at /rustc/df4ca44d3fbc9301ee17f30f4d474e6ae4b05252/library/test/src/lib.rs:621:18
[INFO] [stdout]   26:     0x6430aa571637 - test::run_test_in_process::{{closure}}::h33235f4f20b7b7c7
[INFO] [stdout]                                at /rustc/df4ca44d3fbc9301ee17f30f4d474e6ae4b05252/library/test/src/lib.rs:644:60
[INFO] [stdout]   27:     0x6430aa571637 - <core::panic::unwind_safe::AssertUnwindSafe<F> as core::ops::function::FnOnce<()>>::call_once::hb5043206310c586f
[INFO] [stdout]                                at /rustc/df4ca44d3fbc9301ee17f30f4d474e6ae4b05252/library/core/src/panic/unwind_safe.rs:272:9
[INFO] [stdout]   28:     0x6430aa571637 - std::panicking::try::do_call::h9ad4731a60ab23e2
[INFO] [stdout]                                at /rustc/df4ca44d3fbc9301ee17f30f4d474e6ae4b05252/library/std/src/panicking.rs:557:40
[INFO] [stdout]   29:     0x6430aa571637 - std::panicking::try::h3824d23db772a716
[INFO] [stdout]                                at /rustc/df4ca44d3fbc9301ee17f30f4d474e6ae4b05252/library/std/src/panicking.rs:520:19
[INFO] [stdout]   30:     0x6430aa571637 - std::panic::catch_unwind::h5afd514605fde46b
[INFO] [stdout]                                at /rustc/df4ca44d3fbc9301ee17f30f4d474e6ae4b05252/library/std/src/panic.rs:358:14
[INFO] [stdout]   31:     0x6430aa571637 - test::run_test_in_process::h0d5cbfa7067d1720
[INFO] [stdout]                                at /rustc/df4ca44d3fbc9301ee17f30f4d474e6ae4b05252/library/test/src/lib.rs:644:27
[INFO] [stdout]   32:     0x6430aa571637 - test::run_test::{{closure}}::h708eb8872708115d
[INFO] [stdout]                                at /rustc/df4ca44d3fbc9301ee17f30f4d474e6ae4b05252/library/test/src/lib.rs:565:43
[INFO] [stdout]   33:     0x6430aa534d54 - test::run_test::{{closure}}::h392c51cee94713ab
[INFO] [stdout]                                at /rustc/df4ca44d3fbc9301ee17f30f4d474e6ae4b05252/library/test/src/lib.rs:595:41
[INFO] [stdout]   34:     0x6430aa534d54 - std::sys::backtrace::__rust_begin_short_backtrace::h2f40290710935a8b
[INFO] [stdout]                                at /rustc/df4ca44d3fbc9301ee17f30f4d474e6ae4b05252/library/std/src/sys/backtrace.rs:154:18
[INFO] [stdout]   35:     0x6430aa5384fe - std::thread::Builder::spawn_unchecked_::{{closure}}::{{closure}}::h3fd968d89053a903
[INFO] [stdout]                                at /rustc/df4ca44d3fbc9301ee17f30f4d474e6ae4b05252/library/std/src/thread/mod.rs:541:17
[INFO] [stdout]   36:     0x6430aa5384fe - <core::panic::unwind_safe::AssertUnwindSafe<F> as core::ops::function::FnOnce<()>>::call_once::h743f637ba4229880
[INFO] [stdout]                                at /rustc/df4ca44d3fbc9301ee17f30f4d474e6ae4b05252/library/core/src/panic/unwind_safe.rs:272:9
[INFO] [stdout]   37:     0x6430aa5384fe - std::panicking::try::do_call::h07440897322525a6
[INFO] [stdout]                                at /rustc/df4ca44d3fbc9301ee17f30f4d474e6ae4b05252/library/std/src/panicking.rs:557:40
[INFO] [stdout]   38:     0x6430aa5384fe - std::panicking::try::he5a2e00188156637
[INFO] [stdout]                                at /rustc/df4ca44d3fbc9301ee17f30f4d474e6ae4b05252/library/std/src/panicking.rs:520:19
[INFO] [stdout]   39:     0x6430aa5384fe - std::panic::catch_unwind::hbaf3cae49b3c6433
[INFO] [stdout]                                at /rustc/df4ca44d3fbc9301ee17f30f4d474e6ae4b05252/library/std/src/panic.rs:358:14
[INFO] [stdout]   40:     0x6430aa5384fe - std::thread::Builder::spawn_unchecked_::{{closure}}::h8e141ea224820bce
[INFO] [stdout]                                at /rustc/df4ca44d3fbc9301ee17f30f4d474e6ae4b05252/library/std/src/thread/mod.rs:540:30
[INFO] [stdout]   41:     0x6430aa5384fe - core::ops::function::FnOnce::call_once{{vtable.shim}}::h90d312fedd7b8ea8
[INFO] [stdout]                                at /rustc/df4ca44d3fbc9301ee17f30f4d474e6ae4b05252/library/core/src/ops/function.rs:250:5
[INFO] [stdout]   42:     0x6430aa5abdab - <alloc::boxed::Box<F,A> as core::ops::function::FnOnce<Args>>::call_once::h69aa08ddb6adb8b6
[INFO] [stdout]                                at /rustc/df4ca44d3fbc9301ee17f30f4d474e6ae4b05252/library/alloc/src/boxed.rs:2454:9
[INFO] [stdout]   43:     0x6430aa5abdab - <alloc::boxed::Box<F,A> as core::ops::function::FnOnce<Args>>::call_once::h5aa36efdb79c806f
[INFO] [stdout]                                at /rustc/df4ca44d3fbc9301ee17f30f4d474e6ae4b05252/library/alloc/src/boxed.rs:2454:9
[INFO] [stdout]   44:     0x6430aa5abdab - std::sys::pal::unix::thread::Thread::new::thread_start::h6cd80a1b4be5158d
[INFO] [stdout]                                at /rustc/df4ca44d3fbc9301ee17f30f4d474e6ae4b05252/library/std/src/sys/pal/unix/thread.rs:105:17
[INFO] [stdout]   45:     0x7d9992e22ac3 - <unknown>
[INFO] [stdout]   46:     0x7d9992eb3a04 - clone
[INFO] [stdout]   47:                0x0 - <unknown>
[INFO] [stdout] 
[INFO] [stdout] 
[INFO] [stdout] failures:
[INFO] [stdout]     test
[INFO] [stdout] 
[INFO] [stdout] test result: FAILED. 0 passed; 1 failed; 0 ignored; 0 measured; 0 filtered out; finished in 18.03s
[INFO] [stdout] 
[INFO] running `Command { std: "docker" "inspect" "8c95d591229c577673b297a7ecec64689f31473fce82e89451f565f1f9a1a250", kill_on_drop: false }`
[INFO] running `Command { std: "docker" "rm" "-f" "8c95d591229c577673b297a7ecec64689f31473fce82e89451f565f1f9a1a250", kill_on_drop: false }`
[INFO] [stdout] 8c95d591229c577673b297a7ecec64689f31473fce82e89451f565f1f9a1a250
