[INFO] fetching crate gpu_rand 0.1.3...
[INFO] testing gpu_rand-0.1.3 against nightly-2024-10-28 for randomize-layout
[INFO] extracting crate gpu_rand 0.1.3 into /workspace/builds/worker-1-tc1/source
[INFO] validating manifest of crates.io crate gpu_rand 0.1.3 on toolchain nightly-2024-10-28
[INFO] running `Command { std: CARGO_HOME="/workspace/cargo-home" RUSTUP_HOME="/workspace/rustup-home" "/workspace/cargo-home/bin/cargo" "+nightly-2024-10-28" "metadata" "--manifest-path" "Cargo.toml" "--no-deps", kill_on_drop: false }`
[INFO] started tweaking crates.io crate gpu_rand 0.1.3
[INFO] finished tweaking crates.io crate gpu_rand 0.1.3
[INFO] tweaked toml for crates.io crate gpu_rand 0.1.3 written to /workspace/builds/worker-1-tc1/source/Cargo.toml
[INFO] running `Command { std: CARGO_HOME="/workspace/cargo-home" RUSTUP_HOME="/workspace/rustup-home" "/workspace/cargo-home/bin/cargo" "+nightly-2024-10-28" "generate-lockfile" "--manifest-path" "Cargo.toml", kill_on_drop: false }`
[INFO] [stderr]     Updating crates.io index
[INFO] [stderr]      Locking 22 packages to latest compatible versions
[INFO] running `Command { std: CARGO_HOME="/workspace/cargo-home" RUSTUP_HOME="/workspace/rustup-home" "/workspace/cargo-home/bin/cargo" "+nightly-2024-10-28" "fetch" "--manifest-path" "Cargo.toml", kill_on_drop: false }`
[INFO] [stderr]  Downloading crates ...
[INFO] [stderr]   Downloaded cust_core v0.1.1
[INFO] [stderr]   Downloaded glam v0.20.5
[INFO] [stderr]   Downloaded cuda_std_macros v0.2.0
[INFO] [stderr]   Downloaded vek v0.15.10
[INFO] [stderr]   Downloaded cust_derive v0.2.0
[INFO] [stderr]   Downloaded cuda_std v0.2.2
[INFO] running `Command { std: "docker" "create" "-v" "/var/lib/crater-agent-workspace/builds/worker-1-tc1/target:/opt/rustwide/target:rw,Z" "-v" "/var/lib/crater-agent-workspace/builds/worker-1-tc1/source:/opt/rustwide/workdir:ro,Z" "-v" "/var/lib/crater-agent-workspace/cargo-home:/opt/rustwide/cargo-home:ro,Z" "-v" "/var/lib/crater-agent-workspace/rustup-home:/opt/rustwide/rustup-home:ro,Z" "-e" "SOURCE_DIR=/opt/rustwide/workdir" "-e" "CARGO_TARGET_DIR=/opt/rustwide/target" "-e" "CARGO_HOME=/opt/rustwide/cargo-home" "-e" "RUSTUP_HOME=/opt/rustwide/rustup-home" "-w" "/opt/rustwide/workdir" "-m" "1610612736" "--user" "0:0" "--network" "none" "ghcr.io/rust-lang/crates-build-env/linux@sha256:4a844ea9eb2546a2d2c7022eacef16ef2e8229c7fbb2c7d4d55a9ceca922f72d" "/opt/rustwide/cargo-home/bin/cargo" "+nightly-2024-10-28" "metadata" "--no-deps" "--format-version=1", kill_on_drop: false }`
[INFO] [stdout] 1569a652376f0bb4a5898a4060b21d38edb4d332ea81199d1b6d92d4a640af7b
[INFO] running `Command { std: "docker" "start" "-a" "1569a652376f0bb4a5898a4060b21d38edb4d332ea81199d1b6d92d4a640af7b", kill_on_drop: false }`
[INFO] running `Command { std: "docker" "inspect" "1569a652376f0bb4a5898a4060b21d38edb4d332ea81199d1b6d92d4a640af7b", kill_on_drop: false }`
[INFO] running `Command { std: "docker" "rm" "-f" "1569a652376f0bb4a5898a4060b21d38edb4d332ea81199d1b6d92d4a640af7b", kill_on_drop: false }`
[INFO] [stdout] 1569a652376f0bb4a5898a4060b21d38edb4d332ea81199d1b6d92d4a640af7b
[INFO] running `Command { std: "docker" "create" "-v" "/var/lib/crater-agent-workspace/builds/worker-1-tc1/target:/opt/rustwide/target:rw,Z" "-v" "/var/lib/crater-agent-workspace/builds/worker-1-tc1/source:/opt/rustwide/workdir:ro,Z" "-v" "/var/lib/crater-agent-workspace/cargo-home:/opt/rustwide/cargo-home:ro,Z" "-v" "/var/lib/crater-agent-workspace/rustup-home:/opt/rustwide/rustup-home:ro,Z" "-e" "SOURCE_DIR=/opt/rustwide/workdir" "-e" "CARGO_TARGET_DIR=/opt/rustwide/target" "-e" "CARGO_INCREMENTAL=0" "-e" "RUST_BACKTRACE=full" "-e" "RUSTFLAGS=--cap-lints=forbid" "-e" "RUSTDOCFLAGS=--cap-lints=forbid" "-e" "CARGO_HOME=/opt/rustwide/cargo-home" "-e" "RUSTUP_HOME=/opt/rustwide/rustup-home" "-w" "/opt/rustwide/workdir" "-m" "1610612736" "--user" "0:0" "--network" "none" "ghcr.io/rust-lang/crates-build-env/linux@sha256:4a844ea9eb2546a2d2c7022eacef16ef2e8229c7fbb2c7d4d55a9ceca922f72d" "/opt/rustwide/cargo-home/bin/cargo" "+nightly-2024-10-28" "build" "--frozen" "--message-format=json", kill_on_drop: false }`
[INFO] [stdout] 4006d17d5b1e9e5fe4ec37ad835031558088400ac31abafe83b5dc6326eef689
[INFO] running `Command { std: "docker" "start" "-a" "4006d17d5b1e9e5fe4ec37ad835031558088400ac31abafe83b5dc6326eef689", kill_on_drop: false }`
[INFO] [stderr]    Compiling libm v0.2.11
[INFO] [stderr]    Compiling num-traits v0.2.19
[INFO] [stderr]    Compiling semver v1.0.23
[INFO] [stderr]    Compiling syn v1.0.109
[INFO] [stderr]    Compiling mint v0.5.9
[INFO] [stderr]    Compiling rand_core v0.6.4
[INFO] [stderr]    Compiling rustc_version v0.4.1
[INFO] [stderr]    Compiling vek v0.15.10
[INFO] [stderr]    Compiling approx v0.5.1
[INFO] [stderr]    Compiling num-integer v0.1.46
[INFO] [stderr]    Compiling glam v0.20.5
[INFO] [stderr]    Compiling cust_derive v0.2.0
[INFO] [stderr]    Compiling cust_core v0.1.1
[INFO] [stderr]    Compiling gpu_rand v0.1.3 (/opt/rustwide/workdir)
[INFO] [stderr]     Finished `dev` profile [unoptimized + debuginfo] target(s) in 4.57s
[INFO] running `Command { std: "docker" "inspect" "4006d17d5b1e9e5fe4ec37ad835031558088400ac31abafe83b5dc6326eef689", kill_on_drop: false }`
[INFO] running `Command { std: "docker" "rm" "-f" "4006d17d5b1e9e5fe4ec37ad835031558088400ac31abafe83b5dc6326eef689", kill_on_drop: false }`
[INFO] [stdout] 4006d17d5b1e9e5fe4ec37ad835031558088400ac31abafe83b5dc6326eef689
[INFO] running `Command { std: "docker" "create" "-v" "/var/lib/crater-agent-workspace/builds/worker-1-tc1/target:/opt/rustwide/target:rw,Z" "-v" "/var/lib/crater-agent-workspace/builds/worker-1-tc1/source:/opt/rustwide/workdir:ro,Z" "-v" "/var/lib/crater-agent-workspace/cargo-home:/opt/rustwide/cargo-home:ro,Z" "-v" "/var/lib/crater-agent-workspace/rustup-home:/opt/rustwide/rustup-home:ro,Z" "-e" "SOURCE_DIR=/opt/rustwide/workdir" "-e" "CARGO_TARGET_DIR=/opt/rustwide/target" "-e" "CARGO_INCREMENTAL=0" "-e" "RUST_BACKTRACE=full" "-e" "RUSTFLAGS=--cap-lints=forbid" "-e" "RUSTDOCFLAGS=--cap-lints=forbid" "-e" "CARGO_HOME=/opt/rustwide/cargo-home" "-e" "RUSTUP_HOME=/opt/rustwide/rustup-home" "-w" "/opt/rustwide/workdir" "-m" "1610612736" "--user" "0:0" "--network" "none" "ghcr.io/rust-lang/crates-build-env/linux@sha256:4a844ea9eb2546a2d2c7022eacef16ef2e8229c7fbb2c7d4d55a9ceca922f72d" "/opt/rustwide/cargo-home/bin/cargo" "+nightly-2024-10-28" "test" "--frozen" "--no-run" "--message-format=json", kill_on_drop: false }`
[INFO] [stdout] 977470d1357bb24024ff76120ce9e10fd0ffc6f35fdce7173e43b7602453d6d7
[INFO] running `Command { std: "docker" "start" "-a" "977470d1357bb24024ff76120ce9e10fd0ffc6f35fdce7173e43b7602453d6d7", kill_on_drop: false }`
[INFO] [stderr]    Compiling gpu_rand v0.1.3 (/opt/rustwide/workdir)
[INFO] [stderr]     Finished `test` profile [unoptimized + debuginfo] target(s) in 0.34s
[INFO] running `Command { std: "docker" "inspect" "977470d1357bb24024ff76120ce9e10fd0ffc6f35fdce7173e43b7602453d6d7", kill_on_drop: false }`
[INFO] running `Command { std: "docker" "rm" "-f" "977470d1357bb24024ff76120ce9e10fd0ffc6f35fdce7173e43b7602453d6d7", kill_on_drop: false }`
[INFO] [stdout] 977470d1357bb24024ff76120ce9e10fd0ffc6f35fdce7173e43b7602453d6d7
[INFO] running `Command { std: "docker" "create" "-v" "/var/lib/crater-agent-workspace/builds/worker-1-tc1/target:/opt/rustwide/target:rw,Z" "-v" "/var/lib/crater-agent-workspace/builds/worker-1-tc1/source:/opt/rustwide/workdir:ro,Z" "-v" "/var/lib/crater-agent-workspace/cargo-home:/opt/rustwide/cargo-home:ro,Z" "-v" "/var/lib/crater-agent-workspace/rustup-home:/opt/rustwide/rustup-home:ro,Z" "-e" "SOURCE_DIR=/opt/rustwide/workdir" "-e" "CARGO_TARGET_DIR=/opt/rustwide/target" "-e" "CARGO_INCREMENTAL=0" "-e" "RUST_BACKTRACE=full" "-e" "RUSTFLAGS=--cap-lints=forbid" "-e" "RUSTDOCFLAGS=--cap-lints=forbid" "-e" "CARGO_HOME=/opt/rustwide/cargo-home" "-e" "RUSTUP_HOME=/opt/rustwide/rustup-home" "-w" "/opt/rustwide/workdir" "-m" "1610612736" "--user" "0:0" "--network" "none" "ghcr.io/rust-lang/crates-build-env/linux@sha256:4a844ea9eb2546a2d2c7022eacef16ef2e8229c7fbb2c7d4d55a9ceca922f72d" "/opt/rustwide/cargo-home/bin/cargo" "+nightly-2024-10-28" "test" "--frozen", kill_on_drop: false }`
[INFO] [stdout] e6fd721e00dcef81267c0d466950f0f78c20e64e258941a51188788c8734f239
[INFO] running `Command { std: "docker" "start" "-a" "e6fd721e00dcef81267c0d466950f0f78c20e64e258941a51188788c8734f239", kill_on_drop: false }`
[INFO] [stderr]     Finished `test` profile [unoptimized + debuginfo] target(s) in 0.01s
[INFO] [stderr]      Running unittests src/lib.rs (/opt/rustwide/target/debug/deps/gpu_rand-95d92483e50e72c3)
[INFO] [stdout] 
[INFO] [stdout] running 18 tests
[INFO] [stdout] test xoroshiro::splitmix64::tests::next_u32 ... ok
[INFO] [stdout] test xoroshiro::splitmix64::tests::reference ... ok
[INFO] [stdout] test xoroshiro::xoroshiro128starstar::tests::reference ... ok
[INFO] [stdout] test xoroshiro::xoroshiro128plusplus::tests::reference ... ok
[INFO] [stdout] test xoroshiro::xoroshiro128plus::tests::reference ... ok
[INFO] [stdout] test xoroshiro::xoroshiro64star::tests::reference ... ok
[INFO] [stdout] test xoroshiro::xoroshiro64star::tests::zero_seed ... ok
[INFO] [stdout] test xoroshiro::xoroshiro64starstar::tests::reference ... ok
[INFO] [stdout] test xoroshiro::xoshiro128plus::tests::reference ... ok
[INFO] [stdout] test xoroshiro::xoroshiro64starstar::tests::zero_seed ... ok
[INFO] [stdout] test xoroshiro::xoshiro128starstar::tests::reference ... ok
[INFO] [stdout] test xoroshiro::xoshiro256plusplus::tests::reference ... ok
[INFO] [stdout] test xoroshiro::xoshiro256starstar::tests::reference ... ok
[INFO] [stdout] test xoroshiro::xoshiro512plus::tests::reference ... ok
[INFO] [stdout] test xoroshiro::xoshiro512plusplus::tests::reference ... ok
[INFO] [stdout] test xoroshiro::xoshiro128plusplus::tests::reference ... ok
[INFO] [stdout] test xoroshiro::xoshiro512starstar::tests::reference ... ok
[INFO] [stdout] test xoroshiro::xoshiro256plus::tests::reference ... ok
[INFO] [stdout] 
[INFO] [stdout] test result: ok. 18 passed; 0 failed; 0 ignored; 0 measured; 0 filtered out; finished in 0.00s
[INFO] [stdout] 
[INFO] [stderr]    Doc-tests gpu_rand
[INFO] [stdout] 
[INFO] [stdout] running 12 tests
[INFO] [stdout] test src/xoroshiro/xoshiro128plusplus.rs - xoroshiro::xoshiro128plusplus::Xoshiro128PlusPlus::jump (line 27) ... FAILED
[INFO] [stdout] test src/xoroshiro/xoshiro128starstar.rs - xoroshiro::xoshiro128starstar::Xoshiro128StarStar::jump (line 27) ... FAILED
[INFO] [stdout] test src/xoroshiro/xoshiro256plusplus.rs - xoroshiro::xoshiro256plusplus::Xoshiro256PlusPlus::jump (line 27) ... FAILED
[INFO] [stdout] test src/xoroshiro/xoshiro128plus.rs - xoroshiro::xoshiro128plus::Xoshiro128Plus::jump (line 28) ... FAILED
[INFO] [stdout] test src/xoroshiro/xoroshiro128plus.rs - xoroshiro::xoroshiro128plus::Xoroshiro128Plus::jump (line 30) ... FAILED
[INFO] [stdout] test src/xoroshiro/xoroshiro128plusplus.rs - xoroshiro::xoroshiro128plusplus::Xoroshiro128PlusPlus::jump (line 29) ... FAILED
[INFO] [stdout] test src/xoroshiro/xoshiro256plus.rs - xoroshiro::xoshiro256plus::Xoshiro256Plus::jump (line 28) ... FAILED
[INFO] [stdout] test src/xoroshiro/xoroshiro128starstar.rs - xoroshiro::xoroshiro128starstar::Xoroshiro128StarStar::jump (line 29) ... FAILED
[INFO] [stdout] test src/xoroshiro/xoshiro256starstar.rs - xoroshiro::xoshiro256starstar::Xoshiro256StarStar::jump (line 27) ... FAILED
[INFO] [stdout] test src/xoroshiro/xoshiro512plus.rs - xoroshiro::xoshiro512plus::Xoshiro512Plus::jump (line 30) ... FAILED
[INFO] [stdout] test src/xoroshiro/xoshiro512starstar.rs - xoroshiro::xoshiro512starstar::Xoshiro512StarStar::jump (line 29) ... FAILED
[INFO] [stdout] test src/xoroshiro/xoshiro512plusplus.rs - xoroshiro::xoshiro512plusplus::Xoshiro512PlusPlus::jump (line 29) ... FAILED
[INFO] [stdout] 
[INFO] [stdout] failures:
[INFO] [stdout] 
[INFO] [stdout] ---- src/xoroshiro/xoshiro128plusplus.rs - xoroshiro::xoshiro128plusplus::Xoshiro128PlusPlus::jump (line 27) stdout ----
[INFO] [stdout] error[E0433]: failed to resolve: use of undeclared crate or module `rand_xoshiro`
[INFO] [stdout]  --> src/xoroshiro/xoshiro128plusplus.rs:28:5
[INFO] [stdout]   |
[INFO] [stdout] 3 | use rand_xoshiro::rand_core::SeedableRng;
[INFO] [stdout]   |     ^^^^^^^^^^^^ use of undeclared crate or module `rand_xoshiro`
[INFO] [stdout] 
[INFO] [stdout] error[E0432]: unresolved import `rand_xoshiro`
[INFO] [stdout]  --> src/xoroshiro/xoshiro128plusplus.rs:29:5
[INFO] [stdout]   |
[INFO] [stdout] 4 | use rand_xoshiro::Xoroshiro128PlusPlus;
[INFO] [stdout]   |     ^^^^^^^^^^^^ use of undeclared crate or module `rand_xoshiro`
[INFO] [stdout] 
[INFO] [stdout] error: aborting due to 2 previous errors
[INFO] [stdout] 
[INFO] [stdout] Some errors have detailed explanations: E0432, E0433.
[INFO] [stdout] For more information about an error, try `rustc --explain E0432`.
[INFO] [stdout] Couldn't compile the test.
[INFO] [stdout] ---- src/xoroshiro/xoshiro128starstar.rs - xoroshiro::xoshiro128starstar::Xoshiro128StarStar::jump (line 27) stdout ----
[INFO] [stdout] error[E0433]: failed to resolve: use of undeclared crate or module `rand_xoshiro`
[INFO] [stdout]  --> src/xoroshiro/xoshiro128starstar.rs:28:5
[INFO] [stdout]   |
[INFO] [stdout] 3 | use rand_xoshiro::rand_core::SeedableRng;
[INFO] [stdout]   |     ^^^^^^^^^^^^ use of undeclared crate or module `rand_xoshiro`
[INFO] [stdout] 
[INFO] [stdout] error[E0432]: unresolved import `rand_xoshiro`
[INFO] [stdout]  --> src/xoroshiro/xoshiro128starstar.rs:29:5
[INFO] [stdout]   |
[INFO] [stdout] 4 | use rand_xoshiro::Xoroshiro128StarStar;
[INFO] [stdout]   |     ^^^^^^^^^^^^ use of undeclared crate or module `rand_xoshiro`
[INFO] [stdout] 
[INFO] [stdout] error: aborting due to 2 previous errors
[INFO] [stdout] 
[INFO] [stdout] Some errors have detailed explanations: E0432, E0433.
[INFO] [stdout] For more information about an error, try `rustc --explain E0432`.
[INFO] [stdout] Couldn't compile the test.
[INFO] [stdout] ---- src/xoroshiro/xoshiro256plusplus.rs - xoroshiro::xoshiro256plusplus::Xoshiro256PlusPlus::jump (line 27) stdout ----
[INFO] [stdout] error[E0433]: failed to resolve: use of undeclared crate or module `rand_xoshiro`
[INFO] [stdout]  --> src/xoroshiro/xoshiro256plusplus.rs:28:5
[INFO] [stdout]   |
[INFO] [stdout] 3 | use rand_xoshiro::rand_core::SeedableRng;
[INFO] [stdout]   |     ^^^^^^^^^^^^ use of undeclared crate or module `rand_xoshiro`
[INFO] [stdout] 
[INFO] [stdout] error[E0432]: unresolved import `rand_xoshiro`
[INFO] [stdout]  --> src/xoroshiro/xoshiro256plusplus.rs:29:5
[INFO] [stdout]   |
[INFO] [stdout] 4 | use rand_xoshiro::Xoshiro256PlusPlus;
[INFO] [stdout]   |     ^^^^^^^^^^^^ use of undeclared crate or module `rand_xoshiro`
[INFO] [stdout] 
[INFO] [stdout] error: aborting due to 2 previous errors
[INFO] [stdout] 
[INFO] [stdout] Some errors have detailed explanations: E0432, E0433.
[INFO] [stdout] For more information about an error, try `rustc --explain E0432`.
[INFO] [stdout] Couldn't compile the test.
[INFO] [stdout] ---- src/xoroshiro/xoshiro128plus.rs - xoroshiro::xoshiro128plus::Xoshiro128Plus::jump (line 28) stdout ----
[INFO] [stdout] error[E0433]: failed to resolve: use of undeclared crate or module `rand_xoshiro`
[INFO] [stdout]  --> src/xoroshiro/xoshiro128plus.rs:29:5
[INFO] [stdout]   |
[INFO] [stdout] 3 | use rand_xoshiro::rand_core::SeedableRng;
[INFO] [stdout]   |     ^^^^^^^^^^^^ use of undeclared crate or module `rand_xoshiro`
[INFO] [stdout] 
[INFO] [stdout] error[E0432]: unresolved import `rand_xoshiro`
[INFO] [stdout]  --> src/xoroshiro/xoshiro128plus.rs:30:5
[INFO] [stdout]   |
[INFO] [stdout] 4 | use rand_xoshiro::Xoroshiro128StarStar;
[INFO] [stdout]   |     ^^^^^^^^^^^^ use of undeclared crate or module `rand_xoshiro`
[INFO] [stdout] 
[INFO] [stdout] error: aborting due to 2 previous errors
[INFO] [stdout] 
[INFO] [stdout] Some errors have detailed explanations: E0432, E0433.
[INFO] [stdout] For more information about an error, try `rustc --explain E0432`.
[INFO] [stdout] Couldn't compile the test.
[INFO] [stdout] ---- src/xoroshiro/xoroshiro128plus.rs - xoroshiro::xoroshiro128plus::Xoroshiro128Plus::jump (line 30) stdout ----
[INFO] [stdout] error[E0433]: failed to resolve: use of undeclared crate or module `rand_xoshiro`
[INFO] [stdout]  --> src/xoroshiro/xoroshiro128plus.rs:31:5
[INFO] [stdout]   |
[INFO] [stdout] 3 | use rand_xoshiro::rand_core::SeedableRng;
[INFO] [stdout]   |     ^^^^^^^^^^^^ use of undeclared crate or module `rand_xoshiro`
[INFO] [stdout] 
[INFO] [stdout] error[E0432]: unresolved import `rand_xoshiro`
[INFO] [stdout]  --> src/xoroshiro/xoroshiro128plus.rs:32:5
[INFO] [stdout]   |
[INFO] [stdout] 4 | use rand_xoshiro::Xoroshiro128Plus;
[INFO] [stdout]   |     ^^^^^^^^^^^^ use of undeclared crate or module `rand_xoshiro`
[INFO] [stdout] 
[INFO] [stdout] error: aborting due to 2 previous errors
[INFO] [stdout] 
[INFO] [stdout] Some errors have detailed explanations: E0432, E0433.
[INFO] [stdout] For more information about an error, try `rustc --explain E0432`.
[INFO] [stdout] Couldn't compile the test.
[INFO] [stdout] ---- src/xoroshiro/xoroshiro128plusplus.rs - xoroshiro::xoroshiro128plusplus::Xoroshiro128PlusPlus::jump (line 29) stdout ----
[INFO] [stdout] error[E0433]: failed to resolve: use of undeclared crate or module `rand_xoshiro`
[INFO] [stdout]  --> src/xoroshiro/xoroshiro128plusplus.rs:30:5
[INFO] [stdout]   |
[INFO] [stdout] 3 | use rand_xoshiro::rand_core::SeedableRng;
[INFO] [stdout]   |     ^^^^^^^^^^^^ use of undeclared crate or module `rand_xoshiro`
[INFO] [stdout] 
[INFO] [stdout] error[E0432]: unresolved import `rand_xoshiro`
[INFO] [stdout]  --> src/xoroshiro/xoroshiro128plusplus.rs:31:5
[INFO] [stdout]   |
[INFO] [stdout] 4 | use rand_xoshiro::Xoroshiro128PlusPlus;
[INFO] [stdout]   |     ^^^^^^^^^^^^ use of undeclared crate or module `rand_xoshiro`
[INFO] [stdout] 
[INFO] [stdout] error: aborting due to 2 previous errors
[INFO] [stdout] 
[INFO] [stdout] Some errors have detailed explanations: E0432, E0433.
[INFO] [stdout] For more information about an error, try `rustc --explain E0432`.
[INFO] [stdout] Couldn't compile the test.
[INFO] [stdout] ---- src/xoroshiro/xoshiro256plus.rs - xoroshiro::xoshiro256plus::Xoshiro256Plus::jump (line 28) stdout ----
[INFO] [stdout] error[E0433]: failed to resolve: use of undeclared crate or module `rand_xoshiro`
[INFO] [stdout]  --> src/xoroshiro/xoshiro256plus.rs:29:5
[INFO] [stdout]   |
[INFO] [stdout] 3 | use rand_xoshiro::rand_core::SeedableRng;
[INFO] [stdout]   |     ^^^^^^^^^^^^ use of undeclared crate or module `rand_xoshiro`
[INFO] [stdout] 
[INFO] [stdout] error[E0432]: unresolved import `rand_xoshiro`
[INFO] [stdout]  --> src/xoroshiro/xoshiro256plus.rs:30:5
[INFO] [stdout]   |
[INFO] [stdout] 4 | use rand_xoshiro::Xoshiro256Plus;
[INFO] [stdout]   |     ^^^^^^^^^^^^ use of undeclared crate or module `rand_xoshiro`
[INFO] [stdout] 
[INFO] [stdout] error: aborting due to 2 previous errors
[INFO] [stdout] 
[INFO] [stdout] Some errors have detailed explanations: E0432, E0433.
[INFO] [stdout] For more information about an error, try `rustc --explain E0432`.
[INFO] [stdout] Couldn't compile the test.
[INFO] [stdout] ---- src/xoroshiro/xoroshiro128starstar.rs - xoroshiro::xoroshiro128starstar::Xoroshiro128StarStar::jump (line 29) stdout ----
[INFO] [stdout] error[E0433]: failed to resolve: use of undeclared crate or module `rand_xoshiro`
[INFO] [stdout]  --> src/xoroshiro/xoroshiro128starstar.rs:30:5
[INFO] [stdout]   |
[INFO] [stdout] 3 | use rand_xoshiro::rand_core::SeedableRng;
[INFO] [stdout]   |     ^^^^^^^^^^^^ use of undeclared crate or module `rand_xoshiro`
[INFO] [stdout] 
[INFO] [stdout] error[E0432]: unresolved import `rand_xoshiro`
[INFO] [stdout]  --> src/xoroshiro/xoroshiro128starstar.rs:31:5
[INFO] [stdout]   |
[INFO] [stdout] 4 | use rand_xoshiro::Xoroshiro128StarStar;
[INFO] [stdout]   |     ^^^^^^^^^^^^ use of undeclared crate or module `rand_xoshiro`
[INFO] [stdout] 
[INFO] [stdout] error: aborting due to 2 previous errors
[INFO] [stdout] 
[INFO] [stdout] Some errors have detailed explanations: E0432, E0433.
[INFO] [stdout] For more information about an error, try `rustc --explain E0432`.
[INFO] [stdout] Couldn't compile the test.
[INFO] [stdout] ---- src/xoroshiro/xoshiro256starstar.rs - xoroshiro::xoshiro256starstar::Xoshiro256StarStar::jump (line 27) stdout ----
[INFO] [stdout] error[E0433]: failed to resolve: use of undeclared crate or module `rand_xoshiro`
[INFO] [stdout]  --> src/xoroshiro/xoshiro256starstar.rs:28:5
[INFO] [stdout]   |
[INFO] [stdout] 3 | use rand_xoshiro::rand_core::SeedableRng;
[INFO] [stdout]   |     ^^^^^^^^^^^^ use of undeclared crate or module `rand_xoshiro`
[INFO] [stdout] 
[INFO] [stdout] error[E0432]: unresolved import `rand_xoshiro`
[INFO] [stdout]  --> src/xoroshiro/xoshiro256starstar.rs:29:5
[INFO] [stdout]   |
[INFO] [stdout] 4 | use rand_xoshiro::Xoshiro256StarStar;
[INFO] [stdout]   |     ^^^^^^^^^^^^ use of undeclared crate or module `rand_xoshiro`
[INFO] [stdout] 
[INFO] [stdout] error: aborting due to 2 previous errors
[INFO] [stdout] 
[INFO] [stdout] Some errors have detailed explanations: E0432, E0433.
[INFO] [stdout] For more information about an error, try `rustc --explain E0432`.
[INFO] [stdout] Couldn't compile the test.
[INFO] [stdout] ---- src/xoroshiro/xoshiro512plus.rs - xoroshiro::xoshiro512plus::Xoshiro512Plus::jump (line 30) stdout ----
[INFO] [stdout] error[E0433]: failed to resolve: use of undeclared crate or module `rand_xoshiro`
[INFO] [stdout]  --> src/xoroshiro/xoshiro512plus.rs:31:5
[INFO] [stdout]   |
[INFO] [stdout] 3 | use rand_xoshiro::rand_core::SeedableRng;
[INFO] [stdout]   |     ^^^^^^^^^^^^ use of undeclared crate or module `rand_xoshiro`
[INFO] [stdout] 
[INFO] [stdout] error[E0432]: unresolved import `rand_xoshiro`
[INFO] [stdout]  --> src/xoroshiro/xoshiro512plus.rs:32:5
[INFO] [stdout]   |
[INFO] [stdout] 4 | use rand_xoshiro::Xoshiro512Plus;
[INFO] [stdout]   |     ^^^^^^^^^^^^ use of undeclared crate or module `rand_xoshiro`
[INFO] [stdout] 
[INFO] [stdout] error: aborting due to 2 previous errors
[INFO] [stdout] 
[INFO] [stdout] Some errors have detailed explanations: E0432, E0433.
[INFO] [stdout] For more information about an error, try `rustc --explain E0432`.
[INFO] [stdout] Couldn't compile the test.
[INFO] [stdout] ---- src/xoroshiro/xoshiro512starstar.rs - xoroshiro::xoshiro512starstar::Xoshiro512StarStar::jump (line 29) stdout ----
[INFO] [stdout] error[E0433]: failed to resolve: use of undeclared crate or module `rand_xoshiro`
[INFO] [stdout]  --> src/xoroshiro/xoshiro512starstar.rs:30:5
[INFO] [stdout]   |
[INFO] [stdout] 3 | use rand_xoshiro::rand_core::SeedableRng;
[INFO] [stdout]   |     ^^^^^^^^^^^^ use of undeclared crate or module `rand_xoshiro`
[INFO] [stdout] 
[INFO] [stdout] error[E0432]: unresolved import `rand_xoshiro`
[INFO] [stdout]  --> src/xoroshiro/xoshiro512starstar.rs:31:5
[INFO] [stdout]   |
[INFO] [stdout] 4 | use rand_xoshiro::Xoshiro512StarStar;
[INFO] [stdout]   |     ^^^^^^^^^^^^ use of undeclared crate or module `rand_xoshiro`
[INFO] [stdout] 
[INFO] [stdout] error: aborting due to 2 previous errors
[INFO] [stdout] 
[INFO] [stdout] Some errors have detailed explanations: E0432, E0433.
[INFO] [stdout] For more information about an error, try `rustc --explain E0432`.
[INFO] [stdout] Couldn't compile the test.
[INFO] [stdout] ---- src/xoroshiro/xoshiro512plusplus.rs - xoroshiro::xoshiro512plusplus::Xoshiro512PlusPlus::jump (line 29) stdout ----
[INFO] [stdout] error[E0433]: failed to resolve: use of undeclared crate or module `rand_xoshiro`
[INFO] [stdout]  --> src/xoroshiro/xoshiro512plusplus.rs:30:5
[INFO] [stdout]   |
[INFO] [stdout] 3 | use rand_xoshiro::rand_core::SeedableRng;
[INFO] [stdout]   |     ^^^^^^^^^^^^ use of undeclared crate or module `rand_xoshiro`
[INFO] [stdout] 
[INFO] [stdout] error[E0432]: unresolved import `rand_xoshiro`
[INFO] [stdout]  --> src/xoroshiro/xoshiro512plusplus.rs:31:5
[INFO] [stdout]   |
[INFO] [stdout] 4 | use rand_xoshiro::Xoshiro512PlusPlus;
[INFO] [stdout]   |     ^^^^^^^^^^^^ use of undeclared crate or module `rand_xoshiro`
[INFO] [stdout] 
[INFO] [stdout] error: aborting due to 2 previous errors
[INFO] [stdout] 
[INFO] [stdout] Some errors have detailed explanations: E0432, E0433.
[INFO] [stdout] For more information about an error, try `rustc --explain E0432`.
[INFO] [stdout] Couldn't compile the test.
[INFO] [stdout] 
[INFO] [stdout] failures:
[INFO] [stdout]     src/xoroshiro/xoroshiro128plus.rs - xoroshiro::xoroshiro128plus::Xoroshiro128Plus::jump (line 30)
[INFO] [stdout]     src/xoroshiro/xoroshiro128plusplus.rs - xoroshiro::xoroshiro128plusplus::Xoroshiro128PlusPlus::jump (line 29)
[INFO] [stdout]     src/xoroshiro/xoroshiro128starstar.rs - xoroshiro::xoroshiro128starstar::Xoroshiro128StarStar::jump (line 29)
[INFO] [stdout]     src/xoroshiro/xoshiro128plus.rs - xoroshiro::xoshiro128plus::Xoshiro128Plus::jump (line 28)
[INFO] [stdout]     src/xoroshiro/xoshiro128plusplus.rs - xoroshiro::xoshiro128plusplus::Xoshiro128PlusPlus::jump (line 27)
[INFO] [stdout]     src/xoroshiro/xoshiro128starstar.rs - xoroshiro::xoshiro128starstar::Xoshiro128StarStar::jump (line 27)
[INFO] [stdout]     src/xoroshiro/xoshiro256plus.rs - xoroshiro::xoshiro256plus::Xoshiro256Plus::jump (line 28)
[INFO] [stdout]     src/xoroshiro/xoshiro256plusplus.rs - xoroshiro::xoshiro256plusplus::Xoshiro256PlusPlus::jump (line 27)
[INFO] [stdout]     src/xoroshiro/xoshiro256starstar.rs - xoroshiro::xoshiro256starstar::Xoshiro256StarStar::jump (line 27)
[INFO] [stdout]     src/xoroshiro/xoshiro512plus.rs - xoroshiro::xoshiro512plus::Xoshiro512Plus::jump (line 30)
[INFO] [stdout]     src/xoroshiro/xoshiro512plusplus.rs - xoroshiro::xoshiro512plusplus::Xoshiro512PlusPlus::jump (line 29)
[INFO] [stdout]     src/xoroshiro/xoshiro512starstar.rs - xoroshiro::xoshiro512starstar::Xoshiro512StarStar::jump (line 29)
[INFO] [stdout] 
[INFO] [stdout] test result: FAILED. 0 passed; 12 failed; 0 ignored; 0 measured; 0 filtered out; finished in 0.06s
[INFO] [stdout] 
[INFO] [stderr] error: doctest failed, to rerun pass `--doc`
[INFO] running `Command { std: "docker" "inspect" "e6fd721e00dcef81267c0d466950f0f78c20e64e258941a51188788c8734f239", kill_on_drop: false }`
[INFO] running `Command { std: "docker" "rm" "-f" "e6fd721e00dcef81267c0d466950f0f78c20e64e258941a51188788c8734f239", kill_on_drop: false }`
[INFO] [stdout] e6fd721e00dcef81267c0d466950f0f78c20e64e258941a51188788c8734f239
