[INFO] fetching crate gpto 0.2.1...
[INFO] testing gpto-0.2.1 against nightly-2024-10-28+rustflags=-Zrandomize-layout for randomize-layout
[INFO] extracting crate gpto 0.2.1 into /workspace/builds/worker-5-tc2/source
[INFO] validating manifest of crates.io crate gpto 0.2.1 on toolchain nightly-2024-10-28
[INFO] running `Command { std: CARGO_HOME="/workspace/cargo-home" RUSTUP_HOME="/workspace/rustup-home" "/workspace/cargo-home/bin/cargo" "+nightly-2024-10-28" "metadata" "--manifest-path" "Cargo.toml" "--no-deps", kill_on_drop: false }`
[INFO] started tweaking crates.io crate gpto 0.2.1
[INFO] finished tweaking crates.io crate gpto 0.2.1
[INFO] tweaked toml for crates.io crate gpto 0.2.1 written to /workspace/builds/worker-5-tc2/source/Cargo.toml
[INFO] crate crates.io crate gpto 0.2.1 already has a lockfile, it will not be regenerated
[INFO] running `Command { std: CARGO_HOME="/workspace/cargo-home" RUSTUP_HOME="/workspace/rustup-home" "/workspace/cargo-home/bin/cargo" "+nightly-2024-10-28" "fetch" "--manifest-path" "Cargo.toml", kill_on_drop: false }`
[INFO] running `Command { std: "docker" "create" "-v" "/var/lib/crater-agent-workspace/builds/worker-5-tc2/target:/opt/rustwide/target:rw,Z" "-v" "/var/lib/crater-agent-workspace/builds/worker-5-tc2/source:/opt/rustwide/workdir:ro,Z" "-v" "/var/lib/crater-agent-workspace/cargo-home:/opt/rustwide/cargo-home:ro,Z" "-v" "/var/lib/crater-agent-workspace/rustup-home:/opt/rustwide/rustup-home:ro,Z" "-e" "SOURCE_DIR=/opt/rustwide/workdir" "-e" "CARGO_TARGET_DIR=/opt/rustwide/target" "-e" "CARGO_HOME=/opt/rustwide/cargo-home" "-e" "RUSTUP_HOME=/opt/rustwide/rustup-home" "-w" "/opt/rustwide/workdir" "-m" "1610612736" "--user" "0:0" "--network" "none" "ghcr.io/rust-lang/crates-build-env/linux@sha256:4a844ea9eb2546a2d2c7022eacef16ef2e8229c7fbb2c7d4d55a9ceca922f72d" "/opt/rustwide/cargo-home/bin/cargo" "+nightly-2024-10-28" "metadata" "--no-deps" "--format-version=1", kill_on_drop: false }`
[INFO] [stdout] 12d8bb4ae781932e55bb8939e4ad4c7883b77193ca61a96f9af4a846c937076a
[INFO] running `Command { std: "docker" "start" "-a" "12d8bb4ae781932e55bb8939e4ad4c7883b77193ca61a96f9af4a846c937076a", kill_on_drop: false }`
[INFO] running `Command { std: "docker" "inspect" "12d8bb4ae781932e55bb8939e4ad4c7883b77193ca61a96f9af4a846c937076a", kill_on_drop: false }`
[INFO] running `Command { std: "docker" "rm" "-f" "12d8bb4ae781932e55bb8939e4ad4c7883b77193ca61a96f9af4a846c937076a", kill_on_drop: false }`
[INFO] [stdout] 12d8bb4ae781932e55bb8939e4ad4c7883b77193ca61a96f9af4a846c937076a
[INFO] running `Command { std: "docker" "create" "-v" "/var/lib/crater-agent-workspace/builds/worker-5-tc2/target:/opt/rustwide/target:rw,Z" "-v" "/var/lib/crater-agent-workspace/builds/worker-5-tc2/source:/opt/rustwide/workdir:ro,Z" "-v" "/var/lib/crater-agent-workspace/cargo-home:/opt/rustwide/cargo-home:ro,Z" "-v" "/var/lib/crater-agent-workspace/rustup-home:/opt/rustwide/rustup-home:ro,Z" "-e" "SOURCE_DIR=/opt/rustwide/workdir" "-e" "CARGO_TARGET_DIR=/opt/rustwide/target" "-e" "CARGO_INCREMENTAL=0" "-e" "RUST_BACKTRACE=full" "-e" "RUSTFLAGS=--cap-lints=forbid -Zrandomize-layout" "-e" "RUSTDOCFLAGS=--cap-lints=forbid" "-e" "CARGO_HOME=/opt/rustwide/cargo-home" "-e" "RUSTUP_HOME=/opt/rustwide/rustup-home" "-w" "/opt/rustwide/workdir" "-m" "1610612736" "--user" "0:0" "--network" "none" "ghcr.io/rust-lang/crates-build-env/linux@sha256:4a844ea9eb2546a2d2c7022eacef16ef2e8229c7fbb2c7d4d55a9ceca922f72d" "/opt/rustwide/cargo-home/bin/cargo" "+nightly-2024-10-28" "build" "--frozen" "--message-format=json", kill_on_drop: false }`
[INFO] [stdout] 7fb8061fdfcd13bdbcd0c1ad4764960624086eab10d2cb2a787463e8a90066b2
[INFO] running `Command { std: "docker" "start" "-a" "7fb8061fdfcd13bdbcd0c1ad4764960624086eab10d2cb2a787463e8a90066b2", kill_on_drop: false }`
[INFO] [stderr]    Compiling libc v0.2.153
[INFO] [stderr]    Compiling log v0.4.21
[INFO] [stderr]    Compiling bytes v1.6.0
[INFO] [stderr]    Compiling futures-core v0.3.30
[INFO] [stderr]    Compiling cc v1.0.91
[INFO] [stderr]    Compiling futures-sink v0.3.30
[INFO] [stderr]    Compiling tracing-core v0.1.32
[INFO] [stderr]    Compiling phf_shared v0.11.2
[INFO] [stderr]    Compiling serde v1.0.197
[INFO] [stderr]    Compiling regex-syntax v0.8.3
[INFO] [stderr]    Compiling futures-task v0.3.30
[INFO] [stderr]    Compiling futures-io v0.3.30
[INFO] [stderr]    Compiling rand_core v0.6.4
[INFO] [stderr]    Compiling hashbrown v0.14.3
[INFO] [stderr]    Compiling quote v1.0.35
[INFO] [stderr]    Compiling openssl v0.10.64
[INFO] [stderr]    Compiling httparse v1.8.0
[INFO] [stderr]    Compiling futures-util v0.3.30
[INFO] [stderr]    Compiling rand v0.8.5
[INFO] [stderr]    Compiling bitflags v2.5.0
[INFO] [stderr]    Compiling foreign-types-shared v0.1.1
[INFO] [stderr]    Compiling native-tls v0.2.11
[INFO] [stderr]    Compiling syn v2.0.58
[INFO] [stderr]    Compiling foreign-types v0.3.2
[INFO] [stderr]    Compiling strsim v0.10.0
[INFO] [stderr]    Compiling syn v1.0.109
[INFO] [stderr]    Compiling phf v0.11.2
[INFO] [stderr]    Compiling futures-channel v0.3.30
[INFO] [stderr]    Compiling num-traits v0.2.18
[INFO] [stderr]    Compiling tower-service v0.3.2
[INFO] [stderr]    Compiling tracing v0.1.40
[INFO] [stderr]    Compiling serde_json v1.0.115
[INFO] [stderr]    Compiling http v1.1.0
[INFO] [stderr]    Compiling tower-layer v0.3.2
[INFO] [stderr]    Compiling mio v0.8.11
[INFO] [stderr]    Compiling num_cpus v1.16.0
[INFO] [stderr]    Compiling socket2 v0.5.6
[INFO] [stderr]    Compiling indexmap v2.2.6
[INFO] [stderr]    Compiling signal-hook-registry v1.4.1
[INFO] [stderr]    Compiling getrandom v0.2.13
[INFO] [stderr]    Compiling phf_generator v0.11.2
[INFO] [stderr]    Compiling parking_lot_core v0.9.9
[INFO] [stderr]    Compiling heck v0.4.1
[INFO] [stderr]    Compiling phf_codegen v0.11.2
[INFO] [stderr]    Compiling tokio v1.37.0
[INFO] [stderr]    Compiling signal-hook v0.3.17
[INFO] [stderr]    Compiling parking_lot v0.12.1
[INFO] [stderr]    Compiling option-ext v0.2.0
[INFO] [stderr]    Compiling signal-hook-mio v0.2.3
[INFO] [stderr]    Compiling base64 v0.22.0
[INFO] [stderr]    Compiling rustls-pki-types v1.4.1
[INFO] [stderr]    Compiling regex-automata v0.4.6
[INFO] [stderr]    Compiling newline-converter v0.3.0
[INFO] [stderr]    Compiling crossterm v0.25.0
[INFO] [stderr]    Compiling http-body v1.0.0
[INFO] [stderr]    Compiling http-body-util v0.1.1
[INFO] [stderr]    Compiling openssl-sys v0.9.102
[INFO] [stderr]    Compiling clap_builder v4.5.2
[INFO] [stderr]    Compiling rustls-pemfile v2.1.2
[INFO] [stderr]    Compiling fxhash v0.2.1
[INFO] [stderr]    Compiling dirs-sys v0.4.1
[INFO] [stderr]    Compiling rand_chacha v0.3.1
[INFO] [stderr]    Compiling fuzzy-matcher v0.3.7
[INFO] [stderr]    Compiling chrono v0.4.37
[INFO] [stderr]    Compiling url v2.5.0
[INFO] [stderr]    Compiling encoding_rs v0.8.33
[INFO] [stderr]    Compiling maplit v1.0.2
[INFO] [stderr]    Compiling dyn-clone v1.0.17
[INFO] [stderr]    Compiling unicode-width v0.1.11
[INFO] [stderr]    Compiling ipnet v2.9.0
[INFO] [stderr]    Compiling inquire v0.7.4
[INFO] [stderr]    Compiling dirs v5.0.1
[INFO] [stderr]    Compiling colored v2.1.0
[INFO] [stderr]    Compiling matches v0.1.10
[INFO] [stderr]    Compiling regex v1.10.4
[INFO] [stderr]    Compiling parse-zoneinfo v0.3.0
[INFO] [stderr]    Compiling strum_macros v0.24.3
[INFO] [stderr]    Compiling darling_core v0.20.8
[INFO] [stderr]    Compiling chrono-tz-build v0.3.0
[INFO] [stderr]    Compiling chrono-tz v0.9.0
[INFO] [stderr]    Compiling serde_derive v1.0.197
[INFO] [stderr]    Compiling pin-project-internal v1.1.5
[INFO] [stderr]    Compiling openssl-macros v0.1.1
[INFO] [stderr]    Compiling clap_derive v4.5.4
[INFO] [stderr]    Compiling strum v0.24.1
[INFO] [stderr]    Compiling spinners v4.1.1
[INFO] [stderr]    Compiling pin-project v1.1.5
[INFO] [stderr]    Compiling tokio-util v0.7.10
[INFO] [stderr]    Compiling tower v0.4.13
[INFO] [stderr]    Compiling darling_macro v0.20.8
[INFO] [stderr]    Compiling darling v0.20.8
[INFO] [stderr]    Compiling h2 v0.4.4
[INFO] [stderr]    Compiling serde_with_macros v3.7.0
[INFO] [stderr]    Compiling clap v4.5.4
[INFO] [stderr]    Compiling tokio-native-tls v0.3.1
[INFO] [stderr]    Compiling serde_urlencoded v0.7.1
[INFO] [stderr]    Compiling uuid v1.8.0
[INFO] [stderr]    Compiling hyper v1.2.0
[INFO] [stderr]    Compiling serde_with v3.7.0
[INFO] [stderr]    Compiling hyper-util v0.1.3
[INFO] [stderr]    Compiling hyper-tls v0.6.0
[INFO] [stderr]    Compiling reqwest v0.12.3
[INFO] [stderr]    Compiling gpto v0.2.1 (/opt/rustwide/workdir)
[INFO] [stderr]     Finished `dev` profile [unoptimized + debuginfo] target(s) in 15.15s
[INFO] running `Command { std: "docker" "inspect" "7fb8061fdfcd13bdbcd0c1ad4764960624086eab10d2cb2a787463e8a90066b2", kill_on_drop: false }`
[INFO] running `Command { std: "docker" "rm" "-f" "7fb8061fdfcd13bdbcd0c1ad4764960624086eab10d2cb2a787463e8a90066b2", kill_on_drop: false }`
[INFO] [stdout] 7fb8061fdfcd13bdbcd0c1ad4764960624086eab10d2cb2a787463e8a90066b2
[INFO] running `Command { std: "docker" "create" "-v" "/var/lib/crater-agent-workspace/builds/worker-5-tc2/target:/opt/rustwide/target:rw,Z" "-v" "/var/lib/crater-agent-workspace/builds/worker-5-tc2/source:/opt/rustwide/workdir:ro,Z" "-v" "/var/lib/crater-agent-workspace/cargo-home:/opt/rustwide/cargo-home:ro,Z" "-v" "/var/lib/crater-agent-workspace/rustup-home:/opt/rustwide/rustup-home:ro,Z" "-e" "SOURCE_DIR=/opt/rustwide/workdir" "-e" "CARGO_TARGET_DIR=/opt/rustwide/target" "-e" "CARGO_INCREMENTAL=0" "-e" "RUST_BACKTRACE=full" "-e" "RUSTFLAGS=--cap-lints=forbid -Zrandomize-layout" "-e" "RUSTDOCFLAGS=--cap-lints=forbid" "-e" "CARGO_HOME=/opt/rustwide/cargo-home" "-e" "RUSTUP_HOME=/opt/rustwide/rustup-home" "-w" "/opt/rustwide/workdir" "-m" "1610612736" "--user" "0:0" "--network" "none" "ghcr.io/rust-lang/crates-build-env/linux@sha256:4a844ea9eb2546a2d2c7022eacef16ef2e8229c7fbb2c7d4d55a9ceca922f72d" "/opt/rustwide/cargo-home/bin/cargo" "+nightly-2024-10-28" "test" "--frozen" "--no-run" "--message-format=json", kill_on_drop: false }`
[INFO] [stdout] 9b729d04d585a0ab41f36cdc4831a1b6cd4bf5da0131ab45a93799565538b059
[INFO] running `Command { std: "docker" "start" "-a" "9b729d04d585a0ab41f36cdc4831a1b6cd4bf5da0131ab45a93799565538b059", kill_on_drop: false }`
[INFO] [stderr]    Compiling diff v0.1.13
[INFO] [stderr]    Compiling yansi v0.5.1
[INFO] [stderr]    Compiling pretty_assertions v1.4.0
[INFO] [stderr]    Compiling gpto v0.2.1 (/opt/rustwide/workdir)
[INFO] [stderr]     Finished `test` profile [unoptimized + debuginfo] target(s) in 1.25s
[INFO] running `Command { std: "docker" "inspect" "9b729d04d585a0ab41f36cdc4831a1b6cd4bf5da0131ab45a93799565538b059", kill_on_drop: false }`
[INFO] running `Command { std: "docker" "rm" "-f" "9b729d04d585a0ab41f36cdc4831a1b6cd4bf5da0131ab45a93799565538b059", kill_on_drop: false }`
[INFO] [stdout] 9b729d04d585a0ab41f36cdc4831a1b6cd4bf5da0131ab45a93799565538b059
[INFO] running `Command { std: "docker" "create" "-v" "/var/lib/crater-agent-workspace/builds/worker-5-tc2/target:/opt/rustwide/target:rw,Z" "-v" "/var/lib/crater-agent-workspace/builds/worker-5-tc2/source:/opt/rustwide/workdir:ro,Z" "-v" "/var/lib/crater-agent-workspace/cargo-home:/opt/rustwide/cargo-home:ro,Z" "-v" "/var/lib/crater-agent-workspace/rustup-home:/opt/rustwide/rustup-home:ro,Z" "-e" "SOURCE_DIR=/opt/rustwide/workdir" "-e" "CARGO_TARGET_DIR=/opt/rustwide/target" "-e" "CARGO_INCREMENTAL=0" "-e" "RUST_BACKTRACE=full" "-e" "RUSTFLAGS=--cap-lints=forbid -Zrandomize-layout" "-e" "RUSTDOCFLAGS=--cap-lints=forbid" "-e" "CARGO_HOME=/opt/rustwide/cargo-home" "-e" "RUSTUP_HOME=/opt/rustwide/rustup-home" "-w" "/opt/rustwide/workdir" "-m" "1610612736" "--user" "0:0" "--network" "none" "ghcr.io/rust-lang/crates-build-env/linux@sha256:4a844ea9eb2546a2d2c7022eacef16ef2e8229c7fbb2c7d4d55a9ceca922f72d" "/opt/rustwide/cargo-home/bin/cargo" "+nightly-2024-10-28" "test" "--frozen", kill_on_drop: false }`
[INFO] [stdout] a76666cdbd6473bb201b632db0144457254be3e8b2284d3fde88fd8179c69f24
[INFO] running `Command { std: "docker" "start" "-a" "a76666cdbd6473bb201b632db0144457254be3e8b2284d3fde88fd8179c69f24", kill_on_drop: false }`
[INFO] [stderr]     Finished `test` profile [unoptimized + debuginfo] target(s) in 0.12s
[INFO] [stderr]      Running unittests src/main.rs (/opt/rustwide/target/debug/deps/gpto-1c42a748042793c5)
[INFO] [stdout] 
[INFO] [stdout] running 4 tests
[INFO] [stdout] test config::tests::new_should_generate_config ... ok
[INFO] [stdout] test config::tests::custom_config_path ... ok
[INFO] [stdout] test tests::cli_works ... ok
[INFO] [stdout] test config::tests::config_tests ... FAILED
[INFO] [stdout] 
[INFO] [stdout] failures:
[INFO] [stdout] 
[INFO] [stdout] ---- config::tests::config_tests stdout ----
[INFO] [stdout] thread 'config::tests::config_tests' panicked at src/config.rs:215:58:
[INFO] [stdout] called `Result::unwrap()` on an `Err` value: "Could not create file"
[INFO] [stdout] stack backtrace:
[INFO] [stdout]    0:     0x6318a4fd274a - std::backtrace_rs::backtrace::libunwind::trace::h207520d6e9873551
[INFO] [stdout]                                at /rustc/df4ca44d3fbc9301ee17f30f4d474e6ae4b05252/library/std/src/../../backtrace/src/backtrace/libunwind.rs:116:5
[INFO] [stdout]    1:     0x6318a4fd274a - std::backtrace_rs::backtrace::trace_unsynchronized::h2ed7433f370e3eca
[INFO] [stdout]                                at /rustc/df4ca44d3fbc9301ee17f30f4d474e6ae4b05252/library/std/src/../../backtrace/src/backtrace/mod.rs:66:5
[INFO] [stdout]    2:     0x6318a4fd274a - std::sys::backtrace::_print_fmt::h916fac51166b18d7
[INFO] [stdout]                                at /rustc/df4ca44d3fbc9301ee17f30f4d474e6ae4b05252/library/std/src/sys/backtrace.rs:66:9
[INFO] [stdout]    3:     0x6318a4fd274a - <std::sys::backtrace::BacktraceLock::print::DisplayBacktrace as core::fmt::Display>::fmt::ha0a4c9b8ce3802e6
[INFO] [stdout]                                at /rustc/df4ca44d3fbc9301ee17f30f4d474e6ae4b05252/library/std/src/sys/backtrace.rs:39:26
[INFO] [stdout]    4:     0x6318a4ffe3f3 - core::fmt::rt::Argument::fmt::h4cfc8587d52b3eb5
[INFO] [stdout]                                at /rustc/df4ca44d3fbc9301ee17f30f4d474e6ae4b05252/library/core/src/fmt/rt.rs:177:76
[INFO] [stdout]    5:     0x6318a4ffe3f3 - core::fmt::write::h522cc39e5b36ae9f
[INFO] [stdout]                                at /rustc/df4ca44d3fbc9301ee17f30f4d474e6ae4b05252/library/core/src/fmt/mod.rs:1190:21
[INFO] [stdout]    6:     0x6318a4fce633 - std::io::Write::write_fmt::h7d3c26752da97734
[INFO] [stdout]                                at /rustc/df4ca44d3fbc9301ee17f30f4d474e6ae4b05252/library/std/src/io/mod.rs:1839:15
[INFO] [stdout]    7:     0x6318a4fd2592 - std::sys::backtrace::BacktraceLock::print::h4b9e00b29e9c0942
[INFO] [stdout]                                at /rustc/df4ca44d3fbc9301ee17f30f4d474e6ae4b05252/library/std/src/sys/backtrace.rs:42:9
[INFO] [stdout]    8:     0x6318a4fd3bda - std::panicking::default_hook::{{closure}}::hb59b88280d0324d9
[INFO] [stdout]                                at /rustc/df4ca44d3fbc9301ee17f30f4d474e6ae4b05252/library/std/src/panicking.rs:268:22
[INFO] [stdout]    9:     0x6318a4fd39e4 - std::panicking::default_hook::he1dd496665be4a29
[INFO] [stdout]                                at /rustc/df4ca44d3fbc9301ee17f30f4d474e6ae4b05252/library/std/src/panicking.rs:292:9
[INFO] [stdout]   10:     0x6318a4a1c2f9 - <alloc::boxed::Box<F,A> as core::ops::function::Fn<Args>>::call::h4ff71de18744e1dc
[INFO] [stdout]                                at /rustc/df4ca44d3fbc9301ee17f30f4d474e6ae4b05252/library/alloc/src/boxed.rs:2468:9
[INFO] [stdout]   11:     0x6318a4a1c2f9 - test::test_main::{{closure}}::hcf7c055ce117aa81
[INFO] [stdout]                                at /rustc/df4ca44d3fbc9301ee17f30f4d474e6ae4b05252/library/test/src/lib.rs:133:21
[INFO] [stdout]   12:     0x6318a4fd42d8 - <alloc::boxed::Box<F,A> as core::ops::function::Fn<Args>>::call::h1d66c6bbd60c9692
[INFO] [stdout]                                at /rustc/df4ca44d3fbc9301ee17f30f4d474e6ae4b05252/library/alloc/src/boxed.rs:2468:9
[INFO] [stdout]   13:     0x6318a4fd42d8 - std::panicking::rust_panic_with_hook::h2ff17fe8f26dfcf8
[INFO] [stdout]                                at /rustc/df4ca44d3fbc9301ee17f30f4d474e6ae4b05252/library/std/src/panicking.rs:809:13
[INFO] [stdout]   14:     0x6318a4fd409a - std::panicking::begin_panic_handler::{{closure}}::h4fad77951c07e101
[INFO] [stdout]                                at /rustc/df4ca44d3fbc9301ee17f30f4d474e6ae4b05252/library/std/src/panicking.rs:674:13
[INFO] [stdout]   15:     0x6318a4fd2c29 - std::sys::backtrace::__rust_end_short_backtrace::hb1a25b3da5d0ea08
[INFO] [stdout]                                at /rustc/df4ca44d3fbc9301ee17f30f4d474e6ae4b05252/library/std/src/sys/backtrace.rs:170:18
[INFO] [stdout]   16:     0x6318a4fd3d2c - rust_begin_unwind
[INFO] [stdout]                                at /rustc/df4ca44d3fbc9301ee17f30f4d474e6ae4b05252/library/std/src/panicking.rs:665:5
[INFO] [stdout]   17:     0x6318a4ffba00 - core::panicking::panic_fmt::ha9db07b529f9b256
[INFO] [stdout]                                at /rustc/df4ca44d3fbc9301ee17f30f4d474e6ae4b05252/library/core/src/panicking.rs:75:14
[INFO] [stdout]   18:     0x6318a4ffbee6 - core::result::unwrap_failed::h5e8218e4d4338b8a
[INFO] [stdout]                                at /rustc/df4ca44d3fbc9301ee17f30f4d474e6ae4b05252/library/core/src/result.rs:1698:5
[INFO] [stdout]   19:     0x6318a4989eb3 - core::result::Result<T,E>::unwrap::h889d2efe59876ac2
[INFO] [stdout]                                at /rustc/df4ca44d3fbc9301ee17f30f4d474e6ae4b05252/library/core/src/result.rs:1103:23
[INFO] [stdout]   20:     0x6318a4989eb3 - gpto::config::tests::config_tests::hccb2d0e0cc239546
[INFO] [stdout]                                at /opt/rustwide/workdir/src/config.rs:215:30
[INFO] [stdout]   21:     0x6318a4989a27 - gpto::config::tests::config_tests::{{closure}}::hdf24e02f93f22c79
[INFO] [stdout]                                at /opt/rustwide/workdir/src/config.rs:199:22
[INFO] [stdout]   22:     0x6318a498c556 - core::ops::function::FnOnce::call_once::h11b15c94c30a93a6
[INFO] [stdout]                                at /rustc/df4ca44d3fbc9301ee17f30f4d474e6ae4b05252/library/core/src/ops/function.rs:250:5
[INFO] [stdout]   23:     0x6318a4a20bcb - core::ops::function::FnOnce::call_once::h22c3ba5715e93f05
[INFO] [stdout]                                at /rustc/df4ca44d3fbc9301ee17f30f4d474e6ae4b05252/library/core/src/ops/function.rs:250:5
[INFO] [stdout]   24:     0x6318a4a20bcb - test::__rust_begin_short_backtrace::h8e82d8113d0da17f
[INFO] [stdout]                                at /rustc/df4ca44d3fbc9301ee17f30f4d474e6ae4b05252/library/test/src/lib.rs:621:18
[INFO] [stdout]   25:     0x6318a4a20547 - test::run_test_in_process::{{closure}}::h33235f4f20b7b7c7
[INFO] [stdout]                                at /rustc/df4ca44d3fbc9301ee17f30f4d474e6ae4b05252/library/test/src/lib.rs:644:60
[INFO] [stdout]   26:     0x6318a4a20547 - <core::panic::unwind_safe::AssertUnwindSafe<F> as core::ops::function::FnOnce<()>>::call_once::hb5043206310c586f
[INFO] [stdout]                                at /rustc/df4ca44d3fbc9301ee17f30f4d474e6ae4b05252/library/core/src/panic/unwind_safe.rs:272:9
[INFO] [stdout]   27:     0x6318a4a20547 - std::panicking::try::do_call::h9ad4731a60ab23e2
[INFO] [stdout]                                at /rustc/df4ca44d3fbc9301ee17f30f4d474e6ae4b05252/library/std/src/panicking.rs:557:40
[INFO] [stdout]   28:     0x6318a4a20547 - std::panicking::try::h3824d23db772a716
[INFO] [stdout]                                at /rustc/df4ca44d3fbc9301ee17f30f4d474e6ae4b05252/library/std/src/panicking.rs:520:19
[INFO] [stdout]   29:     0x6318a4a20547 - std::panic::catch_unwind::h5afd514605fde46b
[INFO] [stdout]                                at /rustc/df4ca44d3fbc9301ee17f30f4d474e6ae4b05252/library/std/src/panic.rs:358:14
[INFO] [stdout]   30:     0x6318a4a20547 - test::run_test_in_process::h0d5cbfa7067d1720
[INFO] [stdout]                                at /rustc/df4ca44d3fbc9301ee17f30f4d474e6ae4b05252/library/test/src/lib.rs:644:27
[INFO] [stdout]   31:     0x6318a4a20547 - test::run_test::{{closure}}::h708eb8872708115d
[INFO] [stdout]                                at /rustc/df4ca44d3fbc9301ee17f30f4d474e6ae4b05252/library/test/src/lib.rs:565:43
[INFO] [stdout]   32:     0x6318a49e3c64 - test::run_test::{{closure}}::h392c51cee94713ab
[INFO] [stdout]                                at /rustc/df4ca44d3fbc9301ee17f30f4d474e6ae4b05252/library/test/src/lib.rs:595:41
[INFO] [stdout]   33:     0x6318a49e3c64 - std::sys::backtrace::__rust_begin_short_backtrace::h2f40290710935a8b
[INFO] [stdout]                                at /rustc/df4ca44d3fbc9301ee17f30f4d474e6ae4b05252/library/std/src/sys/backtrace.rs:154:18
[INFO] [stdout]   34:     0x6318a49e740e - std::thread::Builder::spawn_unchecked_::{{closure}}::{{closure}}::h3fd968d89053a903
[INFO] [stdout]                                at /rustc/df4ca44d3fbc9301ee17f30f4d474e6ae4b05252/library/std/src/thread/mod.rs:541:17
[INFO] [stdout]   35:     0x6318a49e740e - <core::panic::unwind_safe::AssertUnwindSafe<F> as core::ops::function::FnOnce<()>>::call_once::h743f637ba4229880
[INFO] [stdout]                                at /rustc/df4ca44d3fbc9301ee17f30f4d474e6ae4b05252/library/core/src/panic/unwind_safe.rs:272:9
[INFO] [stdout]   36:     0x6318a49e740e - std::panicking::try::do_call::h07440897322525a6
[INFO] [stdout]                                at /rustc/df4ca44d3fbc9301ee17f30f4d474e6ae4b05252/library/std/src/panicking.rs:557:40
[INFO] [stdout]   37:     0x6318a49e740e - std::panicking::try::he5a2e00188156637
[INFO] [stdout]                                at /rustc/df4ca44d3fbc9301ee17f30f4d474e6ae4b05252/library/std/src/panicking.rs:520:19
[INFO] [stdout]   38:     0x6318a49e740e - std::panic::catch_unwind::hbaf3cae49b3c6433
[INFO] [stdout]                                at /rustc/df4ca44d3fbc9301ee17f30f4d474e6ae4b05252/library/std/src/panic.rs:358:14
[INFO] [stdout]   39:     0x6318a49e740e - std::thread::Builder::spawn_unchecked_::{{closure}}::h8e141ea224820bce
[INFO] [stdout]                                at /rustc/df4ca44d3fbc9301ee17f30f4d474e6ae4b05252/library/std/src/thread/mod.rs:540:30
[INFO] [stdout]   40:     0x6318a49e740e - core::ops::function::FnOnce::call_once{{vtable.shim}}::h90d312fedd7b8ea8
[INFO] [stdout]                                at /rustc/df4ca44d3fbc9301ee17f30f4d474e6ae4b05252/library/core/src/ops/function.rs:250:5
[INFO] [stdout]   41:     0x6318a4fd85eb - <alloc::boxed::Box<F,A> as core::ops::function::FnOnce<Args>>::call_once::h69aa08ddb6adb8b6
[INFO] [stdout]                                at /rustc/df4ca44d3fbc9301ee17f30f4d474e6ae4b05252/library/alloc/src/boxed.rs:2454:9
[INFO] [stdout]   42:     0x6318a4fd85eb - <alloc::boxed::Box<F,A> as core::ops::function::FnOnce<Args>>::call_once::h5aa36efdb79c806f
[INFO] [stdout]                                at /rustc/df4ca44d3fbc9301ee17f30f4d474e6ae4b05252/library/alloc/src/boxed.rs:2454:9
[INFO] [stdout]   43:     0x6318a4fd85eb - std::sys::pal::unix::thread::Thread::new::thread_start::h6cd80a1b4be5158d
[INFO] [stdout]                                at /rustc/df4ca44d3fbc9301ee17f30f4d474e6ae4b05252/library/std/src/sys/pal/unix/thread.rs:105:17
[INFO] [stdout]   44:     0x7ce9cb123ac3 - <unknown>
[INFO] [stdout]   45:     0x7ce9cb1b4a04 - clone
[INFO] [stdout]   46:                0x0 - <unknown>
[INFO] [stdout] 
[INFO] [stdout] 
[INFO] [stdout] failures:
[INFO] [stdout]     config::tests::config_tests
[INFO] [stdout] 
[INFO] [stdout] test result: FAILED. 3 passed; 1 failed; 0 ignored; 0 measured; 0 filtered out; finished in 0.03s
[INFO] [stdout] 
[INFO] [stderr] error: test failed, to rerun pass `--bin gpto`
[INFO] running `Command { std: "docker" "inspect" "a76666cdbd6473bb201b632db0144457254be3e8b2284d3fde88fd8179c69f24", kill_on_drop: false }`
[INFO] running `Command { std: "docker" "rm" "-f" "a76666cdbd6473bb201b632db0144457254be3e8b2284d3fde88fd8179c69f24", kill_on_drop: false }`
[INFO] [stdout] a76666cdbd6473bb201b632db0144457254be3e8b2284d3fde88fd8179c69f24
