[INFO] fetching crate gorse_rs 0.4.1...
[INFO] testing gorse_rs-0.4.1 against nightly-2024-10-28 for randomize-layout
[INFO] extracting crate gorse_rs 0.4.1 into /workspace/builds/worker-2-tc1/source
[INFO] validating manifest of crates.io crate gorse_rs 0.4.1 on toolchain nightly-2024-10-28
[INFO] running `Command { std: CARGO_HOME="/workspace/cargo-home" RUSTUP_HOME="/workspace/rustup-home" "/workspace/cargo-home/bin/cargo" "+nightly-2024-10-28" "metadata" "--manifest-path" "Cargo.toml" "--no-deps", kill_on_drop: false }`
[INFO] started tweaking crates.io crate gorse_rs 0.4.1
[INFO] finished tweaking crates.io crate gorse_rs 0.4.1
[INFO] tweaked toml for crates.io crate gorse_rs 0.4.1 written to /workspace/builds/worker-2-tc1/source/Cargo.toml
[INFO] running `Command { std: CARGO_HOME="/workspace/cargo-home" RUSTUP_HOME="/workspace/rustup-home" "/workspace/cargo-home/bin/cargo" "+nightly-2024-10-28" "generate-lockfile" "--manifest-path" "Cargo.toml", kill_on_drop: false }`
[INFO] [stderr]     Updating crates.io index
[INFO] [stderr]      Locking 137 packages to latest compatible versions
[INFO] [stderr]       Adding redis v0.22.3 (available: v0.27.5)
[INFO] [stderr]       Adding reqwest v0.11.27 (available: v0.12.9)
[INFO] running `Command { std: CARGO_HOME="/workspace/cargo-home" RUSTUP_HOME="/workspace/rustup-home" "/workspace/cargo-home/bin/cargo" "+nightly-2024-10-28" "fetch" "--manifest-path" "Cargo.toml", kill_on_drop: false }`
[INFO] [stderr]  Downloading crates ...
[INFO] [stderr]   Downloaded redis v0.22.3
[INFO] running `Command { std: "docker" "create" "-v" "/var/lib/crater-agent-workspace/builds/worker-2-tc1/target:/opt/rustwide/target:rw,Z" "-v" "/var/lib/crater-agent-workspace/builds/worker-2-tc1/source:/opt/rustwide/workdir:ro,Z" "-v" "/var/lib/crater-agent-workspace/cargo-home:/opt/rustwide/cargo-home:ro,Z" "-v" "/var/lib/crater-agent-workspace/rustup-home:/opt/rustwide/rustup-home:ro,Z" "-e" "SOURCE_DIR=/opt/rustwide/workdir" "-e" "CARGO_TARGET_DIR=/opt/rustwide/target" "-e" "CARGO_HOME=/opt/rustwide/cargo-home" "-e" "RUSTUP_HOME=/opt/rustwide/rustup-home" "-w" "/opt/rustwide/workdir" "-m" "1610612736" "--user" "0:0" "--network" "none" "ghcr.io/rust-lang/crates-build-env/linux@sha256:4a844ea9eb2546a2d2c7022eacef16ef2e8229c7fbb2c7d4d55a9ceca922f72d" "/opt/rustwide/cargo-home/bin/cargo" "+nightly-2024-10-28" "metadata" "--no-deps" "--format-version=1", kill_on_drop: false }`
[INFO] [stdout] 449b28559c9816a229df9890fc3bbb33c8ae9c553476a46dcc2105f22db9b005
[INFO] running `Command { std: "docker" "start" "-a" "449b28559c9816a229df9890fc3bbb33c8ae9c553476a46dcc2105f22db9b005", kill_on_drop: false }`
[INFO] running `Command { std: "docker" "inspect" "449b28559c9816a229df9890fc3bbb33c8ae9c553476a46dcc2105f22db9b005", kill_on_drop: false }`
[INFO] running `Command { std: "docker" "rm" "-f" "449b28559c9816a229df9890fc3bbb33c8ae9c553476a46dcc2105f22db9b005", kill_on_drop: false }`
[INFO] [stdout] 449b28559c9816a229df9890fc3bbb33c8ae9c553476a46dcc2105f22db9b005
[INFO] running `Command { std: "docker" "create" "-v" "/var/lib/crater-agent-workspace/builds/worker-2-tc1/target:/opt/rustwide/target:rw,Z" "-v" "/var/lib/crater-agent-workspace/builds/worker-2-tc1/source:/opt/rustwide/workdir:ro,Z" "-v" "/var/lib/crater-agent-workspace/cargo-home:/opt/rustwide/cargo-home:ro,Z" "-v" "/var/lib/crater-agent-workspace/rustup-home:/opt/rustwide/rustup-home:ro,Z" "-e" "SOURCE_DIR=/opt/rustwide/workdir" "-e" "CARGO_TARGET_DIR=/opt/rustwide/target" "-e" "CARGO_INCREMENTAL=0" "-e" "RUST_BACKTRACE=full" "-e" "RUSTFLAGS=--cap-lints=forbid" "-e" "RUSTDOCFLAGS=--cap-lints=forbid" "-e" "CARGO_HOME=/opt/rustwide/cargo-home" "-e" "RUSTUP_HOME=/opt/rustwide/rustup-home" "-w" "/opt/rustwide/workdir" "-m" "1610612736" "--user" "0:0" "--network" "none" "ghcr.io/rust-lang/crates-build-env/linux@sha256:4a844ea9eb2546a2d2c7022eacef16ef2e8229c7fbb2c7d4d55a9ceca922f72d" "/opt/rustwide/cargo-home/bin/cargo" "+nightly-2024-10-28" "build" "--frozen" "--message-format=json", kill_on_drop: false }`
[INFO] [stdout] 95548da5e4126e29f88f7d7d9aae627a87a373ebb482bd4afdf0f34c107bff58
[INFO] running `Command { std: "docker" "start" "-a" "95548da5e4126e29f88f7d7d9aae627a87a373ebb482bd4afdf0f34c107bff58", kill_on_drop: false }`
[INFO] [stderr]    Compiling vcpkg v0.2.15
[INFO] [stderr]    Compiling pkg-config v0.3.31
[INFO] [stderr]    Compiling openssl v0.10.68
[INFO] [stderr]    Compiling foreign-types-shared v0.1.1
[INFO] [stderr]    Compiling http v0.2.12
[INFO] [stderr]    Compiling native-tls v0.2.12
[INFO] [stderr]    Compiling bitflags v2.6.0
[INFO] [stderr]    Compiling serde v1.0.214
[INFO] [stderr]    Compiling tokio v1.41.0
[INFO] [stderr]    Compiling syn v2.0.86
[INFO] [stderr]    Compiling futures-util v0.3.31
[INFO] [stderr]    Compiling futures-channel v0.3.31
[INFO] [stderr]    Compiling base64 v0.21.7
[INFO] [stderr]    Compiling encoding_rs v0.8.35
[INFO] [stderr]    Compiling sync_wrapper v0.1.2
[INFO] [stderr]    Compiling ipnet v2.10.1
[INFO] [stderr]    Compiling foreign-types v0.3.2
[INFO] [stderr]    Compiling rustls-pemfile v1.0.4
[INFO] [stderr]    Compiling openssl-sys v0.9.104
[INFO] [stderr]    Compiling http-body v0.4.6
[INFO] [stderr]    Compiling openssl-macros v0.1.1
[INFO] [stderr]    Compiling serde_derive v1.0.214
[INFO] [stderr]    Compiling tokio-util v0.7.12
[INFO] [stderr]    Compiling h2 v0.3.26
[INFO] [stderr]    Compiling tokio-native-tls v0.3.1
[INFO] [stderr]    Compiling hyper v0.14.31
[INFO] [stderr]    Compiling serde_urlencoded v0.7.1
[INFO] [stderr]    Compiling serde_json v1.0.132
[INFO] [stderr]    Compiling hyper-tls v0.5.0
[INFO] [stderr]    Compiling reqwest v0.11.27
[INFO] [stderr]    Compiling gorse_rs v0.4.1 (/opt/rustwide/workdir)
[INFO] [stderr]     Finished `dev` profile [unoptimized + debuginfo] target(s) in 10.92s
[INFO] running `Command { std: "docker" "inspect" "95548da5e4126e29f88f7d7d9aae627a87a373ebb482bd4afdf0f34c107bff58", kill_on_drop: false }`
[INFO] running `Command { std: "docker" "rm" "-f" "95548da5e4126e29f88f7d7d9aae627a87a373ebb482bd4afdf0f34c107bff58", kill_on_drop: false }`
[INFO] [stdout] 95548da5e4126e29f88f7d7d9aae627a87a373ebb482bd4afdf0f34c107bff58
[INFO] running `Command { std: "docker" "create" "-v" "/var/lib/crater-agent-workspace/builds/worker-2-tc1/target:/opt/rustwide/target:rw,Z" "-v" "/var/lib/crater-agent-workspace/builds/worker-2-tc1/source:/opt/rustwide/workdir:ro,Z" "-v" "/var/lib/crater-agent-workspace/cargo-home:/opt/rustwide/cargo-home:ro,Z" "-v" "/var/lib/crater-agent-workspace/rustup-home:/opt/rustwide/rustup-home:ro,Z" "-e" "SOURCE_DIR=/opt/rustwide/workdir" "-e" "CARGO_TARGET_DIR=/opt/rustwide/target" "-e" "CARGO_INCREMENTAL=0" "-e" "RUST_BACKTRACE=full" "-e" "RUSTFLAGS=--cap-lints=forbid" "-e" "RUSTDOCFLAGS=--cap-lints=forbid" "-e" "CARGO_HOME=/opt/rustwide/cargo-home" "-e" "RUSTUP_HOME=/opt/rustwide/rustup-home" "-w" "/opt/rustwide/workdir" "-m" "1610612736" "--user" "0:0" "--network" "none" "ghcr.io/rust-lang/crates-build-env/linux@sha256:4a844ea9eb2546a2d2c7022eacef16ef2e8229c7fbb2c7d4d55a9ceca922f72d" "/opt/rustwide/cargo-home/bin/cargo" "+nightly-2024-10-28" "test" "--frozen" "--no-run" "--message-format=json", kill_on_drop: false }`
[INFO] [stdout] ad5fdda5b560f435147ea4f36ae69f18f217d41dc9613bf6096b1038f1b4f438
[INFO] running `Command { std: "docker" "start" "-a" "ad5fdda5b560f435147ea4f36ae69f18f217d41dc9613bf6096b1038f1b4f438", kill_on_drop: false }`
[INFO] [stderr]    Compiling tokio-macros v2.4.0
[INFO] [stderr]    Compiling combine v4.6.7
[INFO] [stderr]    Compiling sha1_smol v1.0.1
[INFO] [stderr]    Compiling chrono v0.4.38
[INFO] [stderr]    Compiling tokio v1.41.0
[INFO] [stderr]    Compiling tokio-util v0.7.12
[INFO] [stderr]    Compiling tokio-native-tls v0.3.1
[INFO] [stderr]    Compiling redis v0.22.3
[INFO] [stderr]    Compiling h2 v0.3.26
[INFO] [stderr]    Compiling hyper v0.14.31
[INFO] [stderr]    Compiling hyper-tls v0.5.0
[INFO] [stderr]    Compiling reqwest v0.11.27
[INFO] [stderr]    Compiling gorse_rs v0.4.1 (/opt/rustwide/workdir)
[INFO] [stdout] warning: this function depends on never type fallback being `()`
[INFO] [stdout]    --> src/lib.rs:229:11
[INFO] [stdout]     |
[INFO] [stdout] 229 |     async fn test_neighbors() -> Result<()> {
[INFO] [stdout]     |           ^^^^^^^^^^^^^^^^^^^^^^^^^^^^^^^^^
[INFO] [stdout]     |
[INFO] [stdout]     = warning: this was previously accepted by the compiler but is being phased out; it will become a hard error in a future release!
[INFO] [stdout]     = note: for more information, see issue #123748 <https://github.com/rust-lang/rust/issues/123748>
[INFO] [stdout]     = help: specify the types explicitly
[INFO] [stdout] note: in edition 2024, the requirement `!: FromRedisValue` will fail
[INFO] [stdout]    --> src/lib.rs:232:20
[INFO] [stdout]     |
[INFO] [stdout] 232 |         connection.zadd_multiple("item_neighbors/10", &[(1, 10), (2, 20), (3, 30)])?;
[INFO] [stdout]     |                    ^^^^^^^^^^^^^
[INFO] [stdout]     = note: `#[warn(dependency_on_unit_never_type_fallback)]` on by default
[INFO] [stdout] 
[INFO] [stdout] 
[INFO] [stdout] warning: this function depends on never type fallback being `()`
[INFO] [stdout]    --> src/lib.rs:244:11
[INFO] [stdout]     |
[INFO] [stdout] 244 |     async fn test_recommend() -> Result<()> {
[INFO] [stdout]     |           ^^^^^^^^^^^^^^^^^^^^^^^^^^^^^^^^^
[INFO] [stdout]     |
[INFO] [stdout]     = warning: this was previously accepted by the compiler but is being phased out; it will become a hard error in a future release!
[INFO] [stdout]     = note: for more information, see issue #123748 <https://github.com/rust-lang/rust/issues/123748>
[INFO] [stdout]     = help: specify the types explicitly
[INFO] [stdout] note: in edition 2024, the requirement `!: FromRedisValue` will fail
[INFO] [stdout]    --> src/lib.rs:247:20
[INFO] [stdout]     |
[INFO] [stdout] 247 |         connection.zadd_multiple("offline_recommend/10", &[(1, 10), (2, 20), (3, 30)])?;
[INFO] [stdout]     |                    ^^^^^^^^^^^^^
[INFO] [stdout] 
[INFO] [stdout] 
[INFO] [stdout] warning: this function depends on never type fallback being `()`
[INFO] [stdout]    --> src/lib.rs:400:9
[INFO] [stdout]     |
[INFO] [stdout] 400 |         fn test_neighbors() -> Result<()> {
[INFO] [stdout]     |         ^^^^^^^^^^^^^^^^^^^^^^^^^^^^^^^^^
[INFO] [stdout]     |
[INFO] [stdout]     = warning: this was previously accepted by the compiler but is being phased out; it will become a hard error in a future release!
[INFO] [stdout]     = note: for more information, see issue #123748 <https://github.com/rust-lang/rust/issues/123748>
[INFO] [stdout]     = help: specify the types explicitly
[INFO] [stdout] note: in edition 2024, the requirement `!: FromRedisValue` will fail
[INFO] [stdout]    --> src/lib.rs:403:24
[INFO] [stdout]     |
[INFO] [stdout] 403 |             connection.zadd_multiple("item_neighbors/1000", &[(1, 1000), (2, 2000), (3, 3000)])?;
[INFO] [stdout]     |                        ^^^^^^^^^^^^^
[INFO] [stdout] 
[INFO] [stdout] 
[INFO] [stdout] warning: this function depends on never type fallback being `()`
[INFO] [stdout]    --> src/lib.rs:415:9
[INFO] [stdout]     |
[INFO] [stdout] 415 |         fn test_recommend() -> Result<()> {
[INFO] [stdout]     |         ^^^^^^^^^^^^^^^^^^^^^^^^^^^^^^^^^
[INFO] [stdout]     |
[INFO] [stdout]     = warning: this was previously accepted by the compiler but is being phased out; it will become a hard error in a future release!
[INFO] [stdout]     = note: for more information, see issue #123748 <https://github.com/rust-lang/rust/issues/123748>
[INFO] [stdout]     = help: specify the types explicitly
[INFO] [stdout] note: in edition 2024, the requirement `!: FromRedisValue` will fail
[INFO] [stdout]    --> src/lib.rs:418:24
[INFO] [stdout]     |
[INFO] [stdout] 418 |             connection.zadd_multiple("offline_recommend/1000", &[(1, 1000), (2, 2000), (3, 3000)])?;
[INFO] [stdout]     |                        ^^^^^^^^^^^^^
[INFO] [stdout] 
[INFO] [stdout] 
[INFO] [stderr]     Finished `test` profile [unoptimized + debuginfo] target(s) in 14.90s
[INFO] running `Command { std: "docker" "inspect" "ad5fdda5b560f435147ea4f36ae69f18f217d41dc9613bf6096b1038f1b4f438", kill_on_drop: false }`
[INFO] running `Command { std: "docker" "rm" "-f" "ad5fdda5b560f435147ea4f36ae69f18f217d41dc9613bf6096b1038f1b4f438", kill_on_drop: false }`
[INFO] [stdout] ad5fdda5b560f435147ea4f36ae69f18f217d41dc9613bf6096b1038f1b4f438
[INFO] running `Command { std: "docker" "create" "-v" "/var/lib/crater-agent-workspace/builds/worker-2-tc1/target:/opt/rustwide/target:rw,Z" "-v" "/var/lib/crater-agent-workspace/builds/worker-2-tc1/source:/opt/rustwide/workdir:ro,Z" "-v" "/var/lib/crater-agent-workspace/cargo-home:/opt/rustwide/cargo-home:ro,Z" "-v" "/var/lib/crater-agent-workspace/rustup-home:/opt/rustwide/rustup-home:ro,Z" "-e" "SOURCE_DIR=/opt/rustwide/workdir" "-e" "CARGO_TARGET_DIR=/opt/rustwide/target" "-e" "CARGO_INCREMENTAL=0" "-e" "RUST_BACKTRACE=full" "-e" "RUSTFLAGS=--cap-lints=forbid" "-e" "RUSTDOCFLAGS=--cap-lints=forbid" "-e" "CARGO_HOME=/opt/rustwide/cargo-home" "-e" "RUSTUP_HOME=/opt/rustwide/rustup-home" "-w" "/opt/rustwide/workdir" "-m" "1610612736" "--user" "0:0" "--network" "none" "ghcr.io/rust-lang/crates-build-env/linux@sha256:4a844ea9eb2546a2d2c7022eacef16ef2e8229c7fbb2c7d4d55a9ceca922f72d" "/opt/rustwide/cargo-home/bin/cargo" "+nightly-2024-10-28" "test" "--frozen", kill_on_drop: false }`
[INFO] [stdout] dee79c391ae0843d924d8f061441ed23679dacbb80b964deb0415db42d3927e2
[INFO] running `Command { std: "docker" "start" "-a" "dee79c391ae0843d924d8f061441ed23679dacbb80b964deb0415db42d3927e2", kill_on_drop: false }`
[INFO] [stderr] warning: this function depends on never type fallback being `()`
[INFO] [stderr]    --> src/lib.rs:229:11
[INFO] [stderr]     |
[INFO] [stderr] 229 |     async fn test_neighbors() -> Result<()> {
[INFO] [stderr]     |           ^^^^^^^^^^^^^^^^^^^^^^^^^^^^^^^^^
[INFO] [stderr]     |
[INFO] [stderr]     = warning: this was previously accepted by the compiler but is being phased out; it will become a hard error in a future release!
[INFO] [stderr]     = note: for more information, see issue #123748 <https://github.com/rust-lang/rust/issues/123748>
[INFO] [stderr]     = help: specify the types explicitly
[INFO] [stderr] note: in edition 2024, the requirement `!: FromRedisValue` will fail
[INFO] [stderr]    --> src/lib.rs:232:20
[INFO] [stderr]     |
[INFO] [stderr] 232 |         connection.zadd_multiple("item_neighbors/10", &[(1, 10), (2, 20), (3, 30)])?;
[INFO] [stderr]     |                    ^^^^^^^^^^^^^
[INFO] [stderr]     = note: `#[warn(dependency_on_unit_never_type_fallback)]` on by default
[INFO] [stderr] 
[INFO] [stderr] warning: this function depends on never type fallback being `()`
[INFO] [stderr]    --> src/lib.rs:244:11
[INFO] [stderr]     |
[INFO] [stderr] 244 |     async fn test_recommend() -> Result<()> {
[INFO] [stderr]     |           ^^^^^^^^^^^^^^^^^^^^^^^^^^^^^^^^^
[INFO] [stderr]     |
[INFO] [stderr]     = warning: this was previously accepted by the compiler but is being phased out; it will become a hard error in a future release!
[INFO] [stderr]     = note: for more information, see issue #123748 <https://github.com/rust-lang/rust/issues/123748>
[INFO] [stderr]     = help: specify the types explicitly
[INFO] [stderr] note: in edition 2024, the requirement `!: FromRedisValue` will fail
[INFO] [stderr]    --> src/lib.rs:247:20
[INFO] [stderr]     |
[INFO] [stderr] 247 |         connection.zadd_multiple("offline_recommend/10", &[(1, 10), (2, 20), (3, 30)])?;
[INFO] [stderr]     |                    ^^^^^^^^^^^^^
[INFO] [stderr] 
[INFO] [stderr] warning: this function depends on never type fallback being `()`
[INFO] [stderr]    --> src/lib.rs:400:9
[INFO] [stderr]     |
[INFO] [stderr] 400 |         fn test_neighbors() -> Result<()> {
[INFO] [stderr]     |         ^^^^^^^^^^^^^^^^^^^^^^^^^^^^^^^^^
[INFO] [stderr]     |
[INFO] [stderr]     = warning: this was previously accepted by the compiler but is being phased out; it will become a hard error in a future release!
[INFO] [stderr]     = note: for more information, see issue #123748 <https://github.com/rust-lang/rust/issues/123748>
[INFO] [stderr]     = help: specify the types explicitly
[INFO] [stderr] note: in edition 2024, the requirement `!: FromRedisValue` will fail
[INFO] [stderr]    --> src/lib.rs:403:24
[INFO] [stderr]     |
[INFO] [stderr] 403 |             connection.zadd_multiple("item_neighbors/1000", &[(1, 1000), (2, 2000), (3, 3000)])?;
[INFO] [stderr]     |                        ^^^^^^^^^^^^^
[INFO] [stderr] 
[INFO] [stderr] warning: this function depends on never type fallback being `()`
[INFO] [stderr]    --> src/lib.rs:415:9
[INFO] [stderr]     |
[INFO] [stderr] 415 |         fn test_recommend() -> Result<()> {
[INFO] [stderr]     |         ^^^^^^^^^^^^^^^^^^^^^^^^^^^^^^^^^
[INFO] [stderr]     |
[INFO] [stderr]     = warning: this was previously accepted by the compiler but is being phased out; it will become a hard error in a future release!
[INFO] [stderr]     = note: for more information, see issue #123748 <https://github.com/rust-lang/rust/issues/123748>
[INFO] [stderr]     = help: specify the types explicitly
[INFO] [stderr] note: in edition 2024, the requirement `!: FromRedisValue` will fail
[INFO] [stderr]    --> src/lib.rs:418:24
[INFO] [stderr]     |
[INFO] [stderr] 418 |             connection.zadd_multiple("offline_recommend/1000", &[(1, 1000), (2, 2000), (3, 3000)])?;
[INFO] [stderr]     |                        ^^^^^^^^^^^^^
[INFO] [stderr] 
[INFO] [stderr] warning: `gorse_rs` (lib test) generated 4 warnings
[INFO] [stderr]     Finished `test` profile [unoptimized + debuginfo] target(s) in 0.15s
[INFO] [stderr]      Running unittests src/lib.rs (/opt/rustwide/target/debug/deps/gorse_rs-9c789006c6990481)
[INFO] [stdout] 
[INFO] [stdout] running 10 tests
[INFO] [stdout] test tests::test_neighbors ... FAILED
[INFO] [stdout] test tests::test_recommend ... FAILED
[INFO] [stdout] test blocking::tests::test_neighbors ... FAILED
[INFO] [stdout] test blocking::tests::test_recommend ... FAILED
[INFO] [stdout] test tests::test_feedback ... FAILED
[INFO] [stdout] test blocking::tests::test_feedback ... FAILED
[INFO] [stdout] test blocking::tests::test_users ... FAILED
[INFO] [stdout] test tests::test_users ... FAILED
[INFO] [stdout] test blocking::tests::test_items ... FAILED
[INFO] [stdout] test tests::test_items ... FAILED
[INFO] [stdout] 
[INFO] [stdout] failures:
[INFO] [stdout] 
[INFO] [stdout] ---- tests::test_neighbors stdout ----
[INFO] [stdout] Error: Connection refused (os error 111)
[INFO] [stdout] 
[INFO] [stdout] ---- tests::test_recommend stdout ----
[INFO] [stdout] Error: Connection refused (os error 111)
[INFO] [stdout] 
[INFO] [stdout] ---- blocking::tests::test_neighbors stdout ----
[INFO] [stdout] Error: Connection refused (os error 111)
[INFO] [stdout] 
[INFO] [stdout] ---- blocking::tests::test_recommend stdout ----
[INFO] [stdout] Error: Connection refused (os error 111)
[INFO] [stdout] 
[INFO] [stdout] ---- tests::test_feedback stdout ----
[INFO] [stdout] Error: reqwest::Error { kind: Request, url: Url { scheme: "http", cannot_be_a_base: false, username: "", password: None, host: Some(Ipv4(127.0.0.1)), port: Some(8088), path: "/api/feedback", query: None, fragment: None }, source: hyper::Error(Connect, ConnectError("tcp connect error", Os { code: 111, kind: ConnectionRefused, message: "Connection refused" })) }
[INFO] [stdout] 
[INFO] [stdout] ---- blocking::tests::test_feedback stdout ----
[INFO] [stdout] Error: reqwest::Error { kind: Request, url: Url { scheme: "http", cannot_be_a_base: false, username: "", password: None, host: Some(Ipv4(127.0.0.1)), port: Some(8088), path: "/api/feedback", query: None, fragment: None }, source: hyper::Error(Connect, ConnectError("tcp connect error", Os { code: 111, kind: ConnectionRefused, message: "Connection refused" })) }
[INFO] [stdout] 
[INFO] [stdout] ---- blocking::tests::test_users stdout ----
[INFO] [stdout] Error: reqwest::Error { kind: Request, url: Url { scheme: "http", cannot_be_a_base: false, username: "", password: None, host: Some(Ipv4(127.0.0.1)), port: Some(8088), path: "/api/user", query: None, fragment: None }, source: hyper::Error(Connect, ConnectError("tcp connect error", Os { code: 111, kind: ConnectionRefused, message: "Connection refused" })) }
[INFO] [stdout] 
[INFO] [stdout] ---- tests::test_users stdout ----
[INFO] [stdout] Error: reqwest::Error { kind: Request, url: Url { scheme: "http", cannot_be_a_base: false, username: "", password: None, host: Some(Ipv4(127.0.0.1)), port: Some(8088), path: "/api/user", query: None, fragment: None }, source: hyper::Error(Connect, ConnectError("tcp connect error", Os { code: 111, kind: ConnectionRefused, message: "Connection refused" })) }
[INFO] [stdout] 
[INFO] [stdout] ---- blocking::tests::test_items stdout ----
[INFO] [stdout] Error: reqwest::Error { kind: Request, url: Url { scheme: "http", cannot_be_a_base: false, username: "", password: None, host: Some(Ipv4(127.0.0.1)), port: Some(8088), path: "/api/item", query: None, fragment: None }, source: hyper::Error(Connect, ConnectError("tcp connect error", Os { code: 111, kind: ConnectionRefused, message: "Connection refused" })) }
[INFO] [stdout] 
[INFO] [stdout] ---- tests::test_items stdout ----
[INFO] [stdout] Error: reqwest::Error { kind: Request, url: Url { scheme: "http", cannot_be_a_base: false, username: "", password: None, host: Some(Ipv4(127.0.0.1)), port: Some(8088), path: "/api/item", query: None, fragment: None }, source: hyper::Error(Connect, ConnectError("tcp connect error", Os { code: 111, kind: ConnectionRefused, message: "Connection refused" })) }
[INFO] [stdout] 
[INFO] [stdout] 
[INFO] [stdout] failures:
[INFO] [stdout]     blocking::tests::test_feedback
[INFO] [stdout]     blocking::tests::test_items
[INFO] [stdout]     blocking::tests::test_neighbors
[INFO] [stdout]     blocking::tests::test_recommend
[INFO] [stdout]     blocking::tests::test_users
[INFO] [stdout]     tests::test_feedback
[INFO] [stdout]     tests::test_items
[INFO] [stdout]     tests::test_neighbors
[INFO] [stdout]     tests::test_recommend
[INFO] [stdout]     tests::test_users
[INFO] [stdout] 
[INFO] [stdout] test result: FAILED. 0 passed; 10 failed; 0 ignored; 0 measured; 0 filtered out; finished in 0.26s
[INFO] [stdout] 
[INFO] [stderr] error: test failed, to rerun pass `--lib`
[INFO] running `Command { std: "docker" "inspect" "dee79c391ae0843d924d8f061441ed23679dacbb80b964deb0415db42d3927e2", kill_on_drop: false }`
[INFO] running `Command { std: "docker" "rm" "-f" "dee79c391ae0843d924d8f061441ed23679dacbb80b964deb0415db42d3927e2", kill_on_drop: false }`
[INFO] [stdout] dee79c391ae0843d924d8f061441ed23679dacbb80b964deb0415db42d3927e2
