[INFO] fetching crate goran-test 0.1.0...
[INFO] testing goran-test-0.1.0 against nightly-2024-10-28 for randomize-layout
[INFO] extracting crate goran-test 0.1.0 into /workspace/builds/worker-7-tc1/source
[INFO] validating manifest of crates.io crate goran-test 0.1.0 on toolchain nightly-2024-10-28
[INFO] running `Command { std: CARGO_HOME="/workspace/cargo-home" RUSTUP_HOME="/workspace/rustup-home" "/workspace/cargo-home/bin/cargo" "+nightly-2024-10-28" "metadata" "--manifest-path" "Cargo.toml" "--no-deps", kill_on_drop: false }`
[INFO] started tweaking crates.io crate goran-test 0.1.0
[INFO] finished tweaking crates.io crate goran-test 0.1.0
[INFO] tweaked toml for crates.io crate goran-test 0.1.0 written to /workspace/builds/worker-7-tc1/source/Cargo.toml
[INFO] running `Command { std: CARGO_HOME="/workspace/cargo-home" RUSTUP_HOME="/workspace/rustup-home" "/workspace/cargo-home/bin/cargo" "+nightly-2024-10-28" "generate-lockfile" "--manifest-path" "Cargo.toml", kill_on_drop: false }`
[INFO] running `Command { std: CARGO_HOME="/workspace/cargo-home" RUSTUP_HOME="/workspace/rustup-home" "/workspace/cargo-home/bin/cargo" "+nightly-2024-10-28" "fetch" "--manifest-path" "Cargo.toml", kill_on_drop: false }`
[INFO] running `Command { std: "docker" "create" "-v" "/var/lib/crater-agent-workspace/builds/worker-7-tc1/target:/opt/rustwide/target:rw,Z" "-v" "/var/lib/crater-agent-workspace/builds/worker-7-tc1/source:/opt/rustwide/workdir:ro,Z" "-v" "/var/lib/crater-agent-workspace/cargo-home:/opt/rustwide/cargo-home:ro,Z" "-v" "/var/lib/crater-agent-workspace/rustup-home:/opt/rustwide/rustup-home:ro,Z" "-e" "SOURCE_DIR=/opt/rustwide/workdir" "-e" "CARGO_TARGET_DIR=/opt/rustwide/target" "-e" "CARGO_HOME=/opt/rustwide/cargo-home" "-e" "RUSTUP_HOME=/opt/rustwide/rustup-home" "-w" "/opt/rustwide/workdir" "-m" "1610612736" "--user" "0:0" "--network" "none" "ghcr.io/rust-lang/crates-build-env/linux@sha256:4a844ea9eb2546a2d2c7022eacef16ef2e8229c7fbb2c7d4d55a9ceca922f72d" "/opt/rustwide/cargo-home/bin/cargo" "+nightly-2024-10-28" "metadata" "--no-deps" "--format-version=1", kill_on_drop: false }`
[INFO] [stdout] 17de177f7ce421a4b6d291fc245f7b7c661e3cef12bec344b1d439f5878cb0a1
[INFO] running `Command { std: "docker" "start" "-a" "17de177f7ce421a4b6d291fc245f7b7c661e3cef12bec344b1d439f5878cb0a1", kill_on_drop: false }`
[INFO] running `Command { std: "docker" "inspect" "17de177f7ce421a4b6d291fc245f7b7c661e3cef12bec344b1d439f5878cb0a1", kill_on_drop: false }`
[INFO] running `Command { std: "docker" "rm" "-f" "17de177f7ce421a4b6d291fc245f7b7c661e3cef12bec344b1d439f5878cb0a1", kill_on_drop: false }`
[INFO] [stdout] 17de177f7ce421a4b6d291fc245f7b7c661e3cef12bec344b1d439f5878cb0a1
[INFO] running `Command { std: "docker" "create" "-v" "/var/lib/crater-agent-workspace/builds/worker-7-tc1/target:/opt/rustwide/target:rw,Z" "-v" "/var/lib/crater-agent-workspace/builds/worker-7-tc1/source:/opt/rustwide/workdir:ro,Z" "-v" "/var/lib/crater-agent-workspace/cargo-home:/opt/rustwide/cargo-home:ro,Z" "-v" "/var/lib/crater-agent-workspace/rustup-home:/opt/rustwide/rustup-home:ro,Z" "-e" "SOURCE_DIR=/opt/rustwide/workdir" "-e" "CARGO_TARGET_DIR=/opt/rustwide/target" "-e" "CARGO_INCREMENTAL=0" "-e" "RUST_BACKTRACE=full" "-e" "RUSTFLAGS=--cap-lints=forbid" "-e" "RUSTDOCFLAGS=--cap-lints=forbid" "-e" "CARGO_HOME=/opt/rustwide/cargo-home" "-e" "RUSTUP_HOME=/opt/rustwide/rustup-home" "-w" "/opt/rustwide/workdir" "-m" "1610612736" "--user" "0:0" "--network" "none" "ghcr.io/rust-lang/crates-build-env/linux@sha256:4a844ea9eb2546a2d2c7022eacef16ef2e8229c7fbb2c7d4d55a9ceca922f72d" "/opt/rustwide/cargo-home/bin/cargo" "+nightly-2024-10-28" "build" "--frozen" "--message-format=json", kill_on_drop: false }`
[INFO] [stdout] 79c2099999b47d61f5c3a465fd1f5e52ed562cd6b71489434a3f6dbd2c0a6232
[INFO] running `Command { std: "docker" "start" "-a" "79c2099999b47d61f5c3a465fd1f5e52ed562cd6b71489434a3f6dbd2c0a6232", kill_on_drop: false }`
[INFO] [stderr]    Compiling goran-test v0.1.0 (/opt/rustwide/workdir)
[INFO] [stderr]     Finished `dev` profile [unoptimized + debuginfo] target(s) in 0.08s
[INFO] running `Command { std: "docker" "inspect" "79c2099999b47d61f5c3a465fd1f5e52ed562cd6b71489434a3f6dbd2c0a6232", kill_on_drop: false }`
[INFO] running `Command { std: "docker" "rm" "-f" "79c2099999b47d61f5c3a465fd1f5e52ed562cd6b71489434a3f6dbd2c0a6232", kill_on_drop: false }`
[INFO] [stdout] 79c2099999b47d61f5c3a465fd1f5e52ed562cd6b71489434a3f6dbd2c0a6232
[INFO] running `Command { std: "docker" "create" "-v" "/var/lib/crater-agent-workspace/builds/worker-7-tc1/target:/opt/rustwide/target:rw,Z" "-v" "/var/lib/crater-agent-workspace/builds/worker-7-tc1/source:/opt/rustwide/workdir:ro,Z" "-v" "/var/lib/crater-agent-workspace/cargo-home:/opt/rustwide/cargo-home:ro,Z" "-v" "/var/lib/crater-agent-workspace/rustup-home:/opt/rustwide/rustup-home:ro,Z" "-e" "SOURCE_DIR=/opt/rustwide/workdir" "-e" "CARGO_TARGET_DIR=/opt/rustwide/target" "-e" "CARGO_INCREMENTAL=0" "-e" "RUST_BACKTRACE=full" "-e" "RUSTFLAGS=--cap-lints=forbid" "-e" "RUSTDOCFLAGS=--cap-lints=forbid" "-e" "CARGO_HOME=/opt/rustwide/cargo-home" "-e" "RUSTUP_HOME=/opt/rustwide/rustup-home" "-w" "/opt/rustwide/workdir" "-m" "1610612736" "--user" "0:0" "--network" "none" "ghcr.io/rust-lang/crates-build-env/linux@sha256:4a844ea9eb2546a2d2c7022eacef16ef2e8229c7fbb2c7d4d55a9ceca922f72d" "/opt/rustwide/cargo-home/bin/cargo" "+nightly-2024-10-28" "test" "--frozen" "--no-run" "--message-format=json", kill_on_drop: false }`
[INFO] [stdout] 5832603150cd498a0aad92280c9ff20f373553d75322c4f1448ac9387a6e6730
[INFO] running `Command { std: "docker" "start" "-a" "5832603150cd498a0aad92280c9ff20f373553d75322c4f1448ac9387a6e6730", kill_on_drop: false }`
[INFO] [stderr]    Compiling goran-test v0.1.0 (/opt/rustwide/workdir)
[INFO] [stderr]     Finished `test` profile [unoptimized + debuginfo] target(s) in 0.20s
[INFO] running `Command { std: "docker" "inspect" "5832603150cd498a0aad92280c9ff20f373553d75322c4f1448ac9387a6e6730", kill_on_drop: false }`
[INFO] running `Command { std: "docker" "rm" "-f" "5832603150cd498a0aad92280c9ff20f373553d75322c4f1448ac9387a6e6730", kill_on_drop: false }`
[INFO] [stdout] 5832603150cd498a0aad92280c9ff20f373553d75322c4f1448ac9387a6e6730
[INFO] running `Command { std: "docker" "create" "-v" "/var/lib/crater-agent-workspace/builds/worker-7-tc1/target:/opt/rustwide/target:rw,Z" "-v" "/var/lib/crater-agent-workspace/builds/worker-7-tc1/source:/opt/rustwide/workdir:ro,Z" "-v" "/var/lib/crater-agent-workspace/cargo-home:/opt/rustwide/cargo-home:ro,Z" "-v" "/var/lib/crater-agent-workspace/rustup-home:/opt/rustwide/rustup-home:ro,Z" "-e" "SOURCE_DIR=/opt/rustwide/workdir" "-e" "CARGO_TARGET_DIR=/opt/rustwide/target" "-e" "CARGO_INCREMENTAL=0" "-e" "RUST_BACKTRACE=full" "-e" "RUSTFLAGS=--cap-lints=forbid" "-e" "RUSTDOCFLAGS=--cap-lints=forbid" "-e" "CARGO_HOME=/opt/rustwide/cargo-home" "-e" "RUSTUP_HOME=/opt/rustwide/rustup-home" "-w" "/opt/rustwide/workdir" "-m" "1610612736" "--user" "0:0" "--network" "none" "ghcr.io/rust-lang/crates-build-env/linux@sha256:4a844ea9eb2546a2d2c7022eacef16ef2e8229c7fbb2c7d4d55a9ceca922f72d" "/opt/rustwide/cargo-home/bin/cargo" "+nightly-2024-10-28" "test" "--frozen", kill_on_drop: false }`
[INFO] [stdout] c9908e368c6a38780b3d7c655c72ca8f2278eb543c6b4578b973754b87c1f00c
[INFO] running `Command { std: "docker" "start" "-a" "c9908e368c6a38780b3d7c655c72ca8f2278eb543c6b4578b973754b87c1f00c", kill_on_drop: false }`
[INFO] [stderr]     Finished `test` profile [unoptimized + debuginfo] target(s) in 0.01s
[INFO] [stderr]      Running unittests src/lib.rs (/opt/rustwide/target/debug/deps/goran_test-f17fb25955794c06)
[INFO] [stdout] 
[INFO] [stdout] running 1 test
[INFO] [stdout] test tests::it_works ... ok
[INFO] [stdout] 
[INFO] [stdout] test result: ok. 1 passed; 0 failed; 0 ignored; 0 measured; 0 filtered out; finished in 0.00s
[INFO] [stdout] 
[INFO] [stderr]    Doc-tests goran_test
[INFO] [stdout] 
[INFO] [stdout] running 1 test
[INFO] [stdout] test src/lib.rs - add_one (line 7) ... FAILED
[INFO] [stdout] 
[INFO] [stdout] failures:
[INFO] [stdout] 
[INFO] [stdout] ---- src/lib.rs - add_one (line 7) stdout ----
[INFO] [stdout] error[E0433]: failed to resolve: use of undeclared crate or module `my_crate`
[INFO] [stdout]  --> src/lib.rs:9:14
[INFO] [stdout]   |
[INFO] [stdout] 4 | let answer = my_crate::add_one(arg);
[INFO] [stderr] error: doctest failed, to rerun pass `--doc`
[INFO] [stdout]   |              ^^^^^^^^ use of undeclared crate or module `my_crate`
[INFO] [stdout] 
[INFO] [stdout] error: aborting due to 1 previous error
[INFO] [stdout] 
[INFO] [stdout] For more information about this error, try `rustc --explain E0433`.
[INFO] [stdout] Couldn't compile the test.
[INFO] [stdout] 
[INFO] [stdout] failures:
[INFO] [stdout]     src/lib.rs - add_one (line 7)
[INFO] [stdout] 
[INFO] [stdout] test result: FAILED. 0 passed; 1 failed; 0 ignored; 0 measured; 0 filtered out; finished in 0.08s
[INFO] [stdout] 
[INFO] running `Command { std: "docker" "inspect" "c9908e368c6a38780b3d7c655c72ca8f2278eb543c6b4578b973754b87c1f00c", kill_on_drop: false }`
[INFO] running `Command { std: "docker" "rm" "-f" "c9908e368c6a38780b3d7c655c72ca8f2278eb543c6b4578b973754b87c1f00c", kill_on_drop: false }`
[INFO] [stdout] c9908e368c6a38780b3d7c655c72ca8f2278eb543c6b4578b973754b87c1f00c
