[INFO] fetching crate goolog 0.10.0...
[INFO] testing goolog-0.10.0 against nightly-2024-10-28 for randomize-layout
[INFO] extracting crate goolog 0.10.0 into /workspace/builds/worker-3-tc1/source
[INFO] validating manifest of crates.io crate goolog 0.10.0 on toolchain nightly-2024-10-28
[INFO] running `Command { std: CARGO_HOME="/workspace/cargo-home" RUSTUP_HOME="/workspace/rustup-home" "/workspace/cargo-home/bin/cargo" "+nightly-2024-10-28" "metadata" "--manifest-path" "Cargo.toml" "--no-deps", kill_on_drop: false }`
[INFO] started tweaking crates.io crate goolog 0.10.0
[INFO] finished tweaking crates.io crate goolog 0.10.0
[INFO] tweaked toml for crates.io crate goolog 0.10.0 written to /workspace/builds/worker-3-tc1/source/Cargo.toml
[INFO] running `Command { std: CARGO_HOME="/workspace/cargo-home" RUSTUP_HOME="/workspace/rustup-home" "/workspace/cargo-home/bin/cargo" "+nightly-2024-10-28" "generate-lockfile" "--manifest-path" "Cargo.toml", kill_on_drop: false }`
[INFO] [stderr]     Updating crates.io index
[INFO] [stderr]      Locking 38 packages to latest compatible versions
[INFO] running `Command { std: CARGO_HOME="/workspace/cargo-home" RUSTUP_HOME="/workspace/rustup-home" "/workspace/cargo-home/bin/cargo" "+nightly-2024-10-28" "fetch" "--manifest-path" "Cargo.toml", kill_on_drop: false }`
[INFO] running `Command { std: "docker" "create" "-v" "/var/lib/crater-agent-workspace/builds/worker-3-tc1/target:/opt/rustwide/target:rw,Z" "-v" "/var/lib/crater-agent-workspace/builds/worker-3-tc1/source:/opt/rustwide/workdir:ro,Z" "-v" "/var/lib/crater-agent-workspace/cargo-home:/opt/rustwide/cargo-home:ro,Z" "-v" "/var/lib/crater-agent-workspace/rustup-home:/opt/rustwide/rustup-home:ro,Z" "-e" "SOURCE_DIR=/opt/rustwide/workdir" "-e" "CARGO_TARGET_DIR=/opt/rustwide/target" "-e" "CARGO_HOME=/opt/rustwide/cargo-home" "-e" "RUSTUP_HOME=/opt/rustwide/rustup-home" "-w" "/opt/rustwide/workdir" "-m" "1610612736" "--user" "0:0" "--network" "none" "ghcr.io/rust-lang/crates-build-env/linux@sha256:4a844ea9eb2546a2d2c7022eacef16ef2e8229c7fbb2c7d4d55a9ceca922f72d" "/opt/rustwide/cargo-home/bin/cargo" "+nightly-2024-10-28" "metadata" "--no-deps" "--format-version=1", kill_on_drop: false }`
[INFO] [stdout] 072a0b7292abaead3976a082501e4d43c44221759a858e6b17253680ca7460e2
[INFO] running `Command { std: "docker" "start" "-a" "072a0b7292abaead3976a082501e4d43c44221759a858e6b17253680ca7460e2", kill_on_drop: false }`
[INFO] running `Command { std: "docker" "inspect" "072a0b7292abaead3976a082501e4d43c44221759a858e6b17253680ca7460e2", kill_on_drop: false }`
[INFO] running `Command { std: "docker" "rm" "-f" "072a0b7292abaead3976a082501e4d43c44221759a858e6b17253680ca7460e2", kill_on_drop: false }`
[INFO] [stdout] 072a0b7292abaead3976a082501e4d43c44221759a858e6b17253680ca7460e2
[INFO] running `Command { std: "docker" "create" "-v" "/var/lib/crater-agent-workspace/builds/worker-3-tc1/target:/opt/rustwide/target:rw,Z" "-v" "/var/lib/crater-agent-workspace/builds/worker-3-tc1/source:/opt/rustwide/workdir:ro,Z" "-v" "/var/lib/crater-agent-workspace/cargo-home:/opt/rustwide/cargo-home:ro,Z" "-v" "/var/lib/crater-agent-workspace/rustup-home:/opt/rustwide/rustup-home:ro,Z" "-e" "SOURCE_DIR=/opt/rustwide/workdir" "-e" "CARGO_TARGET_DIR=/opt/rustwide/target" "-e" "CARGO_INCREMENTAL=0" "-e" "RUST_BACKTRACE=full" "-e" "RUSTFLAGS=--cap-lints=forbid" "-e" "RUSTDOCFLAGS=--cap-lints=forbid" "-e" "CARGO_HOME=/opt/rustwide/cargo-home" "-e" "RUSTUP_HOME=/opt/rustwide/rustup-home" "-w" "/opt/rustwide/workdir" "-m" "1610612736" "--user" "0:0" "--network" "none" "ghcr.io/rust-lang/crates-build-env/linux@sha256:4a844ea9eb2546a2d2c7022eacef16ef2e8229c7fbb2c7d4d55a9ceca922f72d" "/opt/rustwide/cargo-home/bin/cargo" "+nightly-2024-10-28" "build" "--frozen" "--message-format=json", kill_on_drop: false }`
[INFO] [stdout] ec4018cb7645adad1ffa50dac71c1d5367601292b1b818dffd4a274a2a1d74ba
[INFO] running `Command { std: "docker" "start" "-a" "ec4018cb7645adad1ffa50dac71c1d5367601292b1b818dffd4a274a2a1d74ba", kill_on_drop: false }`
[INFO] [stderr]    Compiling log v0.4.22
[INFO] [stderr]    Compiling spin v0.9.8
[INFO] [stderr]    Compiling goolog v0.10.0 (/opt/rustwide/workdir)
[INFO] [stdout] warning: creating a shared reference to mutable static is discouraged
[INFO] [stdout]   --> src/logger/mod.rs:59:12
[INFO] [stdout]    |
[INFO] [stdout] 59 |         if LOGGER.is_some() {
[INFO] [stdout]    |            ^^^^^^^^^^^^^^^^ shared reference to mutable static
[INFO] [stdout]    |
[INFO] [stdout]    = note: for more information, see <https://doc.rust-lang.org/nightly/edition-guide/rust-2024/static-mut-references.html>
[INFO] [stdout]    = note: shared references to mutable statics are dangerous; it's undefined behavior if the static is mutated or if a mutable reference is created for it while the shared reference lives
[INFO] [stdout]    = note: `#[warn(static_mut_refs)]` on by default
[INFO] [stdout] 
[INFO] [stdout] 
[INFO] [stdout] warning: creating a shared reference to mutable static is discouraged
[INFO] [stdout]   --> src/logger/mod.rs:66:13
[INFO] [stdout]    |
[INFO] [stdout] 66 | /             LOGGER
[INFO] [stdout] 67 | |                 .as_ref()
[INFO] [stdout]    | |_________________________^ shared reference to mutable static
[INFO] [stdout]    |
[INFO] [stdout]    = note: for more information, see <https://doc.rust-lang.org/nightly/edition-guide/rust-2024/static-mut-references.html>
[INFO] [stdout]    = note: shared references to mutable statics are dangerous; it's undefined behavior if the static is mutated or if a mutable reference is created for it while the shared reference lives
[INFO] [stdout] 
[INFO] [stdout] 
[INFO] [stderr]     Finished `dev` profile [unoptimized + debuginfo] target(s) in 0.20s
[INFO] running `Command { std: "docker" "inspect" "ec4018cb7645adad1ffa50dac71c1d5367601292b1b818dffd4a274a2a1d74ba", kill_on_drop: false }`
[INFO] running `Command { std: "docker" "rm" "-f" "ec4018cb7645adad1ffa50dac71c1d5367601292b1b818dffd4a274a2a1d74ba", kill_on_drop: false }`
[INFO] [stdout] ec4018cb7645adad1ffa50dac71c1d5367601292b1b818dffd4a274a2a1d74ba
[INFO] running `Command { std: "docker" "create" "-v" "/var/lib/crater-agent-workspace/builds/worker-3-tc1/target:/opt/rustwide/target:rw,Z" "-v" "/var/lib/crater-agent-workspace/builds/worker-3-tc1/source:/opt/rustwide/workdir:ro,Z" "-v" "/var/lib/crater-agent-workspace/cargo-home:/opt/rustwide/cargo-home:ro,Z" "-v" "/var/lib/crater-agent-workspace/rustup-home:/opt/rustwide/rustup-home:ro,Z" "-e" "SOURCE_DIR=/opt/rustwide/workdir" "-e" "CARGO_TARGET_DIR=/opt/rustwide/target" "-e" "CARGO_INCREMENTAL=0" "-e" "RUST_BACKTRACE=full" "-e" "RUSTFLAGS=--cap-lints=forbid" "-e" "RUSTDOCFLAGS=--cap-lints=forbid" "-e" "CARGO_HOME=/opt/rustwide/cargo-home" "-e" "RUSTUP_HOME=/opt/rustwide/rustup-home" "-w" "/opt/rustwide/workdir" "-m" "1610612736" "--user" "0:0" "--network" "none" "ghcr.io/rust-lang/crates-build-env/linux@sha256:4a844ea9eb2546a2d2c7022eacef16ef2e8229c7fbb2c7d4d55a9ceca922f72d" "/opt/rustwide/cargo-home/bin/cargo" "+nightly-2024-10-28" "test" "--frozen" "--no-run" "--message-format=json", kill_on_drop: false }`
[INFO] [stdout] f8e5787a1e956e3918de433e04cff3bfc74fe309622fe4ccbea91aabe74afe49
[INFO] running `Command { std: "docker" "start" "-a" "f8e5787a1e956e3918de433e04cff3bfc74fe309622fe4ccbea91aabe74afe49", kill_on_drop: false }`
[INFO] [stdout] warning: creating a shared reference to mutable static is discouraged
[INFO] [stdout]   --> src/logger/mod.rs:59:12
[INFO] [stdout]    |
[INFO] [stdout] 59 |         if LOGGER.is_some() {
[INFO] [stdout]    |            ^^^^^^^^^^^^^^^^ shared reference to mutable static
[INFO] [stdout]    |
[INFO] [stdout]    = note: for more information, see <https://doc.rust-lang.org/nightly/edition-guide/rust-2024/static-mut-references.html>
[INFO] [stdout]    = note: shared references to mutable statics are dangerous; it's undefined behavior if the static is mutated or if a mutable reference is created for it while the shared reference lives
[INFO] [stdout]    = note: `#[warn(static_mut_refs)]` on by default
[INFO] [stdout] 
[INFO] [stdout] 
[INFO] [stderr]    Compiling goolog v0.10.0 (/opt/rustwide/workdir)
[INFO] [stdout] warning: creating a shared reference to mutable static is discouraged
[INFO] [stdout]   --> src/logger/mod.rs:66:13
[INFO] [stdout]    |
[INFO] [stdout] 66 | /             LOGGER
[INFO] [stdout] 67 | |                 .as_ref()
[INFO] [stdout]    | |_________________________^ shared reference to mutable static
[INFO] [stdout]    |
[INFO] [stdout]    = note: for more information, see <https://doc.rust-lang.org/nightly/edition-guide/rust-2024/static-mut-references.html>
[INFO] [stdout]    = note: shared references to mutable statics are dangerous; it's undefined behavior if the static is mutated or if a mutable reference is created for it while the shared reference lives
[INFO] [stdout] 
[INFO] [stdout] 
[INFO] [stdout] warning: creating a shared reference to mutable static is discouraged
[INFO] [stdout]   --> src/logger/mod.rs:59:12
[INFO] [stdout]    |
[INFO] [stdout] 59 |         if LOGGER.is_some() {
[INFO] [stdout]    |            ^^^^^^^^^^^^^^^^ shared reference to mutable static
[INFO] [stdout]    |
[INFO] [stdout]    = note: for more information, see <https://doc.rust-lang.org/nightly/edition-guide/rust-2024/static-mut-references.html>
[INFO] [stdout]    = note: shared references to mutable statics are dangerous; it's undefined behavior if the static is mutated or if a mutable reference is created for it while the shared reference lives
[INFO] [stdout]    = note: `#[warn(static_mut_refs)]` on by default
[INFO] [stdout] 
[INFO] [stdout] 
[INFO] [stdout] warning: creating a shared reference to mutable static is discouraged
[INFO] [stdout]   --> src/logger/mod.rs:66:13
[INFO] [stdout]    |
[INFO] [stdout] 66 | /             LOGGER
[INFO] [stdout] 67 | |                 .as_ref()
[INFO] [stdout]    | |_________________________^ shared reference to mutable static
[INFO] [stdout]    |
[INFO] [stdout]    = note: for more information, see <https://doc.rust-lang.org/nightly/edition-guide/rust-2024/static-mut-references.html>
[INFO] [stdout]    = note: shared references to mutable statics are dangerous; it's undefined behavior if the static is mutated or if a mutable reference is created for it while the shared reference lives
[INFO] [stdout] 
[INFO] [stdout] 
[INFO] [stderr]     Finished `test` profile [unoptimized + debuginfo] target(s) in 0.12s
[INFO] running `Command { std: "docker" "inspect" "f8e5787a1e956e3918de433e04cff3bfc74fe309622fe4ccbea91aabe74afe49", kill_on_drop: false }`
[INFO] running `Command { std: "docker" "rm" "-f" "f8e5787a1e956e3918de433e04cff3bfc74fe309622fe4ccbea91aabe74afe49", kill_on_drop: false }`
[INFO] [stdout] f8e5787a1e956e3918de433e04cff3bfc74fe309622fe4ccbea91aabe74afe49
[INFO] running `Command { std: "docker" "create" "-v" "/var/lib/crater-agent-workspace/builds/worker-3-tc1/target:/opt/rustwide/target:rw,Z" "-v" "/var/lib/crater-agent-workspace/builds/worker-3-tc1/source:/opt/rustwide/workdir:ro,Z" "-v" "/var/lib/crater-agent-workspace/cargo-home:/opt/rustwide/cargo-home:ro,Z" "-v" "/var/lib/crater-agent-workspace/rustup-home:/opt/rustwide/rustup-home:ro,Z" "-e" "SOURCE_DIR=/opt/rustwide/workdir" "-e" "CARGO_TARGET_DIR=/opt/rustwide/target" "-e" "CARGO_INCREMENTAL=0" "-e" "RUST_BACKTRACE=full" "-e" "RUSTFLAGS=--cap-lints=forbid" "-e" "RUSTDOCFLAGS=--cap-lints=forbid" "-e" "CARGO_HOME=/opt/rustwide/cargo-home" "-e" "RUSTUP_HOME=/opt/rustwide/rustup-home" "-w" "/opt/rustwide/workdir" "-m" "1610612736" "--user" "0:0" "--network" "none" "ghcr.io/rust-lang/crates-build-env/linux@sha256:4a844ea9eb2546a2d2c7022eacef16ef2e8229c7fbb2c7d4d55a9ceca922f72d" "/opt/rustwide/cargo-home/bin/cargo" "+nightly-2024-10-28" "test" "--frozen", kill_on_drop: false }`
[INFO] [stdout] 638484b61e811df04f752340a7e0d5f23b1985d0dafab578be1b656ea2c27f91
[INFO] running `Command { std: "docker" "start" "-a" "638484b61e811df04f752340a7e0d5f23b1985d0dafab578be1b656ea2c27f91", kill_on_drop: false }`
[INFO] [stderr] warning: creating a shared reference to mutable static is discouraged
[INFO] [stderr]   --> src/logger/mod.rs:59:12
[INFO] [stderr]    |
[INFO] [stderr] 59 |         if LOGGER.is_some() {
[INFO] [stderr]    |            ^^^^^^^^^^^^^^^^ shared reference to mutable static
[INFO] [stderr]    |
[INFO] [stderr]    = note: for more information, see <https://doc.rust-lang.org/nightly/edition-guide/rust-2024/static-mut-references.html>
[INFO] [stderr]    = note: shared references to mutable statics are dangerous; it's undefined behavior if the static is mutated or if a mutable reference is created for it while the shared reference lives
[INFO] [stderr]    = note: `#[warn(static_mut_refs)]` on by default
[INFO] [stderr] 
[INFO] [stderr] warning: creating a shared reference to mutable static is discouraged
[INFO] [stderr]   --> src/logger/mod.rs:66:13
[INFO] [stderr]    |
[INFO] [stderr] 66 | /             LOGGER
[INFO] [stderr] 67 | |                 .as_ref()
[INFO] [stderr]    | |_________________________^ shared reference to mutable static
[INFO] [stderr]    |
[INFO] [stderr]    = note: for more information, see <https://doc.rust-lang.org/nightly/edition-guide/rust-2024/static-mut-references.html>
[INFO] [stderr]    = note: shared references to mutable statics are dangerous; it's undefined behavior if the static is mutated or if a mutable reference is created for it while the shared reference lives
[INFO] [stderr] 
[INFO] [stderr] warning: `goolog` (lib) generated 2 warnings
[INFO] [stderr] warning: `goolog` (lib test) generated 2 warnings (2 duplicates)
[INFO] [stderr]     Finished `test` profile [unoptimized + debuginfo] target(s) in 0.01s
[INFO] [stderr]      Running unittests src/lib.rs (/opt/rustwide/target/debug/deps/goolog-c63f3a2159737fdf)
[INFO] [stdout] 
[INFO] [stdout] running 0 tests
[INFO] [stdout] 
[INFO] [stdout] test result: ok. 0 passed; 0 failed; 0 ignored; 0 measured; 0 filtered out; finished in 0.00s
[INFO] [stdout] 
[INFO] [stderr]    Doc-tests goolog
[INFO] [stdout] 
[INFO] [stdout] running 13 tests
[INFO] [stdout] test src/../README.md - (line 9) ... FAILED
[INFO] [stdout] test src/../README.md - (line 149) ... FAILED
[INFO] [stdout] test src/../README.md - (line 48) ... FAILED
[INFO] [stdout] test src/../README.md - (line 128) ... FAILED
[INFO] [stdout] test src/../README.md - (line 104) ... FAILED
[INFO] [stdout] test src/../README.md - (line 90) ... FAILED
[INFO] [stdout] test src/macros/mod.rs - macros::error (line 121) ... ok
[INFO] [stdout] test src/macros/mod.rs - macros::info (line 56) ... ok
[INFO] [stdout] test src/macros/mod.rs - macros::set_target (line 23) ... ok
[INFO] [stdout] test src/macros/mod.rs - macros::debug (line 221) ... ok
[INFO] [stdout] test src/macros/mod.rs - macros::trace (line 190) ... ok
[INFO] [stdout] test src/macros/mod.rs - macros::warn (line 85) ... ok
[INFO] [stdout] test src/macros/mod.rs - macros::fatal (line 153) ... ok
[INFO] [stdout] 
[INFO] [stdout] failures:
[INFO] [stdout] 
[INFO] [stdout] ---- src/../README.md - (line 9) stdout ----
[INFO] [stdout] error: `#[panic_handler]` function required, but not found
[INFO] [stdout] 
[INFO] [stdout] error: unwinding panics are not supported without std
[INFO] [stdout]   |
[INFO] [stdout]   = help: using nightly cargo, use -Zbuild-std with panic="abort" to avoid unwinding
[INFO] [stdout]   = note: since the core library is usually precompiled with panic="unwind", rebuilding your crate with panic="abort" may not be enough to fix the problem
[INFO] [stdout] 
[INFO] [stdout] error: aborting due to 2 previous errors
[INFO] [stdout] 
[INFO] [stdout] Couldn't compile the test.
[INFO] [stdout] ---- src/../README.md - (line 149) stdout ----
[INFO] [stdout] error[E0061]: this function takes 3 arguments but 2 arguments were supplied
[INFO] [stdout]   --> src/../README.md:156:5
[INFO] [stdout]    |
[INFO] [stdout] 9  |     init_logger(None, Some(32));
[INFO] [stdout]    |     ^^^^^^^^^^^---------------- argument #3 of type `&'static (dyn for<'a> Fn(Arguments<'a>) + Send + Sync + 'static)` is missing
[INFO] [stdout]    |
[INFO] [stdout] note: function defined here
[INFO] [stdout]   --> /opt/rustwide/workdir/src/logger/mod.rs:35:8
[INFO] [stdout]    |
[INFO] [stdout] 35 | pub fn init_logger(
[INFO] [stdout]    |        ^^^^^^^^^^^
[INFO] [stdout] help: provide the argument
[INFO] [stdout]    |
[INFO] [stdout] 9  |     init_logger(None, Some(32), /* &'static (dyn for<'a> Fn(Arguments<'a>) + Send + Sync + 'static) */);
[INFO] [stdout]    |                ~~~~~~~~~~~~~~~~~~~~~~~~~~~~~~~~~~~~~~~~~~~~~~~~~~~~~~~~~~~~~~~~~~~~~~~~~~~~~~~~~~~~~~~~
[INFO] [stdout] 
[INFO] [stdout] error: aborting due to 1 previous error
[INFO] [stdout] 
[INFO] [stdout] For more information about this error, try `rustc --explain E0061`.
[INFO] [stdout] Couldn't compile the test.
[INFO] [stdout] ---- src/../README.md - (line 48) stdout ----
[INFO] [stdout] error[E0061]: this function takes 3 arguments but 2 arguments were supplied
[INFO] [stdout]   --> src/../README.md:54:5
[INFO] [stdout]    |
[INFO] [stdout] 8  |     init_logger(None, None);
[INFO] [stdout]    |     ^^^^^^^^^^^------------ argument #3 of type `&'static (dyn for<'a> Fn(Arguments<'a>) + Send + Sync + 'static)` is missing
[INFO] [stdout]    |
[INFO] [stdout] note: function defined here
[INFO] [stdout]   --> /opt/rustwide/workdir/src/logger/mod.rs:35:8
[INFO] [stdout]    |
[INFO] [stdout] 35 | pub fn init_logger(
[INFO] [stdout]    |        ^^^^^^^^^^^
[INFO] [stdout] help: provide the argument
[INFO] [stdout]    |
[INFO] [stdout] 8  |     init_logger(None, None, /* &'static (dyn for<'a> Fn(Arguments<'a>) + Send + Sync + 'static) */);
[INFO] [stdout]    |                ~~~~~~~~~~~~~~~~~~~~~~~~~~~~~~~~~~~~~~~~~~~~~~~~~~~~~~~~~~~~~~~~~~~~~~~~~~~~~~~~~~~~
[INFO] [stdout] 
[INFO] [stdout] error: aborting due to 1 previous error
[INFO] [stdout] 
[INFO] [stdout] For more information about this error, try `rustc --explain E0061`.
[INFO] [stdout] Couldn't compile the test.
[INFO] [stdout] ---- src/../README.md - (line 128) stdout ----
[INFO] [stdout] error[E0061]: this function takes 3 arguments but 2 arguments were supplied
[INFO] [stdout]   --> src/../README.md:135:5
[INFO] [stdout]    |
[INFO] [stdout] 9  |     init_logger(Some(Level::Trace), None);
[INFO] [stdout]    |     ^^^^^^^^^^^-------------------------- argument #3 of type `&'static (dyn for<'a> Fn(Arguments<'a>) + Send + Sync + 'static)` is missing
[INFO] [stdout]    |
[INFO] [stdout] note: function defined here
[INFO] [stdout]   --> /opt/rustwide/workdir/src/logger/mod.rs:35:8
[INFO] [stdout]    |
[INFO] [stdout] 35 | pub fn init_logger(
[INFO] [stdout]    |        ^^^^^^^^^^^
[INFO] [stdout] help: provide the argument
[INFO] [stdout]    |
[INFO] [stdout] 9  |     init_logger(Some(Level::Trace), None, /* &'static (dyn for<'a> Fn(Arguments<'a>) + Send + Sync + 'static) */);
[INFO] [stdout]    |                ~~~~~~~~~~~~~~~~~~~~~~~~~~~~~~~~~~~~~~~~~~~~~~~~~~~~~~~~~~~~~~~~~~~~~~~~~~~~~~~~~~~~~~~~~~~~~~~~~~
[INFO] [stdout] 
[INFO] [stdout] error: aborting due to 1 previous error
[INFO] [stdout] 
[INFO] [stdout] For more information about this error, try `rustc --explain E0061`.
[INFO] [stdout] Couldn't compile the test.
[INFO] [stdout] ---- src/../README.md - (line 104) stdout ----
[INFO] [stdout] error[E0061]: this function takes 3 arguments but 2 arguments were supplied
[INFO] [stdout]   --> src/../README.md:111:5
[INFO] [stdout]    |
[INFO] [stdout] 9  |     init_logger(None, None);
[INFO] [stdout]    |     ^^^^^^^^^^^------------ argument #3 of type `&'static (dyn for<'a> Fn(Arguments<'a>) + Send + Sync + 'static)` is missing
[INFO] [stdout]    |
[INFO] [stdout] note: function defined here
[INFO] [stdout]   --> /opt/rustwide/workdir/src/logger/mod.rs:35:8
[INFO] [stdout]    |
[INFO] [stdout] 35 | pub fn init_logger(
[INFO] [stdout]    |        ^^^^^^^^^^^
[INFO] [stdout] help: provide the argument
[INFO] [stdout]    |
[INFO] [stdout] 9  |     init_logger(None, None, /* &'static (dyn for<'a> Fn(Arguments<'a>) + Send + Sync + 'static) */);
[INFO] [stdout]    |                ~~~~~~~~~~~~~~~~~~~~~~~~~~~~~~~~~~~~~~~~~~~~~~~~~~~~~~~~~~~~~~~~~~~~~~~~~~~~~~~~~~~~
[INFO] [stdout] 
[INFO] [stdout] error: aborting due to 1 previous error
[INFO] [stdout] 
[INFO] [stdout] For more information about this error, try `rustc --explain E0061`.
[INFO] [stdout] Couldn't compile the test.
[INFO] [stdout] ---- src/../README.md - (line 90) stdout ----
[INFO] [stdout] error[E0061]: this function takes 3 arguments but 2 arguments were supplied
[INFO] [stdout]   --> src/../README.md:95:5
[INFO] [stdout]    |
[INFO] [stdout] 7  |     init_logger(None, None);
[INFO] [stdout]    |     ^^^^^^^^^^^------------ argument #3 of type `&'static (dyn for<'a> Fn(Arguments<'a>) + Send + Sync + 'static)` is missing
[INFO] [stdout]    |
[INFO] [stdout] note: function defined here
[INFO] [stdout]   --> /opt/rustwide/workdir/src/logger/mod.rs:35:8
[INFO] [stdout]    |
[INFO] [stdout] 35 | pub fn init_logger(
[INFO] [stdout]    |        ^^^^^^^^^^^
[INFO] [stdout] help: provide the argument
[INFO] [stdout]    |
[INFO] [stdout] 7  |     init_logger(None, None, /* &'static (dyn for<'a> Fn(Arguments<'a>) + Send + Sync + 'static) */);
[INFO] [stdout]    |                ~~~~~~~~~~~~~~~~~~~~~~~~~~~~~~~~~~~~~~~~~~~~~~~~~~~~~~~~~~~~~~~~~~~~~~~~~~~~~~~~~~~~
[INFO] [stdout] 
[INFO] [stdout] error: aborting due to 1 previous error
[INFO] [stdout] 
[INFO] [stdout] For more information about this error, try `rustc --explain E0061`.
[INFO] [stdout] Couldn't compile the test.
[INFO] [stdout] 
[INFO] [stdout] failures:
[INFO] [stdout]     src/../README.md - (line 104)
[INFO] [stdout]     src/../README.md - (line 128)
[INFO] [stdout]     src/../README.md - (line 149)
[INFO] [stdout]     src/../README.md - (line 48)
[INFO] [stdout]     src/../README.md - (line 9)
[INFO] [stdout]     src/../README.md - (line 90)
[INFO] [stdout] 
[INFO] [stdout] test result: FAILED. 7 passed; 6 failed; 0 ignored; 0 measured; 0 filtered out; finished in 0.10s
[INFO] [stdout] 
[INFO] [stderr] error: doctest failed, to rerun pass `--doc`
[INFO] running `Command { std: "docker" "inspect" "638484b61e811df04f752340a7e0d5f23b1985d0dafab578be1b656ea2c27f91", kill_on_drop: false }`
[INFO] running `Command { std: "docker" "rm" "-f" "638484b61e811df04f752340a7e0d5f23b1985d0dafab578be1b656ea2c27f91", kill_on_drop: false }`
[INFO] [stdout] 638484b61e811df04f752340a7e0d5f23b1985d0dafab578be1b656ea2c27f91
