[INFO] fetching crate googleapis-tonic-google-type 0.8.0...
[INFO] testing googleapis-tonic-google-type-0.8.0 against nightly-2024-10-28 for randomize-layout
[INFO] extracting crate googleapis-tonic-google-type 0.8.0 into /workspace/builds/worker-1-tc1/source
[INFO] validating manifest of crates.io crate googleapis-tonic-google-type 0.8.0 on toolchain nightly-2024-10-28
[INFO] running `Command { std: CARGO_HOME="/workspace/cargo-home" RUSTUP_HOME="/workspace/rustup-home" "/workspace/cargo-home/bin/cargo" "+nightly-2024-10-28" "metadata" "--manifest-path" "Cargo.toml" "--no-deps", kill_on_drop: false }`
[INFO] started tweaking crates.io crate googleapis-tonic-google-type 0.8.0
[INFO] finished tweaking crates.io crate googleapis-tonic-google-type 0.8.0
[INFO] tweaked toml for crates.io crate googleapis-tonic-google-type 0.8.0 written to /workspace/builds/worker-1-tc1/source/Cargo.toml
[INFO] running `Command { std: CARGO_HOME="/workspace/cargo-home" RUSTUP_HOME="/workspace/rustup-home" "/workspace/cargo-home/bin/cargo" "+nightly-2024-10-28" "generate-lockfile" "--manifest-path" "Cargo.toml", kill_on_drop: false }`
[INFO] [stderr]     Updating crates.io index
[INFO] [stderr]      Locking 54 packages to latest compatible versions
[INFO] running `Command { std: CARGO_HOME="/workspace/cargo-home" RUSTUP_HOME="/workspace/rustup-home" "/workspace/cargo-home/bin/cargo" "+nightly-2024-10-28" "fetch" "--manifest-path" "Cargo.toml", kill_on_drop: false }`
[INFO] running `Command { std: "docker" "create" "-v" "/var/lib/crater-agent-workspace/builds/worker-1-tc1/target:/opt/rustwide/target:rw,Z" "-v" "/var/lib/crater-agent-workspace/builds/worker-1-tc1/source:/opt/rustwide/workdir:ro,Z" "-v" "/var/lib/crater-agent-workspace/cargo-home:/opt/rustwide/cargo-home:ro,Z" "-v" "/var/lib/crater-agent-workspace/rustup-home:/opt/rustwide/rustup-home:ro,Z" "-e" "SOURCE_DIR=/opt/rustwide/workdir" "-e" "CARGO_TARGET_DIR=/opt/rustwide/target" "-e" "CARGO_HOME=/opt/rustwide/cargo-home" "-e" "RUSTUP_HOME=/opt/rustwide/rustup-home" "-w" "/opt/rustwide/workdir" "-m" "1610612736" "--user" "0:0" "--network" "none" "ghcr.io/rust-lang/crates-build-env/linux@sha256:4a844ea9eb2546a2d2c7022eacef16ef2e8229c7fbb2c7d4d55a9ceca922f72d" "/opt/rustwide/cargo-home/bin/cargo" "+nightly-2024-10-28" "metadata" "--no-deps" "--format-version=1", kill_on_drop: false }`
[INFO] [stdout] 346a00ac9f9a41551ed52f046f04cfa9eaae514f0ac2b69170e18d3f3f7cc00f
[INFO] running `Command { std: "docker" "start" "-a" "346a00ac9f9a41551ed52f046f04cfa9eaae514f0ac2b69170e18d3f3f7cc00f", kill_on_drop: false }`
[INFO] running `Command { std: "docker" "inspect" "346a00ac9f9a41551ed52f046f04cfa9eaae514f0ac2b69170e18d3f3f7cc00f", kill_on_drop: false }`
[INFO] running `Command { std: "docker" "rm" "-f" "346a00ac9f9a41551ed52f046f04cfa9eaae514f0ac2b69170e18d3f3f7cc00f", kill_on_drop: false }`
[INFO] [stdout] 346a00ac9f9a41551ed52f046f04cfa9eaae514f0ac2b69170e18d3f3f7cc00f
[INFO] running `Command { std: "docker" "create" "-v" "/var/lib/crater-agent-workspace/builds/worker-1-tc1/target:/opt/rustwide/target:rw,Z" "-v" "/var/lib/crater-agent-workspace/builds/worker-1-tc1/source:/opt/rustwide/workdir:ro,Z" "-v" "/var/lib/crater-agent-workspace/cargo-home:/opt/rustwide/cargo-home:ro,Z" "-v" "/var/lib/crater-agent-workspace/rustup-home:/opt/rustwide/rustup-home:ro,Z" "-e" "SOURCE_DIR=/opt/rustwide/workdir" "-e" "CARGO_TARGET_DIR=/opt/rustwide/target" "-e" "CARGO_INCREMENTAL=0" "-e" "RUST_BACKTRACE=full" "-e" "RUSTFLAGS=--cap-lints=forbid" "-e" "RUSTDOCFLAGS=--cap-lints=forbid" "-e" "CARGO_HOME=/opt/rustwide/cargo-home" "-e" "RUSTUP_HOME=/opt/rustwide/rustup-home" "-w" "/opt/rustwide/workdir" "-m" "1610612736" "--user" "0:0" "--network" "none" "ghcr.io/rust-lang/crates-build-env/linux@sha256:4a844ea9eb2546a2d2c7022eacef16ef2e8229c7fbb2c7d4d55a9ceca922f72d" "/opt/rustwide/cargo-home/bin/cargo" "+nightly-2024-10-28" "build" "--frozen" "--message-format=json", kill_on_drop: false }`
[INFO] [stdout] 8e4c8b184b987149a3f2edc8db5a21f3e356456b7f8370cc7d318bad05085336
[INFO] running `Command { std: "docker" "start" "-a" "8e4c8b184b987149a3f2edc8db5a21f3e356456b7f8370cc7d318bad05085336", kill_on_drop: false }`
[INFO] [stderr]    Compiling googleapis-tonic-google-type v0.8.0 (/opt/rustwide/workdir)
[INFO] [stderr]     Finished `dev` profile [unoptimized + debuginfo] target(s) in 0.23s
[INFO] running `Command { std: "docker" "inspect" "8e4c8b184b987149a3f2edc8db5a21f3e356456b7f8370cc7d318bad05085336", kill_on_drop: false }`
[INFO] running `Command { std: "docker" "rm" "-f" "8e4c8b184b987149a3f2edc8db5a21f3e356456b7f8370cc7d318bad05085336", kill_on_drop: false }`
[INFO] [stdout] 8e4c8b184b987149a3f2edc8db5a21f3e356456b7f8370cc7d318bad05085336
[INFO] running `Command { std: "docker" "create" "-v" "/var/lib/crater-agent-workspace/builds/worker-1-tc1/target:/opt/rustwide/target:rw,Z" "-v" "/var/lib/crater-agent-workspace/builds/worker-1-tc1/source:/opt/rustwide/workdir:ro,Z" "-v" "/var/lib/crater-agent-workspace/cargo-home:/opt/rustwide/cargo-home:ro,Z" "-v" "/var/lib/crater-agent-workspace/rustup-home:/opt/rustwide/rustup-home:ro,Z" "-e" "SOURCE_DIR=/opt/rustwide/workdir" "-e" "CARGO_TARGET_DIR=/opt/rustwide/target" "-e" "CARGO_INCREMENTAL=0" "-e" "RUST_BACKTRACE=full" "-e" "RUSTFLAGS=--cap-lints=forbid" "-e" "RUSTDOCFLAGS=--cap-lints=forbid" "-e" "CARGO_HOME=/opt/rustwide/cargo-home" "-e" "RUSTUP_HOME=/opt/rustwide/rustup-home" "-w" "/opt/rustwide/workdir" "-m" "1610612736" "--user" "0:0" "--network" "none" "ghcr.io/rust-lang/crates-build-env/linux@sha256:4a844ea9eb2546a2d2c7022eacef16ef2e8229c7fbb2c7d4d55a9ceca922f72d" "/opt/rustwide/cargo-home/bin/cargo" "+nightly-2024-10-28" "test" "--frozen" "--no-run" "--message-format=json", kill_on_drop: false }`
[INFO] [stdout] 7be1048d9aea2e61dbd2b2bb2ca45856f0499ff6a94fc80268dc65c0b170425b
[INFO] running `Command { std: "docker" "start" "-a" "7be1048d9aea2e61dbd2b2bb2ca45856f0499ff6a94fc80268dc65c0b170425b", kill_on_drop: false }`
[INFO] [stderr]    Compiling googleapis-tonic-google-type v0.8.0 (/opt/rustwide/workdir)
[INFO] [stderr]     Finished `test` profile [unoptimized + debuginfo] target(s) in 0.26s
[INFO] running `Command { std: "docker" "inspect" "7be1048d9aea2e61dbd2b2bb2ca45856f0499ff6a94fc80268dc65c0b170425b", kill_on_drop: false }`
[INFO] running `Command { std: "docker" "rm" "-f" "7be1048d9aea2e61dbd2b2bb2ca45856f0499ff6a94fc80268dc65c0b170425b", kill_on_drop: false }`
[INFO] [stdout] 7be1048d9aea2e61dbd2b2bb2ca45856f0499ff6a94fc80268dc65c0b170425b
[INFO] running `Command { std: "docker" "create" "-v" "/var/lib/crater-agent-workspace/builds/worker-1-tc1/target:/opt/rustwide/target:rw,Z" "-v" "/var/lib/crater-agent-workspace/builds/worker-1-tc1/source:/opt/rustwide/workdir:ro,Z" "-v" "/var/lib/crater-agent-workspace/cargo-home:/opt/rustwide/cargo-home:ro,Z" "-v" "/var/lib/crater-agent-workspace/rustup-home:/opt/rustwide/rustup-home:ro,Z" "-e" "SOURCE_DIR=/opt/rustwide/workdir" "-e" "CARGO_TARGET_DIR=/opt/rustwide/target" "-e" "CARGO_INCREMENTAL=0" "-e" "RUST_BACKTRACE=full" "-e" "RUSTFLAGS=--cap-lints=forbid" "-e" "RUSTDOCFLAGS=--cap-lints=forbid" "-e" "CARGO_HOME=/opt/rustwide/cargo-home" "-e" "RUSTUP_HOME=/opt/rustwide/rustup-home" "-w" "/opt/rustwide/workdir" "-m" "1610612736" "--user" "0:0" "--network" "none" "ghcr.io/rust-lang/crates-build-env/linux@sha256:4a844ea9eb2546a2d2c7022eacef16ef2e8229c7fbb2c7d4d55a9ceca922f72d" "/opt/rustwide/cargo-home/bin/cargo" "+nightly-2024-10-28" "test" "--frozen", kill_on_drop: false }`
[INFO] [stdout] 589945e6373fc0332e70aeb6b560a77679d315cb3ee04ad921c04e3c5294168e
[INFO] running `Command { std: "docker" "start" "-a" "589945e6373fc0332e70aeb6b560a77679d315cb3ee04ad921c04e3c5294168e", kill_on_drop: false }`
[INFO] [stderr]     Finished `test` profile [unoptimized + debuginfo] target(s) in 0.03s
[INFO] [stderr]      Running unittests src/lib.rs (/opt/rustwide/target/debug/deps/googleapis_tonic_google_type-3382d2dcfa07f80a)
[INFO] [stdout] 
[INFO] [stdout] running 0 tests
[INFO] [stdout] 
[INFO] [stdout] test result: ok. 0 passed; 0 failed; 0 ignored; 0 measured; 0 filtered out; finished in 0.00s
[INFO] [stdout] 
[INFO] [stderr]    Doc-tests googleapis_tonic_google_type
[INFO] [stdout] 
[INFO] [stdout] running 11 tests
[INFO] [stdout] test src/vec_u8_hash_map/google.r#type.rs - vec_u8_hash_map::google::r#type::Expr (line 322) ... FAILED
[INFO] [stdout] test src/vec_u8_hash_map/google.r#type.rs - vec_u8_hash_map::google::r#type::Expr (line 316) ... FAILED
[INFO] [stdout] test src/vec_u8_hash_map/google.r#type.rs - vec_u8_hash_map::google::r#type::Expr (line 328) ... FAILED
[INFO] [stdout] test src/vec_u8_hash_map/google.r#type.rs - vec_u8_hash_map::google::r#type::Expr (line 310) ... FAILED
[INFO] [stdout] test src/vec_u8_hash_map/google.r#type.rs - vec_u8_hash_map::google::r#type::Color (line 175) ... FAILED
[INFO] [stdout] test src/vec_u8_hash_map/google.r#type.rs - vec_u8_hash_map::google::r#type::Color (line 247) ... FAILED
[INFO] [stdout] test src/vec_u8_hash_map/google.r#type.rs - vec_u8_hash_map::google::r#type::PhoneNumber (line 794) ... FAILED
[INFO] [stdout] test src/vec_u8_hash_map/google.r#type.rs - vec_u8_hash_map::google::r#type::Decimal::value (line 678) ... FAILED
[INFO] [stdout] test src/vec_u8_hash_map/google.r#type.rs - vec_u8_hash_map::google::r#type::Color (line 215) ... FAILED
[INFO] [stdout] test src/vec_u8_hash_map/google.r#type.rs - vec_u8_hash_map::google::r#type::Quaternion (line 901) ... FAILED
[INFO] [stdout] test src/vec_u8_hash_map/google.r#type.rs - vec_u8_hash_map::google::r#type::Quaternion (line 917) ... FAILED
[INFO] [stdout] 
[INFO] [stdout] failures:
[INFO] [stdout] 
[INFO] [stdout] ---- src/vec_u8_hash_map/google.r#type.rs - vec_u8_hash_map::google::r#type::Expr (line 322) stdout ----
[INFO] [stdout] error: expected one of `!`, `.`, `::`, `;`, `?`, `{`, `}`, or an operator, found `:`
[INFO] [stdout]  --> src/vec_u8_hash_map/google.r#type.rs:323:6
[INFO] [stdout]   |
[INFO] [stdout] 3 | title: "Public documents"
[INFO] [stdout]   |      ^ expected one of 8 possible tokens
[INFO] [stdout] 
[INFO] [stdout] error: aborting due to 1 previous error
[INFO] [stdout] 
[INFO] [stdout] Couldn't compile the test.
[INFO] [stdout] ---- src/vec_u8_hash_map/google.r#type.rs - vec_u8_hash_map::google::r#type::Expr (line 316) stdout ----
[INFO] [stdout] error: expected one of `!`, `.`, `::`, `;`, `?`, `{`, `}`, or an operator, found `:`
[INFO] [stdout]  --> src/vec_u8_hash_map/google.r#type.rs:317:6
[INFO] [stdout]   |
[INFO] [stdout] 3 | title: "Requestor is owner"
[INFO] [stdout]   |      ^ expected one of 8 possible tokens
[INFO] [stdout] 
[INFO] [stdout] error: aborting due to 1 previous error
[INFO] [stdout] 
[INFO] [stdout] Couldn't compile the test.
[INFO] [stdout] ---- src/vec_u8_hash_map/google.r#type.rs - vec_u8_hash_map::google::r#type::Expr (line 328) stdout ----
[INFO] [stdout] error: expected one of `!`, `.`, `::`, `;`, `?`, `{`, `}`, or an operator, found `:`
[INFO] [stdout]  --> src/vec_u8_hash_map/google.r#type.rs:329:6
[INFO] [stdout]   |
[INFO] [stdout] 3 | title: "Notification string"
[INFO] [stdout]   |      ^ expected one of 8 possible tokens
[INFO] [stdout] 
[INFO] [stdout] error: aborting due to 1 previous error
[INFO] [stdout] 
[INFO] [stdout] Couldn't compile the test.
[INFO] [stdout] ---- src/vec_u8_hash_map/google.r#type.rs - vec_u8_hash_map::google::r#type::Expr (line 310) stdout ----
[INFO] [stdout] error: expected one of `!`, `.`, `::`, `;`, `?`, `{`, `}`, or an operator, found `:`
[INFO] [stdout]  --> src/vec_u8_hash_map/google.r#type.rs:311:6
[INFO] [stdout]   |
[INFO] [stdout] 3 | title: "Summary size limit"
[INFO] [stdout]   |      ^ expected one of 8 possible tokens
[INFO] [stdout] 
[INFO] [stdout] error: aborting due to 1 previous error
[INFO] [stdout] 
[INFO] [stdout] Couldn't compile the test.
[INFO] [stdout] ---- src/vec_u8_hash_map/google.r#type.rs - vec_u8_hash_map::google::r#type::Color (line 175) stdout ----
[INFO] [stdout] error: expected one of `!`, `.`, `::`, `;`, `?`, `{`, `}`, or an operator, found `com`
[INFO] [stdout]  --> src/vec_u8_hash_map/google.r#type.rs:176:8
[INFO] [stdout]   |
[INFO] [stdout] 3 | import com.google.type.Color;
[INFO] [stdout]   |        ^^^ expected one of 8 possible tokens
[INFO] [stdout] 
[INFO] [stdout] error: aborting due to 1 previous error
[INFO] [stdout] 
[INFO] [stdout] Couldn't compile the test.
[INFO] [stdout] ---- src/vec_u8_hash_map/google.r#type.rs - vec_u8_hash_map::google::r#type::Color (line 247) stdout ----
[INFO] [stdout] error: character literal may only contain one codepoint
[INFO] [stdout]   --> src/vec_u8_hash_map/google.r#type.rs:258:11
[INFO] [stdout]    |
[INFO] [stdout] 11 |     if (!('alpha' in rgb_color)) {
[INFO] [stdout]    |           ^^^^^^^
[INFO] [stdout]    |
[INFO] [stdout] help: if you meant to write a string literal, use double quotes
[INFO] [stdout]    |
[INFO] [stdout] 11 |     if (!("alpha" in rgb_color)) {
[INFO] [stdout]    |           ~     ~
[INFO] [stdout] 
[INFO] [stdout] error: unknown start of token: \
[INFO] [stdout]   --> src/vec_u8_hash_map/google.r#type.rs:263:21
[INFO] [stdout]    |
[INFO] [stdout] 16 |     var rgbParams = \[red, green, blue\].join(',');
[INFO] [stdout]    |                     ^
[INFO] [stdout] 
[INFO] [stdout] error: unknown start of token: \
[INFO] [stdout]   --> src/vec_u8_hash_map/google.r#type.rs:263:39
[INFO] [stdout]    |
[INFO] [stdout] 16 |     var rgbParams = \[red, green, blue\].join(',');
[INFO] [stdout]    |                                       ^
[INFO] [stdout] 
[INFO] [stdout] error: unknown start of token: \
[INFO] [stdout]   --> src/vec_u8_hash_map/google.r#type.rs:264:12
[INFO] [stdout]    |
[INFO] [stdout] 17 |     return \['rgba(', rgbParams, ',', alphaFrac, ')'\].join('');
[INFO] [stdout]    |            ^
[INFO] [stdout] 
[INFO] [stdout] error: character literal may only contain one codepoint
[INFO] [stdout]   --> src/vec_u8_hash_map/google.r#type.rs:264:20
[INFO] [stdout]    |
[INFO] [stdout] 17 |     return \['rgba(', rgbParams, ',', alphaFrac, ')'\].join('');
[INFO] [stdout]    |                    ^^^^^^^^^^^^^^^
[INFO] [stdout]    |
[INFO] [stdout] help: if you meant to write a string literal, use double quotes
[INFO] [stdout]    |
[INFO] [stdout] 17 |     return \['rgba(", rgbParams, ",', alphaFrac, ')'\].join('');
[INFO] [stdout]    |                    ~             ~
[INFO] [stdout] 
[INFO] [stdout] error: character literal may only contain one codepoint
[INFO] [stdout]   --> src/vec_u8_hash_map/google.r#type.rs:264:36
[INFO] [stdout]    |
[INFO] [stdout] 17 |     return \['rgba(', rgbParams, ',', alphaFrac, ')'\].join('');
[INFO] [stdout]    |                                    ^^^^^^^^^^^^^^^
[INFO] [stdout]    |
[INFO] [stdout] help: if you meant to write a string literal, use double quotes
[INFO] [stdout]    |
[INFO] [stdout] 17 |     return \['rgba(', rgbParams, ',", alphaFrac, ")'\].join('');
[INFO] [stdout]    |                                    ~             ~
[INFO] [stdout] 
[INFO] [stdout] error: unknown character escape: `]`
[INFO] [stdout]   --> src/vec_u8_hash_map/google.r#type.rs:264:54
[INFO] [stdout]    |
[INFO] [stdout] 17 |     return \['rgba(', rgbParams, ',', alphaFrac, ')'\].join('');
[INFO] [stdout]    |                                                      ^ unknown character escape
[INFO] [stdout]    |
[INFO] [stdout]    = help: for more information, visit <https://doc.rust-lang.org/reference/tokens.html#literals>
[INFO] [stdout] help: if you meant to write a literal backslash (perhaps escaping in a regular expression), consider a raw string literal
[INFO] [stdout]    |
[INFO] [stdout] 17 |     return \['rgba(', rgbParams, ',', alphaFrac, ')r"\].join("');
[INFO] [stdout]    |                                                    ~~~~~~~~~~~
[INFO] [stdout] 
[INFO] [stdout] error[E0762]: unterminated character literal
[INFO] [stdout]   --> src/vec_u8_hash_map/google.r#type.rs:264:62
[INFO] [stdout]    |
[INFO] [stdout] 17 |     return \['rgba(', rgbParams, ',', alphaFrac, ')'\].join('');
[INFO] [stdout]    |                                                              ^^^
[INFO] [stdout] 
[INFO] [stdout] error: aborting due to 8 previous errors
[INFO] [stdout] 
[INFO] [stdout] For more information about this error, try `rustc --explain E0762`.
[INFO] [stdout] Couldn't compile the test.
[INFO] [stdout] ---- src/vec_u8_hash_map/google.r#type.rs - vec_u8_hash_map::google::r#type::PhoneNumber (line 794) stdout ----
[INFO] [stdout] error: expected identifier, found keyword `type`
[INFO] [stdout]  --> src/vec_u8_hash_map/google.r#type.rs:795:12
[INFO] [stdout]   |
[INFO] [stdout] 3 | com.google.type.PhoneNumber wireProto =
[INFO] [stdout]   |            ^^^^ expected identifier, found keyword
[INFO] [stdout] 
[INFO] [stdout] error: expected one of `(`, `.`, `::`, `;`, `?`, `}`, or an operator, found `wireProto`
[INFO] [stdout]  --> src/vec_u8_hash_map/google.r#type.rs:795:29
[INFO] [stdout]   |
[INFO] [stdout] 3 | com.google.type.PhoneNumber wireProto =
[INFO] [stdout]   |                             ^^^^^^^^^ expected one of 7 possible tokens
[INFO] [stdout] 
[INFO] [stdout] error: aborting due to 2 previous errors
[INFO] [stdout] 
[INFO] [stdout] Couldn't compile the test.
[INFO] [stdout] ---- src/vec_u8_hash_map/google.r#type.rs - vec_u8_hash_map::google::r#type::Decimal::value (line 678) stdout ----
[INFO] [stdout] error: unknown start of token: \
[INFO] [stdout]  --> src/vec_u8_hash_map/google.r#type.rs:680:4
[INFO] [stdout]   |
[INFO] [stdout] 4 |    \[Sign\] Significand \[Exponent\];
[INFO] [stdout]   |    ^
[INFO] [stdout] 
[INFO] [stdout] error: unknown start of token: \
[INFO] [stdout]  --> src/vec_u8_hash_map/google.r#type.rs:680:10
[INFO] [stdout]   |
[INFO] [stdout] 4 |    \[Sign\] Significand \[Exponent\];
[INFO] [stdout]   |          ^
[INFO] [stdout] 
[INFO] [stdout] error: unknown start of token: \
[INFO] [stdout]  --> src/vec_u8_hash_map/google.r#type.rs:680:25
[INFO] [stdout]   |
[INFO] [stdout] 4 |    \[Sign\] Significand \[Exponent\];
[INFO] [stdout]   |                         ^
[INFO] [stdout] 
[INFO] [stdout] error: unknown start of token: \
[INFO] [stdout]  --> src/vec_u8_hash_map/google.r#type.rs:680:35
[INFO] [stdout]   |
[INFO] [stdout] 4 |    \[Sign\] Significand \[Exponent\];
[INFO] [stdout]   |                                   ^
[INFO] [stdout] 
[INFO] [stdout] error: unknown start of token: \
[INFO] [stdout]  --> src/vec_u8_hash_map/google.r#type.rs:685:11
[INFO] [stdout]   |
[INFO] [stdout] 9 |    Digits \['.'\] [Digits] | \[Digits\] '.' Digits;
[INFO] [stdout]   |           ^
[INFO] [stdout] 
[INFO] [stdout] error: unknown start of token: \
[INFO] [stdout]  --> src/vec_u8_hash_map/google.r#type.rs:685:16
[INFO] [stdout]   |
[INFO] [stdout] 9 |    Digits \['.'\] [Digits] | \[Digits\] '.' Digits;
[INFO] [stdout]   |                ^
[INFO] [stdout] 
[INFO] [stdout] error: unknown start of token: \
[INFO] [stdout]  --> src/vec_u8_hash_map/google.r#type.rs:685:30
[INFO] [stdout]   |
[INFO] [stdout] 9 |    Digits \['.'\] [Digits] | \[Digits\] '.' Digits;
[INFO] [stdout]   |                              ^
[INFO] [stdout] 
[INFO] [stdout] error: unknown start of token: \
[INFO] [stdout]  --> src/vec_u8_hash_map/google.r#type.rs:685:38
[INFO] [stdout]   |
[INFO] [stdout] 9 |    Digits \['.'\] [Digits] | \[Digits\] '.' Digits;
[INFO] [stdout]   |                                      ^
[INFO] [stdout] 
[INFO] [stdout] error: unknown start of token: \
[INFO] [stdout]   --> src/vec_u8_hash_map/google.r#type.rs:687:25
[INFO] [stdout]    |
[INFO] [stdout] 11 |  Exponent = ('e' | 'E') \[Sign\] Digits;
[INFO] [stdout]    |                         ^
[INFO] [stdout] 
[INFO] [stdout] error: unknown start of token: \
[INFO] [stdout]   --> src/vec_u8_hash_map/google.r#type.rs:687:31
[INFO] [stdout]    |
[INFO] [stdout] 11 |  Exponent = ('e' | 'E') \[Sign\] Digits;
[INFO] [stdout]    |                               ^
[INFO] [stdout] 
[INFO] [stdout] error: expected one of `.`, `;`, `?`, `}`, or an operator, found `Significand`
[INFO] [stdout]  --> src/vec_u8_hash_map/google.r#type.rs:680:13
[INFO] [stdout]   |
[INFO] [stdout] 4 |    \[Sign\] Significand \[Exponent\];
[INFO] [stdout]   |             ^^^^^^^^^^^ expected one of `.`, `;`, `?`, `}`, or an operator
[INFO] [stdout] 
[INFO] [stdout] error: aborting due to 11 previous errors
[INFO] [stdout] 
[INFO] [stdout] Couldn't compile the test.
[INFO] [stdout] ---- src/vec_u8_hash_map/google.r#type.rs - vec_u8_hash_map::google::r#type::Color (line 215) stdout ----
[INFO] [stdout] error: unknown start of token: \
[INFO] [stdout]  --> src/vec_u8_hash_map/google.r#type.rs:218:18
[INFO] [stdout]   |
[INFO] [stdout] 5 |      float red = \[protocolor red\];
[INFO] [stdout]   |                  ^
[INFO] [stdout] 
[INFO] [stdout] error: unknown start of token: \
[INFO] [stdout]  --> src/vec_u8_hash_map/google.r#type.rs:218:34
[INFO] [stdout]   |
[INFO] [stdout] 5 |      float red = \[protocolor red\];
[INFO] [stdout]   |                                  ^
[INFO] [stdout] 
[INFO] [stdout] error: unknown start of token: \
[INFO] [stdout]  --> src/vec_u8_hash_map/google.r#type.rs:219:20
[INFO] [stdout]   |
[INFO] [stdout] 6 |      float green = \[protocolor green\];
[INFO] [stdout]   |                    ^
[INFO] [stdout] 
[INFO] [stdout] error: unknown start of token: \
[INFO] [stdout]  --> src/vec_u8_hash_map/google.r#type.rs:219:38
[INFO] [stdout]   |
[INFO] [stdout] 6 |      float green = \[protocolor green\];
[INFO] [stdout]   |                                      ^
[INFO] [stdout] 
[INFO] [stdout] error: unknown start of token: \
[INFO] [stdout]  --> src/vec_u8_hash_map/google.r#type.rs:220:19
[INFO] [stdout]   |
[INFO] [stdout] 7 |      float blue = \[protocolor blue\];
[INFO] [stdout]   |                   ^
[INFO] [stdout] 
[INFO] [stdout] error: unknown start of token: \
[INFO] [stdout]  --> src/vec_u8_hash_map/google.r#type.rs:220:36
[INFO] [stdout]   |
[INFO] [stdout] 7 |      float blue = \[protocolor blue\];
[INFO] [stdout]   |                                    ^
[INFO] [stdout] 
[INFO] [stdout] error: unknown start of token: \
[INFO] [stdout]  --> src/vec_u8_hash_map/google.r#type.rs:221:34
[INFO] [stdout]   |
[INFO] [stdout] 8 |      FloatValue* alpha_wrapper = \[protocolor alpha\];
[INFO] [stdout]   |                                  ^
[INFO] [stdout] 
[INFO] [stdout] error: unknown start of token: \
[INFO] [stdout]  --> src/vec_u8_hash_map/google.r#type.rs:221:52
[INFO] [stdout]   |
[INFO] [stdout] 8 |      FloatValue* alpha_wrapper = \[protocolor alpha\];
[INFO] [stdout]   |                                                    ^
[INFO] [stdout] 
[INFO] [stdout] error: unknown start of token: \
[INFO] [stdout]   --> src/vec_u8_hash_map/google.r#type.rs:224:16
[INFO] [stdout]    |
[INFO] [stdout] 11 |        alpha = \[alpha_wrapper value\];
[INFO] [stdout]    |                ^
[INFO] [stdout] 
[INFO] [stdout] error: unknown start of token: \
[INFO] [stdout]   --> src/vec_u8_hash_map/google.r#type.rs:224:37
[INFO] [stdout]    |
[INFO] [stdout] 11 |        alpha = \[alpha_wrapper value\];
[INFO] [stdout]    |                                     ^
[INFO] [stdout] 
[INFO] [stdout] error: unknown start of token: \
[INFO] [stdout]   --> src/vec_u8_hash_map/google.r#type.rs:226:13
[INFO] [stdout]    |
[INFO] [stdout] 13 |      return \[UIColor colorWithRed:red green:green blue:blue alpha:alpha\];
[INFO] [stdout]    |             ^
[INFO] [stdout] 
[INFO] [stdout] error: unknown start of token: \
[INFO] [stdout]   --> src/vec_u8_hash_map/google.r#type.rs:226:73
[INFO] [stdout]    |
[INFO] [stdout] 13 |      return \[UIColor colorWithRed:red green:green blue:blue alpha:alpha\];
[INFO] [stdout]    |                                                                         ^
[INFO] [stdout] 
[INFO] [stdout] error: unknown start of token: \
[INFO] [stdout]   --> src/vec_u8_hash_map/google.r#type.rs:231:12
[INFO] [stdout]    |
[INFO] [stdout] 18 |       if (!\[color getRed:&red green:&green blue:&blue alpha:&alpha\]) {
[INFO] [stdout]    |            ^
[INFO] [stdout] 
[INFO] [stdout] error: unknown start of token: \
[INFO] [stdout]   --> src/vec_u8_hash_map/google.r#type.rs:231:68
[INFO] [stdout]    |
[INFO] [stdout] 18 |       if (!\[color getRed:&red green:&green blue:&blue alpha:&alpha\]) {
[INFO] [stdout]    |                                                                    ^
[INFO] [stdout] 
[INFO] [stdout] error: unknown start of token: \
[INFO] [stdout]   --> src/vec_u8_hash_map/google.r#type.rs:234:23
[INFO] [stdout]    |
[INFO] [stdout] 21 |       Color* result = \[[Color alloc\] init];
[INFO] [stdout]    |                       ^
[INFO] [stdout] 
[INFO] [stdout] error: unknown start of token: \
[INFO] [stdout]   --> src/vec_u8_hash_map/google.r#type.rs:234:37
[INFO] [stdout]    |
[INFO] [stdout] 21 |       Color* result = \[[Color alloc\] init];
[INFO] [stdout]    |                                     ^
[INFO] [stdout] 
[INFO] [stdout] error: unknown start of token: \
[INFO] [stdout]   --> src/vec_u8_hash_map/google.r#type.rs:235:7
[INFO] [stdout]    |
[INFO] [stdout] 22 |       \[result setRed:red\];
[INFO] [stdout]    |       ^
[INFO] [stdout] 
[INFO] [stdout] error: unknown start of token: \
[INFO] [stdout]   --> src/vec_u8_hash_map/google.r#type.rs:235:26
[INFO] [stdout]    |
[INFO] [stdout] 22 |       \[result setRed:red\];
[INFO] [stdout]    |                          ^
[INFO] [stdout] 
[INFO] [stdout] error: unknown start of token: \
[INFO] [stdout]   --> src/vec_u8_hash_map/google.r#type.rs:236:7
[INFO] [stdout]    |
[INFO] [stdout] 23 |       \[result setGreen:green\];
[INFO] [stdout]    |       ^
[INFO] [stdout] 
[INFO] [stdout] error: unknown start of token: \
[INFO] [stdout]   --> src/vec_u8_hash_map/google.r#type.rs:236:30
[INFO] [stdout]    |
[INFO] [stdout] 23 |       \[result setGreen:green\];
[INFO] [stdout]    |                              ^
[INFO] [stdout] 
[INFO] [stdout] error: unknown start of token: \
[INFO] [stdout]   --> src/vec_u8_hash_map/google.r#type.rs:237:7
[INFO] [stdout]    |
[INFO] [stdout] 24 |       \[result setBlue:blue\];
[INFO] [stdout]    |       ^
[INFO] [stdout] 
[INFO] [stdout] error: unknown start of token: \
[INFO] [stdout]   --> src/vec_u8_hash_map/google.r#type.rs:237:28
[INFO] [stdout]    |
[INFO] [stdout] 24 |       \[result setBlue:blue\];
[INFO] [stdout]    |                            ^
[INFO] [stdout] 
[INFO] [stdout] error: unknown start of token: \
[INFO] [stdout]   --> src/vec_u8_hash_map/google.r#type.rs:239:9
[INFO] [stdout]    |
[INFO] [stdout] 26 |         \[result setAlpha:floatWrapperWithValue(alpha)\];
[INFO] [stdout]    |         ^
[INFO] [stdout] 
[INFO] [stdout] error: unknown start of token: \
[INFO] [stdout]   --> src/vec_u8_hash_map/google.r#type.rs:239:55
[INFO] [stdout]    |
[INFO] [stdout] 26 |         \[result setAlpha:floatWrapperWithValue(alpha)\];
[INFO] [stdout]    |                                                       ^
[INFO] [stdout] 
[INFO] [stdout] error: unknown start of token: \
[INFO] [stdout]   --> src/vec_u8_hash_map/google.r#type.rs:241:7
[INFO] [stdout]    |
[INFO] [stdout] 28 |       \[result autorelease\];
[INFO] [stdout]    |       ^
[INFO] [stdout] 
[INFO] [stdout] error: unknown start of token: \
[INFO] [stdout]   --> src/vec_u8_hash_map/google.r#type.rs:241:27
[INFO] [stdout]    |
[INFO] [stdout] 28 |       \[result autorelease\];
[INFO] [stdout]    |                           ^
[INFO] [stdout] 
[INFO] [stdout] error: expected one of `:`, `;`, or `=`, found `*`
[INFO] [stdout]  --> src/vec_u8_hash_map/google.r#type.rs:217:15
[INFO] [stdout]   |
[INFO] [stdout] 4 | static UIColor* fromProto(Color* protocolor) {
[INFO] [stdout]   |               ^ expected one of `:`, `;`, or `=`
[INFO] [stdout] 
[INFO] [stdout] error: missing type for `static` item
[INFO] [stdout]  --> src/vec_u8_hash_map/google.r#type.rs:217:15
[INFO] [stdout]   |
[INFO] [stdout] 4 | static UIColor* fromProto(Color* protocolor) {
[INFO] [stdout]   |               ^
[INFO] [stdout]   |
[INFO] [stdout] help: provide a type for the item
[INFO] [stdout]   |
[INFO] [stdout] 4 | static UIColor: <type>* fromProto(Color* protocolor) {
[INFO] [stdout]   |               ++++++++
[INFO] [stdout] 
[INFO] [stdout] error: aborting due to 28 previous errors
[INFO] [stdout] 
[INFO] [stdout] Couldn't compile the test.
[INFO] [stdout] ---- src/vec_u8_hash_map/google.r#type.rs - vec_u8_hash_map::google::r#type::Quaternion (line 901) stdout ----
[INFO] [stdout] error[E0425]: cannot find value `w` in this scope
[INFO] [stdout]  --> src/vec_u8_hash_map/google.r#type.rs:902:1
[INFO] [stdout]   |
[INFO] [stdout] 3 | w + xi + yj + zk
[INFO] [stdout]   | ^ not found in this scope
[INFO] [stdout] 
[INFO] [stdout] error[E0425]: cannot find value `xi` in this scope
[INFO] [stdout]  --> src/vec_u8_hash_map/google.r#type.rs:902:5
[INFO] [stdout]   |
[INFO] [stdout] 3 | w + xi + yj + zk
[INFO] [stdout]   |     ^^ not found in this scope
[INFO] [stdout] 
[INFO] [stdout] error[E0425]: cannot find value `yj` in this scope
[INFO] [stdout]  --> src/vec_u8_hash_map/google.r#type.rs:902:10
[INFO] [stdout]   |
[INFO] [stdout] 3 | w + xi + yj + zk
[INFO] [stdout]   |          ^^ not found in this scope
[INFO] [stdout] 
[INFO] [stdout] error[E0425]: cannot find value `zk` in this scope
[INFO] [stdout]  --> src/vec_u8_hash_map/google.r#type.rs:902:15
[INFO] [stdout]   |
[INFO] [stdout] 3 | w + xi + yj + zk
[INFO] [stdout]   |               ^^ help: a tuple variant with a similar name exists: `Ok`
[INFO] [stdout]  --> /rustc/df4ca44d3fbc9301ee17f30f4d474e6ae4b05252/library/core/src/result.rs:531:5
[INFO] [stdout]   |
[INFO] [stdout]   = note: similarly named tuple variant `Ok` defined here
[INFO] [stdout] 
[INFO] [stdout] error: aborting due to 4 previous errors
[INFO] [stdout] 
[INFO] [stdout] For more information about this error, try `rustc --explain E0425`.
[INFO] [stdout] Couldn't compile the test.
[INFO] [stdout] ---- src/vec_u8_hash_map/google.r#type.rs - vec_u8_hash_map::google::r#type::Quaternion (line 917) stdout ----
[INFO] [stdout] error: unknown start of token: \u{2212}
[INFO] [stdout]  --> src/vec_u8_hash_map/google.r#type.rs:918:25
[INFO] [stdout]   |
[INFO] [stdout] 3 | i^2 = j^2 = k^2 = ijk = −1
[INFO] [stdout]   |                         ^
[INFO] [stdout]   |
[INFO] [stdout] help: Unicode character '−' (Minus Sign) looks like '-' (Minus/Hyphen), but it is not
[INFO] [stdout]   |
[INFO] [stdout] 3 | i^2 = j^2 = k^2 = ijk = -1
[INFO] [stdout]   |                         ~
[INFO] [stdout] 
[INFO] [stdout] error: unknown start of token: \u{2212}
[INFO] [stdout]  --> src/vec_u8_hash_map/google.r#type.rs:919:7
[INFO] [stdout]   |
[INFO] [stdout] 4 |  ij = −ji = k
[INFO] [stdout]   |       ^
[INFO] [stdout]   |
[INFO] [stdout] help: Unicode character '−' (Minus Sign) looks like '-' (Minus/Hyphen), but it is not
[INFO] [stdout]   |
[INFO] [stdout] 4 |  ij = -ji = k
[INFO] [stdout]   |       ~
[INFO] [stdout] 
[INFO] [stdout] error: unknown start of token: \u{2212}
[INFO] [stdout]  --> src/vec_u8_hash_map/google.r#type.rs:920:7
[INFO] [stdout]   |
[INFO] [stdout] 5 |  jk = −kj = i
[INFO] [stdout]   |       ^
[INFO] [stdout]   |
[INFO] [stdout] help: Unicode character '−' (Minus Sign) looks like '-' (Minus/Hyphen), but it is not
[INFO] [stdout]   |
[INFO] [stdout] 5 |  jk = -kj = i
[INFO] [stdout]   |       ~
[INFO] [stdout] 
[INFO] [stdout] error: unknown start of token: \u{2212}
[INFO] [stdout]  --> src/vec_u8_hash_map/google.r#type.rs:921:7
[INFO] [stdout]   |
[INFO] [stdout] 6 |  ki = −ik = j
[INFO] [stdout]   |       ^
[INFO] [stdout]   |
[INFO] [stdout] help: Unicode character '−' (Minus Sign) looks like '-' (Minus/Hyphen), but it is not
[INFO] [stdout]   |
[INFO] [stdout] 6 |  ki = -ik = j
[INFO] [stdout]   |       ~
[INFO] [stdout] 
[INFO] [stdout] error: expected `;`, found `ij`
[INFO] [stdout]  --> src/vec_u8_hash_map/google.r#type.rs:918:27
[INFO] [stdout]   |
[INFO] [stdout] 3 | i^2 = j^2 = k^2 = ijk = −1
[INFO] [stdout]   |                           ^ help: add `;` here
[INFO] [stdout] 4 |  ij = −ji = k
[INFO] [stdout]   |  -- unexpected token
[INFO] [stdout] 
[INFO] [stdout] error: expected `;`, found `jk`
[INFO] [stdout]  --> src/vec_u8_hash_map/google.r#type.rs:919:14
[INFO] [stdout]   |
[INFO] [stdout] 4 |  ij = −ji = k
[INFO] [stdout]   |              ^ help: add `;` here
[INFO] [stdout] 5 |  jk = −kj = i
[INFO] [stdout]   |  -- unexpected token
[INFO] [stdout] 
[INFO] [stdout] error: expected `;`, found `ki`
[INFO] [stdout]  --> src/vec_u8_hash_map/google.r#type.rs:920:14
[INFO] [stdout]   |
[INFO] [stdout] 5 |  jk = −kj = i
[INFO] [stdout]   |              ^ help: add `;` here
[INFO] [stdout] 6 |  ki = −ik = j
[INFO] [stdout]   |  -- unexpected token
[INFO] [stdout] 
[INFO] [stdout] error[E0425]: cannot find value `ki` in this scope
[INFO] [stdout]  --> src/vec_u8_hash_map/google.r#type.rs:921:2
[INFO] [stdout]   |
[INFO] [stdout] 6 |  ki = −ik = j
[INFO] [stdout]   |  ^^
[INFO] [stdout]   |
[INFO] [stdout] help: you might have meant to introduce a new binding
[INFO] [stdout]   |
[INFO] [stdout] 6 |  let ki = −ik = j
[INFO] [stdout]   |  +++
[INFO] [stdout] 
[INFO] [stdout] error[E0425]: cannot find value `ik` in this scope
[INFO] [stdout]  --> src/vec_u8_hash_map/google.r#type.rs:921:8
[INFO] [stdout]   |
[INFO] [stdout] 6 |  ki = −ik = j
[INFO] [stdout]   |        ^^ help: a tuple variant with a similar name exists: `Ok`
[INFO] [stdout]  --> /rustc/df4ca44d3fbc9301ee17f30f4d474e6ae4b05252/library/core/src/result.rs:531:5
[INFO] [stdout]   |
[INFO] [stdout]   = note: similarly named tuple variant `Ok` defined here
[INFO] [stdout] 
[INFO] [stdout] error[E0425]: cannot find value `j` in this scope
[INFO] [stdout]  --> src/vec_u8_hash_map/google.r#type.rs:921:13
[INFO] [stdout]   |
[INFO] [stdout] 6 |  ki = −ik = j
[INFO] [stdout]   |             ^ not found in this scope
[INFO] [stdout] 
[INFO] [stdout] error[E0070]: invalid left-hand side of assignment
[INFO] [stdout]  --> src/vec_u8_hash_map/google.r#type.rs:921:11
[INFO] [stdout]   |
[INFO] [stdout] 6 |  ki = −ik = j
[INFO] [stdout]   |       --- ^
[INFO] [stdout]   |       |
[INFO] [stdout]   |       cannot assign to this expression
[INFO] [stdout] 
[INFO] [stdout] error: aborting due to 11 previous errors
[INFO] [stdout] 
[INFO] [stdout] Some errors have detailed explanations: E0070, E0425.
[INFO] [stdout] For more information about an error, try `rustc --explain E0070`.
[INFO] [stdout] Couldn't compile the test.
[INFO] [stdout] 
[INFO] [stdout] failures:
[INFO] [stdout]     src/vec_u8_hash_map/google.r#type.rs - vec_u8_hash_map::google::r#type::Color (line 175)
[INFO] [stdout]     src/vec_u8_hash_map/google.r#type.rs - vec_u8_hash_map::google::r#type::Color (line 215)
[INFO] [stdout]     src/vec_u8_hash_map/google.r#type.rs - vec_u8_hash_map::google::r#type::Color (line 247)
[INFO] [stdout]     src/vec_u8_hash_map/google.r#type.rs - vec_u8_hash_map::google::r#type::Decimal::value (line 678)
[INFO] [stdout]     src/vec_u8_hash_map/google.r#type.rs - vec_u8_hash_map::google::r#type::Expr (line 310)
[INFO] [stdout]     src/vec_u8_hash_map/google.r#type.rs - vec_u8_hash_map::google::r#type::Expr (line 316)
[INFO] [stdout]     src/vec_u8_hash_map/google.r#type.rs - vec_u8_hash_map::google::r#type::Expr (line 322)
[INFO] [stdout]     src/vec_u8_hash_map/google.r#type.rs - vec_u8_hash_map::google::r#type::Expr (line 328)
[INFO] [stdout]     src/vec_u8_hash_map/google.r#type.rs - vec_u8_hash_map::google::r#type::PhoneNumber (line 794)
[INFO] [stdout]     src/vec_u8_hash_map/google.r#type.rs - vec_u8_hash_map::google::r#type::Quaternion (line 901)
[INFO] [stdout]     src/vec_u8_hash_map/google.r#type.rs - vec_u8_hash_map::google::r#type::Quaternion (line 917)
[INFO] [stdout] 
[INFO] [stdout] test result: FAILED. 0 passed; 11 failed; 0 ignored; 0 measured; 0 filtered out; finished in 0.06s
[INFO] [stdout] 
[INFO] [stderr] error: doctest failed, to rerun pass `--doc`
[INFO] running `Command { std: "docker" "inspect" "589945e6373fc0332e70aeb6b560a77679d315cb3ee04ad921c04e3c5294168e", kill_on_drop: false }`
[INFO] running `Command { std: "docker" "rm" "-f" "589945e6373fc0332e70aeb6b560a77679d315cb3ee04ad921c04e3c5294168e", kill_on_drop: false }`
[INFO] [stdout] 589945e6373fc0332e70aeb6b560a77679d315cb3ee04ad921c04e3c5294168e
