[INFO] fetching crate googleapis-tonic-google-spanner-admin-database-v1 0.10.0...
[INFO] testing googleapis-tonic-google-spanner-admin-database-v1-0.10.0 against nightly-2024-10-28 for randomize-layout
[INFO] extracting crate googleapis-tonic-google-spanner-admin-database-v1 0.10.0 into /workspace/builds/worker-3-tc1/source
[INFO] validating manifest of crates.io crate googleapis-tonic-google-spanner-admin-database-v1 0.10.0 on toolchain nightly-2024-10-28
[INFO] running `Command { std: CARGO_HOME="/workspace/cargo-home" RUSTUP_HOME="/workspace/rustup-home" "/workspace/cargo-home/bin/cargo" "+nightly-2024-10-28" "metadata" "--manifest-path" "Cargo.toml" "--no-deps", kill_on_drop: false }`
[INFO] started tweaking crates.io crate googleapis-tonic-google-spanner-admin-database-v1 0.10.0
[INFO] finished tweaking crates.io crate googleapis-tonic-google-spanner-admin-database-v1 0.10.0
[INFO] tweaked toml for crates.io crate googleapis-tonic-google-spanner-admin-database-v1 0.10.0 written to /workspace/builds/worker-3-tc1/source/Cargo.toml
[INFO] running `Command { std: CARGO_HOME="/workspace/cargo-home" RUSTUP_HOME="/workspace/rustup-home" "/workspace/cargo-home/bin/cargo" "+nightly-2024-10-28" "generate-lockfile" "--manifest-path" "Cargo.toml", kill_on_drop: false }`
[INFO] [stderr]     Updating crates.io index
[INFO] [stderr]      Locking 59 packages to latest compatible versions
[INFO] [stderr]       Adding googleapis-tonic-google-api v0.9.0 (available: v0.10.0)
[INFO] [stderr]       Adding googleapis-tonic-google-iam-v1 v0.10.0 (available: v0.11.0)
[INFO] [stderr]       Adding googleapis-tonic-google-longrunning v0.9.0 (available: v0.10.0)
[INFO] running `Command { std: CARGO_HOME="/workspace/cargo-home" RUSTUP_HOME="/workspace/rustup-home" "/workspace/cargo-home/bin/cargo" "+nightly-2024-10-28" "fetch" "--manifest-path" "Cargo.toml", kill_on_drop: false }`
[INFO] [stderr]  Downloading crates ...
[INFO] [stderr]   Downloaded googleapis-tonic-google-iam-v1 v0.10.0
[INFO] running `Command { std: "docker" "create" "-v" "/var/lib/crater-agent-workspace/builds/worker-3-tc1/target:/opt/rustwide/target:rw,Z" "-v" "/var/lib/crater-agent-workspace/builds/worker-3-tc1/source:/opt/rustwide/workdir:ro,Z" "-v" "/var/lib/crater-agent-workspace/cargo-home:/opt/rustwide/cargo-home:ro,Z" "-v" "/var/lib/crater-agent-workspace/rustup-home:/opt/rustwide/rustup-home:ro,Z" "-e" "SOURCE_DIR=/opt/rustwide/workdir" "-e" "CARGO_TARGET_DIR=/opt/rustwide/target" "-e" "CARGO_HOME=/opt/rustwide/cargo-home" "-e" "RUSTUP_HOME=/opt/rustwide/rustup-home" "-w" "/opt/rustwide/workdir" "-m" "1610612736" "--user" "0:0" "--network" "none" "ghcr.io/rust-lang/crates-build-env/linux@sha256:4a844ea9eb2546a2d2c7022eacef16ef2e8229c7fbb2c7d4d55a9ceca922f72d" "/opt/rustwide/cargo-home/bin/cargo" "+nightly-2024-10-28" "metadata" "--no-deps" "--format-version=1", kill_on_drop: false }`
[INFO] [stdout] 914231960d93b9a5d0bc8d20b6a03e101ac410d9ac563bfd75744dd28b12e6e5
[INFO] running `Command { std: "docker" "start" "-a" "914231960d93b9a5d0bc8d20b6a03e101ac410d9ac563bfd75744dd28b12e6e5", kill_on_drop: false }`
[INFO] running `Command { std: "docker" "inspect" "914231960d93b9a5d0bc8d20b6a03e101ac410d9ac563bfd75744dd28b12e6e5", kill_on_drop: false }`
[INFO] running `Command { std: "docker" "rm" "-f" "914231960d93b9a5d0bc8d20b6a03e101ac410d9ac563bfd75744dd28b12e6e5", kill_on_drop: false }`
[INFO] [stdout] 914231960d93b9a5d0bc8d20b6a03e101ac410d9ac563bfd75744dd28b12e6e5
[INFO] running `Command { std: "docker" "create" "-v" "/var/lib/crater-agent-workspace/builds/worker-3-tc1/target:/opt/rustwide/target:rw,Z" "-v" "/var/lib/crater-agent-workspace/builds/worker-3-tc1/source:/opt/rustwide/workdir:ro,Z" "-v" "/var/lib/crater-agent-workspace/cargo-home:/opt/rustwide/cargo-home:ro,Z" "-v" "/var/lib/crater-agent-workspace/rustup-home:/opt/rustwide/rustup-home:ro,Z" "-e" "SOURCE_DIR=/opt/rustwide/workdir" "-e" "CARGO_TARGET_DIR=/opt/rustwide/target" "-e" "CARGO_INCREMENTAL=0" "-e" "RUST_BACKTRACE=full" "-e" "RUSTFLAGS=--cap-lints=forbid" "-e" "RUSTDOCFLAGS=--cap-lints=forbid" "-e" "CARGO_HOME=/opt/rustwide/cargo-home" "-e" "RUSTUP_HOME=/opt/rustwide/rustup-home" "-w" "/opt/rustwide/workdir" "-m" "1610612736" "--user" "0:0" "--network" "none" "ghcr.io/rust-lang/crates-build-env/linux@sha256:4a844ea9eb2546a2d2c7022eacef16ef2e8229c7fbb2c7d4d55a9ceca922f72d" "/opt/rustwide/cargo-home/bin/cargo" "+nightly-2024-10-28" "build" "--frozen" "--message-format=json", kill_on_drop: false }`
[INFO] [stdout] 615c33a0324004a0647667109942d844ae9454a3ded34523dc52fe2edec889ad
[INFO] running `Command { std: "docker" "start" "-a" "615c33a0324004a0647667109942d844ae9454a3ded34523dc52fe2edec889ad", kill_on_drop: false }`
[INFO] [stderr]    Compiling googleapis-tonic-google-iam-v1 v0.10.0
[INFO] [stderr]    Compiling googleapis-tonic-google-spanner-admin-database-v1 v0.10.0 (/opt/rustwide/workdir)
[INFO] [stderr]     Finished `dev` profile [unoptimized + debuginfo] target(s) in 1.54s
[INFO] running `Command { std: "docker" "inspect" "615c33a0324004a0647667109942d844ae9454a3ded34523dc52fe2edec889ad", kill_on_drop: false }`
[INFO] running `Command { std: "docker" "rm" "-f" "615c33a0324004a0647667109942d844ae9454a3ded34523dc52fe2edec889ad", kill_on_drop: false }`
[INFO] [stdout] 615c33a0324004a0647667109942d844ae9454a3ded34523dc52fe2edec889ad
[INFO] running `Command { std: "docker" "create" "-v" "/var/lib/crater-agent-workspace/builds/worker-3-tc1/target:/opt/rustwide/target:rw,Z" "-v" "/var/lib/crater-agent-workspace/builds/worker-3-tc1/source:/opt/rustwide/workdir:ro,Z" "-v" "/var/lib/crater-agent-workspace/cargo-home:/opt/rustwide/cargo-home:ro,Z" "-v" "/var/lib/crater-agent-workspace/rustup-home:/opt/rustwide/rustup-home:ro,Z" "-e" "SOURCE_DIR=/opt/rustwide/workdir" "-e" "CARGO_TARGET_DIR=/opt/rustwide/target" "-e" "CARGO_INCREMENTAL=0" "-e" "RUST_BACKTRACE=full" "-e" "RUSTFLAGS=--cap-lints=forbid" "-e" "RUSTDOCFLAGS=--cap-lints=forbid" "-e" "CARGO_HOME=/opt/rustwide/cargo-home" "-e" "RUSTUP_HOME=/opt/rustwide/rustup-home" "-w" "/opt/rustwide/workdir" "-m" "1610612736" "--user" "0:0" "--network" "none" "ghcr.io/rust-lang/crates-build-env/linux@sha256:4a844ea9eb2546a2d2c7022eacef16ef2e8229c7fbb2c7d4d55a9ceca922f72d" "/opt/rustwide/cargo-home/bin/cargo" "+nightly-2024-10-28" "test" "--frozen" "--no-run" "--message-format=json", kill_on_drop: false }`
[INFO] [stdout] 70235211d85dd197112b1a4c9b5d6e77d6a5666471e393bd63ed200d35fa69c8
[INFO] running `Command { std: "docker" "start" "-a" "70235211d85dd197112b1a4c9b5d6e77d6a5666471e393bd63ed200d35fa69c8", kill_on_drop: false }`
[INFO] [stderr]    Compiling googleapis-tonic-google-spanner-admin-database-v1 v0.10.0 (/opt/rustwide/workdir)
[INFO] [stderr]     Finished `test` profile [unoptimized + debuginfo] target(s) in 1.13s
[INFO] running `Command { std: "docker" "inspect" "70235211d85dd197112b1a4c9b5d6e77d6a5666471e393bd63ed200d35fa69c8", kill_on_drop: false }`
[INFO] running `Command { std: "docker" "rm" "-f" "70235211d85dd197112b1a4c9b5d6e77d6a5666471e393bd63ed200d35fa69c8", kill_on_drop: false }`
[INFO] [stdout] 70235211d85dd197112b1a4c9b5d6e77d6a5666471e393bd63ed200d35fa69c8
[INFO] running `Command { std: "docker" "create" "-v" "/var/lib/crater-agent-workspace/builds/worker-3-tc1/target:/opt/rustwide/target:rw,Z" "-v" "/var/lib/crater-agent-workspace/builds/worker-3-tc1/source:/opt/rustwide/workdir:ro,Z" "-v" "/var/lib/crater-agent-workspace/cargo-home:/opt/rustwide/cargo-home:ro,Z" "-v" "/var/lib/crater-agent-workspace/rustup-home:/opt/rustwide/rustup-home:ro,Z" "-e" "SOURCE_DIR=/opt/rustwide/workdir" "-e" "CARGO_TARGET_DIR=/opt/rustwide/target" "-e" "CARGO_INCREMENTAL=0" "-e" "RUST_BACKTRACE=full" "-e" "RUSTFLAGS=--cap-lints=forbid" "-e" "RUSTDOCFLAGS=--cap-lints=forbid" "-e" "CARGO_HOME=/opt/rustwide/cargo-home" "-e" "RUSTUP_HOME=/opt/rustwide/rustup-home" "-w" "/opt/rustwide/workdir" "-m" "1610612736" "--user" "0:0" "--network" "none" "ghcr.io/rust-lang/crates-build-env/linux@sha256:4a844ea9eb2546a2d2c7022eacef16ef2e8229c7fbb2c7d4d55a9ceca922f72d" "/opt/rustwide/cargo-home/bin/cargo" "+nightly-2024-10-28" "test" "--frozen", kill_on_drop: false }`
[INFO] [stdout] fdd7903c3a8171eb1e1872ee87ef3c04d1308e618cd482c77c223b809fea726a
[INFO] running `Command { std: "docker" "start" "-a" "fdd7903c3a8171eb1e1872ee87ef3c04d1308e618cd482c77c223b809fea726a", kill_on_drop: false }`
[INFO] [stderr]     Finished `test` profile [unoptimized + debuginfo] target(s) in 0.06s
[INFO] [stderr]      Running unittests src/lib.rs (/opt/rustwide/target/debug/deps/googleapis_tonic_google_spanner_admin_database_v1-ceb36175e2e94939)
[INFO] [stdout] 
[INFO] [stdout] running 0 tests
[INFO] [stdout] 
[INFO] [stdout] test result: ok. 0 passed; 0 failed; 0 ignored; 0 measured; 0 filtered out; finished in 0.00s
[INFO] [stdout] 
[INFO] [stderr]    Doc-tests googleapis_tonic_google_spanner_admin_database_v1
[INFO] [stdout] 
[INFO] [stdout] running 2 tests
[INFO] [stdout] test src/vec_u8_hash_map/google.spanner.admin.database.v1.rs - vec_u8_hash_map::google::spanner::admin::database::v1::UpdateDatabaseDdlRequest::proto_descriptors (line 1428) ... FAILED
[INFO] [stdout] test src/vec_u8_hash_map/google.spanner.admin.database.v1.rs - vec_u8_hash_map::google::spanner::admin::database::v1::CreateDatabaseRequest::proto_descriptors (line 1315) ... FAILED
[INFO] [stdout] 
[INFO] [stdout] failures:
[INFO] [stdout] 
[INFO] [stdout] ---- src/vec_u8_hash_map/google.spanner.admin.database.v1.rs - vec_u8_hash_map::google::spanner::admin::database::v1::UpdateDatabaseDdlRequest::proto_descriptors (line 1428) stdout ----
[INFO] [stdout] error: unknown start of token: \
[INFO] [stdout]  --> src/vec_u8_hash_map/google.spanner.admin.database.v1.rs:1429:56
[INFO] [stdout]   |
[INFO] [stdout] 3 | $protoc  --proto_path=/app_path --proto_path=/lib_path \
[INFO] [stdout]   |                                                        ^
[INFO] [stdout] 
[INFO] [stdout] error: unknown start of token: \
[INFO] [stdout]  --> src/vec_u8_hash_map/google.spanner.admin.database.v1.rs:1430:29
[INFO] [stdout]   |
[INFO] [stdout] 4 |           --include_imports \
[INFO] [stdout]   |                             ^
[INFO] [stdout] 
[INFO] [stdout] error: unknown start of token: \
[INFO] [stdout]  --> src/vec_u8_hash_map/google.spanner.admin.database.v1.rs:1431:49
[INFO] [stdout]   |
[INFO] [stdout] 5 |           --descriptor_set_out=descriptors.data \
[INFO] [stdout]   |                                                 ^
[INFO] [stdout] 
[INFO] [stdout] error: expected expression, found `$`
[INFO] [stdout]  --> src/vec_u8_hash_map/google.spanner.admin.database.v1.rs:1429:1
[INFO] [stdout]   |
[INFO] [stdout] 3 | $protoc  --proto_path=/app_path --proto_path=/lib_path \
[INFO] [stdout]   | ^ expected expression
[INFO] [stdout] 
[INFO] [stdout] error: aborting due to 4 previous errors
[INFO] [stdout] 
[INFO] [stdout] Couldn't compile the test.
[INFO] [stdout] ---- src/vec_u8_hash_map/google.spanner.admin.database.v1.rs - vec_u8_hash_map::google::spanner::admin::database::v1::CreateDatabaseRequest::proto_descriptors (line 1315) stdout ----
[INFO] [stdout] error: unknown start of token: \
[INFO] [stdout]  --> src/vec_u8_hash_map/google.spanner.admin.database.v1.rs:1316:56
[INFO] [stdout]   |
[INFO] [stdout] 3 | $protoc  --proto_path=/app_path --proto_path=/lib_path \
[INFO] [stdout]   |                                                        ^
[INFO] [stdout] 
[INFO] [stdout] error: unknown start of token: \
[INFO] [stdout]  --> src/vec_u8_hash_map/google.spanner.admin.database.v1.rs:1317:29
[INFO] [stdout]   |
[INFO] [stdout] 4 |           --include_imports \
[INFO] [stdout]   |                             ^
[INFO] [stdout] 
[INFO] [stdout] error: unknown start of token: \
[INFO] [stdout]  --> src/vec_u8_hash_map/google.spanner.admin.database.v1.rs:1318:49
[INFO] [stdout]   |
[INFO] [stdout] 5 |           --descriptor_set_out=descriptors.data \
[INFO] [stdout]   |                                                 ^
[INFO] [stdout] 
[INFO] [stdout] error: expected expression, found `$`
[INFO] [stdout]  --> src/vec_u8_hash_map/google.spanner.admin.database.v1.rs:1316:1
[INFO] [stdout]   |
[INFO] [stdout] 3 | $protoc  --proto_path=/app_path --proto_path=/lib_path \
[INFO] [stdout]   | ^ expected expression
[INFO] [stdout] 
[INFO] [stdout] error: aborting due to 4 previous errors
[INFO] [stdout] 
[INFO] [stdout] Couldn't compile the test.
[INFO] [stdout] 
[INFO] [stdout] failures:
[INFO] [stdout]     src/vec_u8_hash_map/google.spanner.admin.database.v1.rs - vec_u8_hash_map::google::spanner::admin::database::v1::CreateDatabaseRequest::proto_descriptors (line 1315)
[INFO] [stdout]     src/vec_u8_hash_map/google.spanner.admin.database.v1.rs - vec_u8_hash_map::google::spanner::admin::database::v1::UpdateDatabaseDdlRequest::proto_descriptors (line 1428)
[INFO] [stdout] 
[INFO] [stdout] test result: FAILED. 0 passed; 2 failed; 0 ignored; 0 measured; 0 filtered out; finished in 0.05s
[INFO] [stdout] 
[INFO] [stderr] error: doctest failed, to rerun pass `--doc`
[INFO] running `Command { std: "docker" "inspect" "fdd7903c3a8171eb1e1872ee87ef3c04d1308e618cd482c77c223b809fea726a", kill_on_drop: false }`
[INFO] running `Command { std: "docker" "rm" "-f" "fdd7903c3a8171eb1e1872ee87ef3c04d1308e618cd482c77c223b809fea726a", kill_on_drop: false }`
[INFO] [stdout] fdd7903c3a8171eb1e1872ee87ef3c04d1308e618cd482c77c223b809fea726a
