[INFO] fetching crate googleapis-tonic-google-rpc 0.8.0...
[INFO] testing googleapis-tonic-google-rpc-0.8.0 against nightly-2024-10-28 for randomize-layout
[INFO] extracting crate googleapis-tonic-google-rpc 0.8.0 into /workspace/builds/worker-5-tc1/source
[INFO] validating manifest of crates.io crate googleapis-tonic-google-rpc 0.8.0 on toolchain nightly-2024-10-28
[INFO] running `Command { std: CARGO_HOME="/workspace/cargo-home" RUSTUP_HOME="/workspace/rustup-home" "/workspace/cargo-home/bin/cargo" "+nightly-2024-10-28" "metadata" "--manifest-path" "Cargo.toml" "--no-deps", kill_on_drop: false }`
[INFO] started tweaking crates.io crate googleapis-tonic-google-rpc 0.8.0
[INFO] finished tweaking crates.io crate googleapis-tonic-google-rpc 0.8.0
[INFO] tweaked toml for crates.io crate googleapis-tonic-google-rpc 0.8.0 written to /workspace/builds/worker-5-tc1/source/Cargo.toml
[INFO] running `Command { std: CARGO_HOME="/workspace/cargo-home" RUSTUP_HOME="/workspace/rustup-home" "/workspace/cargo-home/bin/cargo" "+nightly-2024-10-28" "generate-lockfile" "--manifest-path" "Cargo.toml", kill_on_drop: false }`
[INFO] [stderr]     Updating crates.io index
[INFO] [stderr]      Locking 54 packages to latest compatible versions
[INFO] running `Command { std: CARGO_HOME="/workspace/cargo-home" RUSTUP_HOME="/workspace/rustup-home" "/workspace/cargo-home/bin/cargo" "+nightly-2024-10-28" "fetch" "--manifest-path" "Cargo.toml", kill_on_drop: false }`
[INFO] running `Command { std: "docker" "create" "-v" "/var/lib/crater-agent-workspace/builds/worker-5-tc1/target:/opt/rustwide/target:rw,Z" "-v" "/var/lib/crater-agent-workspace/builds/worker-5-tc1/source:/opt/rustwide/workdir:ro,Z" "-v" "/var/lib/crater-agent-workspace/cargo-home:/opt/rustwide/cargo-home:ro,Z" "-v" "/var/lib/crater-agent-workspace/rustup-home:/opt/rustwide/rustup-home:ro,Z" "-e" "SOURCE_DIR=/opt/rustwide/workdir" "-e" "CARGO_TARGET_DIR=/opt/rustwide/target" "-e" "CARGO_HOME=/opt/rustwide/cargo-home" "-e" "RUSTUP_HOME=/opt/rustwide/rustup-home" "-w" "/opt/rustwide/workdir" "-m" "1610612736" "--user" "0:0" "--network" "none" "ghcr.io/rust-lang/crates-build-env/linux@sha256:4a844ea9eb2546a2d2c7022eacef16ef2e8229c7fbb2c7d4d55a9ceca922f72d" "/opt/rustwide/cargo-home/bin/cargo" "+nightly-2024-10-28" "metadata" "--no-deps" "--format-version=1", kill_on_drop: false }`
[INFO] [stdout] 2967e48a5fc443e00809147db9ee7eae48dfc2cbac7d5ceb7565998677afd1bf
[INFO] running `Command { std: "docker" "start" "-a" "2967e48a5fc443e00809147db9ee7eae48dfc2cbac7d5ceb7565998677afd1bf", kill_on_drop: false }`
[INFO] running `Command { std: "docker" "inspect" "2967e48a5fc443e00809147db9ee7eae48dfc2cbac7d5ceb7565998677afd1bf", kill_on_drop: false }`
[INFO] running `Command { std: "docker" "rm" "-f" "2967e48a5fc443e00809147db9ee7eae48dfc2cbac7d5ceb7565998677afd1bf", kill_on_drop: false }`
[INFO] [stdout] 2967e48a5fc443e00809147db9ee7eae48dfc2cbac7d5ceb7565998677afd1bf
[INFO] running `Command { std: "docker" "create" "-v" "/var/lib/crater-agent-workspace/builds/worker-5-tc1/target:/opt/rustwide/target:rw,Z" "-v" "/var/lib/crater-agent-workspace/builds/worker-5-tc1/source:/opt/rustwide/workdir:ro,Z" "-v" "/var/lib/crater-agent-workspace/cargo-home:/opt/rustwide/cargo-home:ro,Z" "-v" "/var/lib/crater-agent-workspace/rustup-home:/opt/rustwide/rustup-home:ro,Z" "-e" "SOURCE_DIR=/opt/rustwide/workdir" "-e" "CARGO_TARGET_DIR=/opt/rustwide/target" "-e" "CARGO_INCREMENTAL=0" "-e" "RUST_BACKTRACE=full" "-e" "RUSTFLAGS=--cap-lints=forbid" "-e" "RUSTDOCFLAGS=--cap-lints=forbid" "-e" "CARGO_HOME=/opt/rustwide/cargo-home" "-e" "RUSTUP_HOME=/opt/rustwide/rustup-home" "-w" "/opt/rustwide/workdir" "-m" "1610612736" "--user" "0:0" "--network" "none" "ghcr.io/rust-lang/crates-build-env/linux@sha256:4a844ea9eb2546a2d2c7022eacef16ef2e8229c7fbb2c7d4d55a9ceca922f72d" "/opt/rustwide/cargo-home/bin/cargo" "+nightly-2024-10-28" "build" "--frozen" "--message-format=json", kill_on_drop: false }`
[INFO] [stdout] 5ed9a5615b012db8ab2262c43f47f000cc934f7e099bd4833aaee360d4b89cd7
[INFO] running `Command { std: "docker" "start" "-a" "5ed9a5615b012db8ab2262c43f47f000cc934f7e099bd4833aaee360d4b89cd7", kill_on_drop: false }`
[INFO] [stderr]    Compiling googleapis-tonic-google-rpc v0.8.0 (/opt/rustwide/workdir)
[INFO] [stderr]     Finished `dev` profile [unoptimized + debuginfo] target(s) in 0.24s
[INFO] running `Command { std: "docker" "inspect" "5ed9a5615b012db8ab2262c43f47f000cc934f7e099bd4833aaee360d4b89cd7", kill_on_drop: false }`
[INFO] running `Command { std: "docker" "rm" "-f" "5ed9a5615b012db8ab2262c43f47f000cc934f7e099bd4833aaee360d4b89cd7", kill_on_drop: false }`
[INFO] [stdout] 5ed9a5615b012db8ab2262c43f47f000cc934f7e099bd4833aaee360d4b89cd7
[INFO] running `Command { std: "docker" "create" "-v" "/var/lib/crater-agent-workspace/builds/worker-5-tc1/target:/opt/rustwide/target:rw,Z" "-v" "/var/lib/crater-agent-workspace/builds/worker-5-tc1/source:/opt/rustwide/workdir:ro,Z" "-v" "/var/lib/crater-agent-workspace/cargo-home:/opt/rustwide/cargo-home:ro,Z" "-v" "/var/lib/crater-agent-workspace/rustup-home:/opt/rustwide/rustup-home:ro,Z" "-e" "SOURCE_DIR=/opt/rustwide/workdir" "-e" "CARGO_TARGET_DIR=/opt/rustwide/target" "-e" "CARGO_INCREMENTAL=0" "-e" "RUST_BACKTRACE=full" "-e" "RUSTFLAGS=--cap-lints=forbid" "-e" "RUSTDOCFLAGS=--cap-lints=forbid" "-e" "CARGO_HOME=/opt/rustwide/cargo-home" "-e" "RUSTUP_HOME=/opt/rustwide/rustup-home" "-w" "/opt/rustwide/workdir" "-m" "1610612736" "--user" "0:0" "--network" "none" "ghcr.io/rust-lang/crates-build-env/linux@sha256:4a844ea9eb2546a2d2c7022eacef16ef2e8229c7fbb2c7d4d55a9ceca922f72d" "/opt/rustwide/cargo-home/bin/cargo" "+nightly-2024-10-28" "test" "--frozen" "--no-run" "--message-format=json", kill_on_drop: false }`
[INFO] [stdout] 68d5961b3d65857ecca0b4af2788f567187c3a0ff7a056d40c3678ee7fb9cb12
[INFO] running `Command { std: "docker" "start" "-a" "68d5961b3d65857ecca0b4af2788f567187c3a0ff7a056d40c3678ee7fb9cb12", kill_on_drop: false }`
[INFO] [stderr]    Compiling googleapis-tonic-google-rpc v0.8.0 (/opt/rustwide/workdir)
[INFO] [stderr]     Finished `test` profile [unoptimized + debuginfo] target(s) in 0.24s
[INFO] running `Command { std: "docker" "inspect" "68d5961b3d65857ecca0b4af2788f567187c3a0ff7a056d40c3678ee7fb9cb12", kill_on_drop: false }`
[INFO] running `Command { std: "docker" "rm" "-f" "68d5961b3d65857ecca0b4af2788f567187c3a0ff7a056d40c3678ee7fb9cb12", kill_on_drop: false }`
[INFO] [stdout] 68d5961b3d65857ecca0b4af2788f567187c3a0ff7a056d40c3678ee7fb9cb12
[INFO] running `Command { std: "docker" "create" "-v" "/var/lib/crater-agent-workspace/builds/worker-5-tc1/target:/opt/rustwide/target:rw,Z" "-v" "/var/lib/crater-agent-workspace/builds/worker-5-tc1/source:/opt/rustwide/workdir:ro,Z" "-v" "/var/lib/crater-agent-workspace/cargo-home:/opt/rustwide/cargo-home:ro,Z" "-v" "/var/lib/crater-agent-workspace/rustup-home:/opt/rustwide/rustup-home:ro,Z" "-e" "SOURCE_DIR=/opt/rustwide/workdir" "-e" "CARGO_TARGET_DIR=/opt/rustwide/target" "-e" "CARGO_INCREMENTAL=0" "-e" "RUST_BACKTRACE=full" "-e" "RUSTFLAGS=--cap-lints=forbid" "-e" "RUSTDOCFLAGS=--cap-lints=forbid" "-e" "CARGO_HOME=/opt/rustwide/cargo-home" "-e" "RUSTUP_HOME=/opt/rustwide/rustup-home" "-w" "/opt/rustwide/workdir" "-m" "1610612736" "--user" "0:0" "--network" "none" "ghcr.io/rust-lang/crates-build-env/linux@sha256:4a844ea9eb2546a2d2c7022eacef16ef2e8229c7fbb2c7d4d55a9ceca922f72d" "/opt/rustwide/cargo-home/bin/cargo" "+nightly-2024-10-28" "test" "--frozen", kill_on_drop: false }`
[INFO] [stdout] 0790bd2417607ab13a3f6109597ba669decf44a3de7edbef8cd3d21df6ec83b3
[INFO] running `Command { std: "docker" "start" "-a" "0790bd2417607ab13a3f6109597ba669decf44a3de7edbef8cd3d21df6ec83b3", kill_on_drop: false }`
[INFO] [stderr]     Finished `test` profile [unoptimized + debuginfo] target(s) in 0.02s
[INFO] [stderr]      Running unittests src/lib.rs (/opt/rustwide/target/debug/deps/googleapis_tonic_google_rpc-0de715ba8ecd215e)
[INFO] [stdout] 
[INFO] [stdout] running 0 tests
[INFO] [stdout] 
[INFO] [stdout] test result: ok. 0 passed; 0 failed; 0 ignored; 0 measured; 0 filtered out; finished in 0.00s
[INFO] [stdout] 
[INFO] [stderr]    Doc-tests googleapis_tonic_google_rpc
[INFO] [stdout] 
[INFO] [stdout] running 3 tests
[INFO] [stdout] test src/vec_u8_hash_map/google.rpc.rs - vec_u8_hash_map::google::rpc::ErrorInfo (line 242) ... FAILED
[INFO] [stdout] test src/vec_u8_hash_map/google.rpc.rs - vec_u8_hash_map::google::rpc::ErrorInfo (line 229) ... FAILED
[INFO] [stdout] test src/vec_u8_hash_map/google.rpc.rs - vec_u8_hash_map::google::rpc::bad_request::FieldViolation::field (line 400) ... FAILED
[INFO] [stdout] 
[INFO] [stdout] failures:
[INFO] [stdout] 
[INFO] [stdout] ---- src/vec_u8_hash_map/google.rpc.rs - vec_u8_hash_map::google::rpc::ErrorInfo (line 242) stdout ----
[INFO] [stdout] error: expected one of `.`, `;`, `?`, `}`, or an operator, found `:`
[INFO] [stdout]  --> src/vec_u8_hash_map/google.rpc.rs:243:11
[INFO] [stdout]   |
[INFO] [stdout] 3 | { "reason": "STOCKOUT"
[INFO] [stdout]   |           ^ expected one of `.`, `;`, `?`, `}`, or an operator
[INFO] [stdout] 
[INFO] [stdout] error: aborting due to 1 previous error
[INFO] [stdout] 
[INFO] [stdout] Couldn't compile the test.
[INFO] [stdout] ---- src/vec_u8_hash_map/google.rpc.rs - vec_u8_hash_map::google::rpc::ErrorInfo (line 229) stdout ----
[INFO] [stdout] error: expected one of `.`, `;`, `?`, `}`, or an operator, found `:`
[INFO] [stdout]  --> src/vec_u8_hash_map/google.rpc.rs:230:11
[INFO] [stdout]   |
[INFO] [stdout] 3 | { "reason": "API_DISABLED"
[INFO] [stdout]   |           ^ expected one of `.`, `;`, `?`, `}`, or an operator
[INFO] [stdout] 
[INFO] [stdout] error: aborting due to 1 previous error
[INFO] [stdout] 
[INFO] [stdout] Couldn't compile the test.
[INFO] [stdout] ---- src/vec_u8_hash_map/google.rpc.rs - vec_u8_hash_map::google::rpc::bad_request::FieldViolation::field (line 400) stdout ----
[INFO] [stdout] error: expected one of `!`, `.`, `::`, `;`, `?`, `{`, `}`, or an operator, found `CreateContactRequest`
[INFO] [stdout]  --> src/vec_u8_hash_map/google.rpc.rs:401:9
[INFO] [stdout]   |
[INFO] [stdout] 3 | message CreateContactRequest {
[INFO] [stdout]   |         ^^^^^^^^^^^^^^^^^^^^ expected one of 8 possible tokens
[INFO] [stdout] 
[INFO] [stdout] error: aborting due to 1 previous error
[INFO] [stdout] 
[INFO] [stdout] Couldn't compile the test.
[INFO] [stdout] 
[INFO] [stdout] failures:
[INFO] [stdout]     src/vec_u8_hash_map/google.rpc.rs - vec_u8_hash_map::google::rpc::ErrorInfo (line 229)
[INFO] [stdout]     src/vec_u8_hash_map/google.rpc.rs - vec_u8_hash_map::google::rpc::ErrorInfo (line 242)
[INFO] [stdout]     src/vec_u8_hash_map/google.rpc.rs - vec_u8_hash_map::google::rpc::bad_request::FieldViolation::field (line 400)
[INFO] [stdout] 
[INFO] [stdout] test result: FAILED. 0 passed; 3 failed; 0 ignored; 0 measured; 0 filtered out; finished in 0.02s
[INFO] [stdout] 
[INFO] [stderr] error: doctest failed, to rerun pass `--doc`
[INFO] running `Command { std: "docker" "inspect" "0790bd2417607ab13a3f6109597ba669decf44a3de7edbef8cd3d21df6ec83b3", kill_on_drop: false }`
[INFO] running `Command { std: "docker" "rm" "-f" "0790bd2417607ab13a3f6109597ba669decf44a3de7edbef8cd3d21df6ec83b3", kill_on_drop: false }`
[INFO] [stdout] 0790bd2417607ab13a3f6109597ba669decf44a3de7edbef8cd3d21df6ec83b3
