[INFO] fetching crate googleapis-tonic-google-rpc-context 0.8.0...
[INFO] testing googleapis-tonic-google-rpc-context-0.8.0 against nightly-2024-10-28 for randomize-layout
[INFO] extracting crate googleapis-tonic-google-rpc-context 0.8.0 into /workspace/builds/worker-1-tc1/source
[INFO] validating manifest of crates.io crate googleapis-tonic-google-rpc-context 0.8.0 on toolchain nightly-2024-10-28
[INFO] running `Command { std: CARGO_HOME="/workspace/cargo-home" RUSTUP_HOME="/workspace/rustup-home" "/workspace/cargo-home/bin/cargo" "+nightly-2024-10-28" "metadata" "--manifest-path" "Cargo.toml" "--no-deps", kill_on_drop: false }`
[INFO] started tweaking crates.io crate googleapis-tonic-google-rpc-context 0.8.0
[INFO] finished tweaking crates.io crate googleapis-tonic-google-rpc-context 0.8.0
[INFO] tweaked toml for crates.io crate googleapis-tonic-google-rpc-context 0.8.0 written to /workspace/builds/worker-1-tc1/source/Cargo.toml
[INFO] running `Command { std: CARGO_HOME="/workspace/cargo-home" RUSTUP_HOME="/workspace/rustup-home" "/workspace/cargo-home/bin/cargo" "+nightly-2024-10-28" "generate-lockfile" "--manifest-path" "Cargo.toml", kill_on_drop: false }`
[INFO] [stderr]     Blocking waiting for file lock on package cache
[INFO] [stderr]     Updating crates.io index
[INFO] [stderr]     Blocking waiting for file lock on package cache
[INFO] [stderr]      Locking 54 packages to latest compatible versions
[INFO] running `Command { std: CARGO_HOME="/workspace/cargo-home" RUSTUP_HOME="/workspace/rustup-home" "/workspace/cargo-home/bin/cargo" "+nightly-2024-10-28" "fetch" "--manifest-path" "Cargo.toml", kill_on_drop: false }`
[INFO] running `Command { std: "docker" "create" "-v" "/var/lib/crater-agent-workspace/builds/worker-1-tc1/target:/opt/rustwide/target:rw,Z" "-v" "/var/lib/crater-agent-workspace/builds/worker-1-tc1/source:/opt/rustwide/workdir:ro,Z" "-v" "/var/lib/crater-agent-workspace/cargo-home:/opt/rustwide/cargo-home:ro,Z" "-v" "/var/lib/crater-agent-workspace/rustup-home:/opt/rustwide/rustup-home:ro,Z" "-e" "SOURCE_DIR=/opt/rustwide/workdir" "-e" "CARGO_TARGET_DIR=/opt/rustwide/target" "-e" "CARGO_HOME=/opt/rustwide/cargo-home" "-e" "RUSTUP_HOME=/opt/rustwide/rustup-home" "-w" "/opt/rustwide/workdir" "-m" "1610612736" "--user" "0:0" "--network" "none" "ghcr.io/rust-lang/crates-build-env/linux@sha256:4a844ea9eb2546a2d2c7022eacef16ef2e8229c7fbb2c7d4d55a9ceca922f72d" "/opt/rustwide/cargo-home/bin/cargo" "+nightly-2024-10-28" "metadata" "--no-deps" "--format-version=1", kill_on_drop: false }`
[INFO] [stdout] 5457e97b4488f1faf48c4b9984d69294c106a55c1fa9daeb8acbe15eb68362c2
[INFO] running `Command { std: "docker" "start" "-a" "5457e97b4488f1faf48c4b9984d69294c106a55c1fa9daeb8acbe15eb68362c2", kill_on_drop: false }`
[INFO] running `Command { std: "docker" "inspect" "5457e97b4488f1faf48c4b9984d69294c106a55c1fa9daeb8acbe15eb68362c2", kill_on_drop: false }`
[INFO] running `Command { std: "docker" "rm" "-f" "5457e97b4488f1faf48c4b9984d69294c106a55c1fa9daeb8acbe15eb68362c2", kill_on_drop: false }`
[INFO] [stdout] 5457e97b4488f1faf48c4b9984d69294c106a55c1fa9daeb8acbe15eb68362c2
[INFO] running `Command { std: "docker" "create" "-v" "/var/lib/crater-agent-workspace/builds/worker-1-tc1/target:/opt/rustwide/target:rw,Z" "-v" "/var/lib/crater-agent-workspace/builds/worker-1-tc1/source:/opt/rustwide/workdir:ro,Z" "-v" "/var/lib/crater-agent-workspace/cargo-home:/opt/rustwide/cargo-home:ro,Z" "-v" "/var/lib/crater-agent-workspace/rustup-home:/opt/rustwide/rustup-home:ro,Z" "-e" "SOURCE_DIR=/opt/rustwide/workdir" "-e" "CARGO_TARGET_DIR=/opt/rustwide/target" "-e" "CARGO_INCREMENTAL=0" "-e" "RUST_BACKTRACE=full" "-e" "RUSTFLAGS=--cap-lints=forbid" "-e" "RUSTDOCFLAGS=--cap-lints=forbid" "-e" "CARGO_HOME=/opt/rustwide/cargo-home" "-e" "RUSTUP_HOME=/opt/rustwide/rustup-home" "-w" "/opt/rustwide/workdir" "-m" "1610612736" "--user" "0:0" "--network" "none" "ghcr.io/rust-lang/crates-build-env/linux@sha256:4a844ea9eb2546a2d2c7022eacef16ef2e8229c7fbb2c7d4d55a9ceca922f72d" "/opt/rustwide/cargo-home/bin/cargo" "+nightly-2024-10-28" "build" "--frozen" "--message-format=json", kill_on_drop: false }`
[INFO] [stdout] 67e1c85bfa16b61c31399256d1b25cbea70a788a6ee1735ca64da182dc24d5a4
[INFO] running `Command { std: "docker" "start" "-a" "67e1c85bfa16b61c31399256d1b25cbea70a788a6ee1735ca64da182dc24d5a4", kill_on_drop: false }`
[INFO] [stderr]    Compiling googleapis-tonic-google-rpc-context v0.8.0 (/opt/rustwide/workdir)
[INFO] [stderr]     Finished `dev` profile [unoptimized + debuginfo] target(s) in 0.20s
[INFO] running `Command { std: "docker" "inspect" "67e1c85bfa16b61c31399256d1b25cbea70a788a6ee1735ca64da182dc24d5a4", kill_on_drop: false }`
[INFO] running `Command { std: "docker" "rm" "-f" "67e1c85bfa16b61c31399256d1b25cbea70a788a6ee1735ca64da182dc24d5a4", kill_on_drop: false }`
[INFO] [stdout] 67e1c85bfa16b61c31399256d1b25cbea70a788a6ee1735ca64da182dc24d5a4
[INFO] running `Command { std: "docker" "create" "-v" "/var/lib/crater-agent-workspace/builds/worker-1-tc1/target:/opt/rustwide/target:rw,Z" "-v" "/var/lib/crater-agent-workspace/builds/worker-1-tc1/source:/opt/rustwide/workdir:ro,Z" "-v" "/var/lib/crater-agent-workspace/cargo-home:/opt/rustwide/cargo-home:ro,Z" "-v" "/var/lib/crater-agent-workspace/rustup-home:/opt/rustwide/rustup-home:ro,Z" "-e" "SOURCE_DIR=/opt/rustwide/workdir" "-e" "CARGO_TARGET_DIR=/opt/rustwide/target" "-e" "CARGO_INCREMENTAL=0" "-e" "RUST_BACKTRACE=full" "-e" "RUSTFLAGS=--cap-lints=forbid" "-e" "RUSTDOCFLAGS=--cap-lints=forbid" "-e" "CARGO_HOME=/opt/rustwide/cargo-home" "-e" "RUSTUP_HOME=/opt/rustwide/rustup-home" "-w" "/opt/rustwide/workdir" "-m" "1610612736" "--user" "0:0" "--network" "none" "ghcr.io/rust-lang/crates-build-env/linux@sha256:4a844ea9eb2546a2d2c7022eacef16ef2e8229c7fbb2c7d4d55a9ceca922f72d" "/opt/rustwide/cargo-home/bin/cargo" "+nightly-2024-10-28" "test" "--frozen" "--no-run" "--message-format=json", kill_on_drop: false }`
[INFO] [stdout] 9be3ca4840c6c6aa1c4ea3d6b8a0be222c22c2ec4480f8da78fa4680e102b602
[INFO] running `Command { std: "docker" "start" "-a" "9be3ca4840c6c6aa1c4ea3d6b8a0be222c22c2ec4480f8da78fa4680e102b602", kill_on_drop: false }`
[INFO] [stderr]    Compiling googleapis-tonic-google-rpc-context v0.8.0 (/opt/rustwide/workdir)
[INFO] [stderr]     Finished `test` profile [unoptimized + debuginfo] target(s) in 0.18s
[INFO] running `Command { std: "docker" "inspect" "9be3ca4840c6c6aa1c4ea3d6b8a0be222c22c2ec4480f8da78fa4680e102b602", kill_on_drop: false }`
[INFO] running `Command { std: "docker" "rm" "-f" "9be3ca4840c6c6aa1c4ea3d6b8a0be222c22c2ec4480f8da78fa4680e102b602", kill_on_drop: false }`
[INFO] [stdout] 9be3ca4840c6c6aa1c4ea3d6b8a0be222c22c2ec4480f8da78fa4680e102b602
[INFO] running `Command { std: "docker" "create" "-v" "/var/lib/crater-agent-workspace/builds/worker-1-tc1/target:/opt/rustwide/target:rw,Z" "-v" "/var/lib/crater-agent-workspace/builds/worker-1-tc1/source:/opt/rustwide/workdir:ro,Z" "-v" "/var/lib/crater-agent-workspace/cargo-home:/opt/rustwide/cargo-home:ro,Z" "-v" "/var/lib/crater-agent-workspace/rustup-home:/opt/rustwide/rustup-home:ro,Z" "-e" "SOURCE_DIR=/opt/rustwide/workdir" "-e" "CARGO_TARGET_DIR=/opt/rustwide/target" "-e" "CARGO_INCREMENTAL=0" "-e" "RUST_BACKTRACE=full" "-e" "RUSTFLAGS=--cap-lints=forbid" "-e" "RUSTDOCFLAGS=--cap-lints=forbid" "-e" "CARGO_HOME=/opt/rustwide/cargo-home" "-e" "RUSTUP_HOME=/opt/rustwide/rustup-home" "-w" "/opt/rustwide/workdir" "-m" "1610612736" "--user" "0:0" "--network" "none" "ghcr.io/rust-lang/crates-build-env/linux@sha256:4a844ea9eb2546a2d2c7022eacef16ef2e8229c7fbb2c7d4d55a9ceca922f72d" "/opt/rustwide/cargo-home/bin/cargo" "+nightly-2024-10-28" "test" "--frozen", kill_on_drop: false }`
[INFO] [stdout] f15929b1054c1cbfbeaa0fb99d6e359fc50df1e761d1d1fec34ee76d08a05f81
[INFO] running `Command { std: "docker" "start" "-a" "f15929b1054c1cbfbeaa0fb99d6e359fc50df1e761d1d1fec34ee76d08a05f81", kill_on_drop: false }`
[INFO] [stderr]     Finished `test` profile [unoptimized + debuginfo] target(s) in 0.02s
[INFO] [stderr]      Running unittests src/lib.rs (/opt/rustwide/target/debug/deps/googleapis_tonic_google_rpc_context-4c58fa59ddac09a7)
[INFO] [stdout] 
[INFO] [stdout] running 0 tests
[INFO] [stdout] 
[INFO] [stdout] test result: ok. 0 passed; 0 failed; 0 ignored; 0 measured; 0 filtered out; finished in 0.00s
[INFO] [stdout] 
[INFO] [stderr]    Doc-tests googleapis_tonic_google_rpc_context
[INFO] [stdout] 
[INFO] [stdout] running 1 test
[INFO] [stdout] test src/vec_u8_hash_map/google.rpc.context.rs - vec_u8_hash_map::google::rpc::context::attribute_context::Auth::claims (line 148) ... FAILED
[INFO] [stdout] 
[INFO] [stdout] failures:
[INFO] [stdout] 
[INFO] [stdout] ---- src/vec_u8_hash_map/google.rpc.context.rs - vec_u8_hash_map::google::rpc::context::attribute_context::Auth::claims (line 148) stdout ----
[INFO] [stdout] error: character literal may only contain one codepoint
[INFO] [stdout]  --> src/vec_u8_hash_map/google.rpc.context.rs:149:2
[INFO] [stdout]   |
[INFO] [stdout] 1 | {'iss': 'accounts.google.com',
[INFO] [stdout]   |  ^^^^^
[INFO] [stdout]   |
[INFO] [stdout] help: if you meant to write a string literal, use double quotes
[INFO] [stdout]   |
[INFO] [stdout] 1 | {"iss": 'accounts.google.com',
[INFO] [stdout]   |  ~   ~
[INFO] [stdout] 
[INFO] [stdout] error: prefix `com` is unknown
[INFO] [stdout]  --> src/vec_u8_hash_map/google.rpc.context.rs:149:26
[INFO] [stdout]   |
[INFO] [stdout] 1 | {'iss': 'accounts.google.com',
[INFO] [stdout]   |                          ^^^ unknown prefix
[INFO] [stdout]   |
[INFO] [stdout]   = note: prefixed identifiers and literals are reserved since Rust 2021
[INFO] [stdout] help: if you meant to write a string literal, use double quotes
[INFO] [stdout]   |
[INFO] [stdout] 1 | {'iss': "accounts.google.com",
[INFO] [stdout]   |         ~                   ~
[INFO] [stdout] 
[INFO] [stdout] error[E0762]: unterminated character literal
[INFO] [stdout]  --> src/vec_u8_hash_map/google.rpc.context.rs:149:29
[INFO] [stdout]   |
[INFO] [stdout] 1 | {'iss': 'accounts.google.com',
[INFO] [stdout]   |                             ^^
[INFO] [stdout]   |
[INFO] [stdout] help: if you meant to write a string literal, use double quotes
[INFO] [stdout]   |
[INFO] [stdout] 1 | {'iss': "accounts.google.com",
[INFO] [stdout]   |         ~                   ~
[INFO] [stdout] 
[INFO] [stdout] error: aborting due to 3 previous errors
[INFO] [stdout] 
[INFO] [stdout] For more information about this error, try `rustc --explain E0762`.
[INFO] [stdout] Couldn't compile the test.
[INFO] [stdout] 
[INFO] [stdout] failures:
[INFO] [stdout]     src/vec_u8_hash_map/google.rpc.context.rs - vec_u8_hash_map::google::rpc::context::attribute_context::Auth::claims (line 148)
[INFO] [stdout] 
[INFO] [stdout] test result: FAILED. 0 passed; 1 failed; 0 ignored; 0 measured; 0 filtered out; finished in 0.02s
[INFO] [stdout] 
[INFO] [stderr] error: doctest failed, to rerun pass `--doc`
[INFO] running `Command { std: "docker" "inspect" "f15929b1054c1cbfbeaa0fb99d6e359fc50df1e761d1d1fec34ee76d08a05f81", kill_on_drop: false }`
[INFO] running `Command { std: "docker" "rm" "-f" "f15929b1054c1cbfbeaa0fb99d6e359fc50df1e761d1d1fec34ee76d08a05f81", kill_on_drop: false }`
[INFO] [stdout] f15929b1054c1cbfbeaa0fb99d6e359fc50df1e761d1d1fec34ee76d08a05f81
