[INFO] fetching crate googleapis-tonic-google-monitoring-v3 0.9.0...
[INFO] testing googleapis-tonic-google-monitoring-v3-0.9.0 against nightly-2024-10-28 for randomize-layout
[INFO] extracting crate googleapis-tonic-google-monitoring-v3 0.9.0 into /workspace/builds/worker-6-tc1/source
[INFO] validating manifest of crates.io crate googleapis-tonic-google-monitoring-v3 0.9.0 on toolchain nightly-2024-10-28
[INFO] running `Command { std: CARGO_HOME="/workspace/cargo-home" RUSTUP_HOME="/workspace/rustup-home" "/workspace/cargo-home/bin/cargo" "+nightly-2024-10-28" "metadata" "--manifest-path" "Cargo.toml" "--no-deps", kill_on_drop: false }`
[INFO] started tweaking crates.io crate googleapis-tonic-google-monitoring-v3 0.9.0
[INFO] finished tweaking crates.io crate googleapis-tonic-google-monitoring-v3 0.9.0
[INFO] tweaked toml for crates.io crate googleapis-tonic-google-monitoring-v3 0.9.0 written to /workspace/builds/worker-6-tc1/source/Cargo.toml
[INFO] running `Command { std: CARGO_HOME="/workspace/cargo-home" RUSTUP_HOME="/workspace/rustup-home" "/workspace/cargo-home/bin/cargo" "+nightly-2024-10-28" "generate-lockfile" "--manifest-path" "Cargo.toml", kill_on_drop: false }`
[INFO] [stderr]     Updating crates.io index
[INFO] [stderr]      Locking 57 packages to latest compatible versions
[INFO] [stderr]       Adding googleapis-tonic-google-api v0.9.0 (available: v0.10.0)
[INFO] running `Command { std: CARGO_HOME="/workspace/cargo-home" RUSTUP_HOME="/workspace/rustup-home" "/workspace/cargo-home/bin/cargo" "+nightly-2024-10-28" "fetch" "--manifest-path" "Cargo.toml", kill_on_drop: false }`
[INFO] running `Command { std: "docker" "create" "-v" "/var/lib/crater-agent-workspace/builds/worker-6-tc1/target:/opt/rustwide/target:rw,Z" "-v" "/var/lib/crater-agent-workspace/builds/worker-6-tc1/source:/opt/rustwide/workdir:ro,Z" "-v" "/var/lib/crater-agent-workspace/cargo-home:/opt/rustwide/cargo-home:ro,Z" "-v" "/var/lib/crater-agent-workspace/rustup-home:/opt/rustwide/rustup-home:ro,Z" "-e" "SOURCE_DIR=/opt/rustwide/workdir" "-e" "CARGO_TARGET_DIR=/opt/rustwide/target" "-e" "CARGO_HOME=/opt/rustwide/cargo-home" "-e" "RUSTUP_HOME=/opt/rustwide/rustup-home" "-w" "/opt/rustwide/workdir" "-m" "1610612736" "--user" "0:0" "--network" "none" "ghcr.io/rust-lang/crates-build-env/linux@sha256:4a844ea9eb2546a2d2c7022eacef16ef2e8229c7fbb2c7d4d55a9ceca922f72d" "/opt/rustwide/cargo-home/bin/cargo" "+nightly-2024-10-28" "metadata" "--no-deps" "--format-version=1", kill_on_drop: false }`
[INFO] [stdout] 4b5351651d0b94ba2d2a081ee3ea9968efdbde4b7a114f138cc4078376cd09d8
[INFO] running `Command { std: "docker" "start" "-a" "4b5351651d0b94ba2d2a081ee3ea9968efdbde4b7a114f138cc4078376cd09d8", kill_on_drop: false }`
[INFO] running `Command { std: "docker" "inspect" "4b5351651d0b94ba2d2a081ee3ea9968efdbde4b7a114f138cc4078376cd09d8", kill_on_drop: false }`
[INFO] running `Command { std: "docker" "rm" "-f" "4b5351651d0b94ba2d2a081ee3ea9968efdbde4b7a114f138cc4078376cd09d8", kill_on_drop: false }`
[INFO] [stdout] 4b5351651d0b94ba2d2a081ee3ea9968efdbde4b7a114f138cc4078376cd09d8
[INFO] running `Command { std: "docker" "create" "-v" "/var/lib/crater-agent-workspace/builds/worker-6-tc1/target:/opt/rustwide/target:rw,Z" "-v" "/var/lib/crater-agent-workspace/builds/worker-6-tc1/source:/opt/rustwide/workdir:ro,Z" "-v" "/var/lib/crater-agent-workspace/cargo-home:/opt/rustwide/cargo-home:ro,Z" "-v" "/var/lib/crater-agent-workspace/rustup-home:/opt/rustwide/rustup-home:ro,Z" "-e" "SOURCE_DIR=/opt/rustwide/workdir" "-e" "CARGO_TARGET_DIR=/opt/rustwide/target" "-e" "CARGO_INCREMENTAL=0" "-e" "RUST_BACKTRACE=full" "-e" "RUSTFLAGS=--cap-lints=forbid" "-e" "RUSTDOCFLAGS=--cap-lints=forbid" "-e" "CARGO_HOME=/opt/rustwide/cargo-home" "-e" "RUSTUP_HOME=/opt/rustwide/rustup-home" "-w" "/opt/rustwide/workdir" "-m" "1610612736" "--user" "0:0" "--network" "none" "ghcr.io/rust-lang/crates-build-env/linux@sha256:4a844ea9eb2546a2d2c7022eacef16ef2e8229c7fbb2c7d4d55a9ceca922f72d" "/opt/rustwide/cargo-home/bin/cargo" "+nightly-2024-10-28" "build" "--frozen" "--message-format=json", kill_on_drop: false }`
[INFO] [stdout] 5bec0ef8e23fbedd5665f2ba4310345d2b2fe2f26a9fe05444d124b0fc87fc02
[INFO] running `Command { std: "docker" "start" "-a" "5bec0ef8e23fbedd5665f2ba4310345d2b2fe2f26a9fe05444d124b0fc87fc02", kill_on_drop: false }`
[INFO] [stderr]    Compiling googleapis-tonic-google-monitoring-v3 v0.9.0 (/opt/rustwide/workdir)
[INFO] [stderr]     Finished `dev` profile [unoptimized + debuginfo] target(s) in 1.84s
[INFO] running `Command { std: "docker" "inspect" "5bec0ef8e23fbedd5665f2ba4310345d2b2fe2f26a9fe05444d124b0fc87fc02", kill_on_drop: false }`
[INFO] running `Command { std: "docker" "rm" "-f" "5bec0ef8e23fbedd5665f2ba4310345d2b2fe2f26a9fe05444d124b0fc87fc02", kill_on_drop: false }`
[INFO] [stdout] 5bec0ef8e23fbedd5665f2ba4310345d2b2fe2f26a9fe05444d124b0fc87fc02
[INFO] running `Command { std: "docker" "create" "-v" "/var/lib/crater-agent-workspace/builds/worker-6-tc1/target:/opt/rustwide/target:rw,Z" "-v" "/var/lib/crater-agent-workspace/builds/worker-6-tc1/source:/opt/rustwide/workdir:ro,Z" "-v" "/var/lib/crater-agent-workspace/cargo-home:/opt/rustwide/cargo-home:ro,Z" "-v" "/var/lib/crater-agent-workspace/rustup-home:/opt/rustwide/rustup-home:ro,Z" "-e" "SOURCE_DIR=/opt/rustwide/workdir" "-e" "CARGO_TARGET_DIR=/opt/rustwide/target" "-e" "CARGO_INCREMENTAL=0" "-e" "RUST_BACKTRACE=full" "-e" "RUSTFLAGS=--cap-lints=forbid" "-e" "RUSTDOCFLAGS=--cap-lints=forbid" "-e" "CARGO_HOME=/opt/rustwide/cargo-home" "-e" "RUSTUP_HOME=/opt/rustwide/rustup-home" "-w" "/opt/rustwide/workdir" "-m" "1610612736" "--user" "0:0" "--network" "none" "ghcr.io/rust-lang/crates-build-env/linux@sha256:4a844ea9eb2546a2d2c7022eacef16ef2e8229c7fbb2c7d4d55a9ceca922f72d" "/opt/rustwide/cargo-home/bin/cargo" "+nightly-2024-10-28" "test" "--frozen" "--no-run" "--message-format=json", kill_on_drop: false }`
[INFO] [stdout] 760179a6aba5a05df00d34b3c6637562ab45660513abdff7fa5e92d76c5466ac
[INFO] running `Command { std: "docker" "start" "-a" "760179a6aba5a05df00d34b3c6637562ab45660513abdff7fa5e92d76c5466ac", kill_on_drop: false }`
[INFO] [stderr]    Compiling googleapis-tonic-google-monitoring-v3 v0.9.0 (/opt/rustwide/workdir)
[INFO] [stderr]     Finished `test` profile [unoptimized + debuginfo] target(s) in 1.58s
[INFO] running `Command { std: "docker" "inspect" "760179a6aba5a05df00d34b3c6637562ab45660513abdff7fa5e92d76c5466ac", kill_on_drop: false }`
[INFO] running `Command { std: "docker" "rm" "-f" "760179a6aba5a05df00d34b3c6637562ab45660513abdff7fa5e92d76c5466ac", kill_on_drop: false }`
[INFO] [stdout] 760179a6aba5a05df00d34b3c6637562ab45660513abdff7fa5e92d76c5466ac
[INFO] running `Command { std: "docker" "create" "-v" "/var/lib/crater-agent-workspace/builds/worker-6-tc1/target:/opt/rustwide/target:rw,Z" "-v" "/var/lib/crater-agent-workspace/builds/worker-6-tc1/source:/opt/rustwide/workdir:ro,Z" "-v" "/var/lib/crater-agent-workspace/cargo-home:/opt/rustwide/cargo-home:ro,Z" "-v" "/var/lib/crater-agent-workspace/rustup-home:/opt/rustwide/rustup-home:ro,Z" "-e" "SOURCE_DIR=/opt/rustwide/workdir" "-e" "CARGO_TARGET_DIR=/opt/rustwide/target" "-e" "CARGO_INCREMENTAL=0" "-e" "RUST_BACKTRACE=full" "-e" "RUSTFLAGS=--cap-lints=forbid" "-e" "RUSTDOCFLAGS=--cap-lints=forbid" "-e" "CARGO_HOME=/opt/rustwide/cargo-home" "-e" "RUSTUP_HOME=/opt/rustwide/rustup-home" "-w" "/opt/rustwide/workdir" "-m" "1610612736" "--user" "0:0" "--network" "none" "ghcr.io/rust-lang/crates-build-env/linux@sha256:4a844ea9eb2546a2d2c7022eacef16ef2e8229c7fbb2c7d4d55a9ceca922f72d" "/opt/rustwide/cargo-home/bin/cargo" "+nightly-2024-10-28" "test" "--frozen", kill_on_drop: false }`
[INFO] [stdout] a118364435a6b593dc46e7ba1a8f7dac881f9f005eea75d581b4615688d4e16b
[INFO] running `Command { std: "docker" "start" "-a" "a118364435a6b593dc46e7ba1a8f7dac881f9f005eea75d581b4615688d4e16b", kill_on_drop: false }`
[INFO] [stderr]     Finished `test` profile [unoptimized + debuginfo] target(s) in 0.03s
[INFO] [stderr]      Running unittests src/lib.rs (/opt/rustwide/target/debug/deps/googleapis_tonic_google_monitoring_v3-552bf6fc687cdfba)
[INFO] [stdout] 
[INFO] [stdout] running 0 tests
[INFO] [stdout] 
[INFO] [stdout] test result: ok. 0 passed; 0 failed; 0 ignored; 0 measured; 0 filtered out; finished in 0.00s
[INFO] [stdout] 
[INFO] [stderr]    Doc-tests googleapis_tonic_google_monitoring_v3
[INFO] [stdout] 
[INFO] [stdout] running 62 tests
[INFO] [stdout] test src/vec_u8_hash_map/google.monitoring.v3.rs - vec_u8_hash_map::google::monitoring::v3::CreateSnoozeRequest::parent (line 5521) ... FAILED
[INFO] [stdout] test src/vec_u8_hash_map/google.monitoring.v3.rs - vec_u8_hash_map::google::monitoring::v3::CreateNotificationChannelRequest::name (line 3538) ... FAILED
[INFO] [stdout] test src/vec_u8_hash_map/google.monitoring.v3.rs - vec_u8_hash_map::google::monitoring::v3::CreateUptimeCheckConfigRequest::parent (line 6875) ... FAILED
[INFO] [stdout] test src/vec_u8_hash_map/google.monitoring.v3.rs - vec_u8_hash_map::google::monitoring::v3::CreateTimeSeriesRequest::name (line 2815) ... FAILED
[INFO] [stdout] test src/vec_u8_hash_map/google.monitoring.v3.rs - vec_u8_hash_map::google::monitoring::v3::DeleteGroupRequest::name (line 1993) ... FAILED
[INFO] [stdout] test src/vec_u8_hash_map/google.monitoring.v3.rs - vec_u8_hash_map::google::monitoring::v3::DeleteMetricDescriptorRequest::name (line 2675) ... FAILED
[INFO] [stdout] test src/vec_u8_hash_map/google.monitoring.v3.rs - vec_u8_hash_map::google::monitoring::v3::AlertPolicy::notification_channels (line 721) ... FAILED
[INFO] [stdout] test src/vec_u8_hash_map/google.monitoring.v3.rs - vec_u8_hash_map::google::monitoring::v3::CreateGroupRequest::name (line 1964) ... FAILED
[INFO] [stdout] test src/vec_u8_hash_map/google.monitoring.v3.rs - vec_u8_hash_map::google::monitoring::v3::DeleteServiceRequest::name (line 4992) ... FAILED
[INFO] [stdout] test src/vec_u8_hash_map/google.monitoring.v3.rs - vec_u8_hash_map::google::monitoring::v3::CreateServiceRequest::parent (line 4903) ... FAILED
[INFO] [stdout] test src/vec_u8_hash_map/google.monitoring.v3.rs - vec_u8_hash_map::google::monitoring::v3::DeleteAlertPolicyRequest::name (line 1545) ... FAILED
[INFO] [stdout] test src/vec_u8_hash_map/google.monitoring.v3.rs - vec_u8_hash_map::google::monitoring::v3::CreateAlertPolicyRequest::name (line 1425) ... FAILED
[INFO] [stdout] test src/vec_u8_hash_map/google.monitoring.v3.rs - vec_u8_hash_map::google::monitoring::v3::AlertPolicy::name (line 637) ... FAILED
[INFO] [stdout] test src/vec_u8_hash_map/google.monitoring.v3.rs - vec_u8_hash_map::google::monitoring::v3::CreateServiceLevelObjectiveRequest::parent (line 5001) ... FAILED
[INFO] [stdout] test src/vec_u8_hash_map/google.monitoring.v3.rs - vec_u8_hash_map::google::monitoring::v3::DeleteServiceLevelObjectiveRequest::name (line 5089) ... FAILED
[INFO] [stdout] test src/vec_u8_hash_map/google.monitoring.v3.rs - vec_u8_hash_map::google::monitoring::v3::DeleteNotificationChannelRequest::name (line 3637) ... FAILED
[INFO] [stdout] test src/vec_u8_hash_map/google.monitoring.v3.rs - vec_u8_hash_map::google::monitoring::v3::GetGroupRequest::name (line 1953) ... FAILED
[INFO] [stdout] test src/vec_u8_hash_map/google.monitoring.v3.rs - vec_u8_hash_map::google::monitoring::v3::GetSnoozeRequest::name (line 5584) ... FAILED
[INFO] [stdout] test src/vec_u8_hash_map/google.monitoring.v3.rs - vec_u8_hash_map::google::monitoring::v3::GetNotificationChannelRequest::name (line 3615) ... FAILED
[INFO] [stdout] test src/vec_u8_hash_map/google.monitoring.v3.rs - vec_u8_hash_map::google::monitoring::v3::GetAlertPolicyRequest::name (line 1447) ... FAILED
[INFO] [stdout] test src/vec_u8_hash_map/google.monitoring.v3.rs - vec_u8_hash_map::google::monitoring::v3::GetServiceRequest::name (line 4919) ... FAILED
[INFO] [stdout] test src/vec_u8_hash_map/google.monitoring.v3.rs - vec_u8_hash_map::google::monitoring::v3::GetMonitoredResourceDescriptorRequest::name (line 2588) ... FAILED
[INFO] [stdout] test src/vec_u8_hash_map/google.monitoring.v3.rs - vec_u8_hash_map::google::monitoring::v3::GetUptimeCheckConfigRequest::name (line 6864) ... FAILED
[INFO] [stdout] test src/vec_u8_hash_map/google.monitoring.v3.rs - vec_u8_hash_map::google::monitoring::v3::GetMetricDescriptorRequest::name (line 2647) ... FAILED
[INFO] [stdout] test src/vec_u8_hash_map/google.monitoring.v3.rs - vec_u8_hash_map::google::monitoring::v3::Group::parent_name (line 1862) ... FAILED
[INFO] [stdout] test src/vec_u8_hash_map/google.monitoring.v3.rs - vec_u8_hash_map::google::monitoring::v3::Group::name (line 1850) ... FAILED
[INFO] [stdout] test src/vec_u8_hash_map/google.monitoring.v3.rs - vec_u8_hash_map::google::monitoring::v3::DeleteUptimeCheckConfigRequest::name (line 6910) ... FAILED
[INFO] [stdout] test src/vec_u8_hash_map/google.monitoring.v3.rs - vec_u8_hash_map::google::monitoring::v3::GetServiceLevelObjectiveRequest::name (line 5021) ... FAILED
[INFO] [stdout] test src/vec_u8_hash_map/google.monitoring.v3.rs - vec_u8_hash_map::google::monitoring::v3::ListAlertPoliciesRequest::name (line 1458) ... FAILED
[INFO] [stdout] test src/vec_u8_hash_map/google.monitoring.v3.rs - vec_u8_hash_map::google::monitoring::v3::GetNotificationChannelDescriptorRequest::name (line 3527) ... FAILED
[INFO] [stdout] test src/vec_u8_hash_map/google.monitoring.v3.rs - vec_u8_hash_map::google::monitoring::v3::InternalChecker::name (line 5846) ... FAILED
[INFO] [stdout] test src/vec_u8_hash_map/google.monitoring.v3.rs - vec_u8_hash_map::google::monitoring::v3::ListGroupMembersRequest::filter (line 2025) ... FAILED
[INFO] [stdout] test src/vec_u8_hash_map/google.monitoring.v3.rs - vec_u8_hash_map::google::monitoring::v3::ListMonitoredResourceDescriptorsRequest::filter (line 2556) ... FAILED
[INFO] [stdout] test src/vec_u8_hash_map/google.monitoring.v3.rs - vec_u8_hash_map::google::monitoring::v3::ListTimeSeriesRequest::filter (line 2700) ... FAILED
[INFO] [stdout] test src/vec_u8_hash_map/google.monitoring.v3.rs - vec_u8_hash_map::google::monitoring::v3::ListServiceLevelObjectivesRequest::parent (line 5037) ... FAILED
[INFO] [stdout] test src/vec_u8_hash_map/google.monitoring.v3.rs - vec_u8_hash_map::google::monitoring::v3::ListSnoozesRequest::filter (line 5548) ... FAILED
[INFO] [stdout] test src/vec_u8_hash_map/google.monitoring.v3.rs - vec_u8_hash_map::google::monitoring::v3::ListSnoozesRequest::parent (line 5537) ... FAILED
[INFO] [stdout] test src/vec_u8_hash_map/google.monitoring.v3.rs - vec_u8_hash_map::google::monitoring::v3::ListNotificationChannelsRequest::name (line 3557) ... FAILED
[INFO] [stdout] test src/vec_u8_hash_map/google.monitoring.v3.rs - vec_u8_hash_map::google::monitoring::v3::ListGroupsRequest::name (line 1883) ... FAILED
[INFO] [stdout] test src/vec_u8_hash_map/google.monitoring.v3.rs - vec_u8_hash_map::google::monitoring::v3::ListServicesRequest::parent (line 4930) ... FAILED
[INFO] [stdout] test src/vec_u8_hash_map/google.monitoring.v3.rs - vec_u8_hash_map::google::monitoring::v3::ListNotificationChannelDescriptorsRequest::name (line 3487) ... FAILED
[INFO] [stdout] test src/vec_u8_hash_map/google.monitoring.v3.rs - vec_u8_hash_map::google::monitoring::v3::ListMetricDescriptorsRequest::name (line 2602) ... FAILED
[INFO] [stdout] test src/vec_u8_hash_map/google.monitoring.v3.rs - vec_u8_hash_map::google::monitoring::v3::ListMonitoredResourceDescriptorsRequest::name (line 2548) ... FAILED
[INFO] [stdout] test src/vec_u8_hash_map/google.monitoring.v3.rs - vec_u8_hash_map::google::monitoring::v3::ListGroupMembersRequest::name (line 2007) ... FAILED
[INFO] [stdout] test src/vec_u8_hash_map/google.monitoring.v3.rs - vec_u8_hash_map::google::monitoring::v3::ListTimeSeriesRequest::name (line 2689) ... FAILED
[INFO] [stdout] test src/vec_u8_hash_map/google.monitoring.v3.rs - vec_u8_hash_map::google::monitoring::v3::NotificationChannel::name (line 3348) ... FAILED
[INFO] [stdout] test src/vec_u8_hash_map/google.monitoring.v3.rs - vec_u8_hash_map::google::monitoring::v3::ListMetricDescriptorsRequest::filter (line 2612) ... FAILED
[INFO] [stdout] test src/vec_u8_hash_map/google.monitoring.v3.rs - vec_u8_hash_map::google::monitoring::v3::ListUptimeCheckConfigsRequest::parent (line 6819) ... FAILED
[INFO] [stdout] test src/vec_u8_hash_map/google.monitoring.v3.rs - vec_u8_hash_map::google::monitoring::v3::QueryTimeSeriesRequest::name (line 2873) ... FAILED
[INFO] [stdout] test src/vec_u8_hash_map/google.monitoring.v3.rs - vec_u8_hash_map::google::monitoring::v3::ServiceLevelObjective::name (line 4545) ... FAILED
[INFO] [stdout] test src/vec_u8_hash_map/google.monitoring.v3.rs - vec_u8_hash_map::google::monitoring::v3::NotificationChannelDescriptor::name (line 3298) ... FAILED
[INFO] [stdout] test src/vec_u8_hash_map/google.monitoring.v3.rs - vec_u8_hash_map::google::monitoring::v3::Service::name (line 4265) ... FAILED
[INFO] [stdout] test src/vec_u8_hash_map/google.monitoring.v3.rs - vec_u8_hash_map::google::monitoring::v3::list_groups_request::Filter::ChildrenOfGroup (line 1909) ... FAILED
[INFO] [stdout] test src/vec_u8_hash_map/google.monitoring.v3.rs - vec_u8_hash_map::google::monitoring::v3::alert_policy::Condition::name (line 805) ... FAILED
[INFO] [stdout] test src/vec_u8_hash_map/google.monitoring.v3.rs - vec_u8_hash_map::google::monitoring::v3::SpanContext::span_name (line 5830) ... FAILED
[INFO] [stdout] test src/vec_u8_hash_map/google.monitoring.v3.rs - vec_u8_hash_map::google::monitoring::v3::UptimeCheckConfig::name (line 5970) ... FAILED
[INFO] [stdout] test src/vec_u8_hash_map/google.monitoring.v3.rs - vec_u8_hash_map::google::monitoring::v3::list_groups_request::Filter::DescendantsOfGroup (line 1927) ... FAILED
[INFO] [stdout] test src/vec_u8_hash_map/google.monitoring.v3.rs - vec_u8_hash_map::google::monitoring::v3::Snooze::name (line 5474) ... FAILED
[INFO] [stdout] test src/vec_u8_hash_map/google.monitoring.v3.rs - vec_u8_hash_map::google::monitoring::v3::alert_policy::alert_strategy::NotificationChannelStrategy::notification_channel_names (line 1302) ... FAILED
[INFO] [stdout] test src/vec_u8_hash_map/google.monitoring.v3.rs - vec_u8_hash_map::google::monitoring::v3::list_groups_request::Filter::AncestorsOfGroup (line 1917) ... FAILED
[INFO] [stdout] test src/vec_u8_hash_map/google.monitoring.v3.rs - vec_u8_hash_map::google::monitoring::v3::SpanContext (line 5825) ... FAILED
[INFO] [stdout] test src/vec_u8_hash_map/google.monitoring.v3.rs - vec_u8_hash_map::google::monitoring::v3::snooze::Criteria::policies (line 5505) ... FAILED
[INFO] [stdout] 
[INFO] [stdout] failures:
[INFO] [stdout] 
[INFO] [stdout] ---- src/vec_u8_hash_map/google.monitoring.v3.rs - vec_u8_hash_map::google::monitoring::v3::CreateSnoozeRequest::parent (line 5521) stdout ----
[INFO] [stdout] error: unknown start of token: \
[INFO] [stdout]  --> src/vec_u8_hash_map/google.monitoring.v3.rs:5522:10
[INFO] [stdout]   |
[INFO] [stdout] 3 | projects/\[PROJECT_ID_OR_NUMBER\]
[INFO] [stdout]   |          ^
[INFO] [stdout] 
[INFO] [stdout] error: unknown start of token: \
[INFO] [stdout]  --> src/vec_u8_hash_map/google.monitoring.v3.rs:5522:32
[INFO] [stdout]   |
[INFO] [stdout] 3 | projects/\[PROJECT_ID_OR_NUMBER\]
[INFO] [stdout]   |                                ^
[INFO] [stdout] 
[INFO] [stdout] error[E0425]: cannot find value `projects` in this scope
[INFO] [stdout]  --> src/vec_u8_hash_map/google.monitoring.v3.rs:5522:1
[INFO] [stdout]   |
[INFO] [stdout] 3 | projects/\[PROJECT_ID_OR_NUMBER\]
[INFO] [stdout]   | ^^^^^^^^ not found in this scope
[INFO] [stdout] 
[INFO] [stdout] error[E0425]: cannot find value `PROJECT_ID_OR_NUMBER` in this scope
[INFO] [stdout]  --> src/vec_u8_hash_map/google.monitoring.v3.rs:5522:12
[INFO] [stdout]   |
[INFO] [stdout] 3 | projects/\[PROJECT_ID_OR_NUMBER\]
[INFO] [stdout]   |            ^^^^^^^^^^^^^^^^^^^^ not found in this scope
[INFO] [stdout] 
[INFO] [stdout] error: aborting due to 4 previous errors
[INFO] [stdout] 
[INFO] [stdout] For more information about this error, try `rustc --explain E0425`.
[INFO] [stdout] Couldn't compile the test.
[INFO] [stdout] ---- src/vec_u8_hash_map/google.monitoring.v3.rs - vec_u8_hash_map::google::monitoring::v3::CreateNotificationChannelRequest::name (line 3538) stdout ----
[INFO] [stdout] error: unknown start of token: \
[INFO] [stdout]  --> src/vec_u8_hash_map/google.monitoring.v3.rs:3539:10
[INFO] [stdout]   |
[INFO] [stdout] 3 | projects/\[PROJECT_ID_OR_NUMBER\]
[INFO] [stdout]   |          ^
[INFO] [stdout] 
[INFO] [stdout] error: unknown start of token: \
[INFO] [stdout]  --> src/vec_u8_hash_map/google.monitoring.v3.rs:3539:32
[INFO] [stdout]   |
[INFO] [stdout] 3 | projects/\[PROJECT_ID_OR_NUMBER\]
[INFO] [stdout]   |                                ^
[INFO] [stdout] 
[INFO] [stdout] error[E0425]: cannot find value `projects` in this scope
[INFO] [stdout]  --> src/vec_u8_hash_map/google.monitoring.v3.rs:3539:1
[INFO] [stdout]   |
[INFO] [stdout] 3 | projects/\[PROJECT_ID_OR_NUMBER\]
[INFO] [stdout]   | ^^^^^^^^ not found in this scope
[INFO] [stdout] 
[INFO] [stdout] error[E0425]: cannot find value `PROJECT_ID_OR_NUMBER` in this scope
[INFO] [stdout]  --> src/vec_u8_hash_map/google.monitoring.v3.rs:3539:12
[INFO] [stdout]   |
[INFO] [stdout] 3 | projects/\[PROJECT_ID_OR_NUMBER\]
[INFO] [stdout]   |            ^^^^^^^^^^^^^^^^^^^^ not found in this scope
[INFO] [stdout] 
[INFO] [stdout] error: aborting due to 4 previous errors
[INFO] [stdout] 
[INFO] [stdout] For more information about this error, try `rustc --explain E0425`.
[INFO] [stdout] Couldn't compile the test.
[INFO] [stdout] ---- src/vec_u8_hash_map/google.monitoring.v3.rs - vec_u8_hash_map::google::monitoring::v3::CreateUptimeCheckConfigRequest::parent (line 6875) stdout ----
[INFO] [stdout] error: unknown start of token: \
[INFO] [stdout]  --> src/vec_u8_hash_map/google.monitoring.v3.rs:6876:10
[INFO] [stdout]   |
[INFO] [stdout] 3 | projects/\[PROJECT_ID_OR_NUMBER\]
[INFO] [stdout]   |          ^
[INFO] [stdout] 
[INFO] [stdout] error: unknown start of token: \
[INFO] [stdout]  --> src/vec_u8_hash_map/google.monitoring.v3.rs:6876:32
[INFO] [stdout]   |
[INFO] [stdout] 3 | projects/\[PROJECT_ID_OR_NUMBER\]
[INFO] [stdout]   |                                ^
[INFO] [stdout] 
[INFO] [stdout] error[E0425]: cannot find value `projects` in this scope
[INFO] [stdout]  --> src/vec_u8_hash_map/google.monitoring.v3.rs:6876:1
[INFO] [stdout]   |
[INFO] [stdout] 3 | projects/\[PROJECT_ID_OR_NUMBER\]
[INFO] [stdout]   | ^^^^^^^^ not found in this scope
[INFO] [stdout] 
[INFO] [stdout] error[E0425]: cannot find value `PROJECT_ID_OR_NUMBER` in this scope
[INFO] [stdout]  --> src/vec_u8_hash_map/google.monitoring.v3.rs:6876:12
[INFO] [stdout]   |
[INFO] [stdout] 3 | projects/\[PROJECT_ID_OR_NUMBER\]
[INFO] [stdout]   |            ^^^^^^^^^^^^^^^^^^^^ not found in this scope
[INFO] [stdout] 
[INFO] [stdout] error: aborting due to 4 previous errors
[INFO] [stdout] 
[INFO] [stdout] For more information about this error, try `rustc --explain E0425`.
[INFO] [stdout] Couldn't compile the test.
[INFO] [stdout] ---- src/vec_u8_hash_map/google.monitoring.v3.rs - vec_u8_hash_map::google::monitoring::v3::CreateTimeSeriesRequest::name (line 2815) stdout ----
[INFO] [stdout] error: unknown start of token: \
[INFO] [stdout]  --> src/vec_u8_hash_map/google.monitoring.v3.rs:2816:10
[INFO] [stdout]   |
[INFO] [stdout] 3 | projects/\[PROJECT_ID_OR_NUMBER\]
[INFO] [stdout]   |          ^
[INFO] [stdout] 
[INFO] [stdout] error: unknown start of token: \
[INFO] [stdout]  --> src/vec_u8_hash_map/google.monitoring.v3.rs:2816:32
[INFO] [stdout]   |
[INFO] [stdout] 3 | projects/\[PROJECT_ID_OR_NUMBER\]
[INFO] [stdout]   |                                ^
[INFO] [stdout] 
[INFO] [stdout] error[E0425]: cannot find value `projects` in this scope
[INFO] [stdout]  --> src/vec_u8_hash_map/google.monitoring.v3.rs:2816:1
[INFO] [stdout]   |
[INFO] [stdout] 3 | projects/\[PROJECT_ID_OR_NUMBER\]
[INFO] [stdout]   | ^^^^^^^^ not found in this scope
[INFO] [stdout] 
[INFO] [stdout] error[E0425]: cannot find value `PROJECT_ID_OR_NUMBER` in this scope
[INFO] [stdout]  --> src/vec_u8_hash_map/google.monitoring.v3.rs:2816:12
[INFO] [stdout]   |
[INFO] [stdout] 3 | projects/\[PROJECT_ID_OR_NUMBER\]
[INFO] [stdout]   |            ^^^^^^^^^^^^^^^^^^^^ not found in this scope
[INFO] [stdout] 
[INFO] [stdout] error: aborting due to 4 previous errors
[INFO] [stdout] 
[INFO] [stdout] For more information about this error, try `rustc --explain E0425`.
[INFO] [stdout] Couldn't compile the test.
[INFO] [stdout] ---- src/vec_u8_hash_map/google.monitoring.v3.rs - vec_u8_hash_map::google::monitoring::v3::DeleteGroupRequest::name (line 1993) stdout ----
[INFO] [stdout] error: unknown start of token: \
[INFO] [stdout]  --> src/vec_u8_hash_map/google.monitoring.v3.rs:1994:10
[INFO] [stdout]   |
[INFO] [stdout] 3 | projects/\[PROJECT_ID_OR_NUMBER\]/groups/\[GROUP_ID\]
[INFO] [stdout]   |          ^
[INFO] [stdout] 
[INFO] [stdout] error: unknown start of token: \
[INFO] [stdout]  --> src/vec_u8_hash_map/google.monitoring.v3.rs:1994:32
[INFO] [stdout]   |
[INFO] [stdout] 3 | projects/\[PROJECT_ID_OR_NUMBER\]/groups/\[GROUP_ID\]
[INFO] [stdout]   |                                ^
[INFO] [stdout] 
[INFO] [stdout] error: unknown start of token: \
[INFO] [stdout]  --> src/vec_u8_hash_map/google.monitoring.v3.rs:1994:42
[INFO] [stdout]   |
[INFO] [stdout] 3 | projects/\[PROJECT_ID_OR_NUMBER\]/groups/\[GROUP_ID\]
[INFO] [stdout]   |                                          ^
[INFO] [stdout] 
[INFO] [stdout] error: unknown start of token: \
[INFO] [stdout]  --> src/vec_u8_hash_map/google.monitoring.v3.rs:1994:52
[INFO] [stdout]   |
[INFO] [stdout] 3 | projects/\[PROJECT_ID_OR_NUMBER\]/groups/\[GROUP_ID\]
[INFO] [stdout]   |                                                    ^
[INFO] [stdout] 
[INFO] [stdout] error[E0425]: cannot find value `projects` in this scope
[INFO] [stdout]  --> src/vec_u8_hash_map/google.monitoring.v3.rs:1994:1
[INFO] [stdout]   |
[INFO] [stdout] 3 | projects/\[PROJECT_ID_OR_NUMBER\]/groups/\[GROUP_ID\]
[INFO] [stdout]   | ^^^^^^^^ not found in this scope
[INFO] [stdout] 
[INFO] [stdout] error[E0425]: cannot find value `PROJECT_ID_OR_NUMBER` in this scope
[INFO] [stdout]  --> src/vec_u8_hash_map/google.monitoring.v3.rs:1994:12
[INFO] [stdout]   |
[INFO] [stdout] 3 | projects/\[PROJECT_ID_OR_NUMBER\]/groups/\[GROUP_ID\]
[INFO] [stdout]   |            ^^^^^^^^^^^^^^^^^^^^ not found in this scope
[INFO] [stdout] 
[INFO] [stdout] error[E0425]: cannot find value `groups` in this scope
[INFO] [stdout]  --> src/vec_u8_hash_map/google.monitoring.v3.rs:1994:35
[INFO] [stdout]   |
[INFO] [stdout] 3 | projects/\[PROJECT_ID_OR_NUMBER\]/groups/\[GROUP_ID\]
[INFO] [stdout]   |                                   ^^^^^^ not found in this scope
[INFO] [stdout] 
[INFO] [stdout] error[E0425]: cannot find value `GROUP_ID` in this scope
[INFO] [stdout]  --> src/vec_u8_hash_map/google.monitoring.v3.rs:1994:44
[INFO] [stdout]   |
[INFO] [stdout] 3 | projects/\[PROJECT_ID_OR_NUMBER\]/groups/\[GROUP_ID\]
[INFO] [stdout]   |                                            ^^^^^^^^ not found in this scope
[INFO] [stdout] 
[INFO] [stdout] error: aborting due to 8 previous errors
[INFO] [stdout] 
[INFO] [stdout] For more information about this error, try `rustc --explain E0425`.
[INFO] [stdout] Couldn't compile the test.
[INFO] [stdout] ---- src/vec_u8_hash_map/google.monitoring.v3.rs - vec_u8_hash_map::google::monitoring::v3::DeleteMetricDescriptorRequest::name (line 2675) stdout ----
[INFO] [stdout] error: unknown start of token: \
[INFO] [stdout]  --> src/vec_u8_hash_map/google.monitoring.v3.rs:2676:10
[INFO] [stdout]   |
[INFO] [stdout] 3 | projects/\[PROJECT_ID_OR_NUMBER\]/metricDescriptors/\[METRIC_ID\]
[INFO] [stdout]   |          ^
[INFO] [stdout] 
[INFO] [stdout] error: unknown start of token: \
[INFO] [stdout]  --> src/vec_u8_hash_map/google.monitoring.v3.rs:2676:32
[INFO] [stdout]   |
[INFO] [stdout] 3 | projects/\[PROJECT_ID_OR_NUMBER\]/metricDescriptors/\[METRIC_ID\]
[INFO] [stdout]   |                                ^
[INFO] [stdout] 
[INFO] [stdout] error: unknown start of token: \
[INFO] [stdout]  --> src/vec_u8_hash_map/google.monitoring.v3.rs:2676:53
[INFO] [stdout]   |
[INFO] [stdout] 3 | projects/\[PROJECT_ID_OR_NUMBER\]/metricDescriptors/\[METRIC_ID\]
[INFO] [stdout]   |                                                     ^
[INFO] [stdout] 
[INFO] [stdout] error: unknown start of token: \
[INFO] [stdout]  --> src/vec_u8_hash_map/google.monitoring.v3.rs:2676:64
[INFO] [stdout]   |
[INFO] [stdout] 3 | projects/\[PROJECT_ID_OR_NUMBER\]/metricDescriptors/\[METRIC_ID\]
[INFO] [stdout]   |                                                                ^
[INFO] [stdout] 
[INFO] [stdout] error[E0425]: cannot find value `projects` in this scope
[INFO] [stdout]  --> src/vec_u8_hash_map/google.monitoring.v3.rs:2676:1
[INFO] [stdout]   |
[INFO] [stdout] 3 | projects/\[PROJECT_ID_OR_NUMBER\]/metricDescriptors/\[METRIC_ID\]
[INFO] [stdout]   | ^^^^^^^^ not found in this scope
[INFO] [stdout] 
[INFO] [stdout] error[E0425]: cannot find value `PROJECT_ID_OR_NUMBER` in this scope
[INFO] [stdout]  --> src/vec_u8_hash_map/google.monitoring.v3.rs:2676:12
[INFO] [stdout]   |
[INFO] [stdout] 3 | projects/\[PROJECT_ID_OR_NUMBER\]/metricDescriptors/\[METRIC_ID\]
[INFO] [stdout]   |            ^^^^^^^^^^^^^^^^^^^^ not found in this scope
[INFO] [stdout] 
[INFO] [stdout] error[E0425]: cannot find value `metricDescriptors` in this scope
[INFO] [stdout]  --> src/vec_u8_hash_map/google.monitoring.v3.rs:2676:35
[INFO] [stdout]   |
[INFO] [stdout] 3 | projects/\[PROJECT_ID_OR_NUMBER\]/metricDescriptors/\[METRIC_ID\]
[INFO] [stdout]   |                                   ^^^^^^^^^^^^^^^^^ not found in this scope
[INFO] [stdout] 
[INFO] [stdout] error[E0425]: cannot find value `METRIC_ID` in this scope
[INFO] [stdout]  --> src/vec_u8_hash_map/google.monitoring.v3.rs:2676:55
[INFO] [stdout]   |
[INFO] [stdout] 3 | projects/\[PROJECT_ID_OR_NUMBER\]/metricDescriptors/\[METRIC_ID\]
[INFO] [stdout]   |                                                       ^^^^^^^^^ not found in this scope
[INFO] [stdout] 
[INFO] [stdout] error: aborting due to 8 previous errors
[INFO] [stdout] 
[INFO] [stdout] For more information about this error, try `rustc --explain E0425`.
[INFO] [stdout] Couldn't compile the test.
[INFO] [stdout] ---- src/vec_u8_hash_map/google.monitoring.v3.rs - vec_u8_hash_map::google::monitoring::v3::AlertPolicy::notification_channels (line 721) stdout ----
[INFO] [stdout] error: unknown start of token: \
[INFO] [stdout]  --> src/vec_u8_hash_map/google.monitoring.v3.rs:722:10
[INFO] [stdout]   |
[INFO] [stdout] 3 | projects/\[PROJECT_ID_OR_NUMBER\]/notificationChannels/\[CHANNEL_ID\]
[INFO] [stdout]   |          ^
[INFO] [stdout] 
[INFO] [stdout] error: unknown start of token: \
[INFO] [stdout]  --> src/vec_u8_hash_map/google.monitoring.v3.rs:722:32
[INFO] [stdout]   |
[INFO] [stdout] 3 | projects/\[PROJECT_ID_OR_NUMBER\]/notificationChannels/\[CHANNEL_ID\]
[INFO] [stdout]   |                                ^
[INFO] [stdout] 
[INFO] [stdout] error: unknown start of token: \
[INFO] [stdout]  --> src/vec_u8_hash_map/google.monitoring.v3.rs:722:56
[INFO] [stdout]   |
[INFO] [stdout] 3 | projects/\[PROJECT_ID_OR_NUMBER\]/notificationChannels/\[CHANNEL_ID\]
[INFO] [stdout]   |                                                        ^
[INFO] [stdout] 
[INFO] [stdout] error: unknown start of token: \
[INFO] [stdout]  --> src/vec_u8_hash_map/google.monitoring.v3.rs:722:68
[INFO] [stdout]   |
[INFO] [stdout] 3 | projects/\[PROJECT_ID_OR_NUMBER\]/notificationChannels/\[CHANNEL_ID\]
[INFO] [stdout]   |                                                                    ^
[INFO] [stdout] 
[INFO] [stdout] error[E0425]: cannot find value `projects` in this scope
[INFO] [stdout]  --> src/vec_u8_hash_map/google.monitoring.v3.rs:722:1
[INFO] [stdout]   |
[INFO] [stdout] 3 | projects/\[PROJECT_ID_OR_NUMBER\]/notificationChannels/\[CHANNEL_ID\]
[INFO] [stdout]   | ^^^^^^^^ not found in this scope
[INFO] [stdout] 
[INFO] [stdout] error[E0425]: cannot find value `PROJECT_ID_OR_NUMBER` in this scope
[INFO] [stdout]  --> src/vec_u8_hash_map/google.monitoring.v3.rs:722:12
[INFO] [stdout]   |
[INFO] [stdout] 3 | projects/\[PROJECT_ID_OR_NUMBER\]/notificationChannels/\[CHANNEL_ID\]
[INFO] [stdout]   |            ^^^^^^^^^^^^^^^^^^^^ not found in this scope
[INFO] [stdout] 
[INFO] [stdout] error[E0425]: cannot find value `notificationChannels` in this scope
[INFO] [stdout]  --> src/vec_u8_hash_map/google.monitoring.v3.rs:722:35
[INFO] [stdout]   |
[INFO] [stdout] 3 | projects/\[PROJECT_ID_OR_NUMBER\]/notificationChannels/\[CHANNEL_ID\]
[INFO] [stdout]   |                                   ^^^^^^^^^^^^^^^^^^^^ not found in this scope
[INFO] [stdout] 
[INFO] [stdout] error[E0425]: cannot find value `CHANNEL_ID` in this scope
[INFO] [stdout]  --> src/vec_u8_hash_map/google.monitoring.v3.rs:722:58
[INFO] [stdout]   |
[INFO] [stdout] 3 | projects/\[PROJECT_ID_OR_NUMBER\]/notificationChannels/\[CHANNEL_ID\]
[INFO] [stdout]   |                                                          ^^^^^^^^^^ not found in this scope
[INFO] [stdout] 
[INFO] [stdout] error: aborting due to 8 previous errors
[INFO] [stdout] 
[INFO] [stdout] For more information about this error, try `rustc --explain E0425`.
[INFO] [stdout] Couldn't compile the test.
[INFO] [stdout] ---- src/vec_u8_hash_map/google.monitoring.v3.rs - vec_u8_hash_map::google::monitoring::v3::CreateGroupRequest::name (line 1964) stdout ----
[INFO] [stdout] error: unknown start of token: \
[INFO] [stdout]  --> src/vec_u8_hash_map/google.monitoring.v3.rs:1965:10
[INFO] [stdout]   |
[INFO] [stdout] 3 | projects/\[PROJECT_ID_OR_NUMBER\]
[INFO] [stdout]   |          ^
[INFO] [stdout] 
[INFO] [stdout] error: unknown start of token: \
[INFO] [stdout]  --> src/vec_u8_hash_map/google.monitoring.v3.rs:1965:32
[INFO] [stdout]   |
[INFO] [stdout] 3 | projects/\[PROJECT_ID_OR_NUMBER\]
[INFO] [stdout]   |                                ^
[INFO] [stdout] 
[INFO] [stdout] error[E0425]: cannot find value `projects` in this scope
[INFO] [stdout]  --> src/vec_u8_hash_map/google.monitoring.v3.rs:1965:1
[INFO] [stdout]   |
[INFO] [stdout] 3 | projects/\[PROJECT_ID_OR_NUMBER\]
[INFO] [stdout]   | ^^^^^^^^ not found in this scope
[INFO] [stdout] 
[INFO] [stdout] error[E0425]: cannot find value `PROJECT_ID_OR_NUMBER` in this scope
[INFO] [stdout]  --> src/vec_u8_hash_map/google.monitoring.v3.rs:1965:12
[INFO] [stdout]   |
[INFO] [stdout] 3 | projects/\[PROJECT_ID_OR_NUMBER\]
[INFO] [stdout]   |            ^^^^^^^^^^^^^^^^^^^^ not found in this scope
[INFO] [stdout] 
[INFO] [stdout] error: aborting due to 4 previous errors
[INFO] [stdout] 
[INFO] [stdout] For more information about this error, try `rustc --explain E0425`.
[INFO] [stdout] Couldn't compile the test.
[INFO] [stdout] ---- src/vec_u8_hash_map/google.monitoring.v3.rs - vec_u8_hash_map::google::monitoring::v3::DeleteServiceRequest::name (line 4992) stdout ----
[INFO] [stdout] error: unknown start of token: \
[INFO] [stdout]  --> src/vec_u8_hash_map/google.monitoring.v3.rs:4993:10
[INFO] [stdout]   |
[INFO] [stdout] 3 | projects/\[PROJECT_ID_OR_NUMBER\]/services/\[SERVICE_ID\]
[INFO] [stdout]   |          ^
[INFO] [stdout] 
[INFO] [stdout] error: unknown start of token: \
[INFO] [stdout]  --> src/vec_u8_hash_map/google.monitoring.v3.rs:4993:32
[INFO] [stdout]   |
[INFO] [stdout] 3 | projects/\[PROJECT_ID_OR_NUMBER\]/services/\[SERVICE_ID\]
[INFO] [stdout]   |                                ^
[INFO] [stdout] 
[INFO] [stdout] error: unknown start of token: \
[INFO] [stdout]  --> src/vec_u8_hash_map/google.monitoring.v3.rs:4993:44
[INFO] [stdout]   |
[INFO] [stdout] 3 | projects/\[PROJECT_ID_OR_NUMBER\]/services/\[SERVICE_ID\]
[INFO] [stdout]   |                                            ^
[INFO] [stdout] 
[INFO] [stdout] error: unknown start of token: \
[INFO] [stdout]  --> src/vec_u8_hash_map/google.monitoring.v3.rs:4993:56
[INFO] [stdout]   |
[INFO] [stdout] 3 | projects/\[PROJECT_ID_OR_NUMBER\]/services/\[SERVICE_ID\]
[INFO] [stdout]   |                                                        ^
[INFO] [stdout] 
[INFO] [stdout] error[E0425]: cannot find value `projects` in this scope
[INFO] [stdout]  --> src/vec_u8_hash_map/google.monitoring.v3.rs:4993:1
[INFO] [stdout]   |
[INFO] [stdout] 3 | projects/\[PROJECT_ID_OR_NUMBER\]/services/\[SERVICE_ID\]
[INFO] [stdout]   | ^^^^^^^^ not found in this scope
[INFO] [stdout] 
[INFO] [stdout] error[E0425]: cannot find value `PROJECT_ID_OR_NUMBER` in this scope
[INFO] [stdout]  --> src/vec_u8_hash_map/google.monitoring.v3.rs:4993:12
[INFO] [stdout]   |
[INFO] [stdout] 3 | projects/\[PROJECT_ID_OR_NUMBER\]/services/\[SERVICE_ID\]
[INFO] [stdout]   |            ^^^^^^^^^^^^^^^^^^^^ not found in this scope
[INFO] [stdout] 
[INFO] [stdout] error[E0425]: cannot find value `services` in this scope
[INFO] [stdout]  --> src/vec_u8_hash_map/google.monitoring.v3.rs:4993:35
[INFO] [stdout]   |
[INFO] [stdout] 3 | projects/\[PROJECT_ID_OR_NUMBER\]/services/\[SERVICE_ID\]
[INFO] [stdout]   |                                   ^^^^^^^^ not found in this scope
[INFO] [stdout] 
[INFO] [stdout] error[E0425]: cannot find value `SERVICE_ID` in this scope
[INFO] [stdout]  --> src/vec_u8_hash_map/google.monitoring.v3.rs:4993:46
[INFO] [stdout]   |
[INFO] [stdout] 3 | projects/\[PROJECT_ID_OR_NUMBER\]/services/\[SERVICE_ID\]
[INFO] [stdout]   |                                              ^^^^^^^^^^ not found in this scope
[INFO] [stdout] 
[INFO] [stdout] error: aborting due to 8 previous errors
[INFO] [stdout] 
[INFO] [stdout] For more information about this error, try `rustc --explain E0425`.
[INFO] [stdout] Couldn't compile the test.
[INFO] [stdout] ---- src/vec_u8_hash_map/google.monitoring.v3.rs - vec_u8_hash_map::google::monitoring::v3::CreateServiceRequest::parent (line 4903) stdout ----
[INFO] [stdout] error: unknown start of token: \
[INFO] [stdout]  --> src/vec_u8_hash_map/google.monitoring.v3.rs:4904:10
[INFO] [stdout]   |
[INFO] [stdout] 3 | projects/\[PROJECT_ID_OR_NUMBER\]
[INFO] [stdout]   |          ^
[INFO] [stdout] 
[INFO] [stdout] error: unknown start of token: \
[INFO] [stdout]  --> src/vec_u8_hash_map/google.monitoring.v3.rs:4904:32
[INFO] [stdout]   |
[INFO] [stdout] 3 | projects/\[PROJECT_ID_OR_NUMBER\]
[INFO] [stdout]   |                                ^
[INFO] [stdout] 
[INFO] [stdout] error[E0425]: cannot find value `projects` in this scope
[INFO] [stdout]  --> src/vec_u8_hash_map/google.monitoring.v3.rs:4904:1
[INFO] [stdout]   |
[INFO] [stdout] 3 | projects/\[PROJECT_ID_OR_NUMBER\]
[INFO] [stdout]   | ^^^^^^^^ not found in this scope
[INFO] [stdout] 
[INFO] [stdout] error[E0425]: cannot find value `PROJECT_ID_OR_NUMBER` in this scope
[INFO] [stdout]  --> src/vec_u8_hash_map/google.monitoring.v3.rs:4904:12
[INFO] [stdout]   |
[INFO] [stdout] 3 | projects/\[PROJECT_ID_OR_NUMBER\]
[INFO] [stdout]   |            ^^^^^^^^^^^^^^^^^^^^ not found in this scope
[INFO] [stdout] 
[INFO] [stdout] error: aborting due to 4 previous errors
[INFO] [stdout] 
[INFO] [stdout] For more information about this error, try `rustc --explain E0425`.
[INFO] [stdout] Couldn't compile the test.
[INFO] [stdout] ---- src/vec_u8_hash_map/google.monitoring.v3.rs - vec_u8_hash_map::google::monitoring::v3::DeleteAlertPolicyRequest::name (line 1545) stdout ----
[INFO] [stdout] error: unknown start of token: \
[INFO] [stdout]  --> src/vec_u8_hash_map/google.monitoring.v3.rs:1546:10
[INFO] [stdout]   |
[INFO] [stdout] 3 | projects/\[PROJECT_ID_OR_NUMBER\]/alertPolicies/\[ALERT_POLICY_ID\]
[INFO] [stdout]   |          ^
[INFO] [stdout] 
[INFO] [stdout] error: unknown start of token: \
[INFO] [stdout]  --> src/vec_u8_hash_map/google.monitoring.v3.rs:1546:32
[INFO] [stdout]   |
[INFO] [stdout] 3 | projects/\[PROJECT_ID_OR_NUMBER\]/alertPolicies/\[ALERT_POLICY_ID\]
[INFO] [stdout]   |                                ^
[INFO] [stdout] 
[INFO] [stdout] error: unknown start of token: \
[INFO] [stdout]  --> src/vec_u8_hash_map/google.monitoring.v3.rs:1546:49
[INFO] [stdout]   |
[INFO] [stdout] 3 | projects/\[PROJECT_ID_OR_NUMBER\]/alertPolicies/\[ALERT_POLICY_ID\]
[INFO] [stdout]   |                                                 ^
[INFO] [stdout] 
[INFO] [stdout] error: unknown start of token: \
[INFO] [stdout]  --> src/vec_u8_hash_map/google.monitoring.v3.rs:1546:66
[INFO] [stdout]   |
[INFO] [stdout] 3 | projects/\[PROJECT_ID_OR_NUMBER\]/alertPolicies/\[ALERT_POLICY_ID\]
[INFO] [stdout]   |                                                                  ^
[INFO] [stdout] 
[INFO] [stdout] error[E0425]: cannot find value `projects` in this scope
[INFO] [stdout]  --> src/vec_u8_hash_map/google.monitoring.v3.rs:1546:1
[INFO] [stdout]   |
[INFO] [stdout] 3 | projects/\[PROJECT_ID_OR_NUMBER\]/alertPolicies/\[ALERT_POLICY_ID\]
[INFO] [stdout]   | ^^^^^^^^ not found in this scope
[INFO] [stdout] 
[INFO] [stdout] error[E0425]: cannot find value `PROJECT_ID_OR_NUMBER` in this scope
[INFO] [stdout]  --> src/vec_u8_hash_map/google.monitoring.v3.rs:1546:12
[INFO] [stdout]   |
[INFO] [stdout] 3 | projects/\[PROJECT_ID_OR_NUMBER\]/alertPolicies/\[ALERT_POLICY_ID\]
[INFO] [stdout]   |            ^^^^^^^^^^^^^^^^^^^^ not found in this scope
[INFO] [stdout] 
[INFO] [stdout] error[E0425]: cannot find value `alertPolicies` in this scope
[INFO] [stdout]  --> src/vec_u8_hash_map/google.monitoring.v3.rs:1546:35
[INFO] [stdout]   |
[INFO] [stdout] 3 | projects/\[PROJECT_ID_OR_NUMBER\]/alertPolicies/\[ALERT_POLICY_ID\]
[INFO] [stdout]   |                                   ^^^^^^^^^^^^^ not found in this scope
[INFO] [stdout] 
[INFO] [stdout] error[E0425]: cannot find value `ALERT_POLICY_ID` in this scope
[INFO] [stdout]  --> src/vec_u8_hash_map/google.monitoring.v3.rs:1546:51
[INFO] [stdout]   |
[INFO] [stdout] 3 | projects/\[PROJECT_ID_OR_NUMBER\]/alertPolicies/\[ALERT_POLICY_ID\]
[INFO] [stdout]   |                                                   ^^^^^^^^^^^^^^^ not found in this scope
[INFO] [stdout] 
[INFO] [stdout] error: aborting due to 8 previous errors
[INFO] [stdout] 
[INFO] [stdout] For more information about this error, try `rustc --explain E0425`.
[INFO] [stdout] Couldn't compile the test.
[INFO] [stdout] ---- src/vec_u8_hash_map/google.monitoring.v3.rs - vec_u8_hash_map::google::monitoring::v3::CreateAlertPolicyRequest::name (line 1425) stdout ----
[INFO] [stdout] error: unknown start of token: \
[INFO] [stdout]  --> src/vec_u8_hash_map/google.monitoring.v3.rs:1426:10
[INFO] [stdout]   |
[INFO] [stdout] 3 | projects/\[PROJECT_ID_OR_NUMBER\]
[INFO] [stdout]   |          ^
[INFO] [stdout] 
[INFO] [stdout] error: unknown start of token: \
[INFO] [stdout]  --> src/vec_u8_hash_map/google.monitoring.v3.rs:1426:32
[INFO] [stdout]   |
[INFO] [stdout] 3 | projects/\[PROJECT_ID_OR_NUMBER\]
[INFO] [stdout]   |                                ^
[INFO] [stdout] 
[INFO] [stdout] error[E0425]: cannot find value `projects` in this scope
[INFO] [stdout]  --> src/vec_u8_hash_map/google.monitoring.v3.rs:1426:1
[INFO] [stdout]   |
[INFO] [stdout] 3 | projects/\[PROJECT_ID_OR_NUMBER\]
[INFO] [stdout]   | ^^^^^^^^ not found in this scope
[INFO] [stdout] 
[INFO] [stdout] error[E0425]: cannot find value `PROJECT_ID_OR_NUMBER` in this scope
[INFO] [stdout]  --> src/vec_u8_hash_map/google.monitoring.v3.rs:1426:12
[INFO] [stdout]   |
[INFO] [stdout] 3 | projects/\[PROJECT_ID_OR_NUMBER\]
[INFO] [stdout]   |            ^^^^^^^^^^^^^^^^^^^^ not found in this scope
[INFO] [stdout] 
[INFO] [stdout] error: aborting due to 4 previous errors
[INFO] [stdout] 
[INFO] [stdout] For more information about this error, try `rustc --explain E0425`.
[INFO] [stdout] Couldn't compile the test.
[INFO] [stdout] ---- src/vec_u8_hash_map/google.monitoring.v3.rs - vec_u8_hash_map::google::monitoring::v3::AlertPolicy::name (line 637) stdout ----
[INFO] [stdout] error: unknown start of token: \
[INFO] [stdout]  --> src/vec_u8_hash_map/google.monitoring.v3.rs:638:10
[INFO] [stdout]   |
[INFO] [stdout] 3 | projects/\[PROJECT_ID_OR_NUMBER\]/alertPolicies/\[ALERT_POLICY_ID\]
[INFO] [stdout]   |          ^
[INFO] [stdout] 
[INFO] [stdout] error: unknown start of token: \
[INFO] [stdout]  --> src/vec_u8_hash_map/google.monitoring.v3.rs:638:32
[INFO] [stdout]   |
[INFO] [stdout] 3 | projects/\[PROJECT_ID_OR_NUMBER\]/alertPolicies/\[ALERT_POLICY_ID\]
[INFO] [stdout]   |                                ^
[INFO] [stdout] 
[INFO] [stdout] error: unknown start of token: \
[INFO] [stdout]  --> src/vec_u8_hash_map/google.monitoring.v3.rs:638:49
[INFO] [stdout]   |
[INFO] [stdout] 3 | projects/\[PROJECT_ID_OR_NUMBER\]/alertPolicies/\[ALERT_POLICY_ID\]
[INFO] [stdout]   |                                                 ^
[INFO] [stdout] 
[INFO] [stdout] error: unknown start of token: \
[INFO] [stdout]  --> src/vec_u8_hash_map/google.monitoring.v3.rs:638:66
[INFO] [stdout]   |
[INFO] [stdout] 3 | projects/\[PROJECT_ID_OR_NUMBER\]/alertPolicies/\[ALERT_POLICY_ID\]
[INFO] [stdout]   |                                                                  ^
[INFO] [stdout] 
[INFO] [stdout] error[E0425]: cannot find value `projects` in this scope
[INFO] [stdout]  --> src/vec_u8_hash_map/google.monitoring.v3.rs:638:1
[INFO] [stdout]   |
[INFO] [stdout] 3 | projects/\[PROJECT_ID_OR_NUMBER\]/alertPolicies/\[ALERT_POLICY_ID\]
[INFO] [stdout]   | ^^^^^^^^ not found in this scope
[INFO] [stdout] 
[INFO] [stdout] error[E0425]: cannot find value `PROJECT_ID_OR_NUMBER` in this scope
[INFO] [stdout]  --> src/vec_u8_hash_map/google.monitoring.v3.rs:638:12
[INFO] [stdout]   |
[INFO] [stdout] 3 | projects/\[PROJECT_ID_OR_NUMBER\]/alertPolicies/\[ALERT_POLICY_ID\]
[INFO] [stdout]   |            ^^^^^^^^^^^^^^^^^^^^ not found in this scope
[INFO] [stdout] 
[INFO] [stdout] error[E0425]: cannot find value `alertPolicies` in this scope
[INFO] [stdout]  --> src/vec_u8_hash_map/google.monitoring.v3.rs:638:35
[INFO] [stdout]   |
[INFO] [stdout] 3 | projects/\[PROJECT_ID_OR_NUMBER\]/alertPolicies/\[ALERT_POLICY_ID\]
[INFO] [stdout]   |                                   ^^^^^^^^^^^^^ not found in this scope
[INFO] [stdout] 
[INFO] [stdout] error[E0425]: cannot find value `ALERT_POLICY_ID` in this scope
[INFO] [stdout]  --> src/vec_u8_hash_map/google.monitoring.v3.rs:638:51
[INFO] [stdout]   |
[INFO] [stdout] 3 | projects/\[PROJECT_ID_OR_NUMBER\]/alertPolicies/\[ALERT_POLICY_ID\]
[INFO] [stdout]   |                                                   ^^^^^^^^^^^^^^^ not found in this scope
[INFO] [stdout] 
[INFO] [stdout] error: aborting due to 8 previous errors
[INFO] [stdout] 
[INFO] [stdout] For more information about this error, try `rustc --explain E0425`.
[INFO] [stdout] Couldn't compile the test.
[INFO] [stdout] ---- src/vec_u8_hash_map/google.monitoring.v3.rs - vec_u8_hash_map::google::monitoring::v3::CreateServiceLevelObjectiveRequest::parent (line 5001) stdout ----
[INFO] [stdout] error: unknown start of token: \
[INFO] [stdout]  --> src/vec_u8_hash_map/google.monitoring.v3.rs:5002:10
[INFO] [stdout]   |
[INFO] [stdout] 3 | projects/\[PROJECT_ID_OR_NUMBER\]/services/\[SERVICE_ID\]
[INFO] [stdout]   |          ^
[INFO] [stdout] 
[INFO] [stdout] error: unknown start of token: \
[INFO] [stdout]  --> src/vec_u8_hash_map/google.monitoring.v3.rs:5002:32
[INFO] [stdout]   |
[INFO] [stdout] 3 | projects/\[PROJECT_ID_OR_NUMBER\]/services/\[SERVICE_ID\]
[INFO] [stdout]   |                                ^
[INFO] [stdout] 
[INFO] [stdout] error: unknown start of token: \
[INFO] [stdout]  --> src/vec_u8_hash_map/google.monitoring.v3.rs:5002:44
[INFO] [stdout]   |
[INFO] [stdout] 3 | projects/\[PROJECT_ID_OR_NUMBER\]/services/\[SERVICE_ID\]
[INFO] [stdout]   |                                            ^
[INFO] [stdout] 
[INFO] [stdout] error: unknown start of token: \
[INFO] [stdout]  --> src/vec_u8_hash_map/google.monitoring.v3.rs:5002:56
[INFO] [stdout]   |
[INFO] [stdout] 3 | projects/\[PROJECT_ID_OR_NUMBER\]/services/\[SERVICE_ID\]
[INFO] [stdout]   |                                                        ^
[INFO] [stdout] 
[INFO] [stdout] error[E0425]: cannot find value `projects` in this scope
[INFO] [stdout]  --> src/vec_u8_hash_map/google.monitoring.v3.rs:5002:1
[INFO] [stdout]   |
[INFO] [stdout] 3 | projects/\[PROJECT_ID_OR_NUMBER\]/services/\[SERVICE_ID\]
[INFO] [stdout]   | ^^^^^^^^ not found in this scope
[INFO] [stdout] 
[INFO] [stdout] error[E0425]: cannot find value `PROJECT_ID_OR_NUMBER` in this scope
[INFO] [stdout]  --> src/vec_u8_hash_map/google.monitoring.v3.rs:5002:12
[INFO] [stdout]   |
[INFO] [stdout] 3 | projects/\[PROJECT_ID_OR_NUMBER\]/services/\[SERVICE_ID\]
[INFO] [stdout]   |            ^^^^^^^^^^^^^^^^^^^^ not found in this scope
[INFO] [stdout] 
[INFO] [stdout] error[E0425]: cannot find value `services` in this scope
[INFO] [stdout]  --> src/vec_u8_hash_map/google.monitoring.v3.rs:5002:35
[INFO] [stdout]   |
[INFO] [stdout] 3 | projects/\[PROJECT_ID_OR_NUMBER\]/services/\[SERVICE_ID\]
[INFO] [stdout]   |                                   ^^^^^^^^ not found in this scope
[INFO] [stdout] 
[INFO] [stdout] error[E0425]: cannot find value `SERVICE_ID` in this scope
[INFO] [stdout]  --> src/vec_u8_hash_map/google.monitoring.v3.rs:5002:46
[INFO] [stdout]   |
[INFO] [stdout] 3 | projects/\[PROJECT_ID_OR_NUMBER\]/services/\[SERVICE_ID\]
[INFO] [stdout]   |                                              ^^^^^^^^^^ not found in this scope
[INFO] [stdout] 
[INFO] [stdout] error: aborting due to 8 previous errors
[INFO] [stdout] 
[INFO] [stdout] For more information about this error, try `rustc --explain E0425`.
[INFO] [stdout] Couldn't compile the test.
[INFO] [stdout] ---- src/vec_u8_hash_map/google.monitoring.v3.rs - vec_u8_hash_map::google::monitoring::v3::DeleteServiceLevelObjectiveRequest::name (line 5089) stdout ----
[INFO] [stdout] error: unknown start of token: \
[INFO] [stdout]  --> src/vec_u8_hash_map/google.monitoring.v3.rs:5090:10
[INFO] [stdout]   |
[INFO] [stdout] 3 | projects/\[PROJECT_ID_OR_NUMBER\]/services/\[SERVICE_ID\]/serviceLevelObjectives/\[SLO_NAME\]
[INFO] [stdout]   |          ^
[INFO] [stdout] 
[INFO] [stdout] error: unknown start of token: \
[INFO] [stdout]  --> src/vec_u8_hash_map/google.monitoring.v3.rs:5090:32
[INFO] [stdout]   |
[INFO] [stdout] 3 | projects/\[PROJECT_ID_OR_NUMBER\]/services/\[SERVICE_ID\]/serviceLevelObjectives/\[SLO_NAME\]
[INFO] [stdout]   |                                ^
[INFO] [stdout] 
[INFO] [stdout] error: unknown start of token: \
[INFO] [stdout]  --> src/vec_u8_hash_map/google.monitoring.v3.rs:5090:44
[INFO] [stdout]   |
[INFO] [stdout] 3 | projects/\[PROJECT_ID_OR_NUMBER\]/services/\[SERVICE_ID\]/serviceLevelObjectives/\[SLO_NAME\]
[INFO] [stdout]   |                                            ^
[INFO] [stdout] 
[INFO] [stdout] error: unknown start of token: \
[INFO] [stdout]  --> src/vec_u8_hash_map/google.monitoring.v3.rs:5090:56
[INFO] [stdout]   |
[INFO] [stdout] 3 | projects/\[PROJECT_ID_OR_NUMBER\]/services/\[SERVICE_ID\]/serviceLevelObjectives/\[SLO_NAME\]
[INFO] [stdout]   |                                                        ^
[INFO] [stdout] 
[INFO] [stdout] error: unknown start of token: \
[INFO] [stdout]  --> src/vec_u8_hash_map/google.monitoring.v3.rs:5090:82
[INFO] [stdout]   |
[INFO] [stdout] 3 | projects/\[PROJECT_ID_OR_NUMBER\]/services/\[SERVICE_ID\]/serviceLevelObjectives/\[SLO_NAME\]
[INFO] [stdout]   |                                                                                  ^
[INFO] [stdout] 
[INFO] [stdout] error: unknown start of token: \
[INFO] [stdout]  --> src/vec_u8_hash_map/google.monitoring.v3.rs:5090:92
[INFO] [stdout]   |
[INFO] [stdout] 3 | projects/\[PROJECT_ID_OR_NUMBER\]/services/\[SERVICE_ID\]/serviceLevelObjectives/\[SLO_NAME\]
[INFO] [stdout]   |                                                                                            ^
[INFO] [stdout] 
[INFO] [stdout] error[E0425]: cannot find value `projects` in this scope
[INFO] [stdout]  --> src/vec_u8_hash_map/google.monitoring.v3.rs:5090:1
[INFO] [stdout]   |
[INFO] [stdout] 3 | projects/\[PROJECT_ID_OR_NUMBER\]/services/\[SERVICE_ID\]/serviceLevelObjectives/\[SLO_NAME\]
[INFO] [stdout]   | ^^^^^^^^ not found in this scope
[INFO] [stdout] 
[INFO] [stdout] error[E0425]: cannot find value `PROJECT_ID_OR_NUMBER` in this scope
[INFO] [stdout]  --> src/vec_u8_hash_map/google.monitoring.v3.rs:5090:12
[INFO] [stdout]   |
[INFO] [stdout] 3 | projects/\[PROJECT_ID_OR_NUMBER\]/services/\[SERVICE_ID\]/serviceLevelObjectives/\[SLO_NAME\]
[INFO] [stdout]   |            ^^^^^^^^^^^^^^^^^^^^ not found in this scope
[INFO] [stdout] 
[INFO] [stdout] error[E0425]: cannot find value `services` in this scope
[INFO] [stdout]  --> src/vec_u8_hash_map/google.monitoring.v3.rs:5090:35
[INFO] [stdout]   |
[INFO] [stdout] 3 | projects/\[PROJECT_ID_OR_NUMBER\]/services/\[SERVICE_ID\]/serviceLevelObjectives/\[SLO_NAME\]
[INFO] [stdout]   |                                   ^^^^^^^^ not found in this scope
[INFO] [stdout] 
[INFO] [stdout] error[E0425]: cannot find value `SERVICE_ID` in this scope
[INFO] [stdout]  --> src/vec_u8_hash_map/google.monitoring.v3.rs:5090:46
[INFO] [stdout]   |
[INFO] [stdout] 3 | projects/\[PROJECT_ID_OR_NUMBER\]/services/\[SERVICE_ID\]/serviceLevelObjectives/\[SLO_NAME\]
[INFO] [stdout]   |                                              ^^^^^^^^^^ not found in this scope
[INFO] [stdout] 
[INFO] [stdout] error[E0425]: cannot find value `serviceLevelObjectives` in this scope
[INFO] [stdout]  --> src/vec_u8_hash_map/google.monitoring.v3.rs:5090:59
[INFO] [stdout]   |
[INFO] [stdout] 3 | projects/\[PROJECT_ID_OR_NUMBER\]/services/\[SERVICE_ID\]/serviceLevelObjectives/\[SLO_NAME\]
[INFO] [stdout]   |                                                           ^^^^^^^^^^^^^^^^^^^^^^ not found in this scope
[INFO] [stdout] 
[INFO] [stdout] error[E0425]: cannot find value `SLO_NAME` in this scope
[INFO] [stdout]  --> src/vec_u8_hash_map/google.monitoring.v3.rs:5090:84
[INFO] [stdout]   |
[INFO] [stdout] 3 | projects/\[PROJECT_ID_OR_NUMBER\]/services/\[SERVICE_ID\]/serviceLevelObjectives/\[SLO_NAME\]
[INFO] [stdout]   |                                                                                    ^^^^^^^^ not found in this scope
[INFO] [stdout] 
[INFO] [stdout] error: aborting due to 12 previous errors
[INFO] [stdout] 
[INFO] [stdout] For more information about this error, try `rustc --explain E0425`.
[INFO] [stdout] Couldn't compile the test.
[INFO] [stdout] ---- src/vec_u8_hash_map/google.monitoring.v3.rs - vec_u8_hash_map::google::monitoring::v3::DeleteNotificationChannelRequest::name (line 3637) stdout ----
[INFO] [stdout] error: unknown start of token: \
[INFO] [stdout]  --> src/vec_u8_hash_map/google.monitoring.v3.rs:3638:10
[INFO] [stdout]   |
[INFO] [stdout] 3 | projects/\[PROJECT_ID_OR_NUMBER\]/notificationChannels/\[CHANNEL_ID\]
[INFO] [stdout]   |          ^
[INFO] [stdout] 
[INFO] [stdout] error: unknown start of token: \
[INFO] [stdout]  --> src/vec_u8_hash_map/google.monitoring.v3.rs:3638:32
[INFO] [stdout]   |
[INFO] [stdout] 3 | projects/\[PROJECT_ID_OR_NUMBER\]/notificationChannels/\[CHANNEL_ID\]
[INFO] [stdout]   |                                ^
[INFO] [stdout] 
[INFO] [stdout] error: unknown start of token: \
[INFO] [stdout]  --> src/vec_u8_hash_map/google.monitoring.v3.rs:3638:56
[INFO] [stdout]   |
[INFO] [stdout] 3 | projects/\[PROJECT_ID_OR_NUMBER\]/notificationChannels/\[CHANNEL_ID\]
[INFO] [stdout]   |                                                        ^
[INFO] [stdout] 
[INFO] [stdout] error: unknown start of token: \
[INFO] [stdout]  --> src/vec_u8_hash_map/google.monitoring.v3.rs:3638:68
[INFO] [stdout]   |
[INFO] [stdout] 3 | projects/\[PROJECT_ID_OR_NUMBER\]/notificationChannels/\[CHANNEL_ID\]
[INFO] [stdout]   |                                                                    ^
[INFO] [stdout] 
[INFO] [stdout] error[E0425]: cannot find value `projects` in this scope
[INFO] [stdout]  --> src/vec_u8_hash_map/google.monitoring.v3.rs:3638:1
[INFO] [stdout]   |
[INFO] [stdout] 3 | projects/\[PROJECT_ID_OR_NUMBER\]/notificationChannels/\[CHANNEL_ID\]
[INFO] [stdout]   | ^^^^^^^^ not found in this scope
[INFO] [stdout] 
[INFO] [stdout] error[E0425]: cannot find value `PROJECT_ID_OR_NUMBER` in this scope
[INFO] [stdout]  --> src/vec_u8_hash_map/google.monitoring.v3.rs:3638:12
[INFO] [stdout]   |
[INFO] [stdout] 3 | projects/\[PROJECT_ID_OR_NUMBER\]/notificationChannels/\[CHANNEL_ID\]
[INFO] [stdout]   |            ^^^^^^^^^^^^^^^^^^^^ not found in this scope
[INFO] [stdout] 
[INFO] [stdout] error[E0425]: cannot find value `notificationChannels` in this scope
[INFO] [stdout]  --> src/vec_u8_hash_map/google.monitoring.v3.rs:3638:35
[INFO] [stdout]   |
[INFO] [stdout] 3 | projects/\[PROJECT_ID_OR_NUMBER\]/notificationChannels/\[CHANNEL_ID\]
[INFO] [stdout]   |                                   ^^^^^^^^^^^^^^^^^^^^ not found in this scope
[INFO] [stdout] 
[INFO] [stdout] error[E0425]: cannot find value `CHANNEL_ID` in this scope
[INFO] [stdout]  --> src/vec_u8_hash_map/google.monitoring.v3.rs:3638:58
[INFO] [stdout]   |
[INFO] [stdout] 3 | projects/\[PROJECT_ID_OR_NUMBER\]/notificationChannels/\[CHANNEL_ID\]
[INFO] [stdout]   |                                                          ^^^^^^^^^^ not found in this scope
[INFO] [stdout] 
[INFO] [stdout] error: aborting due to 8 previous errors
[INFO] [stdout] 
[INFO] [stdout] For more information about this error, try `rustc --explain E0425`.
[INFO] [stdout] Couldn't compile the test.
[INFO] [stdout] ---- src/vec_u8_hash_map/google.monitoring.v3.rs - vec_u8_hash_map::google::monitoring::v3::GetGroupRequest::name (line 1953) stdout ----
[INFO] [stdout] error: unknown start of token: \
[INFO] [stdout]  --> src/vec_u8_hash_map/google.monitoring.v3.rs:1954:10
[INFO] [stdout]   |
[INFO] [stdout] 3 | projects/\[PROJECT_ID_OR_NUMBER\]/groups/\[GROUP_ID\]
[INFO] [stdout]   |          ^
[INFO] [stdout] 
[INFO] [stdout] error: unknown start of token: \
[INFO] [stdout]  --> src/vec_u8_hash_map/google.monitoring.v3.rs:1954:32
[INFO] [stdout]   |
[INFO] [stdout] 3 | projects/\[PROJECT_ID_OR_NUMBER\]/groups/\[GROUP_ID\]
[INFO] [stdout]   |                                ^
[INFO] [stdout] 
[INFO] [stdout] error: unknown start of token: \
[INFO] [stdout]  --> src/vec_u8_hash_map/google.monitoring.v3.rs:1954:42
[INFO] [stdout]   |
[INFO] [stdout] 3 | projects/\[PROJECT_ID_OR_NUMBER\]/groups/\[GROUP_ID\]
[INFO] [stdout]   |                                          ^
[INFO] [stdout] 
[INFO] [stdout] error: unknown start of token: \
[INFO] [stdout]  --> src/vec_u8_hash_map/google.monitoring.v3.rs:1954:52
[INFO] [stdout]   |
[INFO] [stdout] 3 | projects/\[PROJECT_ID_OR_NUMBER\]/groups/\[GROUP_ID\]
[INFO] [stdout]   |                                                    ^
[INFO] [stdout] 
[INFO] [stdout] error[E0425]: cannot find value `projects` in this scope
[INFO] [stdout]  --> src/vec_u8_hash_map/google.monitoring.v3.rs:1954:1
[INFO] [stdout]   |
[INFO] [stdout] 3 | projects/\[PROJECT_ID_OR_NUMBER\]/groups/\[GROUP_ID\]
[INFO] [stdout]   | ^^^^^^^^ not found in this scope
[INFO] [stdout] 
[INFO] [stdout] error[E0425]: cannot find value `PROJECT_ID_OR_NUMBER` in this scope
[INFO] [stdout]  --> src/vec_u8_hash_map/google.monitoring.v3.rs:1954:12
[INFO] [stdout]   |
[INFO] [stdout] 3 | projects/\[PROJECT_ID_OR_NUMBER\]/groups/\[GROUP_ID\]
[INFO] [stdout]   |            ^^^^^^^^^^^^^^^^^^^^ not found in this scope
[INFO] [stdout] 
[INFO] [stdout] error[E0425]: cannot find value `groups` in this scope
[INFO] [stdout]  --> src/vec_u8_hash_map/google.monitoring.v3.rs:1954:35
[INFO] [stdout]   |
[INFO] [stdout] 3 | projects/\[PROJECT_ID_OR_NUMBER\]/groups/\[GROUP_ID\]
[INFO] [stdout]   |                                   ^^^^^^ not found in this scope
[INFO] [stdout] 
[INFO] [stdout] error[E0425]: cannot find value `GROUP_ID` in this scope
[INFO] [stdout]  --> src/vec_u8_hash_map/google.monitoring.v3.rs:1954:44
[INFO] [stdout]   |
[INFO] [stdout] 3 | projects/\[PROJECT_ID_OR_NUMBER\]/groups/\[GROUP_ID\]
[INFO] [stdout]   |                                            ^^^^^^^^ not found in this scope
[INFO] [stdout] 
[INFO] [stdout] error: aborting due to 8 previous errors
[INFO] [stdout] 
[INFO] [stdout] For more information about this error, try `rustc --explain E0425`.
[INFO] [stdout] Couldn't compile the test.
[INFO] [stdout] ---- src/vec_u8_hash_map/google.monitoring.v3.rs - vec_u8_hash_map::google::monitoring::v3::GetSnoozeRequest::name (line 5584) stdout ----
[INFO] [stdout] error: unknown start of token: \
[INFO] [stdout]  --> src/vec_u8_hash_map/google.monitoring.v3.rs:5585:10
[INFO] [stdout]   |
[INFO] [stdout] 3 | projects/\[PROJECT_ID_OR_NUMBER\]/snoozes/\[SNOOZE_ID\]
[INFO] [stdout]   |          ^
[INFO] [stdout] 
[INFO] [stdout] error: unknown start of token: \
[INFO] [stdout]  --> src/vec_u8_hash_map/google.monitoring.v3.rs:5585:32
[INFO] [stdout]   |
[INFO] [stdout] 3 | projects/\[PROJECT_ID_OR_NUMBER\]/snoozes/\[SNOOZE_ID\]
[INFO] [stdout]   |                                ^
[INFO] [stdout] 
[INFO] [stdout] error: unknown start of token: \
[INFO] [stdout]  --> src/vec_u8_hash_map/google.monitoring.v3.rs:5585:43
[INFO] [stdout]   |
[INFO] [stdout] 3 | projects/\[PROJECT_ID_OR_NUMBER\]/snoozes/\[SNOOZE_ID\]
[INFO] [stdout]   |                                           ^
[INFO] [stdout] 
[INFO] [stdout] error: unknown start of token: \
[INFO] [stdout]  --> src/vec_u8_hash_map/google.monitoring.v3.rs:5585:54
[INFO] [stdout]   |
[INFO] [stdout] 3 | projects/\[PROJECT_ID_OR_NUMBER\]/snoozes/\[SNOOZE_ID\]
[INFO] [stdout]   |                                                      ^
[INFO] [stdout] 
[INFO] [stdout] error[E0425]: cannot find value `projects` in this scope
[INFO] [stdout]  --> src/vec_u8_hash_map/google.monitoring.v3.rs:5585:1
[INFO] [stdout]   |
[INFO] [stdout] 3 | projects/\[PROJECT_ID_OR_NUMBER\]/snoozes/\[SNOOZE_ID\]
[INFO] [stdout]   | ^^^^^^^^ not found in this scope
[INFO] [stdout] 
[INFO] [stdout] error[E0425]: cannot find value `PROJECT_ID_OR_NUMBER` in this scope
[INFO] [stdout]  --> src/vec_u8_hash_map/google.monitoring.v3.rs:5585:12
[INFO] [stdout]   |
[INFO] [stdout] 3 | projects/\[PROJECT_ID_OR_NUMBER\]/snoozes/\[SNOOZE_ID\]
[INFO] [stdout]   |            ^^^^^^^^^^^^^^^^^^^^ not found in this scope
[INFO] [stdout] 
[INFO] [stdout] error[E0425]: cannot find value `snoozes` in this scope
[INFO] [stdout]  --> src/vec_u8_hash_map/google.monitoring.v3.rs:5585:35
[INFO] [stdout]   |
[INFO] [stdout] 3 | projects/\[PROJECT_ID_OR_NUMBER\]/snoozes/\[SNOOZE_ID\]
[INFO] [stdout]   |                                   ^^^^^^^ not found in this scope
[INFO] [stdout] 
[INFO] [stdout] error[E0425]: cannot find value `SNOOZE_ID` in this scope
[INFO] [stdout]  --> src/vec_u8_hash_map/google.monitoring.v3.rs:5585:45
[INFO] [stdout]   |
[INFO] [stdout] 3 | projects/\[PROJECT_ID_OR_NUMBER\]/snoozes/\[SNOOZE_ID\]
[INFO] [stdout]   |                                             ^^^^^^^^^ not found in this scope
[INFO] [stdout] 
[INFO] [stdout] error: aborting due to 8 previous errors
[INFO] [stdout] 
[INFO] [stdout] For more information about this error, try `rustc --explain E0425`.
[INFO] [stdout] Couldn't compile the test.
[INFO] [stdout] ---- src/vec_u8_hash_map/google.monitoring.v3.rs - vec_u8_hash_map::google::monitoring::v3::GetNotificationChannelRequest::name (line 3615) stdout ----
[INFO] [stdout] error: unknown start of token: \
[INFO] [stdout]  --> src/vec_u8_hash_map/google.monitoring.v3.rs:3616:10
[INFO] [stdout]   |
[INFO] [stdout] 3 | projects/\[PROJECT_ID_OR_NUMBER\]/notificationChannels/\[CHANNEL_ID\]
[INFO] [stdout]   |          ^
[INFO] [stdout] 
[INFO] [stdout] error: unknown start of token: \
[INFO] [stdout]  --> src/vec_u8_hash_map/google.monitoring.v3.rs:3616:32
[INFO] [stdout]   |
[INFO] [stdout] 3 | projects/\[PROJECT_ID_OR_NUMBER\]/notificationChannels/\[CHANNEL_ID\]
[INFO] [stdout]   |                                ^
[INFO] [stdout] 
[INFO] [stdout] error: unknown start of token: \
[INFO] [stdout]  --> src/vec_u8_hash_map/google.monitoring.v3.rs:3616:56
[INFO] [stdout]   |
[INFO] [stdout] 3 | projects/\[PROJECT_ID_OR_NUMBER\]/notificationChannels/\[CHANNEL_ID\]
[INFO] [stdout]   |                                                        ^
[INFO] [stdout] 
[INFO] [stdout] error: unknown start of token: \
[INFO] [stdout]  --> src/vec_u8_hash_map/google.monitoring.v3.rs:3616:68
[INFO] [stdout]   |
[INFO] [stdout] 3 | projects/\[PROJECT_ID_OR_NUMBER\]/notificationChannels/\[CHANNEL_ID\]
[INFO] [stdout]   |                                                                    ^
[INFO] [stdout] 
[INFO] [stdout] error[E0425]: cannot find value `projects` in this scope
[INFO] [stdout]  --> src/vec_u8_hash_map/google.monitoring.v3.rs:3616:1
[INFO] [stdout]   |
[INFO] [stdout] 3 | projects/\[PROJECT_ID_OR_NUMBER\]/notificationChannels/\[CHANNEL_ID\]
[INFO] [stdout]   | ^^^^^^^^ not found in this scope
[INFO] [stdout] 
[INFO] [stdout] error[E0425]: cannot find value `PROJECT_ID_OR_NUMBER` in this scope
[INFO] [stdout]  --> src/vec_u8_hash_map/google.monitoring.v3.rs:3616:12
[INFO] [stdout]   |
[INFO] [stdout] 3 | projects/\[PROJECT_ID_OR_NUMBER\]/notificationChannels/\[CHANNEL_ID\]
[INFO] [stdout]   |            ^^^^^^^^^^^^^^^^^^^^ not found in this scope
[INFO] [stdout] 
[INFO] [stdout] error[E0425]: cannot find value `notificationChannels` in this scope
[INFO] [stdout]  --> src/vec_u8_hash_map/google.monitoring.v3.rs:3616:35
[INFO] [stdout]   |
[INFO] [stdout] 3 | projects/\[PROJECT_ID_OR_NUMBER\]/notificationChannels/\[CHANNEL_ID\]
[INFO] [stdout]   |                                   ^^^^^^^^^^^^^^^^^^^^ not found in this scope
[INFO] [stdout] 
[INFO] [stdout] error[E0425]: cannot find value `CHANNEL_ID` in this scope
[INFO] [stdout]  --> src/vec_u8_hash_map/google.monitoring.v3.rs:3616:58
[INFO] [stdout]   |
[INFO] [stdout] 3 | projects/\[PROJECT_ID_OR_NUMBER\]/notificationChannels/\[CHANNEL_ID\]
[INFO] [stdout]   |                                                          ^^^^^^^^^^ not found in this scope
[INFO] [stdout] 
[INFO] [stdout] error: aborting due to 8 previous errors
[INFO] [stdout] 
[INFO] [stdout] For more information about this error, try `rustc --explain E0425`.
[INFO] [stdout] Couldn't compile the test.
[INFO] [stdout] ---- src/vec_u8_hash_map/google.monitoring.v3.rs - vec_u8_hash_map::google::monitoring::v3::GetAlertPolicyRequest::name (line 1447) stdout ----
[INFO] [stdout] error: unknown start of token: \
[INFO] [stdout]  --> src/vec_u8_hash_map/google.monitoring.v3.rs:1448:10
[INFO] [stdout]   |
[INFO] [stdout] 3 | projects/\[PROJECT_ID_OR_NUMBER\]/alertPolicies/\[ALERT_POLICY_ID\]
[INFO] [stdout]   |          ^
[INFO] [stdout] 
[INFO] [stdout] error: unknown start of token: \
[INFO] [stdout]  --> src/vec_u8_hash_map/google.monitoring.v3.rs:1448:32
[INFO] [stdout]   |
[INFO] [stdout] 3 | projects/\[PROJECT_ID_OR_NUMBER\]/alertPolicies/\[ALERT_POLICY_ID\]
[INFO] [stdout]   |                                ^
[INFO] [stdout] 
[INFO] [stdout] error: unknown start of token: \
[INFO] [stdout]  --> src/vec_u8_hash_map/google.monitoring.v3.rs:1448:49
[INFO] [stdout]   |
[INFO] [stdout] 3 | projects/\[PROJECT_ID_OR_NUMBER\]/alertPolicies/\[ALERT_POLICY_ID\]
[INFO] [stdout]   |                                                 ^
[INFO] [stdout] 
[INFO] [stdout] error: unknown start of token: \
[INFO] [stdout]  --> src/vec_u8_hash_map/google.monitoring.v3.rs:1448:66
[INFO] [stdout]   |
[INFO] [stdout] 3 | projects/\[PROJECT_ID_OR_NUMBER\]/alertPolicies/\[ALERT_POLICY_ID\]
[INFO] [stdout]   |                                                                  ^
[INFO] [stdout] 
[INFO] [stdout] error[E0425]: cannot find value `projects` in this scope
[INFO] [stdout]  --> src/vec_u8_hash_map/google.monitoring.v3.rs:1448:1
[INFO] [stdout]   |
[INFO] [stdout] 3 | projects/\[PROJECT_ID_OR_NUMBER\]/alertPolicies/\[ALERT_POLICY_ID\]
[INFO] [stdout]   | ^^^^^^^^ not found in this scope
[INFO] [stdout] 
[INFO] [stdout] error[E0425]: cannot find value `PROJECT_ID_OR_NUMBER` in this scope
[INFO] [stdout]  --> src/vec_u8_hash_map/google.monitoring.v3.rs:1448:12
[INFO] [stdout]   |
[INFO] [stdout] 3 | projects/\[PROJECT_ID_OR_NUMBER\]/alertPolicies/\[ALERT_POLICY_ID\]
[INFO] [stdout]   |            ^^^^^^^^^^^^^^^^^^^^ not found in this scope
[INFO] [stdout] 
[INFO] [stdout] error[E0425]: cannot find value `alertPolicies` in this scope
[INFO] [stdout]  --> src/vec_u8_hash_map/google.monitoring.v3.rs:1448:35
[INFO] [stdout]   |
[INFO] [stdout] 3 | projects/\[PROJECT_ID_OR_NUMBER\]/alertPolicies/\[ALERT_POLICY_ID\]
[INFO] [stdout]   |                                   ^^^^^^^^^^^^^ not found in this scope
[INFO] [stdout] 
[INFO] [stdout] error[E0425]: cannot find value `ALERT_POLICY_ID` in this scope
[INFO] [stdout]  --> src/vec_u8_hash_map/google.monitoring.v3.rs:1448:51
[INFO] [stdout]   |
[INFO] [stdout] 3 | projects/\[PROJECT_ID_OR_NUMBER\]/alertPolicies/\[ALERT_POLICY_ID\]
[INFO] [stdout]   |                                                   ^^^^^^^^^^^^^^^ not found in this scope
[INFO] [stdout] 
[INFO] [stdout] error: aborting due to 8 previous errors
[INFO] [stdout] 
[INFO] [stdout] For more information about this error, try `rustc --explain E0425`.
[INFO] [stdout] Couldn't compile the test.
[INFO] [stdout] ---- src/vec_u8_hash_map/google.monitoring.v3.rs - vec_u8_hash_map::google::monitoring::v3::GetServiceRequest::name (line 4919) stdout ----
[INFO] [stdout] error: unknown start of token: \
[INFO] [stdout]  --> src/vec_u8_hash_map/google.monitoring.v3.rs:4920:10
[INFO] [stdout]   |
[INFO] [stdout] 3 | projects/\[PROJECT_ID_OR_NUMBER\]/services/\[SERVICE_ID\]
[INFO] [stdout]   |          ^
[INFO] [stdout] 
[INFO] [stdout] error: unknown start of token: \
[INFO] [stdout]  --> src/vec_u8_hash_map/google.monitoring.v3.rs:4920:32
[INFO] [stdout]   |
[INFO] [stdout] 3 | projects/\[PROJECT_ID_OR_NUMBER\]/services/\[SERVICE_ID\]
[INFO] [stdout]   |                                ^
[INFO] [stdout] 
[INFO] [stdout] error: unknown start of token: \
[INFO] [stdout]  --> src/vec_u8_hash_map/google.monitoring.v3.rs:4920:44
[INFO] [stdout]   |
[INFO] [stdout] 3 | projects/\[PROJECT_ID_OR_NUMBER\]/services/\[SERVICE_ID\]
[INFO] [stdout]   |                                            ^
[INFO] [stdout] 
[INFO] [stdout] error: unknown start of token: \
[INFO] [stdout]  --> src/vec_u8_hash_map/google.monitoring.v3.rs:4920:56
[INFO] [stdout]   |
[INFO] [stdout] 3 | projects/\[PROJECT_ID_OR_NUMBER\]/services/\[SERVICE_ID\]
[INFO] [stdout]   |                                                        ^
[INFO] [stdout] 
[INFO] [stdout] error[E0425]: cannot find value `projects` in this scope
[INFO] [stdout]  --> src/vec_u8_hash_map/google.monitoring.v3.rs:4920:1
[INFO] [stdout]   |
[INFO] [stdout] 3 | projects/\[PROJECT_ID_OR_NUMBER\]/services/\[SERVICE_ID\]
[INFO] [stdout]   | ^^^^^^^^ not found in this scope
[INFO] [stdout] 
[INFO] [stdout] error[E0425]: cannot find value `PROJECT_ID_OR_NUMBER` in this scope
[INFO] [stdout]  --> src/vec_u8_hash_map/google.monitoring.v3.rs:4920:12
[INFO] [stdout]   |
[INFO] [stdout] 3 | projects/\[PROJECT_ID_OR_NUMBER\]/services/\[SERVICE_ID\]
[INFO] [stdout]   |            ^^^^^^^^^^^^^^^^^^^^ not found in this scope
[INFO] [stdout] 
[INFO] [stdout] error[E0425]: cannot find value `services` in this scope
[INFO] [stdout]  --> src/vec_u8_hash_map/google.monitoring.v3.rs:4920:35
[INFO] [stdout]   |
[INFO] [stdout] 3 | projects/\[PROJECT_ID_OR_NUMBER\]/services/\[SERVICE_ID\]
[INFO] [stdout]   |                                   ^^^^^^^^ not found in this scope
[INFO] [stdout] 
[INFO] [stdout] error[E0425]: cannot find value `SERVICE_ID` in this scope
[INFO] [stdout]  --> src/vec_u8_hash_map/google.monitoring.v3.rs:4920:46
[INFO] [stdout]   |
[INFO] [stdout] 3 | projects/\[PROJECT_ID_OR_NUMBER\]/services/\[SERVICE_ID\]
[INFO] [stdout]   |                                              ^^^^^^^^^^ not found in this scope
[INFO] [stdout] 
[INFO] [stdout] error: aborting due to 8 previous errors
[INFO] [stdout] 
[INFO] [stdout] For more information about this error, try `rustc --explain E0425`.
[INFO] [stdout] Couldn't compile the test.
[INFO] [stdout] ---- src/vec_u8_hash_map/google.monitoring.v3.rs - vec_u8_hash_map::google::monitoring::v3::GetMonitoredResourceDescriptorRequest::name (line 2588) stdout ----
[INFO] [stdout] error: unknown start of token: \
[INFO] [stdout]  --> src/vec_u8_hash_map/google.monitoring.v3.rs:2589:10
[INFO] [stdout]   |
[INFO] [stdout] 3 | projects/\[PROJECT_ID_OR_NUMBER\]/monitoredResourceDescriptors/\[RESOURCE_TYPE\]
[INFO] [stdout]   |          ^
[INFO] [stdout] 
[INFO] [stdout] error: unknown start of token: \
[INFO] [stdout]  --> src/vec_u8_hash_map/google.monitoring.v3.rs:2589:32
[INFO] [stdout]   |
[INFO] [stdout] 3 | projects/\[PROJECT_ID_OR_NUMBER\]/monitoredResourceDescriptors/\[RESOURCE_TYPE\]
[INFO] [stdout]   |                                ^
[INFO] [stdout] 
[INFO] [stdout] error: unknown start of token: \
[INFO] [stdout]  --> src/vec_u8_hash_map/google.monitoring.v3.rs:2589:64
[INFO] [stdout]   |
[INFO] [stdout] 3 | projects/\[PROJECT_ID_OR_NUMBER\]/monitoredResourceDescriptors/\[RESOURCE_TYPE\]
[INFO] [stdout]   |                                                                ^
[INFO] [stdout] 
[INFO] [stdout] error: unknown start of token: \
[INFO] [stdout]  --> src/vec_u8_hash_map/google.monitoring.v3.rs:2589:79
[INFO] [stdout]   |
[INFO] [stdout] 3 | projects/\[PROJECT_ID_OR_NUMBER\]/monitoredResourceDescriptors/\[RESOURCE_TYPE\]
[INFO] [stdout]   |                                                                               ^
[INFO] [stdout] 
[INFO] [stdout] error[E0425]: cannot find value `projects` in this scope
[INFO] [stdout]  --> src/vec_u8_hash_map/google.monitoring.v3.rs:2589:1
[INFO] [stdout]   |
[INFO] [stdout] 3 | projects/\[PROJECT_ID_OR_NUMBER\]/monitoredResourceDescriptors/\[RESOURCE_TYPE\]
[INFO] [stdout]   | ^^^^^^^^ not found in this scope
[INFO] [stdout] 
[INFO] [stdout] error[E0425]: cannot find value `PROJECT_ID_OR_NUMBER` in this scope
[INFO] [stdout]  --> src/vec_u8_hash_map/google.monitoring.v3.rs:2589:12
[INFO] [stdout]   |
[INFO] [stdout] 3 | projects/\[PROJECT_ID_OR_NUMBER\]/monitoredResourceDescriptors/\[RESOURCE_TYPE\]
[INFO] [stdout]   |            ^^^^^^^^^^^^^^^^^^^^ not found in this scope
[INFO] [stdout] 
[INFO] [stdout] error[E0425]: cannot find value `monitoredResourceDescriptors` in this scope
[INFO] [stdout]  --> src/vec_u8_hash_map/google.monitoring.v3.rs:2589:35
[INFO] [stdout]   |
[INFO] [stdout] 3 | projects/\[PROJECT_ID_OR_NUMBER\]/monitoredResourceDescriptors/\[RESOURCE_TYPE\]
[INFO] [stdout]   |                                   ^^^^^^^^^^^^^^^^^^^^^^^^^^^^ not found in this scope
[INFO] [stdout] 
[INFO] [stdout] error[E0425]: cannot find value `RESOURCE_TYPE` in this scope
[INFO] [stdout]  --> src/vec_u8_hash_map/google.monitoring.v3.rs:2589:66
[INFO] [stdout]   |
[INFO] [stdout] 3 | projects/\[PROJECT_ID_OR_NUMBER\]/monitoredResourceDescriptors/\[RESOURCE_TYPE\]
[INFO] [stdout]   |                                                                  ^^^^^^^^^^^^^ not found in this scope
[INFO] [stdout] 
[INFO] [stdout] error: aborting due to 8 previous errors
[INFO] [stdout] 
[INFO] [stdout] For more information about this error, try `rustc --explain E0425`.
[INFO] [stdout] Couldn't compile the test.
[INFO] [stdout] ---- src/vec_u8_hash_map/google.monitoring.v3.rs - vec_u8_hash_map::google::monitoring::v3::GetUptimeCheckConfigRequest::name (line 6864) stdout ----
[INFO] [stdout] error: unknown start of token: \
[INFO] [stdout]  --> src/vec_u8_hash_map/google.monitoring.v3.rs:6865:10
[INFO] [stdout]   |
[INFO] [stdout] 3 | projects/\[PROJECT_ID_OR_NUMBER\]/uptimeCheckConfigs/\[UPTIME_CHECK_ID\]
[INFO] [stdout]   |          ^
[INFO] [stdout] 
[INFO] [stdout] error: unknown start of token: \
[INFO] [stdout]  --> src/vec_u8_hash_map/google.monitoring.v3.rs:6865:32
[INFO] [stdout]   |
[INFO] [stdout] 3 | projects/\[PROJECT_ID_OR_NUMBER\]/uptimeCheckConfigs/\[UPTIME_CHECK_ID\]
[INFO] [stdout]   |                                ^
[INFO] [stdout] 
[INFO] [stdout] error: unknown start of token: \
[INFO] [stdout]  --> src/vec_u8_hash_map/google.monitoring.v3.rs:6865:54
[INFO] [stdout]   |
[INFO] [stdout] 3 | projects/\[PROJECT_ID_OR_NUMBER\]/uptimeCheckConfigs/\[UPTIME_CHECK_ID\]
[INFO] [stdout]   |                                                      ^
[INFO] [stdout] 
[INFO] [stdout] error: unknown start of token: \
[INFO] [stdout]  --> src/vec_u8_hash_map/google.monitoring.v3.rs:6865:71
[INFO] [stdout]   |
[INFO] [stdout] 3 | projects/\[PROJECT_ID_OR_NUMBER\]/uptimeCheckConfigs/\[UPTIME_CHECK_ID\]
[INFO] [stdout]   |                                                                       ^
[INFO] [stdout] 
[INFO] [stdout] error[E0425]: cannot find value `projects` in this scope
[INFO] [stdout]  --> src/vec_u8_hash_map/google.monitoring.v3.rs:6865:1
[INFO] [stdout]   |
[INFO] [stdout] 3 | projects/\[PROJECT_ID_OR_NUMBER\]/uptimeCheckConfigs/\[UPTIME_CHECK_ID\]
[INFO] [stdout]   | ^^^^^^^^ not found in this scope
[INFO] [stdout] 
[INFO] [stdout] error[E0425]: cannot find value `PROJECT_ID_OR_NUMBER` in this scope
[INFO] [stdout]  --> src/vec_u8_hash_map/google.monitoring.v3.rs:6865:12
[INFO] [stdout]   |
[INFO] [stdout] 3 | projects/\[PROJECT_ID_OR_NUMBER\]/uptimeCheckConfigs/\[UPTIME_CHECK_ID\]
[INFO] [stdout]   |            ^^^^^^^^^^^^^^^^^^^^ not found in this scope
[INFO] [stdout] 
[INFO] [stdout] error[E0425]: cannot find value `uptimeCheckConfigs` in this scope
[INFO] [stdout]  --> src/vec_u8_hash_map/google.monitoring.v3.rs:6865:35
[INFO] [stdout]   |
[INFO] [stdout] 3 | projects/\[PROJECT_ID_OR_NUMBER\]/uptimeCheckConfigs/\[UPTIME_CHECK_ID\]
[INFO] [stdout]   |                                   ^^^^^^^^^^^^^^^^^^ not found in this scope
[INFO] [stdout] 
[INFO] [stdout] error[E0425]: cannot find value `UPTIME_CHECK_ID` in this scope
[INFO] [stdout]  --> src/vec_u8_hash_map/google.monitoring.v3.rs:6865:56
[INFO] [stdout]   |
[INFO] [stdout] 3 | projects/\[PROJECT_ID_OR_NUMBER\]/uptimeCheckConfigs/\[UPTIME_CHECK_ID\]
[INFO] [stdout]   |                                                        ^^^^^^^^^^^^^^^ not found in this scope
[INFO] [stdout] 
[INFO] [stdout] error: aborting due to 8 previous errors
[INFO] [stdout] 
[INFO] [stdout] For more information about this error, try `rustc --explain E0425`.
[INFO] [stdout] Couldn't compile the test.
[INFO] [stdout] ---- src/vec_u8_hash_map/google.monitoring.v3.rs - vec_u8_hash_map::google::monitoring::v3::GetMetricDescriptorRequest::name (line 2647) stdout ----
[INFO] [stdout] error: unknown start of token: \
[INFO] [stdout]  --> src/vec_u8_hash_map/google.monitoring.v3.rs:2648:10
[INFO] [stdout]   |
[INFO] [stdout] 3 | projects/\[PROJECT_ID_OR_NUMBER\]/metricDescriptors/\[METRIC_ID\]
[INFO] [stdout]   |          ^
[INFO] [stdout] 
[INFO] [stdout] error: unknown start of token: \
[INFO] [stdout]  --> src/vec_u8_hash_map/google.monitoring.v3.rs:2648:32
[INFO] [stdout]   |
[INFO] [stdout] 3 | projects/\[PROJECT_ID_OR_NUMBER\]/metricDescriptors/\[METRIC_ID\]
[INFO] [stdout]   |                                ^
[INFO] [stdout] 
[INFO] [stdout] error: unknown start of token: \
[INFO] [stdout]  --> src/vec_u8_hash_map/google.monitoring.v3.rs:2648:53
[INFO] [stdout]   |
[INFO] [stdout] 3 | projects/\[PROJECT_ID_OR_NUMBER\]/metricDescriptors/\[METRIC_ID\]
[INFO] [stdout]   |                                                     ^
[INFO] [stdout] 
[INFO] [stdout] error: unknown start of token: \
[INFO] [stdout]  --> src/vec_u8_hash_map/google.monitoring.v3.rs:2648:64
[INFO] [stdout]   |
[INFO] [stdout] 3 | projects/\[PROJECT_ID_OR_NUMBER\]/metricDescriptors/\[METRIC_ID\]
[INFO] [stdout]   |                                                                ^
[INFO] [stdout] 
[INFO] [stdout] error[E0425]: cannot find value `projects` in this scope
[INFO] [stdout]  --> src/vec_u8_hash_map/google.monitoring.v3.rs:2648:1
[INFO] [stdout]   |
[INFO] [stdout] 3 | projects/\[PROJECT_ID_OR_NUMBER\]/metricDescriptors/\[METRIC_ID\]
[INFO] [stdout]   | ^^^^^^^^ not found in this scope
[INFO] [stdout] 
[INFO] [stdout] error[E0425]: cannot find value `PROJECT_ID_OR_NUMBER` in this scope
[INFO] [stdout]  --> src/vec_u8_hash_map/google.monitoring.v3.rs:2648:12
[INFO] [stdout]   |
[INFO] [stdout] 3 | projects/\[PROJECT_ID_OR_NUMBER\]/metricDescriptors/\[METRIC_ID\]
[INFO] [stdout]   |            ^^^^^^^^^^^^^^^^^^^^ not found in this scope
[INFO] [stdout] 
[INFO] [stdout] error[E0425]: cannot find value `metricDescriptors` in this scope
[INFO] [stdout]  --> src/vec_u8_hash_map/google.monitoring.v3.rs:2648:35
[INFO] [stdout]   |
[INFO] [stdout] 3 | projects/\[PROJECT_ID_OR_NUMBER\]/metricDescriptors/\[METRIC_ID\]
[INFO] [stdout]   |                                   ^^^^^^^^^^^^^^^^^ not found in this scope
[INFO] [stdout] 
[INFO] [stdout] error[E0425]: cannot find value `METRIC_ID` in this scope
[INFO] [stdout]  --> src/vec_u8_hash_map/google.monitoring.v3.rs:2648:55
[INFO] [stdout]   |
[INFO] [stdout] 3 | projects/\[PROJECT_ID_OR_NUMBER\]/metricDescriptors/\[METRIC_ID\]
[INFO] [stdout]   |                                                       ^^^^^^^^^ not found in this scope
[INFO] [stdout] 
[INFO] [stdout] error: aborting due to 8 previous errors
[INFO] [stdout] 
[INFO] [stdout] For more information about this error, try `rustc --explain E0425`.
[INFO] [stdout] Couldn't compile the test.
[INFO] [stdout] ---- src/vec_u8_hash_map/google.monitoring.v3.rs - vec_u8_hash_map::google::monitoring::v3::Group::parent_name (line 1862) stdout ----
[INFO] [stdout] error: unknown start of token: \
[INFO] [stdout]  --> src/vec_u8_hash_map/google.monitoring.v3.rs:1863:10
[INFO] [stdout]   |
[INFO] [stdout] 3 | projects/\[PROJECT_ID_OR_NUMBER\]/groups/\[GROUP_ID\]
[INFO] [stdout]   |          ^
[INFO] [stdout] 
[INFO] [stdout] error: unknown start of token: \
[INFO] [stdout]  --> src/vec_u8_hash_map/google.monitoring.v3.rs:1863:32
[INFO] [stdout]   |
[INFO] [stdout] 3 | projects/\[PROJECT_ID_OR_NUMBER\]/groups/\[GROUP_ID\]
[INFO] [stdout]   |                                ^
[INFO] [stdout] 
[INFO] [stdout] error: unknown start of token: \
[INFO] [stdout]  --> src/vec_u8_hash_map/google.monitoring.v3.rs:1863:42
[INFO] [stdout]   |
[INFO] [stdout] 3 | projects/\[PROJECT_ID_OR_NUMBER\]/groups/\[GROUP_ID\]
[INFO] [stdout]   |                                          ^
[INFO] [stdout] 
[INFO] [stdout] error: unknown start of token: \
[INFO] [stdout]  --> src/vec_u8_hash_map/google.monitoring.v3.rs:1863:52
[INFO] [stdout]   |
[INFO] [stdout] 3 | projects/\[PROJECT_ID_OR_NUMBER\]/groups/\[GROUP_ID\]
[INFO] [stdout]   |                                                    ^
[INFO] [stdout] 
[INFO] [stdout] error[E0425]: cannot find value `projects` in this scope
[INFO] [stdout]  --> src/vec_u8_hash_map/google.monitoring.v3.rs:1863:1
[INFO] [stdout]   |
[INFO] [stdout] 3 | projects/\[PROJECT_ID_OR_NUMBER\]/groups/\[GROUP_ID\]
[INFO] [stdout]   | ^^^^^^^^ not found in this scope
[INFO] [stdout] 
[INFO] [stdout] error[E0425]: cannot find value `PROJECT_ID_OR_NUMBER` in this scope
[INFO] [stdout]  --> src/vec_u8_hash_map/google.monitoring.v3.rs:1863:12
[INFO] [stdout]   |
[INFO] [stdout] 3 | projects/\[PROJECT_ID_OR_NUMBER\]/groups/\[GROUP_ID\]
[INFO] [stdout]   |            ^^^^^^^^^^^^^^^^^^^^ not found in this scope
[INFO] [stdout] 
[INFO] [stdout] error[E0425]: cannot find value `groups` in this scope
[INFO] [stdout]  --> src/vec_u8_hash_map/google.monitoring.v3.rs:1863:35
[INFO] [stdout]   |
[INFO] [stdout] 3 | projects/\[PROJECT_ID_OR_NUMBER\]/groups/\[GROUP_ID\]
[INFO] [stdout]   |                                   ^^^^^^ not found in this scope
[INFO] [stdout] 
[INFO] [stdout] error[E0425]: cannot find value `GROUP_ID` in this scope
[INFO] [stdout]  --> src/vec_u8_hash_map/google.monitoring.v3.rs:1863:44
[INFO] [stdout]   |
[INFO] [stdout] 3 | projects/\[PROJECT_ID_OR_NUMBER\]/groups/\[GROUP_ID\]
[INFO] [stdout]   |                                            ^^^^^^^^ not found in this scope
[INFO] [stdout] 
[INFO] [stdout] error: aborting due to 8 previous errors
[INFO] [stdout] 
[INFO] [stdout] For more information about this error, try `rustc --explain E0425`.
[INFO] [stdout] Couldn't compile the test.
[INFO] [stdout] ---- src/vec_u8_hash_map/google.monitoring.v3.rs - vec_u8_hash_map::google::monitoring::v3::Group::name (line 1850) stdout ----
[INFO] [stdout] error: unknown start of token: \
[INFO] [stdout]  --> src/vec_u8_hash_map/google.monitoring.v3.rs:1851:10
[INFO] [stdout]   |
[INFO] [stdout] 3 | projects/\[PROJECT_ID_OR_NUMBER\]/groups/\[GROUP_ID\]
[INFO] [stdout]   |          ^
[INFO] [stdout] 
[INFO] [stdout] error: unknown start of token: \
[INFO] [stdout]  --> src/vec_u8_hash_map/google.monitoring.v3.rs:1851:32
[INFO] [stdout]   |
[INFO] [stdout] 3 | projects/\[PROJECT_ID_OR_NUMBER\]/groups/\[GROUP_ID\]
[INFO] [stdout]   |                                ^
[INFO] [stdout] 
[INFO] [stdout] error: unknown start of token: \
[INFO] [stdout]  --> src/vec_u8_hash_map/google.monitoring.v3.rs:1851:42
[INFO] [stdout]   |
[INFO] [stdout] 3 | projects/\[PROJECT_ID_OR_NUMBER\]/groups/\[GROUP_ID\]
[INFO] [stdout]   |                                          ^
[INFO] [stdout] 
[INFO] [stdout] error: unknown start of token: \
[INFO] [stdout]  --> src/vec_u8_hash_map/google.monitoring.v3.rs:1851:52
[INFO] [stdout]   |
[INFO] [stdout] 3 | projects/\[PROJECT_ID_OR_NUMBER\]/groups/\[GROUP_ID\]
[INFO] [stdout]   |                                                    ^
[INFO] [stdout] 
[INFO] [stdout] error[E0425]: cannot find value `projects` in this scope
[INFO] [stdout]  --> src/vec_u8_hash_map/google.monitoring.v3.rs:1851:1
[INFO] [stdout]   |
[INFO] [stdout] 3 | projects/\[PROJECT_ID_OR_NUMBER\]/groups/\[GROUP_ID\]
[INFO] [stdout]   | ^^^^^^^^ not found in this scope
[INFO] [stdout] 
[INFO] [stdout] error[E0425]: cannot find value `PROJECT_ID_OR_NUMBER` in this scope
[INFO] [stdout]  --> src/vec_u8_hash_map/google.monitoring.v3.rs:1851:12
[INFO] [stdout]   |
[INFO] [stdout] 3 | projects/\[PROJECT_ID_OR_NUMBER\]/groups/\[GROUP_ID\]
[INFO] [stdout]   |            ^^^^^^^^^^^^^^^^^^^^ not found in this scope
[INFO] [stdout] 
[INFO] [stdout] error[E0425]: cannot find value `groups` in this scope
[INFO] [stdout]  --> src/vec_u8_hash_map/google.monitoring.v3.rs:1851:35
[INFO] [stdout]   |
[INFO] [stdout] 3 | projects/\[PROJECT_ID_OR_NUMBER\]/groups/\[GROUP_ID\]
[INFO] [stdout]   |                                   ^^^^^^ not found in this scope
[INFO] [stdout] 
[INFO] [stdout] error[E0425]: cannot find value `GROUP_ID` in this scope
[INFO] [stdout]  --> src/vec_u8_hash_map/google.monitoring.v3.rs:1851:44
[INFO] [stdout]   |
[INFO] [stdout] 3 | projects/\[PROJECT_ID_OR_NUMBER\]/groups/\[GROUP_ID\]
[INFO] [stdout]   |                                            ^^^^^^^^ not found in this scope
[INFO] [stdout] 
[INFO] [stdout] error: aborting due to 8 previous errors
[INFO] [stdout] 
[INFO] [stdout] For more information about this error, try `rustc --explain E0425`.
[INFO] [stdout] Couldn't compile the test.
[INFO] [stdout] ---- src/vec_u8_hash_map/google.monitoring.v3.rs - vec_u8_hash_map::google::monitoring::v3::DeleteUptimeCheckConfigRequest::name (line 6910) stdout ----
[INFO] [stdout] error: unknown start of token: \
[INFO] [stdout]  --> src/vec_u8_hash_map/google.monitoring.v3.rs:6911:10
[INFO] [stdout]   |
[INFO] [stdout] 3 | projects/\[PROJECT_ID_OR_NUMBER\]/uptimeCheckConfigs/\[UPTIME_CHECK_ID\]
[INFO] [stdout]   |          ^
[INFO] [stdout] 
[INFO] [stdout] error: unknown start of token: \
[INFO] [stdout]  --> src/vec_u8_hash_map/google.monitoring.v3.rs:6911:32
[INFO] [stdout]   |
[INFO] [stdout] 3 | projects/\[PROJECT_ID_OR_NUMBER\]/uptimeCheckConfigs/\[UPTIME_CHECK_ID\]
[INFO] [stdout]   |                                ^
[INFO] [stdout] 
[INFO] [stdout] error: unknown start of token: \
[INFO] [stdout]  --> src/vec_u8_hash_map/google.monitoring.v3.rs:6911:54
[INFO] [stdout]   |
[INFO] [stdout] 3 | projects/\[PROJECT_ID_OR_NUMBER\]/uptimeCheckConfigs/\[UPTIME_CHECK_ID\]
[INFO] [stdout]   |                                                      ^
[INFO] [stdout] 
[INFO] [stdout] error: unknown start of token: \
[INFO] [stdout]  --> src/vec_u8_hash_map/google.monitoring.v3.rs:6911:71
[INFO] [stdout]   |
[INFO] [stdout] 3 | projects/\[PROJECT_ID_OR_NUMBER\]/uptimeCheckConfigs/\[UPTIME_CHECK_ID\]
[INFO] [stdout]   |                                                                       ^
[INFO] [stdout] 
[INFO] [stdout] error[E0425]: cannot find value `projects` in this scope
[INFO] [stdout]  --> src/vec_u8_hash_map/google.monitoring.v3.rs:6911:1
[INFO] [stdout]   |
[INFO] [stdout] 3 | projects/\[PROJECT_ID_OR_NUMBER\]/uptimeCheckConfigs/\[UPTIME_CHECK_ID\]
[INFO] [stdout]   | ^^^^^^^^ not found in this scope
[INFO] [stdout] 
[INFO] [stdout] error[E0425]: cannot find value `PROJECT_ID_OR_NUMBER` in this scope
[INFO] [stdout]  --> src/vec_u8_hash_map/google.monitoring.v3.rs:6911:12
[INFO] [stdout]   |
[INFO] [stdout] 3 | projects/\[PROJECT_ID_OR_NUMBER\]/uptimeCheckConfigs/\[UPTIME_CHECK_ID\]
[INFO] [stdout]   |            ^^^^^^^^^^^^^^^^^^^^ not found in this scope
[INFO] [stdout] 
[INFO] [stdout] error[E0425]: cannot find value `uptimeCheckConfigs` in this scope
[INFO] [stdout]  --> src/vec_u8_hash_map/google.monitoring.v3.rs:6911:35
[INFO] [stdout]   |
[INFO] [stdout] 3 | projects/\[PROJECT_ID_OR_NUMBER\]/uptimeCheckConfigs/\[UPTIME_CHECK_ID\]
[INFO] [stdout]   |                                   ^^^^^^^^^^^^^^^^^^ not found in this scope
[INFO] [stdout] 
[INFO] [stdout] error[E0425]: cannot find value `UPTIME_CHECK_ID` in this scope
[INFO] [stdout]  --> src/vec_u8_hash_map/google.monitoring.v3.rs:6911:56
[INFO] [stdout]   |
[INFO] [stdout] 3 | projects/\[PROJECT_ID_OR_NUMBER\]/uptimeCheckConfigs/\[UPTIME_CHECK_ID\]
[INFO] [stdout]   |                                                        ^^^^^^^^^^^^^^^ not found in this scope
[INFO] [stdout] 
[INFO] [stdout] error: aborting due to 8 previous errors
[INFO] [stdout] 
[INFO] [stdout] For more information about this error, try `rustc --explain E0425`.
[INFO] [stdout] Couldn't compile the test.
[INFO] [stdout] ---- src/vec_u8_hash_map/google.monitoring.v3.rs - vec_u8_hash_map::google::monitoring::v3::GetServiceLevelObjectiveRequest::name (line 5021) stdout ----
[INFO] [stdout] error: unknown start of token: \
[INFO] [stdout]  --> src/vec_u8_hash_map/google.monitoring.v3.rs:5022:10
[INFO] [stdout]   |
[INFO] [stdout] 3 | projects/\[PROJECT_ID_OR_NUMBER\]/services/\[SERVICE_ID\]/serviceLevelObjectives/\[SLO_NAME\]
[INFO] [stdout]   |          ^
[INFO] [stdout] 
[INFO] [stdout] error: unknown start of token: \
[INFO] [stdout]  --> src/vec_u8_hash_map/google.monitoring.v3.rs:5022:32
[INFO] [stdout]   |
[INFO] [stdout] 3 | projects/\[PROJECT_ID_OR_NUMBER\]/services/\[SERVICE_ID\]/serviceLevelObjectives/\[SLO_NAME\]
[INFO] [stdout]   |                                ^
[INFO] [stdout] 
[INFO] [stdout] error: unknown start of token: \
[INFO] [stdout]  --> src/vec_u8_hash_map/google.monitoring.v3.rs:5022:44
[INFO] [stdout]   |
[INFO] [stdout] 3 | projects/\[PROJECT_ID_OR_NUMBER\]/services/\[SERVICE_ID\]/serviceLevelObjectives/\[SLO_NAME\]
[INFO] [stdout]   |                                            ^
[INFO] [stdout] 
[INFO] [stdout] error: unknown start of token: \
[INFO] [stdout]  --> src/vec_u8_hash_map/google.monitoring.v3.rs:5022:56
[INFO] [stdout]   |
[INFO] [stdout] 3 | projects/\[PROJECT_ID_OR_NUMBER\]/services/\[SERVICE_ID\]/serviceLevelObjectives/\[SLO_NAME\]
[INFO] [stdout]   |                                                        ^
[INFO] [stdout] 
[INFO] [stdout] error: unknown start of token: \
[INFO] [stdout]  --> src/vec_u8_hash_map/google.monitoring.v3.rs:5022:82
[INFO] [stdout]   |
[INFO] [stdout] 3 | projects/\[PROJECT_ID_OR_NUMBER\]/services/\[SERVICE_ID\]/serviceLevelObjectives/\[SLO_NAME\]
[INFO] [stdout]   |                                                                                  ^
[INFO] [stdout] 
[INFO] [stdout] error: unknown start of token: \
[INFO] [stdout]  --> src/vec_u8_hash_map/google.monitoring.v3.rs:5022:92
[INFO] [stdout]   |
[INFO] [stdout] 3 | projects/\[PROJECT_ID_OR_NUMBER\]/services/\[SERVICE_ID\]/serviceLevelObjectives/\[SLO_NAME\]
[INFO] [stdout]   |                                                                                            ^
[INFO] [stdout] 
[INFO] [stdout] error[E0425]: cannot find value `projects` in this scope
[INFO] [stdout]  --> src/vec_u8_hash_map/google.monitoring.v3.rs:5022:1
[INFO] [stdout]   |
[INFO] [stdout] 3 | projects/\[PROJECT_ID_OR_NUMBER\]/services/\[SERVICE_ID\]/serviceLevelObjectives/\[SLO_NAME\]
[INFO] [stdout]   | ^^^^^^^^ not found in this scope
[INFO] [stdout] 
[INFO] [stdout] error[E0425]: cannot find value `PROJECT_ID_OR_NUMBER` in this scope
[INFO] [stdout]  --> src/vec_u8_hash_map/google.monitoring.v3.rs:5022:12
[INFO] [stdout]   |
[INFO] [stdout] 3 | projects/\[PROJECT_ID_OR_NUMBER\]/services/\[SERVICE_ID\]/serviceLevelObjectives/\[SLO_NAME\]
[INFO] [stdout]   |            ^^^^^^^^^^^^^^^^^^^^ not found in this scope
[INFO] [stdout] 
[INFO] [stdout] error[E0425]: cannot find value `services` in this scope
[INFO] [stdout]  --> src/vec_u8_hash_map/google.monitoring.v3.rs:5022:35
[INFO] [stdout]   |
[INFO] [stdout] 3 | projects/\[PROJECT_ID_OR_NUMBER\]/services/\[SERVICE_ID\]/serviceLevelObjectives/\[SLO_NAME\]
[INFO] [stdout]   |                                   ^^^^^^^^ not found in this scope
[INFO] [stdout] 
[INFO] [stdout] error[E0425]: cannot find value `SERVICE_ID` in this scope
[INFO] [stdout]  --> src/vec_u8_hash_map/google.monitoring.v3.rs:5022:46
[INFO] [stdout]   |
[INFO] [stdout] 3 | projects/\[PROJECT_ID_OR_NUMBER\]/services/\[SERVICE_ID\]/serviceLevelObjectives/\[SLO_NAME\]
[INFO] [stdout]   |                                              ^^^^^^^^^^ not found in this scope
[INFO] [stdout] 
[INFO] [stdout] error[E0425]: cannot find value `serviceLevelObjectives` in this scope
[INFO] [stdout]  --> src/vec_u8_hash_map/google.monitoring.v3.rs:5022:59
[INFO] [stdout]   |
[INFO] [stdout] 3 | projects/\[PROJECT_ID_OR_NUMBER\]/services/\[SERVICE_ID\]/serviceLevelObjectives/\[SLO_NAME\]
[INFO] [stdout]   |                                                           ^^^^^^^^^^^^^^^^^^^^^^ not found in this scope
[INFO] [stdout] 
[INFO] [stdout] error[E0425]: cannot find value `SLO_NAME` in this scope
[INFO] [stdout]  --> src/vec_u8_hash_map/google.monitoring.v3.rs:5022:84
[INFO] [stdout]   |
[INFO] [stdout] 3 | projects/\[PROJECT_ID_OR_NUMBER\]/services/\[SERVICE_ID\]/serviceLevelObjectives/\[SLO_NAME\]
[INFO] [stdout]   |                                                                                    ^^^^^^^^ not found in this scope
[INFO] [stdout] 
[INFO] [stdout] error: aborting due to 12 previous errors
[INFO] [stdout] 
[INFO] [stdout] For more information about this error, try `rustc --explain E0425`.
[INFO] [stdout] Couldn't compile the test.
[INFO] [stdout] ---- src/vec_u8_hash_map/google.monitoring.v3.rs - vec_u8_hash_map::google::monitoring::v3::ListAlertPoliciesRequest::name (line 1458) stdout ----
[INFO] [stdout] error: unknown start of token: \
[INFO] [stdout]  --> src/vec_u8_hash_map/google.monitoring.v3.rs:1459:10
[INFO] [stdout]   |
[INFO] [stdout] 3 | projects/\[PROJECT_ID_OR_NUMBER\]
[INFO] [stdout]   |          ^
[INFO] [stdout] 
[INFO] [stdout] error: unknown start of token: \
[INFO] [stdout]  --> src/vec_u8_hash_map/google.monitoring.v3.rs:1459:32
[INFO] [stdout]   |
[INFO] [stdout] 3 | projects/\[PROJECT_ID_OR_NUMBER\]
[INFO] [stdout]   |                                ^
[INFO] [stdout] 
[INFO] [stdout] error[E0425]: cannot find value `projects` in this scope
[INFO] [stdout]  --> src/vec_u8_hash_map/google.monitoring.v3.rs:1459:1
[INFO] [stdout]   |
[INFO] [stdout] 3 | projects/\[PROJECT_ID_OR_NUMBER\]
[INFO] [stdout]   | ^^^^^^^^ not found in this scope
[INFO] [stdout] 
[INFO] [stdout] error[E0425]: cannot find value `PROJECT_ID_OR_NUMBER` in this scope
[INFO] [stdout]  --> src/vec_u8_hash_map/google.monitoring.v3.rs:1459:12
[INFO] [stdout]   |
[INFO] [stdout] 3 | projects/\[PROJECT_ID_OR_NUMBER\]
[INFO] [stdout]   |            ^^^^^^^^^^^^^^^^^^^^ not found in this scope
[INFO] [stdout] 
[INFO] [stdout] error: aborting due to 4 previous errors
[INFO] [stdout] 
[INFO] [stdout] For more information about this error, try `rustc --explain E0425`.
[INFO] [stdout] Couldn't compile the test.
[INFO] [stdout] ---- src/vec_u8_hash_map/google.monitoring.v3.rs - vec_u8_hash_map::google::monitoring::v3::GetNotificationChannelDescriptorRequest::name (line 3527) stdout ----
[INFO] [stdout] error: unknown start of token: \
[INFO] [stdout]  --> src/vec_u8_hash_map/google.monitoring.v3.rs:3528:10
[INFO] [stdout]   |
[INFO] [stdout] 3 | projects/\[PROJECT_ID_OR_NUMBER\]/notificationChannelDescriptors/\[CHANNEL_TYPE\]
[INFO] [stdout]   |          ^
[INFO] [stdout] 
[INFO] [stdout] error: unknown start of token: \
[INFO] [stdout]  --> src/vec_u8_hash_map/google.monitoring.v3.rs:3528:32
[INFO] [stdout]   |
[INFO] [stdout] 3 | projects/\[PROJECT_ID_OR_NUMBER\]/notificationChannelDescriptors/\[CHANNEL_TYPE\]
[INFO] [stdout]   |                                ^
[INFO] [stdout] 
[INFO] [stdout] error: unknown start of token: \
[INFO] [stdout]  --> src/vec_u8_hash_map/google.monitoring.v3.rs:3528:66
[INFO] [stdout]   |
[INFO] [stdout] 3 | projects/\[PROJECT_ID_OR_NUMBER\]/notificationChannelDescriptors/\[CHANNEL_TYPE\]
[INFO] [stdout]   |                                                                  ^
[INFO] [stdout] 
[INFO] [stdout] error: unknown start of token: \
[INFO] [stdout]  --> src/vec_u8_hash_map/google.monitoring.v3.rs:3528:80
[INFO] [stdout]   |
[INFO] [stdout] 3 | projects/\[PROJECT_ID_OR_NUMBER\]/notificationChannelDescriptors/\[CHANNEL_TYPE\]
[INFO] [stdout]   |                                                                                ^
[INFO] [stdout] 
[INFO] [stdout] error[E0425]: cannot find value `projects` in this scope
[INFO] [stdout]  --> src/vec_u8_hash_map/google.monitoring.v3.rs:3528:1
[INFO] [stdout]   |
[INFO] [stdout] 3 | projects/\[PROJECT_ID_OR_NUMBER\]/notificationChannelDescriptors/\[CHANNEL_TYPE\]
[INFO] [stdout]   | ^^^^^^^^ not found in this scope
[INFO] [stdout] 
[INFO] [stdout] error[E0425]: cannot find value `PROJECT_ID_OR_NUMBER` in this scope
[INFO] [stdout]  --> src/vec_u8_hash_map/google.monitoring.v3.rs:3528:12
[INFO] [stdout]   |
[INFO] [stdout] 3 | projects/\[PROJECT_ID_OR_NUMBER\]/notificationChannelDescriptors/\[CHANNEL_TYPE\]
[INFO] [stdout]   |            ^^^^^^^^^^^^^^^^^^^^ not found in this scope
[INFO] [stdout] 
[INFO] [stdout] error[E0425]: cannot find value `notificationChannelDescriptors` in this scope
[INFO] [stdout]  --> src/vec_u8_hash_map/google.monitoring.v3.rs:3528:35
[INFO] [stdout]   |
[INFO] [stdout] 3 | projects/\[PROJECT_ID_OR_NUMBER\]/notificationChannelDescriptors/\[CHANNEL_TYPE\]
[INFO] [stdout]   |                                   ^^^^^^^^^^^^^^^^^^^^^^^^^^^^^^ not found in this scope
[INFO] [stdout] 
[INFO] [stdout] error[E0425]: cannot find value `CHANNEL_TYPE` in this scope
[INFO] [stdout]  --> src/vec_u8_hash_map/google.monitoring.v3.rs:3528:68
[INFO] [stdout]   |
[INFO] [stdout] 3 | projects/\[PROJECT_ID_OR_NUMBER\]/notificationChannelDescriptors/\[CHANNEL_TYPE\]
[INFO] [stdout]   |                                                                    ^^^^^^^^^^^^ not found in this scope
[INFO] [stdout] 
[INFO] [stdout] error: aborting due to 8 previous errors
[INFO] [stdout] 
[INFO] [stdout] For more information about this error, try `rustc --explain E0425`.
[INFO] [stdout] Couldn't compile the test.
[INFO] [stdout] ---- src/vec_u8_hash_map/google.monitoring.v3.rs - vec_u8_hash_map::google::monitoring::v3::InternalChecker::name (line 5846) stdout ----
[INFO] [stdout] error: unknown start of token: \
[INFO] [stdout]  --> src/vec_u8_hash_map/google.monitoring.v3.rs:5847:10
[INFO] [stdout]   |
[INFO] [stdout] 3 | projects/\[PROJECT_ID_OR_NUMBER\]/internalCheckers/\[INTERNAL_CHECKER_ID\]
[INFO] [stdout]   |          ^
[INFO] [stdout] 
[INFO] [stdout] error: unknown start of token: \
[INFO] [stdout]  --> src/vec_u8_hash_map/google.monitoring.v3.rs:5847:32
[INFO] [stdout]   |
[INFO] [stdout] 3 | projects/\[PROJECT_ID_OR_NUMBER\]/internalCheckers/\[INTERNAL_CHECKER_ID\]
[INFO] [stdout]   |                                ^
[INFO] [stdout] 
[INFO] [stdout] error: unknown start of token: \
[INFO] [stdout]  --> src/vec_u8_hash_map/google.monitoring.v3.rs:5847:52
[INFO] [stdout]   |
[INFO] [stdout] 3 | projects/\[PROJECT_ID_OR_NUMBER\]/internalCheckers/\[INTERNAL_CHECKER_ID\]
[INFO] [stdout]   |                                                    ^
[INFO] [stdout] 
[INFO] [stdout] error: unknown start of token: \
[INFO] [stdout]  --> src/vec_u8_hash_map/google.monitoring.v3.rs:5847:73
[INFO] [stdout]   |
[INFO] [stdout] 3 | projects/\[PROJECT_ID_OR_NUMBER\]/internalCheckers/\[INTERNAL_CHECKER_ID\]
[INFO] [stdout]   |                                                                         ^
[INFO] [stdout] 
[INFO] [stdout] error[E0425]: cannot find value `projects` in this scope
[INFO] [stdout]  --> src/vec_u8_hash_map/google.monitoring.v3.rs:5847:1
[INFO] [stdout]   |
[INFO] [stdout] 3 | projects/\[PROJECT_ID_OR_NUMBER\]/internalCheckers/\[INTERNAL_CHECKER_ID\]
[INFO] [stdout]   | ^^^^^^^^ not found in this scope
[INFO] [stdout] 
[INFO] [stdout] error[E0425]: cannot find value `PROJECT_ID_OR_NUMBER` in this scope
[INFO] [stdout]  --> src/vec_u8_hash_map/google.monitoring.v3.rs:5847:12
[INFO] [stdout]   |
[INFO] [stdout] 3 | projects/\[PROJECT_ID_OR_NUMBER\]/internalCheckers/\[INTERNAL_CHECKER_ID\]
[INFO] [stdout]   |            ^^^^^^^^^^^^^^^^^^^^ not found in this scope
[INFO] [stdout] 
[INFO] [stdout] error[E0425]: cannot find value `internalCheckers` in this scope
[INFO] [stdout]  --> src/vec_u8_hash_map/google.monitoring.v3.rs:5847:35
[INFO] [stdout]   |
[INFO] [stdout] 3 | projects/\[PROJECT_ID_OR_NUMBER\]/internalCheckers/\[INTERNAL_CHECKER_ID\]
[INFO] [stdout]   |                                   ^^^^^^^^^^^^^^^^ not found in this scope
[INFO] [stdout] 
[INFO] [stdout] error[E0425]: cannot find value `INTERNAL_CHECKER_ID` in this scope
[INFO] [stdout]  --> src/vec_u8_hash_map/google.monitoring.v3.rs:5847:54
[INFO] [stdout]   |
[INFO] [stdout] 3 | projects/\[PROJECT_ID_OR_NUMBER\]/internalCheckers/\[INTERNAL_CHECKER_ID\]
[INFO] [stdout]   |                                                      ^^^^^^^^^^^^^^^^^^^ not found in this scope
[INFO] [stdout] 
[INFO] [stdout] error: aborting due to 8 previous errors
[INFO] [stdout] 
[INFO] [stdout] For more information about this error, try `rustc --explain E0425`.
[INFO] [stdout] Couldn't compile the test.
[INFO] [stdout] ---- src/vec_u8_hash_map/google.monitoring.v3.rs - vec_u8_hash_map::google::monitoring::v3::ListGroupMembersRequest::filter (line 2025) stdout ----
[INFO] [stdout] error: unknown start of token: `
[INFO] [stdout]  --> src/vec_u8_hash_map/google.monitoring.v3.rs:2026:1
[INFO] [stdout]   |
[INFO] [stdout] 3 | `resource.type = "gce_instance"`
[INFO] [stdout]   | ^
[INFO] [stdout]   |
[INFO] [stdout] help: Unicode character '`' (Grave Accent) looks like ''' (Single Quote), but it is not
[INFO] [stdout]   |
[INFO] [stdout] 3 | 'resource.type = "gce_instance"`
[INFO] [stdout]   | ~
[INFO] [stdout] 
[INFO] [stdout] error: unknown start of token: `
[INFO] [stdout]  --> src/vec_u8_hash_map/google.monitoring.v3.rs:2026:32
[INFO] [stdout]   |
[INFO] [stdout] 3 | `resource.type = "gce_instance"`
[INFO] [stdout]   |                                ^
[INFO] [stdout]   |
[INFO] [stdout] help: Unicode character '`' (Grave Accent) looks like ''' (Single Quote), but it is not
[INFO] [stdout]   |
[INFO] [stdout] 3 | `resource.type = "gce_instance"'
[INFO] [stdout]   |                                ~
[INFO] [stdout] 
[INFO] [stdout] error: expected identifier, found keyword `type`
[INFO] [stdout]  --> src/vec_u8_hash_map/google.monitoring.v3.rs:2026:11
[INFO] [stdout]   |
[INFO] [stdout] 3 | `resource.type = "gce_instance"`
[INFO] [stdout]   |           ^^^^ expected identifier, found keyword
[INFO] [stdout]   |
[INFO] [stdout] help: escape `type` to use it as an identifier
[INFO] [stdout]   |
[INFO] [stdout] 3 | `resource.r#type = "gce_instance"`
[INFO] [stdout]   |           ++
[INFO] [stdout] 
[INFO] [stdout] error[E0425]: cannot find value `resource` in this scope
[INFO] [stdout]  --> src/vec_u8_hash_map/google.monitoring.v3.rs:2026:2
[INFO] [stdout]   |
[INFO] [stdout] 3 | `resource.type = "gce_instance"`
[INFO] [stdout]   |  ^^^^^^^^ not found in this scope
[INFO] [stdout] 
[INFO] [stdout] error: aborting due to 4 previous errors
[INFO] [stdout] 
[INFO] [stdout] For more information about this error, try `rustc --explain E0425`.
[INFO] [stdout] Couldn't compile the test.
[INFO] [stdout] ---- src/vec_u8_hash_map/google.monitoring.v3.rs - vec_u8_hash_map::google::monitoring::v3::ListMonitoredResourceDescriptorsRequest::filter (line 2556) stdout ----
[INFO] [stdout] error: expected identifier, found keyword `type`
[INFO] [stdout]  --> src/vec_u8_hash_map/google.monitoring.v3.rs:2557:10
[INFO] [stdout]   |
[INFO] [stdout] 3 | resource.type = starts_with("gce_") AND resource.label:id
[INFO] [stdout]   |          ^^^^ expected identifier, found keyword
[INFO] [stdout]   |
[INFO] [stdout] help: escape `type` to use it as an identifier
[INFO] [stdout]   |
[INFO] [stdout] 3 | resource.r#type = starts_with("gce_") AND resource.label:id
[INFO] [stdout]   |          ++
[INFO] [stdout] 
[INFO] [stdout] error: expected one of `.`, `;`, `?`, `}`, or an operator, found `AND`
[INFO] [stdout]  --> src/vec_u8_hash_map/google.monitoring.v3.rs:2557:37
[INFO] [stdout]   |
[INFO] [stdout] 3 | resource.type = starts_with("gce_") AND resource.label:id
[INFO] [stdout]   |                                     ^^^ expected one of `.`, `;`, `?`, `}`, or an operator
[INFO] [stdout] 
[INFO] [stdout] error: aborting due to 2 previous errors
[INFO] [stdout] 
[INFO] [stdout] Couldn't compile the test.
[INFO] [stdout] ---- src/vec_u8_hash_map/google.monitoring.v3.rs - vec_u8_hash_map::google::monitoring::v3::ListTimeSeriesRequest::filter (line 2700) stdout ----
[INFO] [stdout] error: expected identifier, found keyword `type`
[INFO] [stdout]  --> src/vec_u8_hash_map/google.monitoring.v3.rs:2701:8
[INFO] [stdout]   |
[INFO] [stdout] 3 | metric.type = "compute.googleapis.com/instance/cpu/usage_time" AND
[INFO] [stdout]   |        ^^^^ expected identifier, found keyword
[INFO] [stdout]   |
[INFO] [stdout] help: escape `type` to use it as an identifier
[INFO] [stdout]   |
[INFO] [stdout] 3 | metric.r#type = "compute.googleapis.com/instance/cpu/usage_time" AND
[INFO] [stdout]   |        ++
[INFO] [stdout] 
[INFO] [stdout] error: expected one of `.`, `;`, `?`, `}`, or an operator, found `AND`
[INFO] [stdout]  --> src/vec_u8_hash_map/google.monitoring.v3.rs:2701:64
[INFO] [stdout]   |
[INFO] [stdout] 3 | metric.type = "compute.googleapis.com/instance/cpu/usage_time" AND
[INFO] [stdout]   |                                                                ^^^ expected one of `.`, `;`, `?`, `}`, or an operator
[INFO] [stdout] 
[INFO] [stdout] error: aborting due to 2 previous errors
[INFO] [stdout] 
[INFO] [stdout] Couldn't compile the test.
[INFO] [stdout] ---- src/vec_u8_hash_map/google.monitoring.v3.rs - vec_u8_hash_map::google::monitoring::v3::ListServiceLevelObjectivesRequest::parent (line 5037) stdout ----
[INFO] [stdout] error: unknown start of token: \
[INFO] [stdout]  --> src/vec_u8_hash_map/google.monitoring.v3.rs:5038:10
[INFO] [stdout]   |
[INFO] [stdout] 3 | projects/\[PROJECT_ID_OR_NUMBER\]/services/\[SERVICE_ID\]
[INFO] [stdout]   |          ^
[INFO] [stdout] 
[INFO] [stdout] error: unknown start of token: \
[INFO] [stdout]  --> src/vec_u8_hash_map/google.monitoring.v3.rs:5038:32
[INFO] [stdout]   |
[INFO] [stdout] 3 | projects/\[PROJECT_ID_OR_NUMBER\]/services/\[SERVICE_ID\]
[INFO] [stdout]   |                                ^
[INFO] [stdout] 
[INFO] [stdout] error: unknown start of token: \
[INFO] [stdout]  --> src/vec_u8_hash_map/google.monitoring.v3.rs:5038:44
[INFO] [stdout]   |
[INFO] [stdout] 3 | projects/\[PROJECT_ID_OR_NUMBER\]/services/\[SERVICE_ID\]
[INFO] [stdout]   |                                            ^
[INFO] [stdout] 
[INFO] [stdout] error: unknown start of token: \
[INFO] [stdout]  --> src/vec_u8_hash_map/google.monitoring.v3.rs:5038:56
[INFO] [stdout]   |
[INFO] [stdout] 3 | projects/\[PROJECT_ID_OR_NUMBER\]/services/\[SERVICE_ID\]
[INFO] [stdout]   |                                                        ^
[INFO] [stdout] 
[INFO] [stdout] error: unknown start of token: \
[INFO] [stdout]  --> src/vec_u8_hash_map/google.monitoring.v3.rs:5039:13
[INFO] [stdout]   |
[INFO] [stdout] 4 |  workspaces/\[HOST_PROJECT_ID_OR_NUMBER\]/services/-
[INFO] [stdout]   |             ^
[INFO] [stdout] 
[INFO] [stdout] error: unknown start of token: \
[INFO] [stdout]  --> src/vec_u8_hash_map/google.monitoring.v3.rs:5039:40
[INFO] [stdout]   |
[INFO] [stdout] 4 |  workspaces/\[HOST_PROJECT_ID_OR_NUMBER\]/services/-
[INFO] [stdout]   |                                        ^
[INFO] [stdout] 
[INFO] [stdout] error: expected `;`, found `workspaces`
[INFO] [stdout]  --> src/vec_u8_hash_map/google.monitoring.v3.rs:5038:58
[INFO] [stdout]   |
[INFO] [stdout] 3 | projects/\[PROJECT_ID_OR_NUMBER\]/services/\[SERVICE_ID\]
[INFO] [stdout]   |                                                          ^ help: add `;` here
[INFO] [stdout] 4 |  workspaces/\[HOST_PROJECT_ID_OR_NUMBER\]/services/-
[INFO] [stdout]   |  ---------- unexpected token
[INFO] [stdout] 
[INFO] [stdout] error: expected expression, found `}`
[INFO] [stdout]  --> src/vec_u8_hash_map/google.monitoring.v3.rs:5040:1
[INFO] [stdout]   |
[INFO] [stdout] 5 | } _doctest_main_src_vec_u8_hash_map_google_monitoring_v3_rs_5037_0() }
[INFO] [stdout]   | ^ expected expression
[INFO] [stdout] 
[INFO] [stdout] error: aborting due to 8 previous errors
[INFO] [stdout] 
[INFO] [stdout] Couldn't compile the test.
[INFO] [stdout] ---- src/vec_u8_hash_map/google.monitoring.v3.rs - vec_u8_hash_map::google::monitoring::v3::ListSnoozesRequest::filter (line 5548) stdout ----
[INFO] [stdout] error: unknown start of token: `
[INFO] [stdout]  --> src/vec_u8_hash_map/google.monitoring.v3.rs:5549:1
[INFO] [stdout]   |
[INFO] [stdout] 3 | ```
[INFO] [stdout]   | ^^^
[INFO] [stdout]   |
[INFO] [stdout]   = note: character appears 2 more times
[INFO] [stdout] help: Unicode character '`' (Grave Accent) looks like ''' (Single Quote), but it is not
[INFO] [stdout]   |
[INFO] [stdout] 3 | '''
[INFO] [stdout]   |
[INFO] [stdout] 
[INFO] [stdout] error: unknown start of token: `
[INFO] [stdout]  --> src/vec_u8_hash_map/google.monitoring.v3.rs:5552:2
[INFO] [stdout]   |
[INFO] [stdout] 6 |  ```
[INFO] [stdout]   |  ^^^
[INFO] [stdout]   |
[INFO] [stdout]   = note: character appears 2 more times
[INFO] [stdout] help: Unicode character '`' (Grave Accent) looks like ''' (Single Quote), but it is not
[INFO] [stdout]   |
[INFO] [stdout] 6 |  '''
[INFO] [stdout]   |
[INFO] [stdout] 
[INFO] [stdout] error: expected one of `.`, `;`, `?`, `}`, or an operator, found `AND`
[INFO] [stdout]  --> src/vec_u8_hash_map/google.monitoring.v3.rs:5550:52
[INFO] [stdout]   |
[INFO] [stdout] 4 |  interval.start_time > "2022-03-11T00:00:00-08:00" AND
[INFO] [stdout]   |                                                    ^^^ expected one of `.`, `;`, `?`, `}`, or an operator
[INFO] [stdout] 
[INFO] [stdout] error: aborting due to 3 previous errors
[INFO] [stdout] 
[INFO] [stdout] Couldn't compile the test.
[INFO] [stdout] ---- src/vec_u8_hash_map/google.monitoring.v3.rs - vec_u8_hash_map::google::monitoring::v3::ListSnoozesRequest::parent (line 5537) stdout ----
[INFO] [stdout] error: unknown start of token: \
[INFO] [stdout]  --> src/vec_u8_hash_map/google.monitoring.v3.rs:5538:10
[INFO] [stdout]   |
[INFO] [stdout] 3 | projects/\[PROJECT_ID_OR_NUMBER\]
[INFO] [stdout]   |          ^
[INFO] [stdout] 
[INFO] [stdout] error: unknown start of token: \
[INFO] [stdout]  --> src/vec_u8_hash_map/google.monitoring.v3.rs:5538:32
[INFO] [stdout]   |
[INFO] [stdout] 3 | projects/\[PROJECT_ID_OR_NUMBER\]
[INFO] [stdout]   |                                ^
[INFO] [stdout] 
[INFO] [stdout] error[E0425]: cannot find value `projects` in this scope
[INFO] [stdout]  --> src/vec_u8_hash_map/google.monitoring.v3.rs:5538:1
[INFO] [stdout]   |
[INFO] [stdout] 3 | projects/\[PROJECT_ID_OR_NUMBER\]
[INFO] [stdout]   | ^^^^^^^^ not found in this scope
[INFO] [stdout] 
[INFO] [stdout] error[E0425]: cannot find value `PROJECT_ID_OR_NUMBER` in this scope
[INFO] [stdout]  --> src/vec_u8_hash_map/google.monitoring.v3.rs:5538:12
[INFO] [stdout]   |
[INFO] [stdout] 3 | projects/\[PROJECT_ID_OR_NUMBER\]
[INFO] [stdout]   |            ^^^^^^^^^^^^^^^^^^^^ not found in this scope
[INFO] [stdout] 
[INFO] [stdout] error: aborting due to 4 previous errors
[INFO] [stdout] 
[INFO] [stdout] For more information about this error, try `rustc --explain E0425`.
[INFO] [stdout] Couldn't compile the test.
[INFO] [stdout] ---- src/vec_u8_hash_map/google.monitoring.v3.rs - vec_u8_hash_map::google::monitoring::v3::ListNotificationChannelsRequest::name (line 3557) stdout ----
[INFO] [stdout] error: unknown start of token: \
[INFO] [stdout]  --> src/vec_u8_hash_map/google.monitoring.v3.rs:3558:10
[INFO] [stdout]   |
[INFO] [stdout] 3 | projects/\[PROJECT_ID_OR_NUMBER\]
[INFO] [stdout]   |          ^
[INFO] [stdout] 
[INFO] [stdout] error: unknown start of token: \
[INFO] [stdout]  --> src/vec_u8_hash_map/google.monitoring.v3.rs:3558:32
[INFO] [stdout]   |
[INFO] [stdout] 3 | projects/\[PROJECT_ID_OR_NUMBER\]
[INFO] [stdout]   |                                ^
[INFO] [stdout] 
[INFO] [stdout] error[E0425]: cannot find value `projects` in this scope
[INFO] [stdout]  --> src/vec_u8_hash_map/google.monitoring.v3.rs:3558:1
[INFO] [stdout]   |
[INFO] [stdout] 3 | projects/\[PROJECT_ID_OR_NUMBER\]
[INFO] [stdout]   | ^^^^^^^^ not found in this scope
[INFO] [stdout] 
[INFO] [stdout] error[E0425]: cannot find value `PROJECT_ID_OR_NUMBER` in this scope
[INFO] [stdout]  --> src/vec_u8_hash_map/google.monitoring.v3.rs:3558:12
[INFO] [stdout]   |
[INFO] [stdout] 3 | projects/\[PROJECT_ID_OR_NUMBER\]
[INFO] [stdout]   |            ^^^^^^^^^^^^^^^^^^^^ not found in this scope
[INFO] [stdout] 
[INFO] [stdout] error: aborting due to 4 previous errors
[INFO] [stdout] 
[INFO] [stdout] For more information about this error, try `rustc --explain E0425`.
[INFO] [stdout] Couldn't compile the test.
[INFO] [stdout] ---- src/vec_u8_hash_map/google.monitoring.v3.rs - vec_u8_hash_map::google::monitoring::v3::ListGroupsRequest::name (line 1883) stdout ----
[INFO] [stdout] error: unknown start of token: \
[INFO] [stdout]  --> src/vec_u8_hash_map/google.monitoring.v3.rs:1884:10
[INFO] [stdout]   |
[INFO] [stdout] 3 | projects/\[PROJECT_ID_OR_NUMBER\]
[INFO] [stdout]   |          ^
[INFO] [stdout] 
[INFO] [stdout] error: unknown start of token: \
[INFO] [stdout]  --> src/vec_u8_hash_map/google.monitoring.v3.rs:1884:32
[INFO] [stdout]   |
[INFO] [stdout] 3 | projects/\[PROJECT_ID_OR_NUMBER\]
[INFO] [stdout]   |                                ^
[INFO] [stdout] 
[INFO] [stdout] error[E0425]: cannot find value `projects` in this scope
[INFO] [stdout]  --> src/vec_u8_hash_map/google.monitoring.v3.rs:1884:1
[INFO] [stdout]   |
[INFO] [stdout] 3 | projects/\[PROJECT_ID_OR_NUMBER\]
[INFO] [stdout]   | ^^^^^^^^ not found in this scope
[INFO] [stdout] 
[INFO] [stdout] error[E0425]: cannot find value `PROJECT_ID_OR_NUMBER` in this scope
[INFO] [stdout]  --> src/vec_u8_hash_map/google.monitoring.v3.rs:1884:12
[INFO] [stdout]   |
[INFO] [stdout] 3 | projects/\[PROJECT_ID_OR_NUMBER\]
[INFO] [stdout]   |            ^^^^^^^^^^^^^^^^^^^^ not found in this scope
[INFO] [stdout] 
[INFO] [stdout] error: aborting due to 4 previous errors
[INFO] [stdout] 
[INFO] [stdout] For more information about this error, try `rustc --explain E0425`.
[INFO] [stdout] Couldn't compile the test.
[INFO] [stdout] ---- src/vec_u8_hash_map/google.monitoring.v3.rs - vec_u8_hash_map::google::monitoring::v3::ListServicesRequest::parent (line 4930) stdout ----
[INFO] [stdout] error: unknown start of token: \
[INFO] [stdout]  --> src/vec_u8_hash_map/google.monitoring.v3.rs:4931:10
[INFO] [stdout]   |
[INFO] [stdout] 3 | projects/\[PROJECT_ID_OR_NUMBER\]
[INFO] [stdout]   |          ^
[INFO] [stdout] 
[INFO] [stdout] error: unknown start of token: \
[INFO] [stdout]  --> src/vec_u8_hash_map/google.monitoring.v3.rs:4931:32
[INFO] [stdout]   |
[INFO] [stdout] 3 | projects/\[PROJECT_ID_OR_NUMBER\]
[INFO] [stdout]   |                                ^
[INFO] [stdout] 
[INFO] [stdout] error: unknown start of token: \
[INFO] [stdout]  --> src/vec_u8_hash_map/google.monitoring.v3.rs:4932:13
[INFO] [stdout]   |
[INFO] [stdout] 4 |  workspaces/\[HOST_PROJECT_ID_OR_NUMBER\]
[INFO] [stdout]   |             ^
[INFO] [stdout] 
[INFO] [stdout] error: unknown start of token: \
[INFO] [stdout]  --> src/vec_u8_hash_map/google.monitoring.v3.rs:4932:40
[INFO] [stdout]   |
[INFO] [stdout] 4 |  workspaces/\[HOST_PROJECT_ID_OR_NUMBER\]
[INFO] [stdout]   |                                        ^
[INFO] [stdout] 
[INFO] [stdout] error: expected `;`, found `workspaces`
[INFO] [stdout]  --> src/vec_u8_hash_map/google.monitoring.v3.rs:4931:34
[INFO] [stdout]   |
[INFO] [stdout] 3 | projects/\[PROJECT_ID_OR_NUMBER\]
[INFO] [stdout]   |                                  ^ help: add `;` here
[INFO] [stdout] 4 |  workspaces/\[HOST_PROJECT_ID_OR_NUMBER\]
[INFO] [stdout]   |  ---------- unexpected token
[INFO] [stdout] 
[INFO] [stdout] error[E0425]: cannot find value `workspaces` in this scope
[INFO] [stdout]  --> src/vec_u8_hash_map/google.monitoring.v3.rs:4932:2
[INFO] [stdout]   |
[INFO] [stdout] 4 |  workspaces/\[HOST_PROJECT_ID_OR_NUMBER\]
[INFO] [stdout]   |  ^^^^^^^^^^ not found in this scope
[INFO] [stdout] 
[INFO] [stdout] error[E0425]: cannot find value `HOST_PROJECT_ID_OR_NUMBER` in this scope
[INFO] [stdout]  --> src/vec_u8_hash_map/google.monitoring.v3.rs:4932:15
[INFO] [stdout]   |
[INFO] [stdout] 4 |  workspaces/\[HOST_PROJECT_ID_OR_NUMBER\]
[INFO] [stdout]   |               ^^^^^^^^^^^^^^^^^^^^^^^^^ not found in this scope
[INFO] [stdout] 
[INFO] [stdout] error: aborting due to 7 previous errors
[INFO] [stdout] 
[INFO] [stdout] For more information about this error, try `rustc --explain E0425`.
[INFO] [stdout] Couldn't compile the test.
[INFO] [stdout] ---- src/vec_u8_hash_map/google.monitoring.v3.rs - vec_u8_hash_map::google::monitoring::v3::ListNotificationChannelDescriptorsRequest::name (line 3487) stdout ----
[INFO] [stdout] error: unknown start of token: \
[INFO] [stdout]  --> src/vec_u8_hash_map/google.monitoring.v3.rs:3488:10
[INFO] [stdout]   |
[INFO] [stdout] 3 | projects/\[PROJECT_ID_OR_NUMBER\]
[INFO] [stdout]   |          ^
[INFO] [stdout] 
[INFO] [stdout] error: unknown start of token: \
[INFO] [stdout]  --> src/vec_u8_hash_map/google.monitoring.v3.rs:3488:32
[INFO] [stdout]   |
[INFO] [stdout] 3 | projects/\[PROJECT_ID_OR_NUMBER\]
[INFO] [stdout]   |                                ^
[INFO] [stdout] 
[INFO] [stdout] error[E0425]: cannot find value `projects` in this scope
[INFO] [stdout]  --> src/vec_u8_hash_map/google.monitoring.v3.rs:3488:1
[INFO] [stdout]   |
[INFO] [stdout] 3 | projects/\[PROJECT_ID_OR_NUMBER\]
[INFO] [stdout]   | ^^^^^^^^ not found in this scope
[INFO] [stdout] 
[INFO] [stdout] error[E0425]: cannot find value `PROJECT_ID_OR_NUMBER` in this scope
[INFO] [stdout]  --> src/vec_u8_hash_map/google.monitoring.v3.rs:3488:12
[INFO] [stdout]   |
[INFO] [stdout] 3 | projects/\[PROJECT_ID_OR_NUMBER\]
[INFO] [stdout]   |            ^^^^^^^^^^^^^^^^^^^^ not found in this scope
[INFO] [stdout] 
[INFO] [stdout] error: aborting due to 4 previous errors
[INFO] [stdout] 
[INFO] [stdout] For more information about this error, try `rustc --explain E0425`.
[INFO] [stdout] Couldn't compile the test.
[INFO] [stdout] ---- src/vec_u8_hash_map/google.monitoring.v3.rs - vec_u8_hash_map::google::monitoring::v3::ListMetricDescriptorsRequest::name (line 2602) stdout ----
[INFO] [stdout] error: unknown start of token: \
[INFO] [stdout]  --> src/vec_u8_hash_map/google.monitoring.v3.rs:2603:10
[INFO] [stdout]   |
[INFO] [stdout] 3 | projects/\[PROJECT_ID_OR_NUMBER\]
[INFO] [stdout]   |          ^
[INFO] [stdout] 
[INFO] [stdout] error: unknown start of token: \
[INFO] [stdout]  --> src/vec_u8_hash_map/google.monitoring.v3.rs:2603:32
[INFO] [stdout]   |
[INFO] [stdout] 3 | projects/\[PROJECT_ID_OR_NUMBER\]
[INFO] [stdout]   |                                ^
[INFO] [stdout] 
[INFO] [stdout] error[E0425]: cannot find value `projects` in this scope
[INFO] [stdout]  --> src/vec_u8_hash_map/google.monitoring.v3.rs:2603:1
[INFO] [stdout]   |
[INFO] [stdout] 3 | projects/\[PROJECT_ID_OR_NUMBER\]
[INFO] [stdout]   | ^^^^^^^^ not found in this scope
[INFO] [stdout] 
[INFO] [stdout] error[E0425]: cannot find value `PROJECT_ID_OR_NUMBER` in this scope
[INFO] [stdout]  --> src/vec_u8_hash_map/google.monitoring.v3.rs:2603:12
[INFO] [stdout]   |
[INFO] [stdout] 3 | projects/\[PROJECT_ID_OR_NUMBER\]
[INFO] [stdout]   |            ^^^^^^^^^^^^^^^^^^^^ not found in this scope
[INFO] [stdout] 
[INFO] [stdout] error: aborting due to 4 previous errors
[INFO] [stdout] 
[INFO] [stdout] For more information about this error, try `rustc --explain E0425`.
[INFO] [stdout] Couldn't compile the test.
[INFO] [stdout] ---- src/vec_u8_hash_map/google.monitoring.v3.rs - vec_u8_hash_map::google::monitoring::v3::ListMonitoredResourceDescriptorsRequest::name (line 2548) stdout ----
[INFO] [stdout] error: unknown start of token: \
[INFO] [stdout]  --> src/vec_u8_hash_map/google.monitoring.v3.rs:2549:10
[INFO] [stdout]   |
[INFO] [stdout] 3 | projects/\[PROJECT_ID_OR_NUMBER\]
[INFO] [stdout]   |          ^
[INFO] [stdout] 
[INFO] [stdout] error: unknown start of token: \
[INFO] [stdout]  --> src/vec_u8_hash_map/google.monitoring.v3.rs:2549:32
[INFO] [stdout]   |
[INFO] [stdout] 3 | projects/\[PROJECT_ID_OR_NUMBER\]
[INFO] [stdout]   |                                ^
[INFO] [stdout] 
[INFO] [stdout] error[E0425]: cannot find value `projects` in this scope
[INFO] [stdout]  --> src/vec_u8_hash_map/google.monitoring.v3.rs:2549:1
[INFO] [stdout]   |
[INFO] [stdout] 3 | projects/\[PROJECT_ID_OR_NUMBER\]
[INFO] [stdout]   | ^^^^^^^^ not found in this scope
[INFO] [stdout] 
[INFO] [stdout] error[E0425]: cannot find value `PROJECT_ID_OR_NUMBER` in this scope
[INFO] [stdout]  --> src/vec_u8_hash_map/google.monitoring.v3.rs:2549:12
[INFO] [stdout]   |
[INFO] [stdout] 3 | projects/\[PROJECT_ID_OR_NUMBER\]
[INFO] [stdout]   |            ^^^^^^^^^^^^^^^^^^^^ not found in this scope
[INFO] [stdout] 
[INFO] [stdout] error: aborting due to 4 previous errors
[INFO] [stdout] 
[INFO] [stdout] For more information about this error, try `rustc --explain E0425`.
[INFO] [stdout] Couldn't compile the test.
[INFO] [stdout] ---- src/vec_u8_hash_map/google.monitoring.v3.rs - vec_u8_hash_map::google::monitoring::v3::ListGroupMembersRequest::name (line 2007) stdout ----
[INFO] [stdout] error: unknown start of token: \
[INFO] [stdout]  --> src/vec_u8_hash_map/google.monitoring.v3.rs:2008:10
[INFO] [stdout]   |
[INFO] [stdout] 3 | projects/\[PROJECT_ID_OR_NUMBER\]/groups/\[GROUP_ID\]
[INFO] [stdout]   |          ^
[INFO] [stdout] 
[INFO] [stdout] error: unknown start of token: \
[INFO] [stdout]  --> src/vec_u8_hash_map/google.monitoring.v3.rs:2008:32
[INFO] [stdout]   |
[INFO] [stdout] 3 | projects/\[PROJECT_ID_OR_NUMBER\]/groups/\[GROUP_ID\]
[INFO] [stdout]   |                                ^
[INFO] [stdout] 
[INFO] [stdout] error: unknown start of token: \
[INFO] [stdout]  --> src/vec_u8_hash_map/google.monitoring.v3.rs:2008:42
[INFO] [stdout]   |
[INFO] [stdout] 3 | projects/\[PROJECT_ID_OR_NUMBER\]/groups/\[GROUP_ID\]
[INFO] [stdout]   |                                          ^
[INFO] [stdout] 
[INFO] [stdout] error: unknown start of token: \
[INFO] [stdout]  --> src/vec_u8_hash_map/google.monitoring.v3.rs:2008:52
[INFO] [stdout]   |
[INFO] [stdout] 3 | projects/\[PROJECT_ID_OR_NUMBER\]/groups/\[GROUP_ID\]
[INFO] [stdout]   |                                                    ^
[INFO] [stdout] 
[INFO] [stdout] error[E0425]: cannot find value `projects` in this scope
[INFO] [stdout]  --> src/vec_u8_hash_map/google.monitoring.v3.rs:2008:1
[INFO] [stdout]   |
[INFO] [stdout] 3 | projects/\[PROJECT_ID_OR_NUMBER\]/groups/\[GROUP_ID\]
[INFO] [stdout]   | ^^^^^^^^ not found in this scope
[INFO] [stdout] 
[INFO] [stdout] error[E0425]: cannot find value `PROJECT_ID_OR_NUMBER` in this scope
[INFO] [stdout]  --> src/vec_u8_hash_map/google.monitoring.v3.rs:2008:12
[INFO] [stdout]   |
[INFO] [stdout] 3 | projects/\[PROJECT_ID_OR_NUMBER\]/groups/\[GROUP_ID\]
[INFO] [stdout]   |            ^^^^^^^^^^^^^^^^^^^^ not found in this scope
[INFO] [stdout] 
[INFO] [stdout] error[E0425]: cannot find value `groups` in this scope
[INFO] [stdout]  --> src/vec_u8_hash_map/google.monitoring.v3.rs:2008:35
[INFO] [stdout]   |
[INFO] [stdout] 3 | projects/\[PROJECT_ID_OR_NUMBER\]/groups/\[GROUP_ID\]
[INFO] [stdout]   |                                   ^^^^^^ not found in this scope
[INFO] [stdout] 
[INFO] [stdout] error[E0425]: cannot find value `GROUP_ID` in this scope
[INFO] [stdout]  --> src/vec_u8_hash_map/google.monitoring.v3.rs:2008:44
[INFO] [stdout]   |
[INFO] [stdout] 3 | projects/\[PROJECT_ID_OR_NUMBER\]/groups/\[GROUP_ID\]
[INFO] [stdout]   |                                            ^^^^^^^^ not found in this scope
[INFO] [stdout] 
[INFO] [stdout] error: aborting due to 8 previous errors
[INFO] [stdout] 
[INFO] [stdout] For more information about this error, try `rustc --explain E0425`.
[INFO] [stdout] Couldn't compile the test.
[INFO] [stdout] ---- src/vec_u8_hash_map/google.monitoring.v3.rs - vec_u8_hash_map::google::monitoring::v3::ListTimeSeriesRequest::name (line 2689) stdout ----
[INFO] [stdout] error: unknown start of token: \
[INFO] [stdout]  --> src/vec_u8_hash_map/google.monitoring.v3.rs:2690:10
[INFO] [stdout]   |
[INFO] [stdout] 3 | projects/\[PROJECT_ID_OR_NUMBER\]
[INFO] [stdout]   |          ^
[INFO] [stdout] 
[INFO] [stdout] error: unknown start of token: \
[INFO] [stdout]  --> src/vec_u8_hash_map/google.monitoring.v3.rs:2690:32
[INFO] [stdout]   |
[INFO] [stdout] 3 | projects/\[PROJECT_ID_OR_NUMBER\]
[INFO] [stdout]   |                                ^
[INFO] [stdout] 
[INFO] [stdout] error: unknown start of token: \
[INFO] [stdout]  --> src/vec_u8_hash_map/google.monitoring.v3.rs:2691:16
[INFO] [stdout]   |
[INFO] [stdout] 4 |  organizations/\[ORGANIZATION_ID\]
[INFO] [stdout]   |                ^
[INFO] [stdout] 
[INFO] [stdout] error: unknown start of token: \
[INFO] [stdout]  --> src/vec_u8_hash_map/google.monitoring.v3.rs:2691:33
[INFO] [stdout]   |
[INFO] [stdout] 4 |  organizations/\[ORGANIZATION_ID\]
[INFO] [stdout]   |                                 ^
[INFO] [stdout] 
[INFO] [stdout] error: unknown start of token: \
[INFO] [stdout]  --> src/vec_u8_hash_map/google.monitoring.v3.rs:2692:10
[INFO] [stdout]   |
[INFO] [stdout] 5 |  folders/\[FOLDER_ID\]
[INFO] [stdout]   |          ^
[INFO] [stdout] 
[INFO] [stdout] error: unknown start of token: \
[INFO] [stdout]  --> src/vec_u8_hash_map/google.monitoring.v3.rs:2692:21
[INFO] [stdout]   |
[INFO] [stdout] 5 |  folders/\[FOLDER_ID\]
[INFO] [stdout]   |                     ^
[INFO] [stdout] 
[INFO] [stdout] error: expected `;`, found `organizations`
[INFO] [stdout]  --> src/vec_u8_hash_map/google.monitoring.v3.rs:2690:34
[INFO] [stdout]   |
[INFO] [stdout] 3 | projects/\[PROJECT_ID_OR_NUMBER\]
[INFO] [stdout]   |                                  ^ help: add `;` here
[INFO] [stdout] 4 |  organizations/\[ORGANIZATION_ID\]
[INFO] [stdout]   |  ------------- unexpected token
[INFO] [stdout] 
[INFO] [stdout] error: expected `;`, found `folders`
[INFO] [stdout]  --> src/vec_u8_hash_map/google.monitoring.v3.rs:2691:35
[INFO] [stdout]   |
[INFO] [stdout] 4 |  organizations/\[ORGANIZATION_ID\]
[INFO] [stdout]   |                                   ^ help: add `;` here
[INFO] [stdout] 5 |  folders/\[FOLDER_ID\]
[INFO] [stdout]   |  ------- unexpected token
[INFO] [stdout] 
[INFO] [stdout] error[E0425]: cannot find value `folders` in this scope
[INFO] [stdout]  --> src/vec_u8_hash_map/google.monitoring.v3.rs:2692:2
[INFO] [stdout]   |
[INFO] [stdout] 5 |  folders/\[FOLDER_ID\]
[INFO] [stdout]   |  ^^^^^^^ not found in this scope
[INFO] [stdout] 
[INFO] [stdout] error[E0425]: cannot find value `FOLDER_ID` in this scope
[INFO] [stdout]  --> src/vec_u8_hash_map/google.monitoring.v3.rs:2692:12
[INFO] [stdout]   |
[INFO] [stdout] 5 |  folders/\[FOLDER_ID\]
[INFO] [stdout]   |            ^^^^^^^^^ not found in this scope
[INFO] [stdout] 
[INFO] [stdout] error: aborting due to 10 previous errors
[INFO] [stdout] 
[INFO] [stdout] For more information about this error, try `rustc --explain E0425`.
[INFO] [stdout] Couldn't compile the test.
[INFO] [stdout] ---- src/vec_u8_hash_map/google.monitoring.v3.rs - vec_u8_hash_map::google::monitoring::v3::NotificationChannel::name (line 3348) stdout ----
[INFO] [stdout] error: unknown start of token: \
[INFO] [stdout]  --> src/vec_u8_hash_map/google.monitoring.v3.rs:3349:10
[INFO] [stdout]   |
[INFO] [stdout] 3 | projects/\[PROJECT_ID_OR_NUMBER\]/notificationChannels/\[CHANNEL_ID\]
[INFO] [stdout]   |          ^
[INFO] [stdout] 
[INFO] [stdout] error: unknown start of token: \
[INFO] [stdout]  --> src/vec_u8_hash_map/google.monitoring.v3.rs:3349:32
[INFO] [stdout]   |
[INFO] [stdout] 3 | projects/\[PROJECT_ID_OR_NUMBER\]/notificationChannels/\[CHANNEL_ID\]
[INFO] [stdout]   |                                ^
[INFO] [stdout] 
[INFO] [stdout] error: unknown start of token: \
[INFO] [stdout]  --> src/vec_u8_hash_map/google.monitoring.v3.rs:3349:56
[INFO] [stdout]   |
[INFO] [stdout] 3 | projects/\[PROJECT_ID_OR_NUMBER\]/notificationChannels/\[CHANNEL_ID\]
[INFO] [stdout]   |                                                        ^
[INFO] [stdout] 
[INFO] [stdout] error: unknown start of token: \
[INFO] [stdout]  --> src/vec_u8_hash_map/google.monitoring.v3.rs:3349:68
[INFO] [stdout]   |
[INFO] [stdout] 3 | projects/\[PROJECT_ID_OR_NUMBER\]/notificationChannels/\[CHANNEL_ID\]
[INFO] [stdout]   |                                                                    ^
[INFO] [stdout] 
[INFO] [stdout] error[E0425]: cannot find value `projects` in this scope
[INFO] [stdout]  --> src/vec_u8_hash_map/google.monitoring.v3.rs:3349:1
[INFO] [stdout]   |
[INFO] [stdout] 3 | projects/\[PROJECT_ID_OR_NUMBER\]/notificationChannels/\[CHANNEL_ID\]
[INFO] [stdout]   | ^^^^^^^^ not found in this scope
[INFO] [stdout] 
[INFO] [stdout] error[E0425]: cannot find value `PROJECT_ID_OR_NUMBER` in this scope
[INFO] [stdout]  --> src/vec_u8_hash_map/google.monitoring.v3.rs:3349:12
[INFO] [stdout]   |
[INFO] [stdout] 3 | projects/\[PROJECT_ID_OR_NUMBER\]/notificationChannels/\[CHANNEL_ID\]
[INFO] [stdout]   |            ^^^^^^^^^^^^^^^^^^^^ not found in this scope
[INFO] [stdout] 
[INFO] [stdout] error[E0425]: cannot find value `notificationChannels` in this scope
[INFO] [stdout]  --> src/vec_u8_hash_map/google.monitoring.v3.rs:3349:35
[INFO] [stdout]   |
[INFO] [stdout] 3 | projects/\[PROJECT_ID_OR_NUMBER\]/notificationChannels/\[CHANNEL_ID\]
[INFO] [stdout]   |                                   ^^^^^^^^^^^^^^^^^^^^ not found in this scope
[INFO] [stdout] 
[INFO] [stdout] error[E0425]: cannot find value `CHANNEL_ID` in this scope
[INFO] [stdout]  --> src/vec_u8_hash_map/google.monitoring.v3.rs:3349:58
[INFO] [stdout]   |
[INFO] [stdout] 3 | projects/\[PROJECT_ID_OR_NUMBER\]/notificationChannels/\[CHANNEL_ID\]
[INFO] [stdout]   |                                                          ^^^^^^^^^^ not found in this scope
[INFO] [stdout] 
[INFO] [stdout] error: aborting due to 8 previous errors
[INFO] [stdout] 
[INFO] [stdout] For more information about this error, try `rustc --explain E0425`.
[INFO] [stdout] Couldn't compile the test.
[INFO] [stdout] ---- src/vec_u8_hash_map/google.monitoring.v3.rs - vec_u8_hash_map::google::monitoring::v3::ListMetricDescriptorsRequest::filter (line 2612) stdout ----
[INFO] [stdout] error: expected identifier, found keyword `type`
[INFO] [stdout]  --> src/vec_u8_hash_map/google.monitoring.v3.rs:2613:8
[INFO] [stdout]   |
[INFO] [stdout] 3 | metric.type = starts_with("custom.googleapis.com/")
[INFO] [stdout]   |        ^^^^ expected identifier, found keyword
[INFO] [stdout]   |
[INFO] [stdout] help: escape `type` to use it as an identifier
[INFO] [stdout]   |
[INFO] [stdout] 3 | metric.r#type = starts_with("custom.googleapis.com/")
[INFO] [stdout]   |        ++
[INFO] [stdout] 
[INFO] [stdout] error[E0425]: cannot find value `metric` in this scope
[INFO] [stdout]  --> src/vec_u8_hash_map/google.monitoring.v3.rs:2613:1
[INFO] [stdout]   |
[INFO] [stdout] 3 | metric.type = starts_with("custom.googleapis.com/")
[INFO] [stdout]   | ^^^^^^ not found in this scope
[INFO] [stdout] 
[INFO] [stdout] error[E0425]: cannot find function `starts_with` in this scope
[INFO] [stdout]  --> src/vec_u8_hash_map/google.monitoring.v3.rs:2613:15
[INFO] [stdout]   |
[INFO] [stdout] 3 | metric.type = starts_with("custom.googleapis.com/")
[INFO] [stdout]   |               ^^^^^^^^^^^ not found in this scope
[INFO] [stdout]   |
[INFO] [stdout] help: use the `.` operator to call the method `starts_with` on `&str`
[INFO] [stdout]   |
[INFO] [stdout] 3 - metric.type = starts_with("custom.googleapis.com/")
[INFO] [stdout] 3 + metric.type = "custom.googleapis.com/".starts_with()
[INFO] [stdout]   |
[INFO] [stdout] 
[INFO] [stdout] error: aborting due to 3 previous errors
[INFO] [stdout] 
[INFO] [stdout] For more information about this error, try `rustc --explain E0425`.
[INFO] [stdout] Couldn't compile the test.
[INFO] [stdout] ---- src/vec_u8_hash_map/google.monitoring.v3.rs - vec_u8_hash_map::google::monitoring::v3::ListUptimeCheckConfigsRequest::parent (line 6819) stdout ----
[INFO] [stdout] error: unknown start of token: \
[INFO] [stdout]  --> src/vec_u8_hash_map/google.monitoring.v3.rs:6820:10
[INFO] [stdout]   |
[INFO] [stdout] 3 | projects/\[PROJECT_ID_OR_NUMBER\]
[INFO] [stdout]   |          ^
[INFO] [stdout] 
[INFO] [stdout] error: unknown start of token: \
[INFO] [stdout]  --> src/vec_u8_hash_map/google.monitoring.v3.rs:6820:32
[INFO] [stdout]   |
[INFO] [stdout] 3 | projects/\[PROJECT_ID_OR_NUMBER\]
[INFO] [stdout]   |                                ^
[INFO] [stdout] 
[INFO] [stdout] error[E0425]: cannot find value `projects` in this scope
[INFO] [stdout]  --> src/vec_u8_hash_map/google.monitoring.v3.rs:6820:1
[INFO] [stdout]   |
[INFO] [stdout] 3 | projects/\[PROJECT_ID_OR_NUMBER\]
[INFO] [stdout]   | ^^^^^^^^ not found in this scope
[INFO] [stdout] 
[INFO] [stdout] error[E0425]: cannot find value `PROJECT_ID_OR_NUMBER` in this scope
[INFO] [stdout]  --> src/vec_u8_hash_map/google.monitoring.v3.rs:6820:12
[INFO] [stdout]   |
[INFO] [stdout] 3 | projects/\[PROJECT_ID_OR_NUMBER\]
[INFO] [stdout]   |            ^^^^^^^^^^^^^^^^^^^^ not found in this scope
[INFO] [stdout] 
[INFO] [stdout] error: aborting due to 4 previous errors
[INFO] [stdout] 
[INFO] [stdout] For more information about this error, try `rustc --explain E0425`.
[INFO] [stdout] Couldn't compile the test.
[INFO] [stdout] ---- src/vec_u8_hash_map/google.monitoring.v3.rs - vec_u8_hash_map::google::monitoring::v3::QueryTimeSeriesRequest::name (line 2873) stdout ----
[INFO] [stdout] error: unknown start of token: \
[INFO] [stdout]  --> src/vec_u8_hash_map/google.monitoring.v3.rs:2874:10
[INFO] [stdout]   |
[INFO] [stdout] 3 | projects/\[PROJECT_ID_OR_NUMBER\]
[INFO] [stdout]   |          ^
[INFO] [stdout] 
[INFO] [stdout] error: unknown start of token: \
[INFO] [stdout]  --> src/vec_u8_hash_map/google.monitoring.v3.rs:2874:32
[INFO] [stdout]   |
[INFO] [stdout] 3 | projects/\[PROJECT_ID_OR_NUMBER\]
[INFO] [stdout]   |                                ^
[INFO] [stdout] 
[INFO] [stdout] error[E0425]: cannot find value `projects` in this scope
[INFO] [stdout]  --> src/vec_u8_hash_map/google.monitoring.v3.rs:2874:1
[INFO] [stdout]   |
[INFO] [stdout] 3 | projects/\[PROJECT_ID_OR_NUMBER\]
[INFO] [stdout]   | ^^^^^^^^ not found in this scope
[INFO] [stdout] 
[INFO] [stdout] error[E0425]: cannot find value `PROJECT_ID_OR_NUMBER` in this scope
[INFO] [stdout]  --> src/vec_u8_hash_map/google.monitoring.v3.rs:2874:12
[INFO] [stdout]   |
[INFO] [stdout] 3 | projects/\[PROJECT_ID_OR_NUMBER\]
[INFO] [stdout]   |            ^^^^^^^^^^^^^^^^^^^^ not found in this scope
[INFO] [stdout] 
[INFO] [stdout] error: aborting due to 4 previous errors
[INFO] [stdout] 
[INFO] [stdout] For more information about this error, try `rustc --explain E0425`.
[INFO] [stdout] Couldn't compile the test.
[INFO] [stdout] ---- src/vec_u8_hash_map/google.monitoring.v3.rs - vec_u8_hash_map::google::monitoring::v3::ServiceLevelObjective::name (line 4545) stdout ----
[INFO] [stdout] error: unknown start of token: \
[INFO] [stdout]  --> src/vec_u8_hash_map/google.monitoring.v3.rs:4546:10
[INFO] [stdout]   |
[INFO] [stdout] 3 | projects/\[PROJECT_ID_OR_NUMBER\]/services/\[SERVICE_ID\]/serviceLevelObjectives/\[SLO_NAME\]
[INFO] [stdout]   |          ^
[INFO] [stdout] 
[INFO] [stdout] error: unknown start of token: \
[INFO] [stdout]  --> src/vec_u8_hash_map/google.monitoring.v3.rs:4546:32
[INFO] [stdout]   |
[INFO] [stdout] 3 | projects/\[PROJECT_ID_OR_NUMBER\]/services/\[SERVICE_ID\]/serviceLevelObjectives/\[SLO_NAME\]
[INFO] [stdout]   |                                ^
[INFO] [stdout] 
[INFO] [stdout] error: unknown start of token: \
[INFO] [stdout]  --> src/vec_u8_hash_map/google.monitoring.v3.rs:4546:44
[INFO] [stdout]   |
[INFO] [stdout] 3 | projects/\[PROJECT_ID_OR_NUMBER\]/services/\[SERVICE_ID\]/serviceLevelObjectives/\[SLO_NAME\]
[INFO] [stdout]   |                                            ^
[INFO] [stdout] 
[INFO] [stdout] error: unknown start of token: \
[INFO] [stdout]  --> src/vec_u8_hash_map/google.monitoring.v3.rs:4546:56
[INFO] [stdout]   |
[INFO] [stdout] 3 | projects/\[PROJECT_ID_OR_NUMBER\]/services/\[SERVICE_ID\]/serviceLevelObjectives/\[SLO_NAME\]
[INFO] [stdout]   |                                                        ^
[INFO] [stdout] 
[INFO] [stdout] error: unknown start of token: \
[INFO] [stdout]  --> src/vec_u8_hash_map/google.monitoring.v3.rs:4546:82
[INFO] [stdout]   |
[INFO] [stdout] 3 | projects/\[PROJECT_ID_OR_NUMBER\]/services/\[SERVICE_ID\]/serviceLevelObjectives/\[SLO_NAME\]
[INFO] [stdout]   |                                                                                  ^
[INFO] [stdout] 
[INFO] [stdout] error: unknown start of token: \
[INFO] [stdout]  --> src/vec_u8_hash_map/google.monitoring.v3.rs:4546:92
[INFO] [stdout]   |
[INFO] [stdout] 3 | projects/\[PROJECT_ID_OR_NUMBER\]/services/\[SERVICE_ID\]/serviceLevelObjectives/\[SLO_NAME\]
[INFO] [stdout]   |                                                                                            ^
[INFO] [stdout] 
[INFO] [stdout] error[E0425]: cannot find value `projects` in this scope
[INFO] [stdout]  --> src/vec_u8_hash_map/google.monitoring.v3.rs:4546:1
[INFO] [stdout]   |
[INFO] [stdout] 3 | projects/\[PROJECT_ID_OR_NUMBER\]/services/\[SERVICE_ID\]/serviceLevelObjectives/\[SLO_NAME\]
[INFO] [stdout]   | ^^^^^^^^ not found in this scope
[INFO] [stdout] 
[INFO] [stdout] error[E0425]: cannot find value `PROJECT_ID_OR_NUMBER` in this scope
[INFO] [stdout]  --> src/vec_u8_hash_map/google.monitoring.v3.rs:4546:12
[INFO] [stdout]   |
[INFO] [stdout] 3 | projects/\[PROJECT_ID_OR_NUMBER\]/services/\[SERVICE_ID\]/serviceLevelObjectives/\[SLO_NAME\]
[INFO] [stdout]   |            ^^^^^^^^^^^^^^^^^^^^ not found in this scope
[INFO] [stdout] 
[INFO] [stdout] error[E0425]: cannot find value `services` in this scope
[INFO] [stdout]  --> src/vec_u8_hash_map/google.monitoring.v3.rs:4546:35
[INFO] [stdout]   |
[INFO] [stdout] 3 | projects/\[PROJECT_ID_OR_NUMBER\]/services/\[SERVICE_ID\]/serviceLevelObjectives/\[SLO_NAME\]
[INFO] [stdout]   |                                   ^^^^^^^^ not found in this scope
[INFO] [stdout] 
[INFO] [stdout] error[E0425]: cannot find value `SERVICE_ID` in this scope
[INFO] [stdout]  --> src/vec_u8_hash_map/google.monitoring.v3.rs:4546:46
[INFO] [stdout]   |
[INFO] [stdout] 3 | projects/\[PROJECT_ID_OR_NUMBER\]/services/\[SERVICE_ID\]/serviceLevelObjectives/\[SLO_NAME\]
[INFO] [stdout]   |                                              ^^^^^^^^^^ not found in this scope
[INFO] [stdout] 
[INFO] [stdout] error[E0425]: cannot find value `serviceLevelObjectives` in this scope
[INFO] [stdout]  --> src/vec_u8_hash_map/google.monitoring.v3.rs:4546:59
[INFO] [stdout]   |
[INFO] [stdout] 3 | projects/\[PROJECT_ID_OR_NUMBER\]/services/\[SERVICE_ID\]/serviceLevelObjectives/\[SLO_NAME\]
[INFO] [stdout]   |                                                           ^^^^^^^^^^^^^^^^^^^^^^ not found in this scope
[INFO] [stdout] 
[INFO] [stdout] error[E0425]: cannot find value `SLO_NAME` in this scope
[INFO] [stdout]  --> src/vec_u8_hash_map/google.monitoring.v3.rs:4546:84
[INFO] [stdout]   |
[INFO] [stdout] 3 | projects/\[PROJECT_ID_OR_NUMBER\]/services/\[SERVICE_ID\]/serviceLevelObjectives/\[SLO_NAME\]
[INFO] [stdout]   |                                                                                    ^^^^^^^^ not found in this scope
[INFO] [stdout] 
[INFO] [stdout] error: aborting due to 12 previous errors
[INFO] [stdout] 
[INFO] [stdout] For more information about this error, try `rustc --explain E0425`.
[INFO] [stdout] Couldn't compile the test.
[INFO] [stdout] ---- src/vec_u8_hash_map/google.monitoring.v3.rs - vec_u8_hash_map::google::monitoring::v3::NotificationChannelDescriptor::name (line 3298) stdout ----
[INFO] [stdout] error: unknown start of token: \
[INFO] [stdout]  --> src/vec_u8_hash_map/google.monitoring.v3.rs:3299:10
[INFO] [stdout]   |
[INFO] [stdout] 3 | projects/\[PROJECT_ID_OR_NUMBER\]/notificationChannelDescriptors/\[TYPE\]
[INFO] [stdout]   |          ^
[INFO] [stdout] 
[INFO] [stdout] error: unknown start of token: \
[INFO] [stdout]  --> src/vec_u8_hash_map/google.monitoring.v3.rs:3299:32
[INFO] [stdout]   |
[INFO] [stdout] 3 | projects/\[PROJECT_ID_OR_NUMBER\]/notificationChannelDescriptors/\[TYPE\]
[INFO] [stdout]   |                                ^
[INFO] [stdout] 
[INFO] [stdout] error: unknown start of token: \
[INFO] [stdout]  --> src/vec_u8_hash_map/google.monitoring.v3.rs:3299:66
[INFO] [stdout]   |
[INFO] [stdout] 3 | projects/\[PROJECT_ID_OR_NUMBER\]/notificationChannelDescriptors/\[TYPE\]
[INFO] [stdout]   |                                                                  ^
[INFO] [stdout] 
[INFO] [stdout] error: unknown start of token: \
[INFO] [stdout]  --> src/vec_u8_hash_map/google.monitoring.v3.rs:3299:72
[INFO] [stdout]   |
[INFO] [stdout] 3 | projects/\[PROJECT_ID_OR_NUMBER\]/notificationChannelDescriptors/\[TYPE\]
[INFO] [stdout]   |                                                                        ^
[INFO] [stdout] 
[INFO] [stdout] error[E0425]: cannot find value `projects` in this scope
[INFO] [stdout]  --> src/vec_u8_hash_map/google.monitoring.v3.rs:3299:1
[INFO] [stdout]   |
[INFO] [stdout] 3 | projects/\[PROJECT_ID_OR_NUMBER\]/notificationChannelDescriptors/\[TYPE\]
[INFO] [stdout]   | ^^^^^^^^ not found in this scope
[INFO] [stdout] 
[INFO] [stdout] error[E0425]: cannot find value `PROJECT_ID_OR_NUMBER` in this scope
[INFO] [stdout]  --> src/vec_u8_hash_map/google.monitoring.v3.rs:3299:12
[INFO] [stdout]   |
[INFO] [stdout] 3 | projects/\[PROJECT_ID_OR_NUMBER\]/notificationChannelDescriptors/\[TYPE\]
[INFO] [stdout]   |            ^^^^^^^^^^^^^^^^^^^^ not found in this scope
[INFO] [stdout] 
[INFO] [stdout] error[E0425]: cannot find value `notificationChannelDescriptors` in this scope
[INFO] [stdout]  --> src/vec_u8_hash_map/google.monitoring.v3.rs:3299:35
[INFO] [stdout]   |
[INFO] [stdout] 3 | projects/\[PROJECT_ID_OR_NUMBER\]/notificationChannelDescriptors/\[TYPE\]
[INFO] [stdout]   |                                   ^^^^^^^^^^^^^^^^^^^^^^^^^^^^^^ not found in this scope
[INFO] [stdout] 
[INFO] [stdout] error[E0425]: cannot find value `TYPE` in this scope
[INFO] [stdout]  --> src/vec_u8_hash_map/google.monitoring.v3.rs:3299:68
[INFO] [stdout]   |
[INFO] [stdout] 3 | projects/\[PROJECT_ID_OR_NUMBER\]/notificationChannelDescriptors/\[TYPE\]
[INFO] [stdout]   |                                                                    ^^^^ not found in this scope
[INFO] [stdout] 
[INFO] [stdout] error: aborting due to 8 previous errors
[INFO] [stdout] 
[INFO] [stdout] For more information about this error, try `rustc --explain E0425`.
[INFO] [stdout] Couldn't compile the test.
[INFO] [stdout] ---- src/vec_u8_hash_map/google.monitoring.v3.rs - vec_u8_hash_map::google::monitoring::v3::Service::name (line 4265) stdout ----
[INFO] [stdout] error: unknown start of token: \
[INFO] [stdout]  --> src/vec_u8_hash_map/google.monitoring.v3.rs:4266:10
[INFO] [stdout]   |
[INFO] [stdout] 3 | projects/\[PROJECT_ID_OR_NUMBER\]/services/\[SERVICE_ID\]
[INFO] [stdout]   |          ^
[INFO] [stdout] 
[INFO] [stdout] error: unknown start of token: \
[INFO] [stdout]  --> src/vec_u8_hash_map/google.monitoring.v3.rs:4266:32
[INFO] [stdout]   |
[INFO] [stdout] 3 | projects/\[PROJECT_ID_OR_NUMBER\]/services/\[SERVICE_ID\]
[INFO] [stdout]   |                                ^
[INFO] [stdout] 
[INFO] [stdout] error: unknown start of token: \
[INFO] [stdout]  --> src/vec_u8_hash_map/google.monitoring.v3.rs:4266:44
[INFO] [stdout]   |
[INFO] [stdout] 3 | projects/\[PROJECT_ID_OR_NUMBER\]/services/\[SERVICE_ID\]
[INFO] [stdout]   |                                            ^
[INFO] [stdout] 
[INFO] [stdout] error: unknown start of token: \
[INFO] [stdout]  --> src/vec_u8_hash_map/google.monitoring.v3.rs:4266:56
[INFO] [stdout]   |
[INFO] [stdout] 3 | projects/\[PROJECT_ID_OR_NUMBER\]/services/\[SERVICE_ID\]
[INFO] [stdout]   |                                                        ^
[INFO] [stdout] 
[INFO] [stdout] error[E0425]: cannot find value `projects` in this scope
[INFO] [stdout]  --> src/vec_u8_hash_map/google.monitoring.v3.rs:4266:1
[INFO] [stdout]   |
[INFO] [stdout] 3 | projects/\[PROJECT_ID_OR_NUMBER\]/services/\[SERVICE_ID\]
[INFO] [stdout]   | ^^^^^^^^ not found in this scope
[INFO] [stdout] 
[INFO] [stdout] error[E0425]: cannot find value `PROJECT_ID_OR_NUMBER` in this scope
[INFO] [stdout]  --> src/vec_u8_hash_map/google.monitoring.v3.rs:4266:12
[INFO] [stdout]   |
[INFO] [stdout] 3 | projects/\[PROJECT_ID_OR_NUMBER\]/services/\[SERVICE_ID\]
[INFO] [stdout]   |            ^^^^^^^^^^^^^^^^^^^^ not found in this scope
[INFO] [stdout] 
[INFO] [stdout] error[E0425]: cannot find value `services` in this scope
[INFO] [stdout]  --> src/vec_u8_hash_map/google.monitoring.v3.rs:4266:35
[INFO] [stdout]   |
[INFO] [stdout] 3 | projects/\[PROJECT_ID_OR_NUMBER\]/services/\[SERVICE_ID\]
[INFO] [stdout]   |                                   ^^^^^^^^ not found in this scope
[INFO] [stdout] 
[INFO] [stdout] error[E0425]: cannot find value `SERVICE_ID` in this scope
[INFO] [stdout]  --> src/vec_u8_hash_map/google.monitoring.v3.rs:4266:46
[INFO] [stdout]   |
[INFO] [stdout] 3 | projects/\[PROJECT_ID_OR_NUMBER\]/services/\[SERVICE_ID\]
[INFO] [stdout]   |                                              ^^^^^^^^^^ not found in this scope
[INFO] [stdout] 
[INFO] [stdout] error: aborting due to 8 previous errors
[INFO] [stdout] 
[INFO] [stdout] For more information about this error, try `rustc --explain E0425`.
[INFO] [stdout] Couldn't compile the test.
[INFO] [stdout] ---- src/vec_u8_hash_map/google.monitoring.v3.rs - vec_u8_hash_map::google::monitoring::v3::list_groups_request::Filter::ChildrenOfGroup (line 1909) stdout ----
[INFO] [stdout] error: unknown start of token: \
[INFO] [stdout]  --> src/vec_u8_hash_map/google.monitoring.v3.rs:1910:10
[INFO] [stdout]   |
[INFO] [stdout] 3 | projects/\[PROJECT_ID_OR_NUMBER\]/groups/\[GROUP_ID\]
[INFO] [stdout]   |          ^
[INFO] [stdout] 
[INFO] [stdout] error: unknown start of token: \
[INFO] [stdout]  --> src/vec_u8_hash_map/google.monitoring.v3.rs:1910:32
[INFO] [stdout]   |
[INFO] [stdout] 3 | projects/\[PROJECT_ID_OR_NUMBER\]/groups/\[GROUP_ID\]
[INFO] [stdout]   |                                ^
[INFO] [stdout] 
[INFO] [stdout] error: unknown start of token: \
[INFO] [stdout]  --> src/vec_u8_hash_map/google.monitoring.v3.rs:1910:42
[INFO] [stdout]   |
[INFO] [stdout] 3 | projects/\[PROJECT_ID_OR_NUMBER\]/groups/\[GROUP_ID\]
[INFO] [stdout]   |                                          ^
[INFO] [stdout] 
[INFO] [stdout] error: unknown start of token: \
[INFO] [stdout]  --> src/vec_u8_hash_map/google.monitoring.v3.rs:1910:52
[INFO] [stdout]   |
[INFO] [stdout] 3 | projects/\[PROJECT_ID_OR_NUMBER\]/groups/\[GROUP_ID\]
[INFO] [stdout]   |                                                    ^
[INFO] [stdout] 
[INFO] [stdout] error[E0425]: cannot find value `projects` in this scope
[INFO] [stdout]  --> src/vec_u8_hash_map/google.monitoring.v3.rs:1910:1
[INFO] [stdout]   |
[INFO] [stdout] 3 | projects/\[PROJECT_ID_OR_NUMBER\]/groups/\[GROUP_ID\]
[INFO] [stdout]   | ^^^^^^^^ not found in this scope
[INFO] [stdout] 
[INFO] [stdout] error[E0425]: cannot find value `PROJECT_ID_OR_NUMBER` in this scope
[INFO] [stdout]  --> src/vec_u8_hash_map/google.monitoring.v3.rs:1910:12
[INFO] [stdout]   |
[INFO] [stdout] 3 | projects/\[PROJECT_ID_OR_NUMBER\]/groups/\[GROUP_ID\]
[INFO] [stdout]   |            ^^^^^^^^^^^^^^^^^^^^ not found in this scope
[INFO] [stdout] 
[INFO] [stdout] error[E0425]: cannot find value `groups` in this scope
[INFO] [stdout]  --> src/vec_u8_hash_map/google.monitoring.v3.rs:1910:35
[INFO] [stdout]   |
[INFO] [stdout] 3 | projects/\[PROJECT_ID_OR_NUMBER\]/groups/\[GROUP_ID\]
[INFO] [stdout]   |                                   ^^^^^^ not found in this scope
[INFO] [stdout] 
[INFO] [stdout] error[E0425]: cannot find value `GROUP_ID` in this scope
[INFO] [stdout]  --> src/vec_u8_hash_map/google.monitoring.v3.rs:1910:44
[INFO] [stdout]   |
[INFO] [stdout] 3 | projects/\[PROJECT_ID_OR_NUMBER\]/groups/\[GROUP_ID\]
[INFO] [stdout]   |                                            ^^^^^^^^ not found in this scope
[INFO] [stdout] 
[INFO] [stdout] error: aborting due to 8 previous errors
[INFO] [stdout] 
[INFO] [stdout] For more information about this error, try `rustc --explain E0425`.
[INFO] [stdout] Couldn't compile the test.
[INFO] [stdout] ---- src/vec_u8_hash_map/google.monitoring.v3.rs - vec_u8_hash_map::google::monitoring::v3::alert_policy::Condition::name (line 805) stdout ----
[INFO] [stdout] error: unknown start of token: \
[INFO] [stdout]  --> src/vec_u8_hash_map/google.monitoring.v3.rs:806:10
[INFO] [stdout]   |
[INFO] [stdout] 3 | projects/\[PROJECT_ID_OR_NUMBER\]/alertPolicies/\[POLICY_ID\]/conditions/\[CONDITION_ID\]
[INFO] [stdout]   |          ^
[INFO] [stdout] 
[INFO] [stdout] error: unknown start of token: \
[INFO] [stdout]  --> src/vec_u8_hash_map/google.monitoring.v3.rs:806:32
[INFO] [stdout]   |
[INFO] [stdout] 3 | projects/\[PROJECT_ID_OR_NUMBER\]/alertPolicies/\[POLICY_ID\]/conditions/\[CONDITION_ID\]
[INFO] [stdout]   |                                ^
[INFO] [stdout] 
[INFO] [stdout] error: unknown start of token: \
[INFO] [stdout]  --> src/vec_u8_hash_map/google.monitoring.v3.rs:806:49
[INFO] [stdout]   |
[INFO] [stdout] 3 | projects/\[PROJECT_ID_OR_NUMBER\]/alertPolicies/\[POLICY_ID\]/conditions/\[CONDITION_ID\]
[INFO] [stdout]   |                                                 ^
[INFO] [stdout] 
[INFO] [stdout] error: unknown start of token: \
[INFO] [stdout]  --> src/vec_u8_hash_map/google.monitoring.v3.rs:806:60
[INFO] [stdout]   |
[INFO] [stdout] 3 | projects/\[PROJECT_ID_OR_NUMBER\]/alertPolicies/\[POLICY_ID\]/conditions/\[CONDITION_ID\]
[INFO] [stdout]   |                                                            ^
[INFO] [stdout] 
[INFO] [stdout] error: unknown start of token: \
[INFO] [stdout]  --> src/vec_u8_hash_map/google.monitoring.v3.rs:806:74
[INFO] [stdout]   |
[INFO] [stdout] 3 | projects/\[PROJECT_ID_OR_NUMBER\]/alertPolicies/\[POLICY_ID\]/conditions/\[CONDITION_ID\]
[INFO] [stdout]   |                                                                          ^
[INFO] [stdout] 
[INFO] [stdout] error: unknown start of token: \
[INFO] [stdout]  --> src/vec_u8_hash_map/google.monitoring.v3.rs:806:88
[INFO] [stdout]   |
[INFO] [stdout] 3 | projects/\[PROJECT_ID_OR_NUMBER\]/alertPolicies/\[POLICY_ID\]/conditions/\[CONDITION_ID\]
[INFO] [stdout]   |                                                                                        ^
[INFO] [stdout] 
[INFO] [stdout] error[E0425]: cannot find value `projects` in this scope
[INFO] [stdout]  --> src/vec_u8_hash_map/google.monitoring.v3.rs:806:1
[INFO] [stdout]   |
[INFO] [stdout] 3 | projects/\[PROJECT_ID_OR_NUMBER\]/alertPolicies/\[POLICY_ID\]/conditions/\[CONDITION_ID\]
[INFO] [stdout]   | ^^^^^^^^ not found in this scope
[INFO] [stdout] 
[INFO] [stdout] error[E0425]: cannot find value `PROJECT_ID_OR_NUMBER` in this scope
[INFO] [stdout]  --> src/vec_u8_hash_map/google.monitoring.v3.rs:806:12
[INFO] [stdout]   |
[INFO] [stdout] 3 | projects/\[PROJECT_ID_OR_NUMBER\]/alertPolicies/\[POLICY_ID\]/conditions/\[CONDITION_ID\]
[INFO] [stdout]   |            ^^^^^^^^^^^^^^^^^^^^ not found in this scope
[INFO] [stdout] 
[INFO] [stdout] error[E0425]: cannot find value `alertPolicies` in this scope
[INFO] [stdout]  --> src/vec_u8_hash_map/google.monitoring.v3.rs:806:35
[INFO] [stdout]   |
[INFO] [stdout] 3 | projects/\[PROJECT_ID_OR_NUMBER\]/alertPolicies/\[POLICY_ID\]/conditions/\[CONDITION_ID\]
[INFO] [stdout]   |                                   ^^^^^^^^^^^^^ not found in this scope
[INFO] [stdout] 
[INFO] [stdout] error[E0425]: cannot find value `POLICY_ID` in this scope
[INFO] [stdout]  --> src/vec_u8_hash_map/google.monitoring.v3.rs:806:51
[INFO] [stdout]   |
[INFO] [stdout] 3 | projects/\[PROJECT_ID_OR_NUMBER\]/alertPolicies/\[POLICY_ID\]/conditions/\[CONDITION_ID\]
[INFO] [stdout]   |                                                   ^^^^^^^^^ not found in this scope
[INFO] [stdout] 
[INFO] [stdout] error[E0425]: cannot find value `conditions` in this scope
[INFO] [stdout]  --> src/vec_u8_hash_map/google.monitoring.v3.rs:806:63
[INFO] [stdout]   |
[INFO] [stdout] 3 | projects/\[PROJECT_ID_OR_NUMBER\]/alertPolicies/\[POLICY_ID\]/conditions/\[CONDITION_ID\]
[INFO] [stdout]   |                                                               ^^^^^^^^^^ not found in this scope
[INFO] [stdout] 
[INFO] [stdout] error[E0425]: cannot find value `CONDITION_ID` in this scope
[INFO] [stdout]  --> src/vec_u8_hash_map/google.monitoring.v3.rs:806:76
[INFO] [stdout]   |
[INFO] [stdout] 3 | projects/\[PROJECT_ID_OR_NUMBER\]/alertPolicies/\[POLICY_ID\]/conditions/\[CONDITION_ID\]
[INFO] [stdout]   |                                                                            ^^^^^^^^^^^^ not found in this scope
[INFO] [stdout] 
[INFO] [stdout] error: aborting due to 12 previous errors
[INFO] [stdout] 
[INFO] [stdout] For more information about this error, try `rustc --explain E0425`.
[INFO] [stdout] Couldn't compile the test.
[INFO] [stdout] ---- src/vec_u8_hash_map/google.monitoring.v3.rs - vec_u8_hash_map::google::monitoring::v3::SpanContext::span_name (line 5830) stdout ----
[INFO] [stdout] error: unknown start of token: \
[INFO] [stdout]  --> src/vec_u8_hash_map/google.monitoring.v3.rs:5831:10
[INFO] [stdout]   |
[INFO] [stdout] 3 | projects/\[PROJECT_ID_OR_NUMBER\]/traces/\[TRACE_ID\]/spans/\[SPAN_ID\]
[INFO] [stdout]   |          ^
[INFO] [stdout] 
[INFO] [stdout] error: unknown start of token: \
[INFO] [stdout]  --> src/vec_u8_hash_map/google.monitoring.v3.rs:5831:32
[INFO] [stdout]   |
[INFO] [stdout] 3 | projects/\[PROJECT_ID_OR_NUMBER\]/traces/\[TRACE_ID\]/spans/\[SPAN_ID\]
[INFO] [stdout]   |                                ^
[INFO] [stdout] 
[INFO] [stdout] error: unknown start of token: \
[INFO] [stdout]  --> src/vec_u8_hash_map/google.monitoring.v3.rs:5831:42
[INFO] [stdout]   |
[INFO] [stdout] 3 | projects/\[PROJECT_ID_OR_NUMBER\]/traces/\[TRACE_ID\]/spans/\[SPAN_ID\]
[INFO] [stdout]   |                                          ^
[INFO] [stdout] 
[INFO] [stdout] error: unknown start of token: \
[INFO] [stdout]  --> src/vec_u8_hash_map/google.monitoring.v3.rs:5831:52
[INFO] [stdout]   |
[INFO] [stdout] 3 | projects/\[PROJECT_ID_OR_NUMBER\]/traces/\[TRACE_ID\]/spans/\[SPAN_ID\]
[INFO] [stdout]   |                                                    ^
[INFO] [stdout] 
[INFO] [stdout] error: unknown start of token: \
[INFO] [stdout]  --> src/vec_u8_hash_map/google.monitoring.v3.rs:5831:61
[INFO] [stdout]   |
[INFO] [stdout] 3 | projects/\[PROJECT_ID_OR_NUMBER\]/traces/\[TRACE_ID\]/spans/\[SPAN_ID\]
[INFO] [stdout]   |                                                             ^
[INFO] [stdout] 
[INFO] [stdout] error: unknown start of token: \
[INFO] [stdout]  --> src/vec_u8_hash_map/google.monitoring.v3.rs:5831:70
[INFO] [stdout]   |
[INFO] [stdout] 3 | projects/\[PROJECT_ID_OR_NUMBER\]/traces/\[TRACE_ID\]/spans/\[SPAN_ID\]
[INFO] [stdout]   |                                                                      ^
[INFO] [stdout] 
[INFO] [stdout] error[E0425]: cannot find value `projects` in this scope
[INFO] [stdout]  --> src/vec_u8_hash_map/google.monitoring.v3.rs:5831:1
[INFO] [stdout]   |
[INFO] [stdout] 3 | projects/\[PROJECT_ID_OR_NUMBER\]/traces/\[TRACE_ID\]/spans/\[SPAN_ID\]
[INFO] [stdout]   | ^^^^^^^^ not found in this scope
[INFO] [stdout] 
[INFO] [stdout] error[E0425]: cannot find value `PROJECT_ID_OR_NUMBER` in this scope
[INFO] [stdout]  --> src/vec_u8_hash_map/google.monitoring.v3.rs:5831:12
[INFO] [stdout]   |
[INFO] [stdout] 3 | projects/\[PROJECT_ID_OR_NUMBER\]/traces/\[TRACE_ID\]/spans/\[SPAN_ID\]
[INFO] [stdout]   |            ^^^^^^^^^^^^^^^^^^^^ not found in this scope
[INFO] [stdout] 
[INFO] [stdout] error[E0425]: cannot find value `traces` in this scope
[INFO] [stdout]  --> src/vec_u8_hash_map/google.monitoring.v3.rs:5831:35
[INFO] [stdout]   |
[INFO] [stdout] 3 | projects/\[PROJECT_ID_OR_NUMBER\]/traces/\[TRACE_ID\]/spans/\[SPAN_ID\]
[INFO] [stdout]   |                                   ^^^^^^ not found in this scope
[INFO] [stdout] 
[INFO] [stdout] error[E0425]: cannot find value `TRACE_ID` in this scope
[INFO] [stdout]  --> src/vec_u8_hash_map/google.monitoring.v3.rs:5831:44
[INFO] [stdout]   |
[INFO] [stdout] 3 | projects/\[PROJECT_ID_OR_NUMBER\]/traces/\[TRACE_ID\]/spans/\[SPAN_ID\]
[INFO] [stdout]   |                                            ^^^^^^^^ not found in this scope
[INFO] [stdout] 
[INFO] [stdout] error[E0425]: cannot find value `spans` in this scope
[INFO] [stdout]  --> src/vec_u8_hash_map/google.monitoring.v3.rs:5831:55
[INFO] [stdout]   |
[INFO] [stdout] 3 | projects/\[PROJECT_ID_OR_NUMBER\]/traces/\[TRACE_ID\]/spans/\[SPAN_ID\]
[INFO] [stdout]   |                                                       ^^^^^ not found in this scope
[INFO] [stdout] 
[INFO] [stdout] error[E0425]: cannot find value `SPAN_ID` in this scope
[INFO] [stdout]  --> src/vec_u8_hash_map/google.monitoring.v3.rs:5831:63
[INFO] [stdout]   |
[INFO] [stdout] 3 | projects/\[PROJECT_ID_OR_NUMBER\]/traces/\[TRACE_ID\]/spans/\[SPAN_ID\]
[INFO] [stdout]   |                                                               ^^^^^^^ not found in this scope
[INFO] [stdout] 
[INFO] [stdout] error: aborting due to 12 previous errors
[INFO] [stdout] 
[INFO] [stdout] For more information about this error, try `rustc --explain E0425`.
[INFO] [stdout] Couldn't compile the test.
[INFO] [stdout] ---- src/vec_u8_hash_map/google.monitoring.v3.rs - vec_u8_hash_map::google::monitoring::v3::UptimeCheckConfig::name (line 5970) stdout ----
[INFO] [stdout] error: unknown start of token: \
[INFO] [stdout]  --> src/vec_u8_hash_map/google.monitoring.v3.rs:5971:10
[INFO] [stdout]   |
[INFO] [stdout] 3 | projects/\[PROJECT_ID_OR_NUMBER\]/uptimeCheckConfigs/\[UPTIME_CHECK_ID\]
[INFO] [stdout]   |          ^
[INFO] [stdout] 
[INFO] [stdout] error: unknown start of token: \
[INFO] [stdout]  --> src/vec_u8_hash_map/google.monitoring.v3.rs:5971:32
[INFO] [stdout]   |
[INFO] [stdout] 3 | projects/\[PROJECT_ID_OR_NUMBER\]/uptimeCheckConfigs/\[UPTIME_CHECK_ID\]
[INFO] [stdout]   |                                ^
[INFO] [stdout] 
[INFO] [stdout] error: unknown start of token: \
[INFO] [stdout]  --> src/vec_u8_hash_map/google.monitoring.v3.rs:5971:54
[INFO] [stdout]   |
[INFO] [stdout] 3 | projects/\[PROJECT_ID_OR_NUMBER\]/uptimeCheckConfigs/\[UPTIME_CHECK_ID\]
[INFO] [stdout]   |                                                      ^
[INFO] [stdout] 
[INFO] [stdout] error: unknown start of token: \
[INFO] [stdout]  --> src/vec_u8_hash_map/google.monitoring.v3.rs:5971:71
[INFO] [stdout]   |
[INFO] [stdout] 3 | projects/\[PROJECT_ID_OR_NUMBER\]/uptimeCheckConfigs/\[UPTIME_CHECK_ID\]
[INFO] [stdout]   |                                                                       ^
[INFO] [stdout] 
[INFO] [stdout] error[E0425]: cannot find value `projects` in this scope
[INFO] [stdout]  --> src/vec_u8_hash_map/google.monitoring.v3.rs:5971:1
[INFO] [stdout]   |
[INFO] [stdout] 3 | projects/\[PROJECT_ID_OR_NUMBER\]/uptimeCheckConfigs/\[UPTIME_CHECK_ID\]
[INFO] [stdout]   | ^^^^^^^^ not found in this scope
[INFO] [stdout] 
[INFO] [stdout] error[E0425]: cannot find value `PROJECT_ID_OR_NUMBER` in this scope
[INFO] [stdout]  --> src/vec_u8_hash_map/google.monitoring.v3.rs:5971:12
[INFO] [stdout]   |
[INFO] [stdout] 3 | projects/\[PROJECT_ID_OR_NUMBER\]/uptimeCheckConfigs/\[UPTIME_CHECK_ID\]
[INFO] [stdout]   |            ^^^^^^^^^^^^^^^^^^^^ not found in this scope
[INFO] [stdout] 
[INFO] [stdout] error[E0425]: cannot find value `uptimeCheckConfigs` in this scope
[INFO] [stdout]  --> src/vec_u8_hash_map/google.monitoring.v3.rs:5971:35
[INFO] [stdout]   |
[INFO] [stdout] 3 | projects/\[PROJECT_ID_OR_NUMBER\]/uptimeCheckConfigs/\[UPTIME_CHECK_ID\]
[INFO] [stdout]   |                                   ^^^^^^^^^^^^^^^^^^ not found in this scope
[INFO] [stdout] 
[INFO] [stdout] error[E0425]: cannot find value `UPTIME_CHECK_ID` in this scope
[INFO] [stdout]  --> src/vec_u8_hash_map/google.monitoring.v3.rs:5971:56
[INFO] [stdout]   |
[INFO] [stdout] 3 | projects/\[PROJECT_ID_OR_NUMBER\]/uptimeCheckConfigs/\[UPTIME_CHECK_ID\]
[INFO] [stdout]   |                                                        ^^^^^^^^^^^^^^^ not found in this scope
[INFO] [stdout] 
[INFO] [stdout] error: aborting due to 8 previous errors
[INFO] [stdout] 
[INFO] [stdout] For more information about this error, try `rustc --explain E0425`.
[INFO] [stdout] Couldn't compile the test.
[INFO] [stdout] ---- src/vec_u8_hash_map/google.monitoring.v3.rs - vec_u8_hash_map::google::monitoring::v3::list_groups_request::Filter::DescendantsOfGroup (line 1927) stdout ----
[INFO] [stdout] error: unknown start of token: \
[INFO] [stdout]  --> src/vec_u8_hash_map/google.monitoring.v3.rs:1928:10
[INFO] [stdout]   |
[INFO] [stdout] 3 | projects/\[PROJECT_ID_OR_NUMBER\]/groups/\[GROUP_ID\]
[INFO] [stdout]   |          ^
[INFO] [stdout] 
[INFO] [stdout] error: unknown start of token: \
[INFO] [stdout]  --> src/vec_u8_hash_map/google.monitoring.v3.rs:1928:32
[INFO] [stdout]   |
[INFO] [stdout] 3 | projects/\[PROJECT_ID_OR_NUMBER\]/groups/\[GROUP_ID\]
[INFO] [stdout]   |                                ^
[INFO] [stdout] 
[INFO] [stdout] error: unknown start of token: \
[INFO] [stdout]  --> src/vec_u8_hash_map/google.monitoring.v3.rs:1928:42
[INFO] [stdout]   |
[INFO] [stdout] 3 | projects/\[PROJECT_ID_OR_NUMBER\]/groups/\[GROUP_ID\]
[INFO] [stdout]   |                                          ^
[INFO] [stdout] 
[INFO] [stdout] error: unknown start of token: \
[INFO] [stdout]  --> src/vec_u8_hash_map/google.monitoring.v3.rs:1928:52
[INFO] [stdout]   |
[INFO] [stdout] 3 | projects/\[PROJECT_ID_OR_NUMBER\]/groups/\[GROUP_ID\]
[INFO] [stdout]   |                                                    ^
[INFO] [stdout] 
[INFO] [stdout] error[E0425]: cannot find value `projects` in this scope
[INFO] [stdout]  --> src/vec_u8_hash_map/google.monitoring.v3.rs:1928:1
[INFO] [stdout]   |
[INFO] [stdout] 3 | projects/\[PROJECT_ID_OR_NUMBER\]/groups/\[GROUP_ID\]
[INFO] [stdout]   | ^^^^^^^^ not found in this scope
[INFO] [stdout] 
[INFO] [stdout] error[E0425]: cannot find value `PROJECT_ID_OR_NUMBER` in this scope
[INFO] [stdout]  --> src/vec_u8_hash_map/google.monitoring.v3.rs:1928:12
[INFO] [stdout]   |
[INFO] [stdout] 3 | projects/\[PROJECT_ID_OR_NUMBER\]/groups/\[GROUP_ID\]
[INFO] [stdout]   |            ^^^^^^^^^^^^^^^^^^^^ not found in this scope
[INFO] [stdout] 
[INFO] [stdout] error[E0425]: cannot find value `groups` in this scope
[INFO] [stdout]  --> src/vec_u8_hash_map/google.monitoring.v3.rs:1928:35
[INFO] [stdout]   |
[INFO] [stdout] 3 | projects/\[PROJECT_ID_OR_NUMBER\]/groups/\[GROUP_ID\]
[INFO] [stdout]   |                                   ^^^^^^ not found in this scope
[INFO] [stdout] 
[INFO] [stdout] error[E0425]: cannot find value `GROUP_ID` in this scope
[INFO] [stdout]  --> src/vec_u8_hash_map/google.monitoring.v3.rs:1928:44
[INFO] [stdout]   |
[INFO] [stdout] 3 | projects/\[PROJECT_ID_OR_NUMBER\]/groups/\[GROUP_ID\]
[INFO] [stdout]   |                                            ^^^^^^^^ not found in this scope
[INFO] [stdout] 
[INFO] [stdout] error: aborting due to 8 previous errors
[INFO] [stdout] 
[INFO] [stdout] For more information about this error, try `rustc --explain E0425`.
[INFO] [stdout] Couldn't compile the test.
[INFO] [stdout] ---- src/vec_u8_hash_map/google.monitoring.v3.rs - vec_u8_hash_map::google::monitoring::v3::Snooze::name (line 5474) stdout ----
[INFO] [stdout] error: unknown start of token: \
[INFO] [stdout]  --> src/vec_u8_hash_map/google.monitoring.v3.rs:5475:10
[INFO] [stdout]   |
[INFO] [stdout] 3 | projects/\[PROJECT_ID_OR_NUMBER\]/snoozes/\[SNOOZE_ID\]
[INFO] [stdout]   |          ^
[INFO] [stdout] 
[INFO] [stdout] error: unknown start of token: \
[INFO] [stdout]  --> src/vec_u8_hash_map/google.monitoring.v3.rs:5475:32
[INFO] [stdout]   |
[INFO] [stdout] 3 | projects/\[PROJECT_ID_OR_NUMBER\]/snoozes/\[SNOOZE_ID\]
[INFO] [stdout]   |                                ^
[INFO] [stdout] 
[INFO] [stdout] error: unknown start of token: \
[INFO] [stdout]  --> src/vec_u8_hash_map/google.monitoring.v3.rs:5475:43
[INFO] [stdout]   |
[INFO] [stdout] 3 | projects/\[PROJECT_ID_OR_NUMBER\]/snoozes/\[SNOOZE_ID\]
[INFO] [stdout]   |                                           ^
[INFO] [stdout] 
[INFO] [stdout] error: unknown start of token: \
[INFO] [stdout]  --> src/vec_u8_hash_map/google.monitoring.v3.rs:5475:54
[INFO] [stdout]   |
[INFO] [stdout] 3 | projects/\[PROJECT_ID_OR_NUMBER\]/snoozes/\[SNOOZE_ID\]
[INFO] [stdout]   |                                                      ^
[INFO] [stdout] 
[INFO] [stdout] error[E0425]: cannot find value `projects` in this scope
[INFO] [stdout]  --> src/vec_u8_hash_map/google.monitoring.v3.rs:5475:1
[INFO] [stdout]   |
[INFO] [stdout] 3 | projects/\[PROJECT_ID_OR_NUMBER\]/snoozes/\[SNOOZE_ID\]
[INFO] [stdout]   | ^^^^^^^^ not found in this scope
[INFO] [stdout] 
[INFO] [stdout] error[E0425]: cannot find value `PROJECT_ID_OR_NUMBER` in this scope
[INFO] [stdout]  --> src/vec_u8_hash_map/google.monitoring.v3.rs:5475:12
[INFO] [stdout]   |
[INFO] [stdout] 3 | projects/\[PROJECT_ID_OR_NUMBER\]/snoozes/\[SNOOZE_ID\]
[INFO] [stdout]   |            ^^^^^^^^^^^^^^^^^^^^ not found in this scope
[INFO] [stdout] 
[INFO] [stdout] error[E0425]: cannot find value `snoozes` in this scope
[INFO] [stdout]  --> src/vec_u8_hash_map/google.monitoring.v3.rs:5475:35
[INFO] [stdout]   |
[INFO] [stdout] 3 | projects/\[PROJECT_ID_OR_NUMBER\]/snoozes/\[SNOOZE_ID\]
[INFO] [stdout]   |                                   ^^^^^^^ not found in this scope
[INFO] [stdout] 
[INFO] [stdout] error[E0425]: cannot find value `SNOOZE_ID` in this scope
[INFO] [stdout]  --> src/vec_u8_hash_map/google.monitoring.v3.rs:5475:45
[INFO] [stdout]   |
[INFO] [stdout] 3 | projects/\[PROJECT_ID_OR_NUMBER\]/snoozes/\[SNOOZE_ID\]
[INFO] [stdout]   |                                             ^^^^^^^^^ not found in this scope
[INFO] [stdout] 
[INFO] [stdout] error: aborting due to 8 previous errors
[INFO] [stdout] 
[INFO] [stdout] For more information about this error, try `rustc --explain E0425`.
[INFO] [stdout] Couldn't compile the test.
[INFO] [stdout] ---- src/vec_u8_hash_map/google.monitoring.v3.rs - vec_u8_hash_map::google::monitoring::v3::alert_policy::alert_strategy::NotificationChannelStrategy::notification_channel_names (line 1302) stdout ----
[INFO] [stdout] error: unknown start of token: \
[INFO] [stdout]  --> src/vec_u8_hash_map/google.monitoring.v3.rs:1303:10
[INFO] [stdout]   |
[INFO] [stdout] 3 | projects/\[PROJECT_ID_OR_NUMBER\]/notificationChannels/\[CHANNEL_ID\]
[INFO] [stdout]   |          ^
[INFO] [stdout] 
[INFO] [stdout] error: unknown start of token: \
[INFO] [stdout]  --> src/vec_u8_hash_map/google.monitoring.v3.rs:1303:32
[INFO] [stdout]   |
[INFO] [stdout] 3 | projects/\[PROJECT_ID_OR_NUMBER\]/notificationChannels/\[CHANNEL_ID\]
[INFO] [stdout]   |                                ^
[INFO] [stdout] 
[INFO] [stdout] error: unknown start of token: \
[INFO] [stdout]  --> src/vec_u8_hash_map/google.monitoring.v3.rs:1303:56
[INFO] [stdout]   |
[INFO] [stdout] 3 | projects/\[PROJECT_ID_OR_NUMBER\]/notificationChannels/\[CHANNEL_ID\]
[INFO] [stdout]   |                                                        ^
[INFO] [stdout] 
[INFO] [stdout] error: unknown start of token: \
[INFO] [stdout]  --> src/vec_u8_hash_map/google.monitoring.v3.rs:1303:68
[INFO] [stdout]   |
[INFO] [stdout] 3 | projects/\[PROJECT_ID_OR_NUMBER\]/notificationChannels/\[CHANNEL_ID\]
[INFO] [stdout]   |                                                                    ^
[INFO] [stdout] 
[INFO] [stdout] error[E0425]: cannot find value `projects` in this scope
[INFO] [stdout]  --> src/vec_u8_hash_map/google.monitoring.v3.rs:1303:1
[INFO] [stdout]   |
[INFO] [stdout] 3 | projects/\[PROJECT_ID_OR_NUMBER\]/notificationChannels/\[CHANNEL_ID\]
[INFO] [stdout]   | ^^^^^^^^ not found in this scope
[INFO] [stdout] 
[INFO] [stderr] error: doctest failed, to rerun pass `--doc`
[INFO] [stdout] error[E0425]: cannot find value `PROJECT_ID_OR_NUMBER` in this scope
[INFO] [stdout]  --> src/vec_u8_hash_map/google.monitoring.v3.rs:1303:12
[INFO] [stdout]   |
[INFO] [stdout] 3 | projects/\[PROJECT_ID_OR_NUMBER\]/notificationChannels/\[CHANNEL_ID\]
[INFO] [stdout]   |            ^^^^^^^^^^^^^^^^^^^^ not found in this scope
[INFO] [stdout] 
[INFO] [stdout] error[E0425]: cannot find value `notificationChannels` in this scope
[INFO] [stdout]  --> src/vec_u8_hash_map/google.monitoring.v3.rs:1303:35
[INFO] [stdout]   |
[INFO] [stdout] 3 | projects/\[PROJECT_ID_OR_NUMBER\]/notificationChannels/\[CHANNEL_ID\]
[INFO] [stdout]   |                                   ^^^^^^^^^^^^^^^^^^^^ not found in this scope
[INFO] [stdout] 
[INFO] [stdout] error[E0425]: cannot find value `CHANNEL_ID` in this scope
[INFO] [stdout]  --> src/vec_u8_hash_map/google.monitoring.v3.rs:1303:58
[INFO] [stdout]   |
[INFO] [stdout] 3 | projects/\[PROJECT_ID_OR_NUMBER\]/notificationChannels/\[CHANNEL_ID\]
[INFO] [stdout]   |                                                          ^^^^^^^^^^ not found in this scope
[INFO] [stdout] 
[INFO] [stdout] error: aborting due to 8 previous errors
[INFO] [stdout] 
[INFO] [stdout] For more information about this error, try `rustc --explain E0425`.
[INFO] [stdout] Couldn't compile the test.
[INFO] [stdout] ---- src/vec_u8_hash_map/google.monitoring.v3.rs - vec_u8_hash_map::google::monitoring::v3::list_groups_request::Filter::AncestorsOfGroup (line 1917) stdout ----
[INFO] [stdout] error: unknown start of token: \
[INFO] [stdout]  --> src/vec_u8_hash_map/google.monitoring.v3.rs:1918:10
[INFO] [stdout]   |
[INFO] [stdout] 3 | projects/\[PROJECT_ID_OR_NUMBER\]/groups/\[GROUP_ID\]
[INFO] [stdout]   |          ^
[INFO] [stdout] 
[INFO] [stdout] error: unknown start of token: \
[INFO] [stdout]  --> src/vec_u8_hash_map/google.monitoring.v3.rs:1918:32
[INFO] [stdout]   |
[INFO] [stdout] 3 | projects/\[PROJECT_ID_OR_NUMBER\]/groups/\[GROUP_ID\]
[INFO] [stdout]   |                                ^
[INFO] [stdout] 
[INFO] [stdout] error: unknown start of token: \
[INFO] [stdout]  --> src/vec_u8_hash_map/google.monitoring.v3.rs:1918:42
[INFO] [stdout]   |
[INFO] [stdout] 3 | projects/\[PROJECT_ID_OR_NUMBER\]/groups/\[GROUP_ID\]
[INFO] [stdout]   |                                          ^
[INFO] [stdout] 
[INFO] [stdout] error: unknown start of token: \
[INFO] [stdout]  --> src/vec_u8_hash_map/google.monitoring.v3.rs:1918:52
[INFO] [stdout]   |
[INFO] [stdout] 3 | projects/\[PROJECT_ID_OR_NUMBER\]/groups/\[GROUP_ID\]
[INFO] [stdout]   |                                                    ^
[INFO] [stdout] 
[INFO] [stdout] error[E0425]: cannot find value `projects` in this scope
[INFO] [stdout]  --> src/vec_u8_hash_map/google.monitoring.v3.rs:1918:1
[INFO] [stdout]   |
[INFO] [stdout] 3 | projects/\[PROJECT_ID_OR_NUMBER\]/groups/\[GROUP_ID\]
[INFO] [stdout]   | ^^^^^^^^ not found in this scope
[INFO] [stdout] 
[INFO] [stdout] error[E0425]: cannot find value `PROJECT_ID_OR_NUMBER` in this scope
[INFO] [stdout]  --> src/vec_u8_hash_map/google.monitoring.v3.rs:1918:12
[INFO] [stdout]   |
[INFO] [stdout] 3 | projects/\[PROJECT_ID_OR_NUMBER\]/groups/\[GROUP_ID\]
[INFO] [stdout]   |            ^^^^^^^^^^^^^^^^^^^^ not found in this scope
[INFO] [stdout] 
[INFO] [stdout] error[E0425]: cannot find value `groups` in this scope
[INFO] [stdout]  --> src/vec_u8_hash_map/google.monitoring.v3.rs:1918:35
[INFO] [stdout]   |
[INFO] [stdout] 3 | projects/\[PROJECT_ID_OR_NUMBER\]/groups/\[GROUP_ID\]
[INFO] [stdout]   |                                   ^^^^^^ not found in this scope
[INFO] [stdout] 
[INFO] [stdout] error[E0425]: cannot find value `GROUP_ID` in this scope
[INFO] [stdout]  --> src/vec_u8_hash_map/google.monitoring.v3.rs:1918:44
[INFO] [stdout]   |
[INFO] [stdout] 3 | projects/\[PROJECT_ID_OR_NUMBER\]/groups/\[GROUP_ID\]
[INFO] [stdout]   |                                            ^^^^^^^^ not found in this scope
[INFO] [stdout] 
[INFO] [stdout] error: aborting due to 8 previous errors
[INFO] [stdout] 
[INFO] [stdout] For more information about this error, try `rustc --explain E0425`.
[INFO] [stdout] Couldn't compile the test.
[INFO] [stdout] ---- src/vec_u8_hash_map/google.monitoring.v3.rs - vec_u8_hash_map::google::monitoring::v3::SpanContext (line 5825) stdout ----
[INFO] [stdout] error: unknown start of token: \
[INFO] [stdout]  --> src/vec_u8_hash_map/google.monitoring.v3.rs:5826:10
[INFO] [stdout]   |
[INFO] [stdout] 3 | projects/\[PROJECT_ID_OR_NUMBER\]/traces/\[TRACE_ID\]/spans/\[SPAN_ID\]
[INFO] [stdout]   |          ^
[INFO] [stdout] 
[INFO] [stdout] error: unknown start of token: \
[INFO] [stdout]  --> src/vec_u8_hash_map/google.monitoring.v3.rs:5826:32
[INFO] [stdout]   |
[INFO] [stdout] 3 | projects/\[PROJECT_ID_OR_NUMBER\]/traces/\[TRACE_ID\]/spans/\[SPAN_ID\]
[INFO] [stdout]   |                                ^
[INFO] [stdout] 
[INFO] [stdout] error: unknown start of token: \
[INFO] [stdout]  --> src/vec_u8_hash_map/google.monitoring.v3.rs:5826:42
[INFO] [stdout]   |
[INFO] [stdout] 3 | projects/\[PROJECT_ID_OR_NUMBER\]/traces/\[TRACE_ID\]/spans/\[SPAN_ID\]
[INFO] [stdout]   |                                          ^
[INFO] [stdout] 
[INFO] [stdout] error: unknown start of token: \
[INFO] [stdout]  --> src/vec_u8_hash_map/google.monitoring.v3.rs:5826:52
[INFO] [stdout]   |
[INFO] [stdout] 3 | projects/\[PROJECT_ID_OR_NUMBER\]/traces/\[TRACE_ID\]/spans/\[SPAN_ID\]
[INFO] [stdout]   |                                                    ^
[INFO] [stdout] 
[INFO] [stdout] error: unknown start of token: \
[INFO] [stdout]  --> src/vec_u8_hash_map/google.monitoring.v3.rs:5826:61
[INFO] [stdout]   |
[INFO] [stdout] 3 | projects/\[PROJECT_ID_OR_NUMBER\]/traces/\[TRACE_ID\]/spans/\[SPAN_ID\]
[INFO] [stdout]   |                                                             ^
[INFO] [stdout] 
[INFO] [stdout] error: unknown start of token: \
[INFO] [stdout]  --> src/vec_u8_hash_map/google.monitoring.v3.rs:5826:70
[INFO] [stdout]   |
[INFO] [stdout] 3 | projects/\[PROJECT_ID_OR_NUMBER\]/traces/\[TRACE_ID\]/spans/\[SPAN_ID\]
[INFO] [stdout]   |                                                                      ^
[INFO] [stdout] 
[INFO] [stdout] error[E0425]: cannot find value `projects` in this scope
[INFO] [stdout]  --> src/vec_u8_hash_map/google.monitoring.v3.rs:5826:1
[INFO] [stdout]   |
[INFO] [stdout] 3 | projects/\[PROJECT_ID_OR_NUMBER\]/traces/\[TRACE_ID\]/spans/\[SPAN_ID\]
[INFO] [stdout]   | ^^^^^^^^ not found in this scope
[INFO] [stdout] 
[INFO] [stdout] error[E0425]: cannot find value `PROJECT_ID_OR_NUMBER` in this scope
[INFO] [stdout]  --> src/vec_u8_hash_map/google.monitoring.v3.rs:5826:12
[INFO] [stdout]   |
[INFO] [stdout] 3 | projects/\[PROJECT_ID_OR_NUMBER\]/traces/\[TRACE_ID\]/spans/\[SPAN_ID\]
[INFO] [stdout]   |            ^^^^^^^^^^^^^^^^^^^^ not found in this scope
[INFO] [stdout] 
[INFO] [stdout] error[E0425]: cannot find value `traces` in this scope
[INFO] [stdout]  --> src/vec_u8_hash_map/google.monitoring.v3.rs:5826:35
[INFO] [stdout]   |
[INFO] [stdout] 3 | projects/\[PROJECT_ID_OR_NUMBER\]/traces/\[TRACE_ID\]/spans/\[SPAN_ID\]
[INFO] [stdout]   |                                   ^^^^^^ not found in this scope
[INFO] [stdout] 
[INFO] [stdout] error[E0425]: cannot find value `TRACE_ID` in this scope
[INFO] [stdout]  --> src/vec_u8_hash_map/google.monitoring.v3.rs:5826:44
[INFO] [stdout]   |
[INFO] [stdout] 3 | projects/\[PROJECT_ID_OR_NUMBER\]/traces/\[TRACE_ID\]/spans/\[SPAN_ID\]
[INFO] [stdout]   |                                            ^^^^^^^^ not found in this scope
[INFO] [stdout] 
[INFO] [stdout] error[E0425]: cannot find value `spans` in this scope
[INFO] [stdout]  --> src/vec_u8_hash_map/google.monitoring.v3.rs:5826:55
[INFO] [stdout]   |
[INFO] [stdout] 3 | projects/\[PROJECT_ID_OR_NUMBER\]/traces/\[TRACE_ID\]/spans/\[SPAN_ID\]
[INFO] [stdout]   |                                                       ^^^^^ not found in this scope
[INFO] [stdout] 
[INFO] [stdout] error[E0425]: cannot find value `SPAN_ID` in this scope
[INFO] [stdout]  --> src/vec_u8_hash_map/google.monitoring.v3.rs:5826:63
[INFO] [stdout]   |
[INFO] [stdout] 3 | projects/\[PROJECT_ID_OR_NUMBER\]/traces/\[TRACE_ID\]/spans/\[SPAN_ID\]
[INFO] [stdout]   |                                                               ^^^^^^^ not found in this scope
[INFO] [stdout] 
[INFO] [stdout] error: aborting due to 12 previous errors
[INFO] [stdout] 
[INFO] [stdout] For more information about this error, try `rustc --explain E0425`.
[INFO] [stdout] Couldn't compile the test.
[INFO] [stdout] ---- src/vec_u8_hash_map/google.monitoring.v3.rs - vec_u8_hash_map::google::monitoring::v3::snooze::Criteria::policies (line 5505) stdout ----
[INFO] [stdout] error: unknown start of token: \
[INFO] [stdout]  --> src/vec_u8_hash_map/google.monitoring.v3.rs:5506:10
[INFO] [stdout]   |
[INFO] [stdout] 3 | projects/\[PROJECT_ID_OR_NUMBER\]/alertPolicies/\[POLICY_ID\]
[INFO] [stdout]   |          ^
[INFO] [stdout] 
[INFO] [stdout] error: unknown start of token: \
[INFO] [stdout]  --> src/vec_u8_hash_map/google.monitoring.v3.rs:5506:32
[INFO] [stdout]   |
[INFO] [stdout] 3 | projects/\[PROJECT_ID_OR_NUMBER\]/alertPolicies/\[POLICY_ID\]
[INFO] [stdout]   |                                ^
[INFO] [stdout] 
[INFO] [stdout] error: unknown start of token: \
[INFO] [stdout]  --> src/vec_u8_hash_map/google.monitoring.v3.rs:5506:49
[INFO] [stdout]   |
[INFO] [stdout] 3 | projects/\[PROJECT_ID_OR_NUMBER\]/alertPolicies/\[POLICY_ID\]
[INFO] [stdout]   |                                                 ^
[INFO] [stdout] 
[INFO] [stdout] error: unknown start of token: \
[INFO] [stdout]  --> src/vec_u8_hash_map/google.monitoring.v3.rs:5506:60
[INFO] [stdout]   |
[INFO] [stdout] 3 | projects/\[PROJECT_ID_OR_NUMBER\]/alertPolicies/\[POLICY_ID\]
[INFO] [stdout]   |                                                            ^
[INFO] [stdout] 
[INFO] [stdout] error[E0425]: cannot find value `projects` in this scope
[INFO] [stdout]  --> src/vec_u8_hash_map/google.monitoring.v3.rs:5506:1
[INFO] [stdout]   |
[INFO] [stdout] 3 | projects/\[PROJECT_ID_OR_NUMBER\]/alertPolicies/\[POLICY_ID\]
[INFO] [stdout]   | ^^^^^^^^ not found in this scope
[INFO] [stdout] 
[INFO] [stdout] error[E0425]: cannot find value `PROJECT_ID_OR_NUMBER` in this scope
[INFO] [stdout]  --> src/vec_u8_hash_map/google.monitoring.v3.rs:5506:12
[INFO] [stdout]   |
[INFO] [stdout] 3 | projects/\[PROJECT_ID_OR_NUMBER\]/alertPolicies/\[POLICY_ID\]
[INFO] [stdout]   |            ^^^^^^^^^^^^^^^^^^^^ not found in this scope
[INFO] [stdout] 
[INFO] [stdout] error[E0425]: cannot find value `alertPolicies` in this scope
[INFO] [stdout]  --> src/vec_u8_hash_map/google.monitoring.v3.rs:5506:35
[INFO] [stdout]   |
[INFO] [stdout] 3 | projects/\[PROJECT_ID_OR_NUMBER\]/alertPolicies/\[POLICY_ID\]
[INFO] [stdout]   |                                   ^^^^^^^^^^^^^ not found in this scope
[INFO] [stdout] 
[INFO] [stdout] error[E0425]: cannot find value `POLICY_ID` in this scope
[INFO] [stdout]  --> src/vec_u8_hash_map/google.monitoring.v3.rs:5506:51
[INFO] [stdout]   |
[INFO] [stdout] 3 | projects/\[PROJECT_ID_OR_NUMBER\]/alertPolicies/\[POLICY_ID\]
[INFO] [stdout]   |                                                   ^^^^^^^^^ not found in this scope
[INFO] [stdout] 
[INFO] [stdout] error: aborting due to 8 previous errors
[INFO] [stdout] 
[INFO] [stdout] For more information about this error, try `rustc --explain E0425`.
[INFO] [stdout] Couldn't compile the test.
[INFO] [stdout] 
[INFO] [stdout] failures:
[INFO] [stdout]     src/vec_u8_hash_map/google.monitoring.v3.rs - vec_u8_hash_map::google::monitoring::v3::AlertPolicy::name (line 637)
[INFO] [stdout]     src/vec_u8_hash_map/google.monitoring.v3.rs - vec_u8_hash_map::google::monitoring::v3::AlertPolicy::notification_channels (line 721)
[INFO] [stdout]     src/vec_u8_hash_map/google.monitoring.v3.rs - vec_u8_hash_map::google::monitoring::v3::CreateAlertPolicyRequest::name (line 1425)
[INFO] [stdout]     src/vec_u8_hash_map/google.monitoring.v3.rs - vec_u8_hash_map::google::monitoring::v3::CreateGroupRequest::name (line 1964)
[INFO] [stdout]     src/vec_u8_hash_map/google.monitoring.v3.rs - vec_u8_hash_map::google::monitoring::v3::CreateNotificationChannelRequest::name (line 3538)
[INFO] [stdout]     src/vec_u8_hash_map/google.monitoring.v3.rs - vec_u8_hash_map::google::monitoring::v3::CreateServiceLevelObjectiveRequest::parent (line 5001)
[INFO] [stdout]     src/vec_u8_hash_map/google.monitoring.v3.rs - vec_u8_hash_map::google::monitoring::v3::CreateServiceRequest::parent (line 4903)
[INFO] [stdout]     src/vec_u8_hash_map/google.monitoring.v3.rs - vec_u8_hash_map::google::monitoring::v3::CreateSnoozeRequest::parent (line 5521)
[INFO] [stdout]     src/vec_u8_hash_map/google.monitoring.v3.rs - vec_u8_hash_map::google::monitoring::v3::CreateTimeSeriesRequest::name (line 2815)
[INFO] [stdout]     src/vec_u8_hash_map/google.monitoring.v3.rs - vec_u8_hash_map::google::monitoring::v3::CreateUptimeCheckConfigRequest::parent (line 6875)
[INFO] [stdout]     src/vec_u8_hash_map/google.monitoring.v3.rs - vec_u8_hash_map::google::monitoring::v3::DeleteAlertPolicyRequest::name (line 1545)
[INFO] [stdout]     src/vec_u8_hash_map/google.monitoring.v3.rs - vec_u8_hash_map::google::monitoring::v3::DeleteGroupRequest::name (line 1993)
[INFO] [stdout]     src/vec_u8_hash_map/google.monitoring.v3.rs - vec_u8_hash_map::google::monitoring::v3::DeleteMetricDescriptorRequest::name (line 2675)
[INFO] [stdout]     src/vec_u8_hash_map/google.monitoring.v3.rs - vec_u8_hash_map::google::monitoring::v3::DeleteNotificationChannelRequest::name (line 3637)
[INFO] [stdout]     src/vec_u8_hash_map/google.monitoring.v3.rs - vec_u8_hash_map::google::monitoring::v3::DeleteServiceLevelObjectiveRequest::name (line 5089)
[INFO] [stdout]     src/vec_u8_hash_map/google.monitoring.v3.rs - vec_u8_hash_map::google::monitoring::v3::DeleteServiceRequest::name (line 4992)
[INFO] [stdout]     src/vec_u8_hash_map/google.monitoring.v3.rs - vec_u8_hash_map::google::monitoring::v3::DeleteUptimeCheckConfigRequest::name (line 6910)
[INFO] [stdout]     src/vec_u8_hash_map/google.monitoring.v3.rs - vec_u8_hash_map::google::monitoring::v3::GetAlertPolicyRequest::name (line 1447)
[INFO] [stdout]     src/vec_u8_hash_map/google.monitoring.v3.rs - vec_u8_hash_map::google::monitoring::v3::GetGroupRequest::name (line 1953)
[INFO] [stdout]     src/vec_u8_hash_map/google.monitoring.v3.rs - vec_u8_hash_map::google::monitoring::v3::GetMetricDescriptorRequest::name (line 2647)
[INFO] [stdout]     src/vec_u8_hash_map/google.monitoring.v3.rs - vec_u8_hash_map::google::monitoring::v3::GetMonitoredResourceDescriptorRequest::name (line 2588)
[INFO] [stdout]     src/vec_u8_hash_map/google.monitoring.v3.rs - vec_u8_hash_map::google::monitoring::v3::GetNotificationChannelDescriptorRequest::name (line 3527)
[INFO] [stdout]     src/vec_u8_hash_map/google.monitoring.v3.rs - vec_u8_hash_map::google::monitoring::v3::GetNotificationChannelRequest::name (line 3615)
[INFO] [stdout]     src/vec_u8_hash_map/google.monitoring.v3.rs - vec_u8_hash_map::google::monitoring::v3::GetServiceLevelObjectiveRequest::name (line 5021)
[INFO] [stdout]     src/vec_u8_hash_map/google.monitoring.v3.rs - vec_u8_hash_map::google::monitoring::v3::GetServiceRequest::name (line 4919)
[INFO] [stdout]     src/vec_u8_hash_map/google.monitoring.v3.rs - vec_u8_hash_map::google::monitoring::v3::GetSnoozeRequest::name (line 5584)
[INFO] [stdout]     src/vec_u8_hash_map/google.monitoring.v3.rs - vec_u8_hash_map::google::monitoring::v3::GetUptimeCheckConfigRequest::name (line 6864)
[INFO] [stdout]     src/vec_u8_hash_map/google.monitoring.v3.rs - vec_u8_hash_map::google::monitoring::v3::Group::name (line 1850)
[INFO] [stdout]     src/vec_u8_hash_map/google.monitoring.v3.rs - vec_u8_hash_map::google::monitoring::v3::Group::parent_name (line 1862)
[INFO] [stdout]     src/vec_u8_hash_map/google.monitoring.v3.rs - vec_u8_hash_map::google::monitoring::v3::InternalChecker::name (line 5846)
[INFO] [stdout]     src/vec_u8_hash_map/google.monitoring.v3.rs - vec_u8_hash_map::google::monitoring::v3::ListAlertPoliciesRequest::name (line 1458)
[INFO] [stdout]     src/vec_u8_hash_map/google.monitoring.v3.rs - vec_u8_hash_map::google::monitoring::v3::ListGroupMembersRequest::filter (line 2025)
[INFO] [stdout]     src/vec_u8_hash_map/google.monitoring.v3.rs - vec_u8_hash_map::google::monitoring::v3::ListGroupMembersRequest::name (line 2007)
[INFO] [stdout]     src/vec_u8_hash_map/google.monitoring.v3.rs - vec_u8_hash_map::google::monitoring::v3::ListGroupsRequest::name (line 1883)
[INFO] [stdout]     src/vec_u8_hash_map/google.monitoring.v3.rs - vec_u8_hash_map::google::monitoring::v3::ListMetricDescriptorsRequest::filter (line 2612)
[INFO] [stdout]     src/vec_u8_hash_map/google.monitoring.v3.rs - vec_u8_hash_map::google::monitoring::v3::ListMetricDescriptorsRequest::name (line 2602)
[INFO] [stdout]     src/vec_u8_hash_map/google.monitoring.v3.rs - vec_u8_hash_map::google::monitoring::v3::ListMonitoredResourceDescriptorsRequest::filter (line 2556)
[INFO] [stdout]     src/vec_u8_hash_map/google.monitoring.v3.rs - vec_u8_hash_map::google::monitoring::v3::ListMonitoredResourceDescriptorsRequest::name (line 2548)
[INFO] [stdout]     src/vec_u8_hash_map/google.monitoring.v3.rs - vec_u8_hash_map::google::monitoring::v3::ListNotificationChannelDescriptorsRequest::name (line 3487)
[INFO] [stdout]     src/vec_u8_hash_map/google.monitoring.v3.rs - vec_u8_hash_map::google::monitoring::v3::ListNotificationChannelsRequest::name (line 3557)
[INFO] [stdout]     src/vec_u8_hash_map/google.monitoring.v3.rs - vec_u8_hash_map::google::monitoring::v3::ListServiceLevelObjectivesRequest::parent (line 5037)
[INFO] [stdout]     src/vec_u8_hash_map/google.monitoring.v3.rs - vec_u8_hash_map::google::monitoring::v3::ListServicesRequest::parent (line 4930)
[INFO] [stdout]     src/vec_u8_hash_map/google.monitoring.v3.rs - vec_u8_hash_map::google::monitoring::v3::ListSnoozesRequest::filter (line 5548)
[INFO] [stdout]     src/vec_u8_hash_map/google.monitoring.v3.rs - vec_u8_hash_map::google::monitoring::v3::ListSnoozesRequest::parent (line 5537)
[INFO] [stdout]     src/vec_u8_hash_map/google.monitoring.v3.rs - vec_u8_hash_map::google::monitoring::v3::ListTimeSeriesRequest::filter (line 2700)
[INFO] [stdout]     src/vec_u8_hash_map/google.monitoring.v3.rs - vec_u8_hash_map::google::monitoring::v3::ListTimeSeriesRequest::name (line 2689)
[INFO] [stdout]     src/vec_u8_hash_map/google.monitoring.v3.rs - vec_u8_hash_map::google::monitoring::v3::ListUptimeCheckConfigsRequest::parent (line 6819)
[INFO] [stdout]     src/vec_u8_hash_map/google.monitoring.v3.rs - vec_u8_hash_map::google::monitoring::v3::NotificationChannel::name (line 3348)
[INFO] [stdout]     src/vec_u8_hash_map/google.monitoring.v3.rs - vec_u8_hash_map::google::monitoring::v3::NotificationChannelDescriptor::name (line 3298)
[INFO] [stdout]     src/vec_u8_hash_map/google.monitoring.v3.rs - vec_u8_hash_map::google::monitoring::v3::QueryTimeSeriesRequest::name (line 2873)
[INFO] [stdout]     src/vec_u8_hash_map/google.monitoring.v3.rs - vec_u8_hash_map::google::monitoring::v3::Service::name (line 4265)
[INFO] [stdout]     src/vec_u8_hash_map/google.monitoring.v3.rs - vec_u8_hash_map::google::monitoring::v3::ServiceLevelObjective::name (line 4545)
[INFO] [stdout]     src/vec_u8_hash_map/google.monitoring.v3.rs - vec_u8_hash_map::google::monitoring::v3::Snooze::name (line 5474)
[INFO] [stdout]     src/vec_u8_hash_map/google.monitoring.v3.rs - vec_u8_hash_map::google::monitoring::v3::SpanContext (line 5825)
[INFO] [stdout]     src/vec_u8_hash_map/google.monitoring.v3.rs - vec_u8_hash_map::google::monitoring::v3::SpanContext::span_name (line 5830)
[INFO] [stdout]     src/vec_u8_hash_map/google.monitoring.v3.rs - vec_u8_hash_map::google::monitoring::v3::UptimeCheckConfig::name (line 5970)
[INFO] [stdout]     src/vec_u8_hash_map/google.monitoring.v3.rs - vec_u8_hash_map::google::monitoring::v3::alert_policy::Condition::name (line 805)
[INFO] [stdout]     src/vec_u8_hash_map/google.monitoring.v3.rs - vec_u8_hash_map::google::monitoring::v3::alert_policy::alert_strategy::NotificationChannelStrategy::notification_channel_names (line 1302)
[INFO] [stdout]     src/vec_u8_hash_map/google.monitoring.v3.rs - vec_u8_hash_map::google::monitoring::v3::list_groups_request::Filter::AncestorsOfGroup (line 1917)
[INFO] [stdout]     src/vec_u8_hash_map/google.monitoring.v3.rs - vec_u8_hash_map::google::monitoring::v3::list_groups_request::Filter::ChildrenOfGroup (line 1909)
[INFO] [stdout]     src/vec_u8_hash_map/google.monitoring.v3.rs - vec_u8_hash_map::google::monitoring::v3::list_groups_request::Filter::DescendantsOfGroup (line 1927)
[INFO] [stdout]     src/vec_u8_hash_map/google.monitoring.v3.rs - vec_u8_hash_map::google::monitoring::v3::snooze::Criteria::policies (line 5505)
[INFO] [stdout] 
[INFO] [stdout] test result: FAILED. 0 passed; 62 failed; 0 ignored; 0 measured; 0 filtered out; finished in 0.30s
[INFO] [stdout] 
[INFO] running `Command { std: "docker" "inspect" "a118364435a6b593dc46e7ba1a8f7dac881f9f005eea75d581b4615688d4e16b", kill_on_drop: false }`
[INFO] running `Command { std: "docker" "rm" "-f" "a118364435a6b593dc46e7ba1a8f7dac881f9f005eea75d581b4615688d4e16b", kill_on_drop: false }`
[INFO] [stdout] a118364435a6b593dc46e7ba1a8f7dac881f9f005eea75d581b4615688d4e16b
