[INFO] fetching crate googleapis-tonic-google-monitoring-dashboard-v1 0.9.0...
[INFO] testing googleapis-tonic-google-monitoring-dashboard-v1-0.9.0 against nightly-2024-10-28 for randomize-layout
[INFO] extracting crate googleapis-tonic-google-monitoring-dashboard-v1 0.9.0 into /workspace/builds/worker-7-tc1/source
[INFO] validating manifest of crates.io crate googleapis-tonic-google-monitoring-dashboard-v1 0.9.0 on toolchain nightly-2024-10-28
[INFO] running `Command { std: CARGO_HOME="/workspace/cargo-home" RUSTUP_HOME="/workspace/rustup-home" "/workspace/cargo-home/bin/cargo" "+nightly-2024-10-28" "metadata" "--manifest-path" "Cargo.toml" "--no-deps", kill_on_drop: false }`
[INFO] started tweaking crates.io crate googleapis-tonic-google-monitoring-dashboard-v1 0.9.0
[INFO] finished tweaking crates.io crate googleapis-tonic-google-monitoring-dashboard-v1 0.9.0
[INFO] tweaked toml for crates.io crate googleapis-tonic-google-monitoring-dashboard-v1 0.9.0 written to /workspace/builds/worker-7-tc1/source/Cargo.toml
[INFO] running `Command { std: CARGO_HOME="/workspace/cargo-home" RUSTUP_HOME="/workspace/rustup-home" "/workspace/cargo-home/bin/cargo" "+nightly-2024-10-28" "generate-lockfile" "--manifest-path" "Cargo.toml", kill_on_drop: false }`
[INFO] [stderr]     Updating crates.io index
[INFO] [stderr]      Locking 56 packages to latest compatible versions
[INFO] [stderr]       Adding googleapis-tonic-google-api v0.9.0 (available: v0.10.0)
[INFO] running `Command { std: CARGO_HOME="/workspace/cargo-home" RUSTUP_HOME="/workspace/rustup-home" "/workspace/cargo-home/bin/cargo" "+nightly-2024-10-28" "fetch" "--manifest-path" "Cargo.toml", kill_on_drop: false }`
[INFO] running `Command { std: "docker" "create" "-v" "/var/lib/crater-agent-workspace/builds/worker-7-tc1/target:/opt/rustwide/target:rw,Z" "-v" "/var/lib/crater-agent-workspace/builds/worker-7-tc1/source:/opt/rustwide/workdir:ro,Z" "-v" "/var/lib/crater-agent-workspace/cargo-home:/opt/rustwide/cargo-home:ro,Z" "-v" "/var/lib/crater-agent-workspace/rustup-home:/opt/rustwide/rustup-home:ro,Z" "-e" "SOURCE_DIR=/opt/rustwide/workdir" "-e" "CARGO_TARGET_DIR=/opt/rustwide/target" "-e" "CARGO_HOME=/opt/rustwide/cargo-home" "-e" "RUSTUP_HOME=/opt/rustwide/rustup-home" "-w" "/opt/rustwide/workdir" "-m" "1610612736" "--user" "0:0" "--network" "none" "ghcr.io/rust-lang/crates-build-env/linux@sha256:4a844ea9eb2546a2d2c7022eacef16ef2e8229c7fbb2c7d4d55a9ceca922f72d" "/opt/rustwide/cargo-home/bin/cargo" "+nightly-2024-10-28" "metadata" "--no-deps" "--format-version=1", kill_on_drop: false }`
[INFO] [stdout] e8ff85f12ab98ced029152cb2b011f8af1522982cb01777ccd9a69f956c78eeb
[INFO] running `Command { std: "docker" "start" "-a" "e8ff85f12ab98ced029152cb2b011f8af1522982cb01777ccd9a69f956c78eeb", kill_on_drop: false }`
[INFO] running `Command { std: "docker" "inspect" "e8ff85f12ab98ced029152cb2b011f8af1522982cb01777ccd9a69f956c78eeb", kill_on_drop: false }`
[INFO] running `Command { std: "docker" "rm" "-f" "e8ff85f12ab98ced029152cb2b011f8af1522982cb01777ccd9a69f956c78eeb", kill_on_drop: false }`
[INFO] [stdout] e8ff85f12ab98ced029152cb2b011f8af1522982cb01777ccd9a69f956c78eeb
[INFO] running `Command { std: "docker" "create" "-v" "/var/lib/crater-agent-workspace/builds/worker-7-tc1/target:/opt/rustwide/target:rw,Z" "-v" "/var/lib/crater-agent-workspace/builds/worker-7-tc1/source:/opt/rustwide/workdir:ro,Z" "-v" "/var/lib/crater-agent-workspace/cargo-home:/opt/rustwide/cargo-home:ro,Z" "-v" "/var/lib/crater-agent-workspace/rustup-home:/opt/rustwide/rustup-home:ro,Z" "-e" "SOURCE_DIR=/opt/rustwide/workdir" "-e" "CARGO_TARGET_DIR=/opt/rustwide/target" "-e" "CARGO_INCREMENTAL=0" "-e" "RUST_BACKTRACE=full" "-e" "RUSTFLAGS=--cap-lints=forbid" "-e" "RUSTDOCFLAGS=--cap-lints=forbid" "-e" "CARGO_HOME=/opt/rustwide/cargo-home" "-e" "RUSTUP_HOME=/opt/rustwide/rustup-home" "-w" "/opt/rustwide/workdir" "-m" "1610612736" "--user" "0:0" "--network" "none" "ghcr.io/rust-lang/crates-build-env/linux@sha256:4a844ea9eb2546a2d2c7022eacef16ef2e8229c7fbb2c7d4d55a9ceca922f72d" "/opt/rustwide/cargo-home/bin/cargo" "+nightly-2024-10-28" "build" "--frozen" "--message-format=json", kill_on_drop: false }`
[INFO] [stdout] 62626142ed81b66eaeaace2c32718f970d548ba6a61950e6c4197937569aa751
[INFO] running `Command { std: "docker" "start" "-a" "62626142ed81b66eaeaace2c32718f970d548ba6a61950e6c4197937569aa751", kill_on_drop: false }`
[INFO] [stderr]    Compiling googleapis-tonic-google-monitoring-dashboard-v1 v0.9.0 (/opt/rustwide/workdir)
[INFO] [stderr]     Finished `dev` profile [unoptimized + debuginfo] target(s) in 0.60s
[INFO] running `Command { std: "docker" "inspect" "62626142ed81b66eaeaace2c32718f970d548ba6a61950e6c4197937569aa751", kill_on_drop: false }`
[INFO] running `Command { std: "docker" "rm" "-f" "62626142ed81b66eaeaace2c32718f970d548ba6a61950e6c4197937569aa751", kill_on_drop: false }`
[INFO] [stdout] 62626142ed81b66eaeaace2c32718f970d548ba6a61950e6c4197937569aa751
[INFO] running `Command { std: "docker" "create" "-v" "/var/lib/crater-agent-workspace/builds/worker-7-tc1/target:/opt/rustwide/target:rw,Z" "-v" "/var/lib/crater-agent-workspace/builds/worker-7-tc1/source:/opt/rustwide/workdir:ro,Z" "-v" "/var/lib/crater-agent-workspace/cargo-home:/opt/rustwide/cargo-home:ro,Z" "-v" "/var/lib/crater-agent-workspace/rustup-home:/opt/rustwide/rustup-home:ro,Z" "-e" "SOURCE_DIR=/opt/rustwide/workdir" "-e" "CARGO_TARGET_DIR=/opt/rustwide/target" "-e" "CARGO_INCREMENTAL=0" "-e" "RUST_BACKTRACE=full" "-e" "RUSTFLAGS=--cap-lints=forbid" "-e" "RUSTDOCFLAGS=--cap-lints=forbid" "-e" "CARGO_HOME=/opt/rustwide/cargo-home" "-e" "RUSTUP_HOME=/opt/rustwide/rustup-home" "-w" "/opt/rustwide/workdir" "-m" "1610612736" "--user" "0:0" "--network" "none" "ghcr.io/rust-lang/crates-build-env/linux@sha256:4a844ea9eb2546a2d2c7022eacef16ef2e8229c7fbb2c7d4d55a9ceca922f72d" "/opt/rustwide/cargo-home/bin/cargo" "+nightly-2024-10-28" "test" "--frozen" "--no-run" "--message-format=json", kill_on_drop: false }`
[INFO] [stdout] 7d7d6e5ad597f76815162ba20e20e4473c05a9cf5ae9a11632f08badd69a5042
[INFO] running `Command { std: "docker" "start" "-a" "7d7d6e5ad597f76815162ba20e20e4473c05a9cf5ae9a11632f08badd69a5042", kill_on_drop: false }`
[INFO] [stderr]    Compiling googleapis-tonic-google-monitoring-dashboard-v1 v0.9.0 (/opt/rustwide/workdir)
[INFO] [stderr]     Finished `test` profile [unoptimized + debuginfo] target(s) in 0.53s
[INFO] running `Command { std: "docker" "inspect" "7d7d6e5ad597f76815162ba20e20e4473c05a9cf5ae9a11632f08badd69a5042", kill_on_drop: false }`
[INFO] running `Command { std: "docker" "rm" "-f" "7d7d6e5ad597f76815162ba20e20e4473c05a9cf5ae9a11632f08badd69a5042", kill_on_drop: false }`
[INFO] [stdout] 7d7d6e5ad597f76815162ba20e20e4473c05a9cf5ae9a11632f08badd69a5042
[INFO] running `Command { std: "docker" "create" "-v" "/var/lib/crater-agent-workspace/builds/worker-7-tc1/target:/opt/rustwide/target:rw,Z" "-v" "/var/lib/crater-agent-workspace/builds/worker-7-tc1/source:/opt/rustwide/workdir:ro,Z" "-v" "/var/lib/crater-agent-workspace/cargo-home:/opt/rustwide/cargo-home:ro,Z" "-v" "/var/lib/crater-agent-workspace/rustup-home:/opt/rustwide/rustup-home:ro,Z" "-e" "SOURCE_DIR=/opt/rustwide/workdir" "-e" "CARGO_TARGET_DIR=/opt/rustwide/target" "-e" "CARGO_INCREMENTAL=0" "-e" "RUST_BACKTRACE=full" "-e" "RUSTFLAGS=--cap-lints=forbid" "-e" "RUSTDOCFLAGS=--cap-lints=forbid" "-e" "CARGO_HOME=/opt/rustwide/cargo-home" "-e" "RUSTUP_HOME=/opt/rustwide/rustup-home" "-w" "/opt/rustwide/workdir" "-m" "1610612736" "--user" "0:0" "--network" "none" "ghcr.io/rust-lang/crates-build-env/linux@sha256:4a844ea9eb2546a2d2c7022eacef16ef2e8229c7fbb2c7d4d55a9ceca922f72d" "/opt/rustwide/cargo-home/bin/cargo" "+nightly-2024-10-28" "test" "--frozen", kill_on_drop: false }`
[INFO] [stdout] 030ec20916eeb15520f3d6ddc0d3024484d5e97d5e93e2a26b75eeb9ba409d62
[INFO] running `Command { std: "docker" "start" "-a" "030ec20916eeb15520f3d6ddc0d3024484d5e97d5e93e2a26b75eeb9ba409d62", kill_on_drop: false }`
[INFO] [stderr]     Finished `test` profile [unoptimized + debuginfo] target(s) in 0.03s
[INFO] [stderr]      Running unittests src/lib.rs (/opt/rustwide/target/debug/deps/googleapis_tonic_google_monitoring_dashboard_v1-4aa71262c70aa1c4)
[INFO] [stdout] 
[INFO] [stdout] running 0 tests
[INFO] [stdout] 
[INFO] [stdout] test result: ok. 0 passed; 0 failed; 0 ignored; 0 measured; 0 filtered out; finished in 0.00s
[INFO] [stdout] 
[INFO] [stderr]    Doc-tests googleapis_tonic_google_monitoring_dashboard_v1
[INFO] [stdout] 
[INFO] [stdout] running 5 tests
[INFO] [stdout] test src/vec_u8_hash_map/google.monitoring.dashboard.v1.rs - vec_u8_hash_map::google::monitoring::dashboard::v1::Scorecard::thresholds (line 1205) ... FAILED
[INFO] [stdout] test src/vec_u8_hash_map/google.monitoring.dashboard.v1.rs - vec_u8_hash_map::google::monitoring::dashboard::v1::ListDashboardsRequest::parent (line 2309) ... FAILED
[INFO] [stdout] test src/vec_u8_hash_map/google.monitoring.dashboard.v1.rs - vec_u8_hash_map::google::monitoring::dashboard::v1::DeleteDashboardRequest::name (line 2351) ... FAILED
[INFO] [stdout] test src/vec_u8_hash_map/google.monitoring.dashboard.v1.rs - vec_u8_hash_map::google::monitoring::dashboard::v1::CreateDashboardRequest::parent (line 2291) ... FAILED
[INFO] [stdout] test src/vec_u8_hash_map/google.monitoring.dashboard.v1.rs - vec_u8_hash_map::google::monitoring::dashboard::v1::AlertChart::name (line 7) ... FAILED
[INFO] [stdout] 
[INFO] [stdout] failures:
[INFO] [stdout] 
[INFO] [stdout] ---- src/vec_u8_hash_map/google.monitoring.dashboard.v1.rs - vec_u8_hash_map::google::monitoring::dashboard::v1::Scorecard::thresholds (line 1205) stdout ----
[INFO] [stdout] error: character literal may only contain one codepoint
[INFO] [stdout]  --> src/vec_u8_hash_map/google.monitoring.dashboard.v1.rs:1208:14
[INFO] [stdout]   |
[INFO] [stdout] 5 |    category: 'DANGER',
[INFO] [stdout]   |              ^^^^^^^^
[INFO] [stdout]   |
[INFO] [stdout] help: if you meant to write a string literal, use double quotes
[INFO] [stdout]   |
[INFO] [stdout] 5 |    category: "DANGER",
[INFO] [stdout]   |              ~      ~
[INFO] [stdout] 
[INFO] [stdout] error: character literal may only contain one codepoint
[INFO] [stdout]  --> src/vec_u8_hash_map/google.monitoring.dashboard.v1.rs:1209:13
[INFO] [stdout]   |
[INFO] [stdout] 6 |    trigger: 'ABOVE',
[INFO] [stdout]   |             ^^^^^^^
[INFO] [stdout]   |
[INFO] [stdout] help: if you meant to write a string literal, use double quotes
[INFO] [stdout]   |
[INFO] [stdout] 6 |    trigger: "ABOVE",
[INFO] [stdout]   |             ~     ~
[INFO] [stdout] 
[INFO] [stdout] error: character literal may only contain one codepoint
[INFO] [stdout]   --> src/vec_u8_hash_map/google.monitoring.dashboard.v1.rs:1213:14
[INFO] [stdout]    |
[INFO] [stdout] 10 |    category: 'WARNING',
[INFO] [stdout]    |              ^^^^^^^^^
[INFO] [stdout]    |
[INFO] [stdout] help: if you meant to write a string literal, use double quotes
[INFO] [stdout]    |
[INFO] [stdout] 10 |    category: "WARNING",
[INFO] [stdout]    |              ~       ~
[INFO] [stdout] 
[INFO] [stdout] error: character literal may only contain one codepoint
[INFO] [stdout]   --> src/vec_u8_hash_map/google.monitoring.dashboard.v1.rs:1214:13
[INFO] [stdout]    |
[INFO] [stdout] 11 |    trigger: 'ABOVE',
[INFO] [stdout]    |             ^^^^^^^
[INFO] [stdout]    |
[INFO] [stdout] help: if you meant to write a string literal, use double quotes
[INFO] [stdout]    |
[INFO] [stdout] 11 |    trigger: "ABOVE",
[INFO] [stdout]    |             ~     ~
[INFO] [stdout] 
[INFO] [stdout] error: character literal may only contain one codepoint
[INFO] [stdout]   --> src/vec_u8_hash_map/google.monitoring.dashboard.v1.rs:1218:14
[INFO] [stdout]    |
[INFO] [stdout] 15 |    category: 'DANGER',
[INFO] [stdout]    |              ^^^^^^^^
[INFO] [stdout]    |
[INFO] [stdout] help: if you meant to write a string literal, use double quotes
[INFO] [stdout]    |
[INFO] [stdout] 15 |    category: "DANGER",
[INFO] [stdout]    |              ~      ~
[INFO] [stdout] 
[INFO] [stdout] error: character literal may only contain one codepoint
[INFO] [stdout]   --> src/vec_u8_hash_map/google.monitoring.dashboard.v1.rs:1219:13
[INFO] [stdout]    |
[INFO] [stdout] 16 |    trigger: 'BELOW',
[INFO] [stdout]    |             ^^^^^^^
[INFO] [stdout]    |
[INFO] [stdout] help: if you meant to write a string literal, use double quotes
[INFO] [stdout]    |
[INFO] [stdout] 16 |    trigger: "BELOW",
[INFO] [stdout]    |             ~     ~
[INFO] [stdout] 
[INFO] [stdout] error: character literal may only contain one codepoint
[INFO] [stdout]   --> src/vec_u8_hash_map/google.monitoring.dashboard.v1.rs:1223:14
[INFO] [stdout]    |
[INFO] [stdout] 20 |    category: 'WARNING',
[INFO] [stdout]    |              ^^^^^^^^^
[INFO] [stdout]    |
[INFO] [stdout] help: if you meant to write a string literal, use double quotes
[INFO] [stdout]    |
[INFO] [stdout] 20 |    category: "WARNING",
[INFO] [stdout]    |              ~       ~
[INFO] [stdout] 
[INFO] [stdout] error: character literal may only contain one codepoint
[INFO] [stdout]   --> src/vec_u8_hash_map/google.monitoring.dashboard.v1.rs:1224:13
[INFO] [stdout]    |
[INFO] [stdout] 21 |    trigger: 'BELOW',
[INFO] [stdout]    |             ^^^^^^^
[INFO] [stdout]    |
[INFO] [stdout] help: if you meant to write a string literal, use double quotes
[INFO] [stdout]    |
[INFO] [stdout] 21 |    trigger: "BELOW",
[INFO] [stdout]    |             ~     ~
[INFO] [stdout] 
[INFO] [stdout] error: struct literal body without path
[INFO] [stdout]  --> src/vec_u8_hash_map/google.monitoring.dashboard.v1.rs:1206:1
[INFO] [stdout]   |
[INFO] [stdout] 3 | / {
[INFO] [stdout] 4 | |    value: 90,
[INFO] [stdout] 5 | |    category: 'DANGER',
[INFO] [stdout] 6 | |    trigger: 'ABOVE',
[INFO] [stdout] 7 | | },
[INFO] [stdout]   | |_^
[INFO] [stdout]   |
[INFO] [stdout] help: you might have forgotten to add the struct literal inside the block
[INFO] [stdout]   |
[INFO] [stdout] 3 ~ { SomeStruct {
[INFO] [stdout] 4 |    value: 90,
[INFO] [stdout] 5 |    category: 'DANGER',
[INFO] [stdout] 6 |    trigger: 'ABOVE',
[INFO] [stdout] 7 ~ } },
[INFO] [stdout]   |
[INFO] [stdout] 
[INFO] [stdout] error: expected expression, found `,`
[INFO] [stdout]  --> src/vec_u8_hash_map/google.monitoring.dashboard.v1.rs:1210:2
[INFO] [stdout]   |
[INFO] [stdout] 7 | },
[INFO] [stdout]   |  ^ expected expression
[INFO] [stdout] 
[INFO] [stdout] error: aborting due to 10 previous errors
[INFO] [stdout] 
[INFO] [stdout] Couldn't compile the test.
[INFO] [stdout] ---- src/vec_u8_hash_map/google.monitoring.dashboard.v1.rs - vec_u8_hash_map::google::monitoring::dashboard::v1::ListDashboardsRequest::parent (line 2309) stdout ----
[INFO] [stdout] error: unknown start of token: \
[INFO] [stdout]  --> src/vec_u8_hash_map/google.monitoring.dashboard.v1.rs:2310:10
[INFO] [stdout]   |
[INFO] [stdout] 3 | projects/\[PROJECT_ID_OR_NUMBER\]
[INFO] [stdout]   |          ^
[INFO] [stdout] 
[INFO] [stdout] error: unknown start of token: \
[INFO] [stdout]  --> src/vec_u8_hash_map/google.monitoring.dashboard.v1.rs:2310:32
[INFO] [stdout]   |
[INFO] [stdout] 3 | projects/\[PROJECT_ID_OR_NUMBER\]
[INFO] [stdout]   |                                ^
[INFO] [stdout] 
[INFO] [stdout] error[E0425]: cannot find value `projects` in this scope
[INFO] [stdout]  --> src/vec_u8_hash_map/google.monitoring.dashboard.v1.rs:2310:1
[INFO] [stdout]   |
[INFO] [stdout] 3 | projects/\[PROJECT_ID_OR_NUMBER\]
[INFO] [stdout]   | ^^^^^^^^ not found in this scope
[INFO] [stdout] 
[INFO] [stdout] error[E0425]: cannot find value `PROJECT_ID_OR_NUMBER` in this scope
[INFO] [stdout]  --> src/vec_u8_hash_map/google.monitoring.dashboard.v1.rs:2310:12
[INFO] [stdout]   |
[INFO] [stdout] 3 | projects/\[PROJECT_ID_OR_NUMBER\]
[INFO] [stdout]   |            ^^^^^^^^^^^^^^^^^^^^ not found in this scope
[INFO] [stdout] 
[INFO] [stdout] error: aborting due to 4 previous errors
[INFO] [stdout] 
[INFO] [stdout] For more information about this error, try `rustc --explain E0425`.
[INFO] [stdout] Couldn't compile the test.
[INFO] [stdout] ---- src/vec_u8_hash_map/google.monitoring.dashboard.v1.rs - vec_u8_hash_map::google::monitoring::dashboard::v1::DeleteDashboardRequest::name (line 2351) stdout ----
[INFO] [stdout] error: unknown start of token: \
[INFO] [stdout]  --> src/vec_u8_hash_map/google.monitoring.dashboard.v1.rs:2352:10
[INFO] [stdout]   |
[INFO] [stdout] 3 | projects/\[PROJECT_ID_OR_NUMBER\]/dashboards/\[DASHBOARD_ID\]
[INFO] [stdout]   |          ^
[INFO] [stdout] 
[INFO] [stdout] error: unknown start of token: \
[INFO] [stdout]  --> src/vec_u8_hash_map/google.monitoring.dashboard.v1.rs:2352:32
[INFO] [stdout]   |
[INFO] [stdout] 3 | projects/\[PROJECT_ID_OR_NUMBER\]/dashboards/\[DASHBOARD_ID\]
[INFO] [stdout]   |                                ^
[INFO] [stdout] 
[INFO] [stdout] error: unknown start of token: \
[INFO] [stdout]  --> src/vec_u8_hash_map/google.monitoring.dashboard.v1.rs:2352:46
[INFO] [stdout]   |
[INFO] [stdout] 3 | projects/\[PROJECT_ID_OR_NUMBER\]/dashboards/\[DASHBOARD_ID\]
[INFO] [stdout]   |                                              ^
[INFO] [stdout] 
[INFO] [stdout] error: unknown start of token: \
[INFO] [stdout]  --> src/vec_u8_hash_map/google.monitoring.dashboard.v1.rs:2352:60
[INFO] [stdout]   |
[INFO] [stdout] 3 | projects/\[PROJECT_ID_OR_NUMBER\]/dashboards/\[DASHBOARD_ID\]
[INFO] [stdout]   |                                                            ^
[INFO] [stdout] 
[INFO] [stdout] error[E0425]: cannot find value `projects` in this scope
[INFO] [stdout]  --> src/vec_u8_hash_map/google.monitoring.dashboard.v1.rs:2352:1
[INFO] [stdout]   |
[INFO] [stdout] 3 | projects/\[PROJECT_ID_OR_NUMBER\]/dashboards/\[DASHBOARD_ID\]
[INFO] [stdout]   | ^^^^^^^^ not found in this scope
[INFO] [stdout] 
[INFO] [stdout] error[E0425]: cannot find value `PROJECT_ID_OR_NUMBER` in this scope
[INFO] [stdout]  --> src/vec_u8_hash_map/google.monitoring.dashboard.v1.rs:2352:12
[INFO] [stdout]   |
[INFO] [stdout] 3 | projects/\[PROJECT_ID_OR_NUMBER\]/dashboards/\[DASHBOARD_ID\]
[INFO] [stdout]   |            ^^^^^^^^^^^^^^^^^^^^ not found in this scope
[INFO] [stdout] 
[INFO] [stdout] error[E0425]: cannot find value `dashboards` in this scope
[INFO] [stdout]  --> src/vec_u8_hash_map/google.monitoring.dashboard.v1.rs:2352:35
[INFO] [stdout]   |
[INFO] [stdout] 3 | projects/\[PROJECT_ID_OR_NUMBER\]/dashboards/\[DASHBOARD_ID\]
[INFO] [stdout]   |                                   ^^^^^^^^^^ not found in this scope
[INFO] [stdout] 
[INFO] [stdout] error[E0425]: cannot find value `DASHBOARD_ID` in this scope
[INFO] [stdout]  --> src/vec_u8_hash_map/google.monitoring.dashboard.v1.rs:2352:48
[INFO] [stdout]   |
[INFO] [stdout] 3 | projects/\[PROJECT_ID_OR_NUMBER\]/dashboards/\[DASHBOARD_ID\]
[INFO] [stdout]   |                                                ^^^^^^^^^^^^ not found in this scope
[INFO] [stdout] 
[INFO] [stdout] error: aborting due to 8 previous errors
[INFO] [stdout] 
[INFO] [stdout] For more information about this error, try `rustc --explain E0425`.
[INFO] [stdout] Couldn't compile the test.
[INFO] [stdout] ---- src/vec_u8_hash_map/google.monitoring.dashboard.v1.rs - vec_u8_hash_map::google::monitoring::dashboard::v1::CreateDashboardRequest::parent (line 2291) stdout ----
[INFO] [stdout] error: unknown start of token: \
[INFO] [stdout]  --> src/vec_u8_hash_map/google.monitoring.dashboard.v1.rs:2292:10
[INFO] [stdout]   |
[INFO] [stdout] 3 | projects/\[PROJECT_ID_OR_NUMBER\]
[INFO] [stdout]   |          ^
[INFO] [stdout] 
[INFO] [stdout] error: unknown start of token: \
[INFO] [stdout]  --> src/vec_u8_hash_map/google.monitoring.dashboard.v1.rs:2292:32
[INFO] [stdout]   |
[INFO] [stdout] 3 | projects/\[PROJECT_ID_OR_NUMBER\]
[INFO] [stdout]   |                                ^
[INFO] [stdout] 
[INFO] [stdout] error[E0425]: cannot find value `projects` in this scope
[INFO] [stdout]  --> src/vec_u8_hash_map/google.monitoring.dashboard.v1.rs:2292:1
[INFO] [stdout]   |
[INFO] [stdout] 3 | projects/\[PROJECT_ID_OR_NUMBER\]
[INFO] [stdout]   | ^^^^^^^^ not found in this scope
[INFO] [stdout] 
[INFO] [stdout] error[E0425]: cannot find value `PROJECT_ID_OR_NUMBER` in this scope
[INFO] [stdout]  --> src/vec_u8_hash_map/google.monitoring.dashboard.v1.rs:2292:12
[INFO] [stdout]   |
[INFO] [stdout] 3 | projects/\[PROJECT_ID_OR_NUMBER\]
[INFO] [stdout]   |            ^^^^^^^^^^^^^^^^^^^^ not found in this scope
[INFO] [stdout] 
[INFO] [stdout] error: aborting due to 4 previous errors
[INFO] [stdout] 
[INFO] [stdout] For more information about this error, try `rustc --explain E0425`.
[INFO] [stdout] Couldn't compile the test.
[INFO] [stdout] ---- src/vec_u8_hash_map/google.monitoring.dashboard.v1.rs - vec_u8_hash_map::google::monitoring::dashboard::v1::AlertChart::name (line 7) stdout ----
[INFO] [stdout] error: unknown start of token: \
[INFO] [stdout]  --> src/vec_u8_hash_map/google.monitoring.dashboard.v1.rs:8:10
[INFO] [stdout]   |
[INFO] [stdout] 3 | projects/\[PROJECT_ID_OR_NUMBER\]/alertPolicies/\[ALERT_POLICY_ID\]
[INFO] [stdout]   |          ^
[INFO] [stdout] 
[INFO] [stdout] error: unknown start of token: \
[INFO] [stdout]  --> src/vec_u8_hash_map/google.monitoring.dashboard.v1.rs:8:32
[INFO] [stdout]   |
[INFO] [stdout] 3 | projects/\[PROJECT_ID_OR_NUMBER\]/alertPolicies/\[ALERT_POLICY_ID\]
[INFO] [stdout]   |                                ^
[INFO] [stdout] 
[INFO] [stdout] error: unknown start of token: \
[INFO] [stdout]  --> src/vec_u8_hash_map/google.monitoring.dashboard.v1.rs:8:49
[INFO] [stdout]   |
[INFO] [stdout] 3 | projects/\[PROJECT_ID_OR_NUMBER\]/alertPolicies/\[ALERT_POLICY_ID\]
[INFO] [stdout]   |                                                 ^
[INFO] [stdout] 
[INFO] [stdout] error: unknown start of token: \
[INFO] [stdout]  --> src/vec_u8_hash_map/google.monitoring.dashboard.v1.rs:8:66
[INFO] [stdout]   |
[INFO] [stdout] 3 | projects/\[PROJECT_ID_OR_NUMBER\]/alertPolicies/\[ALERT_POLICY_ID\]
[INFO] [stdout]   |                                                                  ^
[INFO] [stdout] 
[INFO] [stdout] error[E0425]: cannot find value `projects` in this scope
[INFO] [stdout]  --> src/vec_u8_hash_map/google.monitoring.dashboard.v1.rs:8:1
[INFO] [stdout]   |
[INFO] [stdout] 3 | projects/\[PROJECT_ID_OR_NUMBER\]/alertPolicies/\[ALERT_POLICY_ID\]
[INFO] [stdout]   | ^^^^^^^^ not found in this scope
[INFO] [stdout] 
[INFO] [stdout] error[E0425]: cannot find value `PROJECT_ID_OR_NUMBER` in this scope
[INFO] [stdout]  --> src/vec_u8_hash_map/google.monitoring.dashboard.v1.rs:8:12
[INFO] [stdout]   |
[INFO] [stdout] 3 | projects/\[PROJECT_ID_OR_NUMBER\]/alertPolicies/\[ALERT_POLICY_ID\]
[INFO] [stdout]   |            ^^^^^^^^^^^^^^^^^^^^ not found in this scope
[INFO] [stdout] 
[INFO] [stdout] error[E0425]: cannot find value `alertPolicies` in this scope
[INFO] [stdout]  --> src/vec_u8_hash_map/google.monitoring.dashboard.v1.rs:8:35
[INFO] [stdout]   |
[INFO] [stdout] 3 | projects/\[PROJECT_ID_OR_NUMBER\]/alertPolicies/\[ALERT_POLICY_ID\]
[INFO] [stdout]   |                                   ^^^^^^^^^^^^^ not found in this scope
[INFO] [stdout] 
[INFO] [stdout] error[E0425]: cannot find value `ALERT_POLICY_ID` in this scope
[INFO] [stdout]  --> src/vec_u8_hash_map/google.monitoring.dashboard.v1.rs:8:51
[INFO] [stdout]   |
[INFO] [stdout] 3 | projects/\[PROJECT_ID_OR_NUMBER\]/alertPolicies/\[ALERT_POLICY_ID\]
[INFO] [stdout]   |                                                   ^^^^^^^^^^^^^^^ not found in this scope
[INFO] [stdout] 
[INFO] [stdout] error: aborting due to 8 previous errors
[INFO] [stdout] 
[INFO] [stdout] For more information about this error, try `rustc --explain E0425`.
[INFO] [stdout] Couldn't compile the test.
[INFO] [stdout] 
[INFO] [stdout] failures:
[INFO] [stdout]     src/vec_u8_hash_map/google.monitoring.dashboard.v1.rs - vec_u8_hash_map::google::monitoring::dashboard::v1::AlertChart::name (line 7)
[INFO] [stdout]     src/vec_u8_hash_map/google.monitoring.dashboard.v1.rs - vec_u8_hash_map::google::monitoring::dashboard::v1::CreateDashboardRequest::parent (line 2291)
[INFO] [stdout]     src/vec_u8_hash_map/google.monitoring.dashboard.v1.rs - vec_u8_hash_map::google::monitoring::dashboard::v1::DeleteDashboardRequest::name (line 2351)
[INFO] [stdout]     src/vec_u8_hash_map/google.monitoring.dashboard.v1.rs - vec_u8_hash_map::google::monitoring::dashboard::v1::ListDashboardsRequest::parent (line 2309)
[INFO] [stdout]     src/vec_u8_hash_map/google.monitoring.dashboard.v1.rs - vec_u8_hash_map::google::monitoring::dashboard::v1::Scorecard::thresholds (line 1205)
[INFO] [stdout] 
[INFO] [stdout] test result: FAILED. 0 passed; 5 failed; 0 ignored; 0 measured; 0 filtered out; finished in 0.06s
[INFO] [stdout] 
[INFO] [stderr] error: doctest failed, to rerun pass `--doc`
[INFO] running `Command { std: "docker" "inspect" "030ec20916eeb15520f3d6ddc0d3024484d5e97d5e93e2a26b75eeb9ba409d62", kill_on_drop: false }`
[INFO] running `Command { std: "docker" "rm" "-f" "030ec20916eeb15520f3d6ddc0d3024484d5e97d5e93e2a26b75eeb9ba409d62", kill_on_drop: false }`
[INFO] [stdout] 030ec20916eeb15520f3d6ddc0d3024484d5e97d5e93e2a26b75eeb9ba409d62
