[INFO] fetching crate googleapis-tonic-google-maps-routing-v2 0.9.0...
[INFO] testing googleapis-tonic-google-maps-routing-v2-0.9.0 against nightly-2024-10-28 for randomize-layout
[INFO] extracting crate googleapis-tonic-google-maps-routing-v2 0.9.0 into /workspace/builds/worker-5-tc1/source
[INFO] validating manifest of crates.io crate googleapis-tonic-google-maps-routing-v2 0.9.0 on toolchain nightly-2024-10-28
[INFO] running `Command { std: CARGO_HOME="/workspace/cargo-home" RUSTUP_HOME="/workspace/rustup-home" "/workspace/cargo-home/bin/cargo" "+nightly-2024-10-28" "metadata" "--manifest-path" "Cargo.toml" "--no-deps", kill_on_drop: false }`
[INFO] started tweaking crates.io crate googleapis-tonic-google-maps-routing-v2 0.9.0
[INFO] finished tweaking crates.io crate googleapis-tonic-google-maps-routing-v2 0.9.0
[INFO] tweaked toml for crates.io crate googleapis-tonic-google-maps-routing-v2 0.9.0 written to /workspace/builds/worker-5-tc1/source/Cargo.toml
[INFO] running `Command { std: CARGO_HOME="/workspace/cargo-home" RUSTUP_HOME="/workspace/rustup-home" "/workspace/cargo-home/bin/cargo" "+nightly-2024-10-28" "generate-lockfile" "--manifest-path" "Cargo.toml", kill_on_drop: false }`
[INFO] [stderr]     Updating crates.io index
[INFO] [stderr]      Locking 58 packages to latest compatible versions
[INFO] [stderr]       Adding googleapis-tonic-google-api v0.9.0 (available: v0.10.0)
[INFO] running `Command { std: CARGO_HOME="/workspace/cargo-home" RUSTUP_HOME="/workspace/rustup-home" "/workspace/cargo-home/bin/cargo" "+nightly-2024-10-28" "fetch" "--manifest-path" "Cargo.toml", kill_on_drop: false }`
[INFO] running `Command { std: "docker" "create" "-v" "/var/lib/crater-agent-workspace/builds/worker-5-tc1/target:/opt/rustwide/target:rw,Z" "-v" "/var/lib/crater-agent-workspace/builds/worker-5-tc1/source:/opt/rustwide/workdir:ro,Z" "-v" "/var/lib/crater-agent-workspace/cargo-home:/opt/rustwide/cargo-home:ro,Z" "-v" "/var/lib/crater-agent-workspace/rustup-home:/opt/rustwide/rustup-home:ro,Z" "-e" "SOURCE_DIR=/opt/rustwide/workdir" "-e" "CARGO_TARGET_DIR=/opt/rustwide/target" "-e" "CARGO_HOME=/opt/rustwide/cargo-home" "-e" "RUSTUP_HOME=/opt/rustwide/rustup-home" "-w" "/opt/rustwide/workdir" "-m" "1610612736" "--user" "0:0" "--network" "none" "ghcr.io/rust-lang/crates-build-env/linux@sha256:4a844ea9eb2546a2d2c7022eacef16ef2e8229c7fbb2c7d4d55a9ceca922f72d" "/opt/rustwide/cargo-home/bin/cargo" "+nightly-2024-10-28" "metadata" "--no-deps" "--format-version=1", kill_on_drop: false }`
[INFO] [stdout] 4ed1fc7fc95616fb6939d11702b2bdc67b49688de3ca2e27a035a6a55a3db901
[INFO] running `Command { std: "docker" "start" "-a" "4ed1fc7fc95616fb6939d11702b2bdc67b49688de3ca2e27a035a6a55a3db901", kill_on_drop: false }`
[INFO] running `Command { std: "docker" "inspect" "4ed1fc7fc95616fb6939d11702b2bdc67b49688de3ca2e27a035a6a55a3db901", kill_on_drop: false }`
[INFO] running `Command { std: "docker" "rm" "-f" "4ed1fc7fc95616fb6939d11702b2bdc67b49688de3ca2e27a035a6a55a3db901", kill_on_drop: false }`
[INFO] [stdout] 4ed1fc7fc95616fb6939d11702b2bdc67b49688de3ca2e27a035a6a55a3db901
[INFO] running `Command { std: "docker" "create" "-v" "/var/lib/crater-agent-workspace/builds/worker-5-tc1/target:/opt/rustwide/target:rw,Z" "-v" "/var/lib/crater-agent-workspace/builds/worker-5-tc1/source:/opt/rustwide/workdir:ro,Z" "-v" "/var/lib/crater-agent-workspace/cargo-home:/opt/rustwide/cargo-home:ro,Z" "-v" "/var/lib/crater-agent-workspace/rustup-home:/opt/rustwide/rustup-home:ro,Z" "-e" "SOURCE_DIR=/opt/rustwide/workdir" "-e" "CARGO_TARGET_DIR=/opt/rustwide/target" "-e" "CARGO_INCREMENTAL=0" "-e" "RUST_BACKTRACE=full" "-e" "RUSTFLAGS=--cap-lints=forbid" "-e" "RUSTDOCFLAGS=--cap-lints=forbid" "-e" "CARGO_HOME=/opt/rustwide/cargo-home" "-e" "RUSTUP_HOME=/opt/rustwide/rustup-home" "-w" "/opt/rustwide/workdir" "-m" "1610612736" "--user" "0:0" "--network" "none" "ghcr.io/rust-lang/crates-build-env/linux@sha256:4a844ea9eb2546a2d2c7022eacef16ef2e8229c7fbb2c7d4d55a9ceca922f72d" "/opt/rustwide/cargo-home/bin/cargo" "+nightly-2024-10-28" "build" "--frozen" "--message-format=json", kill_on_drop: false }`
[INFO] [stdout] 41fcc0cbe19ad2f826b21649b6889699f1cc5be0bfc9ea48129fa244fcbe0e84
[INFO] running `Command { std: "docker" "start" "-a" "41fcc0cbe19ad2f826b21649b6889699f1cc5be0bfc9ea48129fa244fcbe0e84", kill_on_drop: false }`
[INFO] [stderr]    Compiling googleapis-tonic-google-type v0.8.0
[INFO] [stderr]    Compiling googleapis-tonic-google-geo-type v0.8.0
[INFO] [stderr]    Compiling googleapis-tonic-google-maps-routing-v2 v0.9.0 (/opt/rustwide/workdir)
[INFO] [stderr]     Finished `dev` profile [unoptimized + debuginfo] target(s) in 0.96s
[INFO] running `Command { std: "docker" "inspect" "41fcc0cbe19ad2f826b21649b6889699f1cc5be0bfc9ea48129fa244fcbe0e84", kill_on_drop: false }`
[INFO] running `Command { std: "docker" "rm" "-f" "41fcc0cbe19ad2f826b21649b6889699f1cc5be0bfc9ea48129fa244fcbe0e84", kill_on_drop: false }`
[INFO] [stdout] 41fcc0cbe19ad2f826b21649b6889699f1cc5be0bfc9ea48129fa244fcbe0e84
[INFO] running `Command { std: "docker" "create" "-v" "/var/lib/crater-agent-workspace/builds/worker-5-tc1/target:/opt/rustwide/target:rw,Z" "-v" "/var/lib/crater-agent-workspace/builds/worker-5-tc1/source:/opt/rustwide/workdir:ro,Z" "-v" "/var/lib/crater-agent-workspace/cargo-home:/opt/rustwide/cargo-home:ro,Z" "-v" "/var/lib/crater-agent-workspace/rustup-home:/opt/rustwide/rustup-home:ro,Z" "-e" "SOURCE_DIR=/opt/rustwide/workdir" "-e" "CARGO_TARGET_DIR=/opt/rustwide/target" "-e" "CARGO_INCREMENTAL=0" "-e" "RUST_BACKTRACE=full" "-e" "RUSTFLAGS=--cap-lints=forbid" "-e" "RUSTDOCFLAGS=--cap-lints=forbid" "-e" "CARGO_HOME=/opt/rustwide/cargo-home" "-e" "RUSTUP_HOME=/opt/rustwide/rustup-home" "-w" "/opt/rustwide/workdir" "-m" "1610612736" "--user" "0:0" "--network" "none" "ghcr.io/rust-lang/crates-build-env/linux@sha256:4a844ea9eb2546a2d2c7022eacef16ef2e8229c7fbb2c7d4d55a9ceca922f72d" "/opt/rustwide/cargo-home/bin/cargo" "+nightly-2024-10-28" "test" "--frozen" "--no-run" "--message-format=json", kill_on_drop: false }`
[INFO] [stdout] debe80c896e759f36460e79614e5c6706cb57679086430b3d899682ae9b4e83b
[INFO] running `Command { std: "docker" "start" "-a" "debe80c896e759f36460e79614e5c6706cb57679086430b3d899682ae9b4e83b", kill_on_drop: false }`
[INFO] [stderr]    Compiling googleapis-tonic-google-maps-routing-v2 v0.9.0 (/opt/rustwide/workdir)
[INFO] [stderr]     Finished `test` profile [unoptimized + debuginfo] target(s) in 0.65s
[INFO] running `Command { std: "docker" "inspect" "debe80c896e759f36460e79614e5c6706cb57679086430b3d899682ae9b4e83b", kill_on_drop: false }`
[INFO] running `Command { std: "docker" "rm" "-f" "debe80c896e759f36460e79614e5c6706cb57679086430b3d899682ae9b4e83b", kill_on_drop: false }`
[INFO] [stdout] debe80c896e759f36460e79614e5c6706cb57679086430b3d899682ae9b4e83b
[INFO] running `Command { std: "docker" "create" "-v" "/var/lib/crater-agent-workspace/builds/worker-5-tc1/target:/opt/rustwide/target:rw,Z" "-v" "/var/lib/crater-agent-workspace/builds/worker-5-tc1/source:/opt/rustwide/workdir:ro,Z" "-v" "/var/lib/crater-agent-workspace/cargo-home:/opt/rustwide/cargo-home:ro,Z" "-v" "/var/lib/crater-agent-workspace/rustup-home:/opt/rustwide/rustup-home:ro,Z" "-e" "SOURCE_DIR=/opt/rustwide/workdir" "-e" "CARGO_TARGET_DIR=/opt/rustwide/target" "-e" "CARGO_INCREMENTAL=0" "-e" "RUST_BACKTRACE=full" "-e" "RUSTFLAGS=--cap-lints=forbid" "-e" "RUSTDOCFLAGS=--cap-lints=forbid" "-e" "CARGO_HOME=/opt/rustwide/cargo-home" "-e" "RUSTUP_HOME=/opt/rustwide/rustup-home" "-w" "/opt/rustwide/workdir" "-m" "1610612736" "--user" "0:0" "--network" "none" "ghcr.io/rust-lang/crates-build-env/linux@sha256:4a844ea9eb2546a2d2c7022eacef16ef2e8229c7fbb2c7d4d55a9ceca922f72d" "/opt/rustwide/cargo-home/bin/cargo" "+nightly-2024-10-28" "test" "--frozen", kill_on_drop: false }`
[INFO] [stdout] 5bbc4f85b77b529a7b688dbe603d380da9de0bfcd9255f18784f0455ccd46779
[INFO] running `Command { std: "docker" "start" "-a" "5bbc4f85b77b529a7b688dbe603d380da9de0bfcd9255f18784f0455ccd46779", kill_on_drop: false }`
[INFO] [stderr]     Finished `test` profile [unoptimized + debuginfo] target(s) in 0.04s
[INFO] [stderr]      Running unittests src/lib.rs (/opt/rustwide/target/debug/deps/googleapis_tonic_google_maps_routing_v2-8aacb7ff09e1fd65)
[INFO] [stdout] 
[INFO] [stdout] running 0 tests
[INFO] [stdout] 
[INFO] [stdout] test result: ok. 0 passed; 0 failed; 0 ignored; 0 measured; 0 filtered out; finished in 0.00s
[INFO] [stdout] 
[INFO] [stderr]    Doc-tests googleapis_tonic_google_maps_routing_v2
[INFO] [stdout] 
[INFO] [stdout] running 2 tests
[INFO] [stdout] test src/vec_u8_hash_map/google.maps.routing.v2.rs - vec_u8_hash_map::google::maps::routing::v2::RouteTravelAdvisory::speed_reading_intervals (line 862) ... FAILED
[INFO] [stdout] test src/vec_u8_hash_map/google.maps.routing.v2.rs - vec_u8_hash_map::google::maps::routing::v2::RouteLegTravelAdvisory::speed_reading_intervals (line 899) ... FAILED
[INFO] [stdout] 
[INFO] [stdout] failures:
[INFO] [stdout] 
[INFO] [stdout] ---- src/vec_u8_hash_map/google.maps.routing.v2.rs - vec_u8_hash_map::google::maps::routing::v2::RouteTravelAdvisory::speed_reading_intervals (line 862) stdout ----
[INFO] [stdout] error: mismatched closing delimiter: `)`
[INFO] [stdout]  --> src/vec_u8_hash_map/google.maps.routing.v2.rs:864:27
[INFO] [stdout]   |
[INFO] [stdout] 2 |  speed_reading_intervals: [A,C), [C,D), [D,G).
[INFO] [stdout]   |                           ^   ^ mismatched closing delimiter
[INFO] [stdout]   |                           |
[INFO] [stdout]   |                           unclosed delimiter
[INFO] [stdout] 
[INFO] [stdout] error: mismatched closing delimiter: `)`
[INFO] [stdout]  --> src/vec_u8_hash_map/google.maps.routing.v2.rs:864:34
[INFO] [stdout]   |
[INFO] [stdout] 2 |  speed_reading_intervals: [A,C), [C,D), [D,G).
[INFO] [stdout]   |                                  ^   ^ mismatched closing delimiter
[INFO] [stdout]   |                                  |
[INFO] [stdout]   |                                  unclosed delimiter
[INFO] [stdout] 
[INFO] [stdout] error: mismatched closing delimiter: `)`
[INFO] [stdout]  --> src/vec_u8_hash_map/google.maps.routing.v2.rs:864:41
[INFO] [stdout]   |
[INFO] [stdout] 2 |  speed_reading_intervals: [A,C), [C,D), [D,G).
[INFO] [stdout]   |                                         ^   ^ mismatched closing delimiter
[INFO] [stdout]   |                                         |
[INFO] [stdout]   |                                         unclosed delimiter
[INFO] [stdout] 
[INFO] [stdout] error: aborting due to 3 previous errors
[INFO] [stdout] 
[INFO] [stdout] Couldn't compile the test.
[INFO] [stdout] ---- src/vec_u8_hash_map/google.maps.routing.v2.rs - vec_u8_hash_map::google::maps::routing::v2::RouteLegTravelAdvisory::speed_reading_intervals (line 899) stdout ----
[INFO] [stdout] error: mismatched closing delimiter: `)`
[INFO] [stdout]  --> src/vec_u8_hash_map/google.maps.routing.v2.rs:901:27
[INFO] [stdout]   |
[INFO] [stdout] 2 |  speed_reading_intervals: [A,C), [C,D), [D,G).
[INFO] [stdout]   |                           ^   ^ mismatched closing delimiter
[INFO] [stdout]   |                           |
[INFO] [stdout]   |                           unclosed delimiter
[INFO] [stdout] 
[INFO] [stdout] error: mismatched closing delimiter: `)`
[INFO] [stdout]  --> src/vec_u8_hash_map/google.maps.routing.v2.rs:901:34
[INFO] [stdout]   |
[INFO] [stdout] 2 |  speed_reading_intervals: [A,C), [C,D), [D,G).
[INFO] [stdout]   |                                  ^   ^ mismatched closing delimiter
[INFO] [stdout]   |                                  |
[INFO] [stdout]   |                                  unclosed delimiter
[INFO] [stdout] 
[INFO] [stdout] error: mismatched closing delimiter: `)`
[INFO] [stdout]  --> src/vec_u8_hash_map/google.maps.routing.v2.rs:901:41
[INFO] [stdout]   |
[INFO] [stdout] 2 |  speed_reading_intervals: [A,C), [C,D), [D,G).
[INFO] [stdout]   |                                         ^   ^ mismatched closing delimiter
[INFO] [stdout]   |                                         |
[INFO] [stdout]   |                                         unclosed delimiter
[INFO] [stdout] 
[INFO] [stdout] error: aborting due to 3 previous errors
[INFO] [stdout] 
[INFO] [stdout] Couldn't compile the test.
[INFO] [stdout] 
[INFO] [stdout] failures:
[INFO] [stdout]     src/vec_u8_hash_map/google.maps.routing.v2.rs - vec_u8_hash_map::google::maps::routing::v2::RouteLegTravelAdvisory::speed_reading_intervals (line 899)
[INFO] [stdout]     src/vec_u8_hash_map/google.maps.routing.v2.rs - vec_u8_hash_map::google::maps::routing::v2::RouteTravelAdvisory::speed_reading_intervals (line 862)
[INFO] [stdout] 
[INFO] [stdout] test result: FAILED. 0 passed; 2 failed; 0 ignored; 0 measured; 0 filtered out; finished in 0.02s
[INFO] [stdout] 
[INFO] [stderr] error: doctest failed, to rerun pass `--doc`
[INFO] running `Command { std: "docker" "inspect" "5bbc4f85b77b529a7b688dbe603d380da9de0bfcd9255f18784f0455ccd46779", kill_on_drop: false }`
[INFO] running `Command { std: "docker" "rm" "-f" "5bbc4f85b77b529a7b688dbe603d380da9de0bfcd9255f18784f0455ccd46779", kill_on_drop: false }`
[INFO] [stdout] 5bbc4f85b77b529a7b688dbe603d380da9de0bfcd9255f18784f0455ccd46779
