[INFO] fetching crate googleapis-tonic-google-maps-routeoptimization-v1 0.11.0...
[INFO] testing googleapis-tonic-google-maps-routeoptimization-v1-0.11.0 against nightly-2024-10-28 for randomize-layout
[INFO] extracting crate googleapis-tonic-google-maps-routeoptimization-v1 0.11.0 into /workspace/builds/worker-4-tc1/source
[INFO] validating manifest of crates.io crate googleapis-tonic-google-maps-routeoptimization-v1 0.11.0 on toolchain nightly-2024-10-28
[INFO] running `Command { std: CARGO_HOME="/workspace/cargo-home" RUSTUP_HOME="/workspace/rustup-home" "/workspace/cargo-home/bin/cargo" "+nightly-2024-10-28" "metadata" "--manifest-path" "Cargo.toml" "--no-deps", kill_on_drop: false }`
[INFO] started tweaking crates.io crate googleapis-tonic-google-maps-routeoptimization-v1 0.11.0
[INFO] finished tweaking crates.io crate googleapis-tonic-google-maps-routeoptimization-v1 0.11.0
[INFO] tweaked toml for crates.io crate googleapis-tonic-google-maps-routeoptimization-v1 0.11.0 written to /workspace/builds/worker-4-tc1/source/Cargo.toml
[INFO] running `Command { std: CARGO_HOME="/workspace/cargo-home" RUSTUP_HOME="/workspace/rustup-home" "/workspace/cargo-home/bin/cargo" "+nightly-2024-10-28" "generate-lockfile" "--manifest-path" "Cargo.toml", kill_on_drop: false }`
[INFO] [stderr]     Updating crates.io index
[INFO] [stderr]      Locking 58 packages to latest compatible versions
[INFO] [stderr]       Adding googleapis-tonic-google-api v0.9.0 (available: v0.10.0)
[INFO] [stderr]       Adding googleapis-tonic-google-longrunning v0.9.0 (available: v0.10.0)
[INFO] running `Command { std: CARGO_HOME="/workspace/cargo-home" RUSTUP_HOME="/workspace/rustup-home" "/workspace/cargo-home/bin/cargo" "+nightly-2024-10-28" "fetch" "--manifest-path" "Cargo.toml", kill_on_drop: false }`
[INFO] running `Command { std: "docker" "create" "-v" "/var/lib/crater-agent-workspace/builds/worker-4-tc1/target:/opt/rustwide/target:rw,Z" "-v" "/var/lib/crater-agent-workspace/builds/worker-4-tc1/source:/opt/rustwide/workdir:ro,Z" "-v" "/var/lib/crater-agent-workspace/cargo-home:/opt/rustwide/cargo-home:ro,Z" "-v" "/var/lib/crater-agent-workspace/rustup-home:/opt/rustwide/rustup-home:ro,Z" "-e" "SOURCE_DIR=/opt/rustwide/workdir" "-e" "CARGO_TARGET_DIR=/opt/rustwide/target" "-e" "CARGO_HOME=/opt/rustwide/cargo-home" "-e" "RUSTUP_HOME=/opt/rustwide/rustup-home" "-w" "/opt/rustwide/workdir" "-m" "1610612736" "--user" "0:0" "--network" "none" "ghcr.io/rust-lang/crates-build-env/linux@sha256:4a844ea9eb2546a2d2c7022eacef16ef2e8229c7fbb2c7d4d55a9ceca922f72d" "/opt/rustwide/cargo-home/bin/cargo" "+nightly-2024-10-28" "metadata" "--no-deps" "--format-version=1", kill_on_drop: false }`
[INFO] [stdout] 2de5bf588b50ba2781fb16d97342b75aa33ca772a03e3bcbea04e45c841e9eb0
[INFO] running `Command { std: "docker" "start" "-a" "2de5bf588b50ba2781fb16d97342b75aa33ca772a03e3bcbea04e45c841e9eb0", kill_on_drop: false }`
[INFO] running `Command { std: "docker" "inspect" "2de5bf588b50ba2781fb16d97342b75aa33ca772a03e3bcbea04e45c841e9eb0", kill_on_drop: false }`
[INFO] running `Command { std: "docker" "rm" "-f" "2de5bf588b50ba2781fb16d97342b75aa33ca772a03e3bcbea04e45c841e9eb0", kill_on_drop: false }`
[INFO] [stdout] 2de5bf588b50ba2781fb16d97342b75aa33ca772a03e3bcbea04e45c841e9eb0
[INFO] running `Command { std: "docker" "create" "-v" "/var/lib/crater-agent-workspace/builds/worker-4-tc1/target:/opt/rustwide/target:rw,Z" "-v" "/var/lib/crater-agent-workspace/builds/worker-4-tc1/source:/opt/rustwide/workdir:ro,Z" "-v" "/var/lib/crater-agent-workspace/cargo-home:/opt/rustwide/cargo-home:ro,Z" "-v" "/var/lib/crater-agent-workspace/rustup-home:/opt/rustwide/rustup-home:ro,Z" "-e" "SOURCE_DIR=/opt/rustwide/workdir" "-e" "CARGO_TARGET_DIR=/opt/rustwide/target" "-e" "CARGO_INCREMENTAL=0" "-e" "RUST_BACKTRACE=full" "-e" "RUSTFLAGS=--cap-lints=forbid" "-e" "RUSTDOCFLAGS=--cap-lints=forbid" "-e" "CARGO_HOME=/opt/rustwide/cargo-home" "-e" "RUSTUP_HOME=/opt/rustwide/rustup-home" "-w" "/opt/rustwide/workdir" "-m" "1610612736" "--user" "0:0" "--network" "none" "ghcr.io/rust-lang/crates-build-env/linux@sha256:4a844ea9eb2546a2d2c7022eacef16ef2e8229c7fbb2c7d4d55a9ceca922f72d" "/opt/rustwide/cargo-home/bin/cargo" "+nightly-2024-10-28" "build" "--frozen" "--message-format=json", kill_on_drop: false }`
[INFO] [stdout] 1843754ff1ba26df9eef69a3f8509cba4a645a60b789963dd70494642e560bae
[INFO] running `Command { std: "docker" "start" "-a" "1843754ff1ba26df9eef69a3f8509cba4a645a60b789963dd70494642e560bae", kill_on_drop: false }`
[INFO] [stderr]    Compiling googleapis-tonic-google-maps-routeoptimization-v1 v0.11.0 (/opt/rustwide/workdir)
[INFO] [stderr]     Finished `dev` profile [unoptimized + debuginfo] target(s) in 0.76s
[INFO] running `Command { std: "docker" "inspect" "1843754ff1ba26df9eef69a3f8509cba4a645a60b789963dd70494642e560bae", kill_on_drop: false }`
[INFO] running `Command { std: "docker" "rm" "-f" "1843754ff1ba26df9eef69a3f8509cba4a645a60b789963dd70494642e560bae", kill_on_drop: false }`
[INFO] [stdout] 1843754ff1ba26df9eef69a3f8509cba4a645a60b789963dd70494642e560bae
[INFO] running `Command { std: "docker" "create" "-v" "/var/lib/crater-agent-workspace/builds/worker-4-tc1/target:/opt/rustwide/target:rw,Z" "-v" "/var/lib/crater-agent-workspace/builds/worker-4-tc1/source:/opt/rustwide/workdir:ro,Z" "-v" "/var/lib/crater-agent-workspace/cargo-home:/opt/rustwide/cargo-home:ro,Z" "-v" "/var/lib/crater-agent-workspace/rustup-home:/opt/rustwide/rustup-home:ro,Z" "-e" "SOURCE_DIR=/opt/rustwide/workdir" "-e" "CARGO_TARGET_DIR=/opt/rustwide/target" "-e" "CARGO_INCREMENTAL=0" "-e" "RUST_BACKTRACE=full" "-e" "RUSTFLAGS=--cap-lints=forbid" "-e" "RUSTDOCFLAGS=--cap-lints=forbid" "-e" "CARGO_HOME=/opt/rustwide/cargo-home" "-e" "RUSTUP_HOME=/opt/rustwide/rustup-home" "-w" "/opt/rustwide/workdir" "-m" "1610612736" "--user" "0:0" "--network" "none" "ghcr.io/rust-lang/crates-build-env/linux@sha256:4a844ea9eb2546a2d2c7022eacef16ef2e8229c7fbb2c7d4d55a9ceca922f72d" "/opt/rustwide/cargo-home/bin/cargo" "+nightly-2024-10-28" "test" "--frozen" "--no-run" "--message-format=json", kill_on_drop: false }`
[INFO] [stdout] 9cf15035b5b8babc7a48a1d1b18554f6d8d20db8ce589cf46961b6f598947046
[INFO] running `Command { std: "docker" "start" "-a" "9cf15035b5b8babc7a48a1d1b18554f6d8d20db8ce589cf46961b6f598947046", kill_on_drop: false }`
[INFO] [stderr]    Compiling googleapis-tonic-google-maps-routeoptimization-v1 v0.11.0 (/opt/rustwide/workdir)
[INFO] [stderr]     Finished `test` profile [unoptimized + debuginfo] target(s) in 0.66s
[INFO] running `Command { std: "docker" "inspect" "9cf15035b5b8babc7a48a1d1b18554f6d8d20db8ce589cf46961b6f598947046", kill_on_drop: false }`
[INFO] running `Command { std: "docker" "rm" "-f" "9cf15035b5b8babc7a48a1d1b18554f6d8d20db8ce589cf46961b6f598947046", kill_on_drop: false }`
[INFO] [stdout] 9cf15035b5b8babc7a48a1d1b18554f6d8d20db8ce589cf46961b6f598947046
[INFO] running `Command { std: "docker" "create" "-v" "/var/lib/crater-agent-workspace/builds/worker-4-tc1/target:/opt/rustwide/target:rw,Z" "-v" "/var/lib/crater-agent-workspace/builds/worker-4-tc1/source:/opt/rustwide/workdir:ro,Z" "-v" "/var/lib/crater-agent-workspace/cargo-home:/opt/rustwide/cargo-home:ro,Z" "-v" "/var/lib/crater-agent-workspace/rustup-home:/opt/rustwide/rustup-home:ro,Z" "-e" "SOURCE_DIR=/opt/rustwide/workdir" "-e" "CARGO_TARGET_DIR=/opt/rustwide/target" "-e" "CARGO_INCREMENTAL=0" "-e" "RUST_BACKTRACE=full" "-e" "RUSTFLAGS=--cap-lints=forbid" "-e" "RUSTDOCFLAGS=--cap-lints=forbid" "-e" "CARGO_HOME=/opt/rustwide/cargo-home" "-e" "RUSTUP_HOME=/opt/rustwide/rustup-home" "-w" "/opt/rustwide/workdir" "-m" "1610612736" "--user" "0:0" "--network" "none" "ghcr.io/rust-lang/crates-build-env/linux@sha256:4a844ea9eb2546a2d2c7022eacef16ef2e8229c7fbb2c7d4d55a9ceca922f72d" "/opt/rustwide/cargo-home/bin/cargo" "+nightly-2024-10-28" "test" "--frozen", kill_on_drop: false }`
[INFO] [stdout] 22524192fcba13c025e611cf1cdb14e23d94b57a9cf43d6d05ca47be7cc732ff
[INFO] running `Command { std: "docker" "start" "-a" "22524192fcba13c025e611cf1cdb14e23d94b57a9cf43d6d05ca47be7cc732ff", kill_on_drop: false }`
[INFO] [stderr]     Finished `test` profile [unoptimized + debuginfo] target(s) in 0.03s
[INFO] [stderr]      Running unittests src/lib.rs (/opt/rustwide/target/debug/deps/googleapis_tonic_google_maps_routeoptimization_v1-8f8e28489d0ac007)
[INFO] [stdout] 
[INFO] [stdout] running 0 tests
[INFO] [stdout] 
[INFO] [stdout] test result: ok. 0 passed; 0 failed; 0 ignored; 0 measured; 0 filtered out; finished in 0.00s
[INFO] [stdout] 
[INFO] [stderr]    Doc-tests googleapis_tonic_google_maps_routeoptimization_v1
[INFO] [stdout] 
[INFO] [stdout] running 24 tests
[INFO] [stdout] test src/vec_u8_hash_map/google.maps.routeoptimization.v1.rs - vec_u8_hash_map::google::maps::routeoptimization::v1::TimeWindow::cost_per_hour_after_soft_end_time (line 1595) ... FAILED
[INFO] [stdout] test src/vec_u8_hash_map/google.maps.routeoptimization.v1.rs - vec_u8_hash_map::google::maps::routeoptimization::v1::TimeWindow::cost_per_hour_before_soft_start_time (line 1582) ... FAILED
[INFO] [stdout] test src/vec_u8_hash_map/google.maps.routeoptimization.v1.rs - vec_u8_hash_map::google::maps::routeoptimization::v1::break_rule::FrequencyConstraint (line 1788) ... FAILED
[INFO] [stdout] test src/vec_u8_hash_map/google.maps.routeoptimization.v1.rs - vec_u8_hash_map::google::maps::routeoptimization::v1::ShipmentRoute (line 1830) ... FAILED
[INFO] [stdout] test src/vec_u8_hash_map/google.maps.routeoptimization.v1.rs - vec_u8_hash_map::google::maps::routeoptimization::v1::ShipmentRoute (line 1899) ... FAILED
[INFO] [stdout] test src/vec_u8_hash_map/google.maps.routeoptimization.v1.rs - vec_u8_hash_map::google::maps::routeoptimization::v1::ShipmentRoute (line 1857) ... FAILED
[INFO] [stdout] test src/vec_u8_hash_map/google.maps.routeoptimization.v1.rs - vec_u8_hash_map::google::maps::routeoptimization::v1::break_rule::FrequencyConstraint (line 1801) ... FAILED
[INFO] [stdout] test src/vec_u8_hash_map/google.maps.routeoptimization.v1.rs - vec_u8_hash_map::google::maps::routeoptimization::v1::optimize_tours_validation_error::FieldReference (line 2626) ... FAILED
[INFO] [stdout] test src/vec_u8_hash_map/google.maps.routeoptimization.v1.rs - vec_u8_hash_map::google::maps::routeoptimization::v1::ShipmentModel::duration_distance_matrices (line 533) ... FAILED
[INFO] [stdout] test src/vec_u8_hash_map/google.maps.routeoptimization.v1.rs - vec_u8_hash_map::google::maps::routeoptimization::v1::AggregatedMetrics::total_duration (line 2365) ... FAILED
[INFO] [stdout] test src/vec_u8_hash_map/google.maps.routeoptimization.v1.rs - vec_u8_hash_map::google::maps::routeoptimization::v1::ShipmentModel::duration_distance_matrices (line 502) ... FAILED
[INFO] [stdout] test src/vec_u8_hash_map/google.maps.routeoptimization.v1.rs - vec_u8_hash_map::google::maps::routeoptimization::v1::DistanceLimit::cost_per_kilometer_above_soft_max (line 1637) ... FAILED
[INFO] [stdout] test src/vec_u8_hash_map/google.maps.routeoptimization.v1.rs - vec_u8_hash_map::google::maps::routeoptimization::v1::DistanceLimit::cost_per_kilometer_below_soft_max (line 1627) ... FAILED
[INFO] [stdout] test src/vec_u8_hash_map/google.maps.routeoptimization.v1.rs - vec_u8_hash_map::google::maps::routeoptimization::v1::OptimizeToursValidationError::fields (line 2596) ... FAILED
[INFO] [stdout] test src/vec_u8_hash_map/google.maps.routeoptimization.v1.rs - vec_u8_hash_map::google::maps::routeoptimization::v1::shipment_route::Visit::detour (line 2034) ... FAILED
[INFO] [stdout] test src/vec_u8_hash_map/google.maps.routeoptimization.v1.rs - vec_u8_hash_map::google::maps::routeoptimization::v1::vehicle::DurationLimit::quadratic_soft_max_duration (line 1427) ... FAILED
[INFO] [stdout] test src/vec_u8_hash_map/google.maps.routeoptimization.v1.rs - vec_u8_hash_map::google::maps::routeoptimization::v1::vehicle::DurationLimit::cost_per_hour_after_soft_max (line 1412) ... FAILED
[INFO] [stdout] test src/vec_u8_hash_map/google.maps.routeoptimization.v1.rs - vec_u8_hash_map::google::maps::routeoptimization::v1::skipped_shipment::Reason (line 2194) ... FAILED
[INFO] [stdout] test src/vec_u8_hash_map/google.maps.routeoptimization.v1.rs - vec_u8_hash_map::google::maps::routeoptimization::v1::shipment_route::Visit::detour (line 2027) ... FAILED
[INFO] [stdout] test src/vec_u8_hash_map/google.maps.routeoptimization.v1.rs - vec_u8_hash_map::google::maps::routeoptimization::v1::Shipment::pickup_to_delivery_relative_detour_limit (line 773) ... FAILED
[INFO] [stdout] test src/vec_u8_hash_map/google.maps.routeoptimization.v1.rs - vec_u8_hash_map::google::maps::routeoptimization::v1::Shipment::pickup_to_delivery_absolute_detour_limit (line 792) ... FAILED
[INFO] [stdout] test src/vec_u8_hash_map/google.maps.routeoptimization.v1.rs - vec_u8_hash_map::google::maps::routeoptimization::v1::ShipmentRoute::has_traffic_infeasibilities (line 1944) ... FAILED
[INFO] [stdout] test src/vec_u8_hash_map/google.maps.routeoptimization.v1.rs - vec_u8_hash_map::google::maps::routeoptimization::v1::TimeWindow (line 1558) ... FAILED
[INFO] [stdout] test src/vec_u8_hash_map/google.maps.routeoptimization.v1.rs - vec_u8_hash_map::google::maps::routeoptimization::v1::vehicle::DurationLimit::cost_per_square_hour_after_quadratic_soft_max (line 1436) ... FAILED
[INFO] [stdout] 
[INFO] [stdout] failures:
[INFO] [stdout] 
[INFO] [stdout] ---- src/vec_u8_hash_map/google.maps.routeoptimization.v1.rs - vec_u8_hash_map::google::maps::routeoptimization::v1::TimeWindow::cost_per_hour_after_soft_end_time (line 1595) stdout ----
[INFO] [stdout] error: expected one of `.`, `;`, `?`, `}`, or an operator, found `,`
[INFO] [stdout]  --> src/vec_u8_hash_map/google.maps.routeoptimization.v1.rs:1597:64
[INFO] [stdout]   |
[INFO] [stdout] 4 |                      * cost_per_hour_after_soft_end_time / 3600,
[INFO] [stdout]   |                                                                ^ expected one of `.`, `;`, `?`, `}`, or an operator
[INFO] [stdout] 
[INFO] [stdout] error: aborting due to 1 previous error
[INFO] [stdout] 
[INFO] [stdout] Couldn't compile the test.
[INFO] [stdout] ---- src/vec_u8_hash_map/google.maps.routeoptimization.v1.rs - vec_u8_hash_map::google::maps::routeoptimization::v1::TimeWindow::cost_per_hour_before_soft_start_time (line 1582) stdout ----
[INFO] [stdout] error: expected one of `.`, `;`, `?`, `}`, or an operator, found `,`
[INFO] [stdout]  --> src/vec_u8_hash_map/google.maps.routeoptimization.v1.rs:1584:73
[INFO] [stdout]   |
[INFO] [stdout] 4 | ...                   * cost_per_hour_before_soft_start_time / 3600,
[INFO] [stdout]   |                                                                    ^ expected one of `.`, `;`, `?`, `}`, or an operator
[INFO] [stdout] 
[INFO] [stdout] error: aborting due to 1 previous error
[INFO] [stdout] 
[INFO] [stdout] Couldn't compile the test.
[INFO] [stdout] ---- src/vec_u8_hash_map/google.maps.routeoptimization.v1.rs - vec_u8_hash_map::google::maps::routeoptimization::v1::break_rule::FrequencyConstraint (line 1788) stdout ----
[INFO] [stdout] error: expected one of `.`, `;`, `?`, `}`, or an operator, found `#`
[INFO] [stdout]  --> src/vec_u8_hash_map/google.maps.routeoptimization.v1.rs:1790:50
[INFO] [stdout]   |
[INFO] [stdout] 4 |     min_break_duration { seconds: 3600 }         # 1 hour.
[INFO] [stdout]   |                                                  ^ expected one of `.`, `;`, `?`, `}`, or an operator
[INFO] [stdout] 
[INFO] [stdout] error: aborting due to 1 previous error
[INFO] [stdout] 
[INFO] [stdout] Couldn't compile the test.
[INFO] [stdout] ---- src/vec_u8_hash_map/google.maps.routeoptimization.v1.rs - vec_u8_hash_map::google::maps::routeoptimization::v1::ShipmentRoute (line 1830) stdout ----
[INFO] [stdout] error: unknown start of token: \
[INFO] [stdout]  --> src/vec_u8_hash_map/google.maps.routeoptimization.v1.rs:1831:50
[INFO] [stdout]   |
[INFO] [stdout] 3 | |            |            |          |       |  T\[2\], |        |      |
[INFO] [stdout]   |                                                  ^
[INFO] [stdout] 
[INFO] [stdout] error: unknown start of token: \
[INFO] [stdout]  --> src/vec_u8_hash_map/google.maps.routeoptimization.v1.rs:1831:53
[INFO] [stdout]   |
[INFO] [stdout] 3 | |            |            |          |       |  T\[2\], |        |      |
[INFO] [stdout]   |                                                     ^
[INFO] [stdout] 
[INFO] [stdout] error: unknown start of token: \
[INFO] [stdout]  --> src/vec_u8_hash_map/google.maps.routeoptimization.v1.rs:1832:53
[INFO] [stdout]   |
[INFO] [stdout] 4 |    | Transition |  Visit #0  |          |       |  V\[2\], |        |      |
[INFO] [stdout]   |                                                     ^
[INFO] [stdout] 
[INFO] [stdout] error: unknown start of token: \
[INFO] [stdout]  --> src/vec_u8_hash_map/google.maps.routeoptimization.v1.rs:1832:56
[INFO] [stdout]   |
[INFO] [stdout] 4 |    | Transition |  Visit #0  |          |       |  V\[2\], |        |      |
[INFO] [stdout]   |                                                        ^
[INFO] [stdout] 
[INFO] [stdout] error: unknown start of token: \
[INFO] [stdout]  --> src/vec_u8_hash_map/google.maps.routeoptimization.v1.rs:1833:35
[INFO] [stdout]   |
[INFO] [stdout] 5 |    |     #0     |    aka     |   T\[1\]   |  V\[1\] |  ...   | V\[n-1\] | T\[n\] |
[INFO] [stdout]   |                                   ^
[INFO] [stdout] 
[INFO] [stdout] error: unknown start of token: \
[INFO] [stdout]  --> src/vec_u8_hash_map/google.maps.routeoptimization.v1.rs:1833:38
[INFO] [stdout]   |
[INFO] [stdout] 5 |    |     #0     |    aka     |   T\[1\]   |  V\[1\] |  ...   | V\[n-1\] | T\[n\] |
[INFO] [stdout]   |                                      ^
[INFO] [stdout] 
[INFO] [stdout] error: unknown start of token: \
[INFO] [stdout]  --> src/vec_u8_hash_map/google.maps.routeoptimization.v1.rs:1833:47
[INFO] [stdout]   |
[INFO] [stdout] 5 |    |     #0     |    aka     |   T\[1\]   |  V\[1\] |  ...   | V\[n-1\] | T\[n\] |
[INFO] [stdout]   |                                               ^
[INFO] [stdout] 
[INFO] [stdout] error: unknown start of token: \
[INFO] [stdout]  --> src/vec_u8_hash_map/google.maps.routeoptimization.v1.rs:1833:50
[INFO] [stdout]   |
[INFO] [stdout] 5 |    |     #0     |    aka     |   T\[1\]   |  V\[1\] |  ...   | V\[n-1\] | T\[n\] |
[INFO] [stdout]   |                                                  ^
[INFO] [stdout] 
[INFO] [stdout] error: unknown start of token: \
[INFO] [stdout]  --> src/vec_u8_hash_map/google.maps.routeoptimization.v1.rs:1833:65
[INFO] [stdout]   |
[INFO] [stdout] 5 |    |     #0     |    aka     |   T\[1\]   |  V\[1\] |  ...   | V\[n-1\] | T\[n\] |
[INFO] [stdout]   |                                                                 ^
[INFO] [stdout] 
[INFO] [stdout] error: unknown start of token: \
[INFO] [stdout]  --> src/vec_u8_hash_map/google.maps.routeoptimization.v1.rs:1833:70
[INFO] [stdout]   |
[INFO] [stdout] 5 |    |     #0     |    aka     |   T\[1\]   |  V\[1\] |  ...   | V\[n-1\] | T\[n\] |
[INFO] [stdout]   |                                                                      ^
[INFO] [stdout] 
[INFO] [stdout] error: unknown start of token: \
[INFO] [stdout]  --> src/vec_u8_hash_map/google.maps.routeoptimization.v1.rs:1833:76
[INFO] [stdout]   |
[INFO] [stdout] 5 |    |     #0     |    aka     |   T\[1\]   |  V\[1\] |  ...   | V\[n-1\] | T\[n\] |
[INFO] [stdout]   |                                                                            ^
[INFO] [stdout] 
[INFO] [stdout] error: unknown start of token: \
[INFO] [stdout]  --> src/vec_u8_hash_map/google.maps.routeoptimization.v1.rs:1833:79
[INFO] [stdout]   |
[INFO] [stdout] 5 |    |     #0     |    aka     |   T\[1\]   |  V\[1\] |  ...   | V\[n-1\] | T\[n\] |
[INFO] [stdout]   |                                                                               ^
[INFO] [stdout] 
[INFO] [stdout] error: unknown start of token: \
[INFO] [stdout]  --> src/vec_u8_hash_map/google.maps.routeoptimization.v1.rs:1834:12
[INFO] [stdout]   |
[INFO] [stdout] 6 |    |  aka T\[0\]  |    V\[0\]    |          |       | V\[n-2\],|        |      |
[INFO] [stdout]   |            ^
[INFO] [stdout] 
[INFO] [stdout] error: unknown start of token: \
[INFO] [stdout]  --> src/vec_u8_hash_map/google.maps.routeoptimization.v1.rs:1834:15
[INFO] [stdout]   |
[INFO] [stdout] 6 |    |  aka T\[0\]  |    V\[0\]    |          |       | V\[n-2\],|        |      |
[INFO] [stdout]   |               ^
[INFO] [stdout] 
[INFO] [stdout] error: unknown start of token: \
[INFO] [stdout]  --> src/vec_u8_hash_map/google.maps.routeoptimization.v1.rs:1834:25
[INFO] [stdout]   |
[INFO] [stdout] 6 |    |  aka T\[0\]  |    V\[0\]    |          |       | V\[n-2\],|        |      |
[INFO] [stdout]   |                         ^
[INFO] [stdout] 
[INFO] [stdout] error: unknown start of token: \
[INFO] [stdout]  --> src/vec_u8_hash_map/google.maps.routeoptimization.v1.rs:1834:28
[INFO] [stdout]   |
[INFO] [stdout] 6 |    |  aka T\[0\]  |    V\[0\]    |          |       | V\[n-2\],|        |      |
[INFO] [stdout]   |                            ^
[INFO] [stdout] 
[INFO] [stdout] error: unknown start of token: \
[INFO] [stdout]  --> src/vec_u8_hash_map/google.maps.routeoptimization.v1.rs:1834:56
[INFO] [stdout]   |
[INFO] [stdout] 6 |    |  aka T\[0\]  |    V\[0\]    |          |       | V\[n-2\],|        |      |
[INFO] [stdout]   |                                                        ^
[INFO] [stdout] 
[INFO] [stdout] error: unknown start of token: \
[INFO] [stdout]  --> src/vec_u8_hash_map/google.maps.routeoptimization.v1.rs:1834:61
[INFO] [stdout]   |
[INFO] [stdout] 6 |    |  aka T\[0\]  |    V\[0\]    |          |       | V\[n-2\],|        |      |
[INFO] [stdout]   |                                                             ^
[INFO] [stdout] 
[INFO] [stdout] error: unknown start of token: \
[INFO] [stdout]  --> src/vec_u8_hash_map/google.maps.routeoptimization.v1.rs:1835:52
[INFO] [stdout]   |
[INFO] [stdout] 7 |    |            |            |          |       | T\[n-1\] |        |      |
[INFO] [stdout]   |                                                    ^
[INFO] [stdout] 
[INFO] [stdout] error: unknown start of token: \
[INFO] [stdout]  --> src/vec_u8_hash_map/google.maps.routeoptimization.v1.rs:1835:57
[INFO] [stdout]   |
[INFO] [stdout] 7 |    |            |            |          |       | T\[n-1\] |        |      |
[INFO] [stdout]   |                                                         ^
[INFO] [stdout] 
[INFO] [stdout] error: unknown start of token: \
[INFO] [stdout]  --> src/vec_u8_hash_map/google.maps.routeoptimization.v1.rs:1837:13
[INFO] [stdout]   |
[INFO] [stdout] 9 | vehicle    V\[0\].start   V\[0\].end     V\[1\].   V\[1\].    V\[n\].    V\[n\]. vehicle
[INFO] [stdout]   |             ^
[INFO] [stdout] 
[INFO] [stdout] error: unknown start of token: \
[INFO] [stdout]  --> src/vec_u8_hash_map/google.maps.routeoptimization.v1.rs:1837:16
[INFO] [stdout]   |
[INFO] [stdout] 9 | vehicle    V\[0\].start   V\[0\].end     V\[1\].   V\[1\].    V\[n\].    V\[n\]. vehicle
[INFO] [stdout]   |                ^
[INFO] [stdout] 
[INFO] [stdout] error: unknown start of token: \
[INFO] [stdout]  --> src/vec_u8_hash_map/google.maps.routeoptimization.v1.rs:1837:28
[INFO] [stdout]   |
[INFO] [stdout] 9 | vehicle    V\[0\].start   V\[0\].end     V\[1\].   V\[1\].    V\[n\].    V\[n\]. vehicle
[INFO] [stdout]   |                            ^
[INFO] [stdout] 
[INFO] [stdout] error: unknown start of token: \
[INFO] [stdout]  --> src/vec_u8_hash_map/google.maps.routeoptimization.v1.rs:1837:31
[INFO] [stdout]   |
[INFO] [stdout] 9 | vehicle    V\[0\].start   V\[0\].end     V\[1\].   V\[1\].    V\[n\].    V\[n\]. vehicle
[INFO] [stdout]   |                               ^
[INFO] [stdout] 
[INFO] [stdout] error: unknown start of token: \
[INFO] [stdout]  --> src/vec_u8_hash_map/google.maps.routeoptimization.v1.rs:1837:43
[INFO] [stdout]   |
[INFO] [stdout] 9 | vehicle    V\[0\].start   V\[0\].end     V\[1\].   V\[1\].    V\[n\].    V\[n\]. vehicle
[INFO] [stdout]   |                                           ^
[INFO] [stdout] 
[INFO] [stdout] error: unknown start of token: \
[INFO] [stdout]  --> src/vec_u8_hash_map/google.maps.routeoptimization.v1.rs:1837:46
[INFO] [stdout]   |
[INFO] [stdout] 9 | vehicle    V\[0\].start   V\[0\].end     V\[1\].   V\[1\].    V\[n\].    V\[n\]. vehicle
[INFO] [stdout]   |                                              ^
[INFO] [stdout] 
[INFO] [stdout] error: unknown start of token: \
[INFO] [stdout]  --> src/vec_u8_hash_map/google.maps.routeoptimization.v1.rs:1837:53
[INFO] [stdout]   |
[INFO] [stdout] 9 | vehicle    V\[0\].start   V\[0\].end     V\[1\].   V\[1\].    V\[n\].    V\[n\]. vehicle
[INFO] [stdout]   |                                                     ^
[INFO] [stdout] 
[INFO] [stdout] error: unknown start of token: \
[INFO] [stdout]  --> src/vec_u8_hash_map/google.maps.routeoptimization.v1.rs:1837:56
[INFO] [stdout]   |
[INFO] [stdout] 9 | vehicle    V\[0\].start   V\[0\].end     V\[1\].   V\[1\].    V\[n\].    V\[n\]. vehicle
[INFO] [stdout]   |                                                        ^
[INFO] [stdout] 
[INFO] [stdout] error: unknown start of token: \
[INFO] [stdout]  --> src/vec_u8_hash_map/google.maps.routeoptimization.v1.rs:1837:64
[INFO] [stdout]   |
[INFO] [stdout] 9 | vehicle    V\[0\].start   V\[0\].end     V\[1\].   V\[1\].    V\[n\].    V\[n\]. vehicle
[INFO] [stdout]   |                                                                ^
[INFO] [stdout] 
[INFO] [stdout] error: unknown start of token: \
[INFO] [stdout]  --> src/vec_u8_hash_map/google.maps.routeoptimization.v1.rs:1837:67
[INFO] [stdout]   |
[INFO] [stdout] 9 | vehicle    V\[0\].start   V\[0\].end     V\[1\].   V\[1\].    V\[n\].    V\[n\]. vehicle
[INFO] [stdout]   |                                                                   ^
[INFO] [stdout] 
[INFO] [stdout] error: unknown start of token: \
[INFO] [stdout]  --> src/vec_u8_hash_map/google.maps.routeoptimization.v1.rs:1837:75
[INFO] [stdout]   |
[INFO] [stdout] 9 | vehicle    V\[0\].start   V\[0\].end     V\[1\].   V\[1\].    V\[n\].    V\[n\]. vehicle
[INFO] [stdout]   |                                                                           ^
[INFO] [stdout] 
[INFO] [stdout] error: unknown start of token: \
[INFO] [stdout]  --> src/vec_u8_hash_map/google.maps.routeoptimization.v1.rs:1837:78
[INFO] [stdout]   |
[INFO] [stdout] 9 | vehicle    V\[0\].start   V\[0\].end     V\[1\].   V\[1\].    V\[n\].    V\[n\]. vehicle
[INFO] [stdout]   |                                                                              ^
[INFO] [stdout] 
[INFO] [stdout] error: expected a pattern, found an expression
[INFO] [stdout]  --> src/vec_u8_hash_map/google.maps.routeoptimization.v1.rs:1831:49
[INFO] [stdout]   |
[INFO] [stdout] 3 | |            |            |          |       |  T\[2\], |        |      |
[INFO] [stdout]   |                                                 ^^^^^^ not a pattern
[INFO] [stdout]   |
[INFO] [stdout]   = note: arbitrary expressions are not allowed in patterns: <https://doc.rust-lang.org/book/ch18-00-patterns.html>
[INFO] [stdout] help: consider extracting the expression into a `const`
[INFO] [stdout]   |
[INFO] [stdout] 3 + const VAL: /* Type */ = T\[2\];
[INFO] [stdout] 4 ~ |            |            |          |       |  VAL, |        |      |
[INFO] [stdout]   |
[INFO] [stdout] help: consider wrapping the expression in an inline `const` (requires `#![feature(inline_const_pat)]`)
[INFO] [stdout]   |
[INFO] [stdout] 3 | |            |            |          |       |  const { T\[2\] }, |        |      |
[INFO] [stdout]   |                                                 +++++++        +
[INFO] [stdout] 
[INFO] [stdout] error: expected one of `!`, `.`, `::`, `;`, `?`, `{`, `}`, or an operator, found `#`
[INFO] [stdout]  --> src/vec_u8_hash_map/google.maps.routeoptimization.v1.rs:1832:26
[INFO] [stdout]   |
[INFO] [stdout] 4 |    | Transition |  Visit #0  |          |       |  V\[2\], |        |      |
[INFO] [stdout]   |                          ^ expected one of 8 possible tokens
[INFO] [stdout] 
[INFO] [stdout] error: aborting due to 34 previous errors
[INFO] [stdout] 
[INFO] [stdout] Couldn't compile the test.
[INFO] [stdout] ---- src/vec_u8_hash_map/google.maps.routeoptimization.v1.rs - vec_u8_hash_map::google::maps::routeoptimization::v1::ShipmentRoute (line 1899) stdout ----
[INFO] [stdout] error: unknown start of token: \
[INFO] [stdout]  --> src/vec_u8_hash_map/google.maps.routeoptimization.v1.rs:1900:11
[INFO] [stdout]   |
[INFO] [stdout] 3 | TRANSITION\[i\]
[INFO] [stdout]   |           ^
[INFO] [stdout] 
[INFO] [stdout] error: unknown start of token: \
[INFO] [stdout]  --> src/vec_u8_hash_map/google.maps.routeoptimization.v1.rs:1900:14
[INFO] [stdout]   |
[INFO] [stdout] 3 | TRANSITION\[i\]
[INFO] [stdout]   |              ^
[INFO] [stdout] 
[INFO] [stdout] error: Rust has no postfix decrement operator
[INFO] [stdout]  --> src/vec_u8_hash_map/google.maps.routeoptimization.v1.rs:1901:1
[INFO] [stdout]   |
[INFO] [stdout] 4 | --++-----+-----------------------------------------------------------++-->
[INFO] [stdout]   | ^^ not a valid postfix operator
[INFO] [stdout]   |
[INFO] [stdout] help: use `-= 1` instead
[INFO] [stdout]   |
[INFO] [stdout] 4 |  -= 1++-----+-----------------------------------------------------------++-->
[INFO] [stdout]   |  ~~~~
[INFO] [stdout] 
[INFO] [stdout] error: aborting due to 3 previous errors
[INFO] [stdout] 
[INFO] [stdout] Couldn't compile the test.
[INFO] [stdout] ---- src/vec_u8_hash_map/google.maps.routeoptimization.v1.rs - vec_u8_hash_map::google::maps::routeoptimization::v1::ShipmentRoute (line 1857) stdout ----
[INFO] [stdout] error: unknown start of token: \
[INFO] [stdout]  --> src/vec_u8_hash_map/google.maps.routeoptimization.v1.rs:1859:27
[INFO] [stdout]   |
[INFO] [stdout] 4 |     |           TRANSITION\[i\]             |           VISIT\[i\]          |
[INFO] [stdout]   |                           ^
[INFO] [stdout] 
[INFO] [stdout] error: unknown start of token: \
[INFO] [stdout]  --> src/vec_u8_hash_map/google.maps.routeoptimization.v1.rs:1859:30
[INFO] [stdout]   |
[INFO] [stdout] 4 |     |           TRANSITION\[i\]             |           VISIT\[i\]          |
[INFO] [stdout]   |                              ^
[INFO] [stdout] 
[INFO] [stdout] error: unknown start of token: \
[INFO] [stdout]  --> src/vec_u8_hash_map/google.maps.routeoptimization.v1.rs:1859:62
[INFO] [stdout]   |
[INFO] [stdout] 4 |     |           TRANSITION\[i\]             |           VISIT\[i\]          |
[INFO] [stdout]   |                                                              ^
[INFO] [stdout] 
[INFO] [stdout] error: unknown start of token: \
[INFO] [stdout]  --> src/vec_u8_hash_map/google.maps.routeoptimization.v1.rs:1859:65
[INFO] [stdout]   |
[INFO] [stdout] 4 |     |           TRANSITION\[i\]             |           VISIT\[i\]          |
[INFO] [stdout]   |                                                                 ^
[INFO] [stdout] 
[INFO] [stdout] error: unknown start of token: \
[INFO] [stdout]  --> src/vec_u8_hash_map/google.maps.routeoptimization.v1.rs:1862:15
[INFO] [stdout]   |
[INFO] [stdout] 7 |     |    VISIT\[i-1\].departure_location to |                             |
[INFO] [stdout]   |               ^
[INFO] [stdout] 
[INFO] [stdout] error: unknown start of token: \
[INFO] [stdout]  --> src/vec_u8_hash_map/google.maps.routeoptimization.v1.rs:1862:20
[INFO] [stdout]   |
[INFO] [stdout] 7 |     |    VISIT\[i-1\].departure_location to |                             |
[INFO] [stdout]   |                    ^
[INFO] [stdout] 
[INFO] [stdout] error: unknown start of token: \
[INFO] [stdout]  --> src/vec_u8_hash_map/google.maps.routeoptimization.v1.rs:1863:15
[INFO] [stdout]   |
[INFO] [stdout] 8 |     |    VISIT\[i\].arrival_location, which |  * Spend some time:         |
[INFO] [stdout]   |               ^
[INFO] [stdout] 
[INFO] [stdout] error: unknown start of token: \
[INFO] [stdout]  --> src/vec_u8_hash_map/google.maps.routeoptimization.v1.rs:1863:18
[INFO] [stdout]   |
[INFO] [stdout] 8 |     |    VISIT\[i\].arrival_location, which |  * Spend some time:         |
[INFO] [stdout]   |                  ^
[INFO] [stdout] 
[INFO] [stdout] error: prefix `event` is unknown
[INFO] [stdout]   --> src/vec_u8_hash_map/google.maps.routeoptimization.v1.rs:1874:10
[INFO] [stdout]    |
[INFO] [stdout] 19 |     |    event's destination before the   |                             |
[INFO] [stdout]    |          ^^^^^ unknown prefix
[INFO] [stdout]    |
[INFO] [stdout]    = note: prefixed identifiers and literals are reserved since Rust 2021
[INFO] [stdout] help: consider inserting whitespace here
[INFO] [stdout]    |
[INFO] [stdout] 19 |     |    event 's destination before the   |                             |
[INFO] [stdout]    |               +
[INFO] [stdout] 
[INFO] [stdout] error: unknown start of token: \
[INFO] [stdout]   --> src/vec_u8_hash_map/google.maps.routeoptimization.v1.rs:1883:2
[INFO] [stdout]    |
[INFO] [stdout] 28 | V\[i-1\].end                           V\[i\].start                    V\[i\].end
[INFO] [stdout]    |  ^
[INFO] [stdout] 
[INFO] [stdout] error: unknown start of token: \
[INFO] [stdout]   --> src/vec_u8_hash_map/google.maps.routeoptimization.v1.rs:1883:7
[INFO] [stdout]    |
[INFO] [stdout] 28 | V\[i-1\].end                           V\[i\].start                    V\[i\].end
[INFO] [stdout]    |       ^
[INFO] [stdout] 
[INFO] [stdout] error: unknown start of token: \
[INFO] [stdout]   --> src/vec_u8_hash_map/google.maps.routeoptimization.v1.rs:1883:41
[INFO] [stdout]    |
[INFO] [stdout] 28 | V\[i-1\].end                           V\[i\].start                    V\[i\].end
[INFO] [stdout]    |                                         ^
[INFO] [stdout] 
[INFO] [stdout] error: unknown start of token: \
[INFO] [stdout]   --> src/vec_u8_hash_map/google.maps.routeoptimization.v1.rs:1883:44
[INFO] [stdout]    |
[INFO] [stdout] 28 | V\[i-1\].end                           V\[i\].start                    V\[i\].end
[INFO] [stdout]    |                                            ^
[INFO] [stdout] 
[INFO] [stdout] error: unknown start of token: \
[INFO] [stdout]   --> src/vec_u8_hash_map/google.maps.routeoptimization.v1.rs:1883:73
[INFO] [stdout]    |
[INFO] [stdout] 28 | V\[i-1\].end                           V\[i\].start                    V\[i\].end
[INFO] [stdout]    |                                                                         ^
[INFO] [stdout] 
[INFO] [stdout] error: unknown start of token: \
[INFO] [stdout]   --> src/vec_u8_hash_map/google.maps.routeoptimization.v1.rs:1883:76
[INFO] [stdout]    |
[INFO] [stdout] 28 | V\[i-1\].end                           V\[i\].start                    V\[i\].end
[INFO] [stdout]    |                                                                            ^
[INFO] [stdout] 
[INFO] [stdout] error: expected expression, found `+`
[INFO] [stdout]  --> src/vec_u8_hash_map/google.maps.routeoptimization.v1.rs:1858:4
[INFO] [stdout]   |
[INFO] [stdout] 3 | ---+-------------------------------------+-----------------------------+-->
[INFO] [stdout]   |    ^ expected expression
[INFO] [stdout] 
[INFO] [stdout] error: aborting due to 16 previous errors
[INFO] [stdout] 
[INFO] [stdout] Couldn't compile the test.
[INFO] [stdout] ---- src/vec_u8_hash_map/google.maps.routeoptimization.v1.rs - vec_u8_hash_map::google::maps::routeoptimization::v1::break_rule::FrequencyConstraint (line 1801) stdout ----
[INFO] [stdout] error: expected one of `.`, `;`, `?`, `}`, or an operator, found `:`
[INFO] [stdout]  --> src/vec_u8_hash_map/google.maps.routeoptimization.v1.rs:1802:3
[INFO] [stdout]   |
[INFO] [stdout] 3 | 04:00 vehicle start
[INFO] [stdout]   |   ^ expected one of `.`, `;`, `?`, `}`, or an operator
[INFO] [stdout] 
[INFO] [stdout] error: aborting due to 1 previous error
[INFO] [stdout] 
[INFO] [stdout] Couldn't compile the test.
[INFO] [stdout] ---- src/vec_u8_hash_map/google.maps.routeoptimization.v1.rs - vec_u8_hash_map::google::maps::routeoptimization::v1::optimize_tours_validation_error::FieldReference (line 2626) stdout ----
[INFO] [stdout] error: expected one of `!`, `.`, `::`, `;`, `?`, `{`, `}`, or an operator, found `:`
[INFO] [stdout]  --> src/vec_u8_hash_map/google.maps.routeoptimization.v1.rs:2627:5
[INFO] [stdout]   |
[INFO] [stdout] 3 | name: "vehicles" index: 5 sub_field { name: "end_time_windows" index: 2 }
[INFO] [stdout]   |     ^ expected one of 8 possible tokens
[INFO] [stdout] 
[INFO] [stdout] error: aborting due to 1 previous error
[INFO] [stdout] 
[INFO] [stdout] Couldn't compile the test.
[INFO] [stdout] ---- src/vec_u8_hash_map/google.maps.routeoptimization.v1.rs - vec_u8_hash_map::google::maps::routeoptimization::v1::ShipmentModel::duration_distance_matrices (line 533) stdout ----
[INFO] [stdout] error: expected one of `,`, `:`, or `}`, found `{`
[INFO] [stdout]  --> src/vec_u8_hash_map/google.maps.routeoptimization.v1.rs:535:13
[INFO] [stdout]   |
[INFO] [stdout] 3 | model {
[INFO] [stdout]   | ----- while parsing this struct
[INFO] [stdout] 4 |    vehicles { start_tags: "locA" end_tags: "locB" start_tags: "fast" }
[INFO] [stdout]   |    -------- ^ expected one of `,`, `:`, or `}`
[INFO] [stdout]   |    |
[INFO] [stdout]   |    while parsing this struct field
[INFO] [stdout]   |
[INFO] [stdout] help: try naming a field
[INFO] [stdout]   |
[INFO] [stdout] 4 |    vehicles: vehicles { start_tags: "locA" end_tags: "locB" start_tags: "fast" }
[INFO] [stdout]   |    +++++++++
[INFO] [stdout] 
[INFO] [stdout] error[E0422]: cannot find struct, variant or union type `model` in this scope
[INFO] [stdout]  --> src/vec_u8_hash_map/google.maps.routeoptimization.v1.rs:534:1
[INFO] [stdout]   |
[INFO] [stdout] 3 | model {
[INFO] [stdout]   | ^^^^^ not found in this scope
[INFO] [stdout] 
[INFO] [stdout] error: aborting due to 2 previous errors
[INFO] [stdout] 
[INFO] [stdout] For more information about this error, try `rustc --explain E0422`.
[INFO] [stdout] Couldn't compile the test.
[INFO] [stdout] ---- src/vec_u8_hash_map/google.maps.routeoptimization.v1.rs - vec_u8_hash_map::google::maps::routeoptimization::v1::AggregatedMetrics::total_duration (line 2365) stdout ----
[INFO] [stdout] error[E0425]: cannot find value `ShipmentRoute` in this scope
[INFO] [stdout]  --> src/vec_u8_hash_map/google.maps.routeoptimization.v1.rs:2366:2
[INFO] [stdout]   |
[INFO] [stdout] 3 | [ShipmentRoute.vehicle_end_time][google.maps.routeoptimization.v1.ShipmentRoute.vehicle_end_time]
[INFO] [stdout]   |  ^^^^^^^^^^^^^ not found in this scope
[INFO] [stdout] 
[INFO] [stdout] error[E0425]: cannot find value `google` in this scope
[INFO] [stdout]  --> src/vec_u8_hash_map/google.maps.routeoptimization.v1.rs:2366:34
[INFO] [stdout]   |
[INFO] [stdout] 3 | [ShipmentRoute.vehicle_end_time][google.maps.routeoptimization.v1.ShipmentRoute.vehicle_end_time]
[INFO] [stdout]   |                                  ^^^^^^ not found in this scope
[INFO] [stdout] 
[INFO] [stdout] error[E0425]: cannot find value `ShipmentRoute` in this scope
[INFO] [stdout]  --> src/vec_u8_hash_map/google.maps.routeoptimization.v1.rs:2368:2
[INFO] [stdout]   |
[INFO] [stdout] 5 | [ShipmentRoute.vehicle_start_time][google.maps.routeoptimization.v1.ShipmentRoute.vehicle_start_time]
[INFO] [stdout]   |  ^^^^^^^^^^^^^ not found in this scope
[INFO] [stdout] 
[INFO] [stdout] error[E0425]: cannot find value `google` in this scope
[INFO] [stdout]  --> src/vec_u8_hash_map/google.maps.routeoptimization.v1.rs:2368:36
[INFO] [stdout]   |
[INFO] [stdout] 5 | [ShipmentRoute.vehicle_start_time][google.maps.routeoptimization.v1.ShipmentRoute.vehicle_start_time]
[INFO] [stdout]   |                                    ^^^^^^ not found in this scope
[INFO] [stdout] 
[INFO] [stdout] error: aborting due to 4 previous errors
[INFO] [stdout] 
[INFO] [stdout] For more information about this error, try `rustc --explain E0425`.
[INFO] [stdout] Couldn't compile the test.
[INFO] [stdout] ---- src/vec_u8_hash_map/google.maps.routeoptimization.v1.rs - vec_u8_hash_map::google::maps::routeoptimization::v1::ShipmentModel::duration_distance_matrices (line 502) stdout ----
[INFO] [stdout] error: expected one of `,`, `:`, or `}`, found `{`
[INFO] [stdout]  --> src/vec_u8_hash_map/google.maps.routeoptimization.v1.rs:504:13
[INFO] [stdout]   |
[INFO] [stdout] 3 | model {
[INFO] [stdout]   | ----- while parsing this struct
[INFO] [stdout] 4 |    vehicles { start_tags: "locA"  end_tags: "locA" }
[INFO] [stdout]   |    -------- ^ expected one of `,`, `:`, or `}`
[INFO] [stdout]   |    |
[INFO] [stdout]   |    while parsing this struct field
[INFO] [stdout]   |
[INFO] [stdout] help: try naming a field
[INFO] [stdout]   |
[INFO] [stdout] 4 |    vehicles: vehicles { start_tags: "locA"  end_tags: "locA" }
[INFO] [stdout]   |    +++++++++
[INFO] [stdout] 
[INFO] [stdout] error[E0422]: cannot find struct, variant or union type `model` in this scope
[INFO] [stdout]  --> src/vec_u8_hash_map/google.maps.routeoptimization.v1.rs:503:1
[INFO] [stdout]   |
[INFO] [stdout] 3 | model {
[INFO] [stdout]   | ^^^^^ not found in this scope
[INFO] [stdout] 
[INFO] [stdout] error: aborting due to 2 previous errors
[INFO] [stdout] 
[INFO] [stdout] For more information about this error, try `rustc --explain E0422`.
[INFO] [stdout] Couldn't compile the test.
[INFO] [stdout] ---- src/vec_u8_hash_map/google.maps.routeoptimization.v1.rs - vec_u8_hash_map::google::maps::routeoptimization::v1::DistanceLimit::cost_per_kilometer_above_soft_max (line 1637) stdout ----
[INFO] [stdout] error: unexpected token: `}`
[INFO] [stdout]  --> src/vec_u8_hash_map/google.maps.routeoptimization.v1.rs:1640:1
[INFO] [stdout]   |
[INFO] [stdout] 5 | } _doctest_main_src_vec_u8_hash_map_google_maps_routeoptimization_v1_rs_1637_0() }
[INFO] [stdout]   | ^
[INFO] [stdout] 
[INFO] [stdout] error[E0425]: cannot find value `distance_meters` in this scope
[INFO] [stdout]  --> src/vec_u8_hash_map/google.maps.routeoptimization.v1.rs:1638:2
[INFO] [stdout]   |
[INFO] [stdout] 3 | (distance_meters - soft_max_meters) / 1000.0 *
[INFO] [stdout]   |  ^^^^^^^^^^^^^^^ not found in this scope
[INFO] [stdout] 
[INFO] [stdout] error[E0425]: cannot find value `soft_max_meters` in this scope
[INFO] [stdout]  --> src/vec_u8_hash_map/google.maps.routeoptimization.v1.rs:1638:20
[INFO] [stdout]   |
[INFO] [stdout] 3 | (distance_meters - soft_max_meters) / 1000.0 *
[INFO] [stdout]   |                    ^^^^^^^^^^^^^^^ not found in this scope
[INFO] [stdout] 
[INFO] [stdout] error[E0425]: cannot find value `cost_per_kilometer_above_soft_max` in this scope
[INFO] [stdout]  --> src/vec_u8_hash_map/google.maps.routeoptimization.v1.rs:1639:4
[INFO] [stdout]   |
[INFO] [stdout] 4 |    cost_per_kilometer_above_soft_max.
[INFO] [stdout]   |    ^^^^^^^^^^^^^^^^^^^^^^^^^^^^^^^^^ not found in this scope
[INFO] [stdout] 
[INFO] [stdout] error: aborting due to 4 previous errors
[INFO] [stdout] 
[INFO] [stdout] For more information about this error, try `rustc --explain E0425`.
[INFO] [stdout] Couldn't compile the test.
[INFO] [stdout] ---- src/vec_u8_hash_map/google.maps.routeoptimization.v1.rs - vec_u8_hash_map::google::maps::routeoptimization::v1::DistanceLimit::cost_per_kilometer_below_soft_max (line 1627) stdout ----
[INFO] [stdout] error: unexpected token: `}`
[INFO] [stdout]  --> src/vec_u8_hash_map/google.maps.routeoptimization.v1.rs:1630:1
[INFO] [stdout]   |
[INFO] [stdout] 5 | } _doctest_main_src_vec_u8_hash_map_google_maps_routeoptimization_v1_rs_1627_0() }
[INFO] [stdout]   | ^
[INFO] [stdout] 
[INFO] [stdout] error[E0425]: cannot find function `min` in this scope
[INFO] [stdout]  --> src/vec_u8_hash_map/google.maps.routeoptimization.v1.rs:1628:1
[INFO] [stdout]   |
[INFO] [stdout] 3 | min(distance_meters, soft_max_meters) / 1000.0 *
[INFO] [stdout]   | ^^^ not found in this scope
[INFO] [stdout]   |
[INFO] [stdout] help: consider importing this function
[INFO] [stdout]   |
[INFO] [stdout] 2 + use std::cmp::min;
[INFO] [stdout]   |
[INFO] [stdout] 
[INFO] [stdout] error[E0425]: cannot find value `distance_meters` in this scope
[INFO] [stdout]  --> src/vec_u8_hash_map/google.maps.routeoptimization.v1.rs:1628:5
[INFO] [stdout]   |
[INFO] [stdout] 3 | min(distance_meters, soft_max_meters) / 1000.0 *
[INFO] [stdout]   |     ^^^^^^^^^^^^^^^ not found in this scope
[INFO] [stdout] 
[INFO] [stdout] error[E0425]: cannot find value `soft_max_meters` in this scope
[INFO] [stdout]  --> src/vec_u8_hash_map/google.maps.routeoptimization.v1.rs:1628:22
[INFO] [stdout]   |
[INFO] [stdout] 3 | min(distance_meters, soft_max_meters) / 1000.0 *
[INFO] [stdout]   |                      ^^^^^^^^^^^^^^^ not found in this scope
[INFO] [stdout] 
[INFO] [stdout] error[E0425]: cannot find value `cost_per_kilometer_below_soft_max` in this scope
[INFO] [stdout]  --> src/vec_u8_hash_map/google.maps.routeoptimization.v1.rs:1629:4
[INFO] [stdout]   |
[INFO] [stdout] 4 |    cost_per_kilometer_below_soft_max.
[INFO] [stdout]   |    ^^^^^^^^^^^^^^^^^^^^^^^^^^^^^^^^^ not found in this scope
[INFO] [stdout] 
[INFO] [stdout] error: aborting due to 5 previous errors
[INFO] [stdout] 
[INFO] [stdout] For more information about this error, try `rustc --explain E0425`.
[INFO] [stdout] Couldn't compile the test.
[INFO] [stdout] ---- src/vec_u8_hash_map/google.maps.routeoptimization.v1.rs - vec_u8_hash_map::google::maps::routeoptimization::v1::OptimizeToursValidationError::fields (line 2596) stdout ----
[INFO] [stdout] error: expected one of `,`, `.`, `?`, `}`, or an operator, found `index`
[INFO] [stdout]  --> src/vec_u8_hash_map/google.maps.routeoptimization.v1.rs:2597:27
[INFO] [stdout]   |
[INFO] [stdout] 3 | fields { name: "vehicles" index: 4}
[INFO] [stdout]   | ------                   -^^^^^ expected one of `,`, `.`, `?`, `}`, or an operator
[INFO] [stdout]   | |                        |
[INFO] [stdout]   | |                        help: try adding a comma: `,`
[INFO] [stdout]   | while parsing this struct
[INFO] [stdout] 
[INFO] [stdout] error: expected `;`, found `fields`
[INFO] [stdout]  --> src/vec_u8_hash_map/google.maps.routeoptimization.v1.rs:2597:36
[INFO] [stdout]   |
[INFO] [stdout] 3 | fields { name: "vehicles" index: 4}
[INFO] [stdout]   |                                    ^ help: add `;` here
[INFO] [stdout] 4 | fields { name: "shipments" index: 2 sub_field {name: "pickups" index: 0} }
[INFO] [stdout]   | ------ unexpected token
[INFO] [stdout] 
[INFO] [stdout] error: expected one of `,`, `.`, `?`, `}`, or an operator, found `index`
[INFO] [stdout]  --> src/vec_u8_hash_map/google.maps.routeoptimization.v1.rs:2598:28
[INFO] [stdout]   |
[INFO] [stdout] 4 | fields { name: "shipments" index: 2 sub_field {name: "pickups" index: 0} }
[INFO] [stdout]   | ------                    -^^^^^ expected one of `,`, `.`, `?`, `}`, or an operator
[INFO] [stdout]   | |                         |
[INFO] [stdout]   | |                         help: try adding a comma: `,`
[INFO] [stdout]   | while parsing this struct
[INFO] [stdout] 
[INFO] [stdout] error[E0422]: cannot find struct, variant or union type `fields` in this scope
[INFO] [stdout]  --> src/vec_u8_hash_map/google.maps.routeoptimization.v1.rs:2598:1
[INFO] [stdout]   |
[INFO] [stdout] 4 | fields { name: "shipments" index: 2 sub_field {name: "pickups" index: 0} }
[INFO] [stdout]   | ^^^^^^ not found in this scope
[INFO] [stdout] 
[INFO] [stdout] error: aborting due to 4 previous errors
[INFO] [stdout] 
[INFO] [stdout] For more information about this error, try `rustc --explain E0422`.
[INFO] [stdout] Couldn't compile the test.
[INFO] [stdout] ---- src/vec_u8_hash_map/google.maps.routeoptimization.v1.rs - vec_u8_hash_map::google::maps::routeoptimization::v1::shipment_route::Visit::detour (line 2034) stdout ----
[INFO] [stdout] error: prefix `vehicle` is unknown
[INFO] [stdout]  --> src/vec_u8_hash_map/google.maps.routeoptimization.v1.rs:2036:5
[INFO] [stdout]   |
[INFO] [stdout] 4 | the vehicle's `start_location` to the visit.
[INFO] [stdout]   |     ^^^^^^^ unknown prefix
[INFO] [stdout]   |
[INFO] [stdout]   = note: prefixed identifiers and literals are reserved since Rust 2021
[INFO] [stdout] help: consider inserting whitespace here
[INFO] [stdout]   |
[INFO] [stdout] 4 | the vehicle 's `start_location` to the visit.
[INFO] [stdout]   |            +
[INFO] [stdout] 
[INFO] [stdout] error: unknown start of token: `
[INFO] [stdout]  --> src/vec_u8_hash_map/google.maps.routeoptimization.v1.rs:2036:15
[INFO] [stdout]   |
[INFO] [stdout] 4 | the vehicle's `start_location` to the visit.
[INFO] [stdout]   |               ^
[INFO] [stdout]   |
[INFO] [stdout] help: Unicode character '`' (Grave Accent) looks like ''' (Single Quote), but it is not
[INFO] [stdout]   |
[INFO] [stdout] 4 | the vehicle's 'start_location` to the visit.
[INFO] [stdout]   |               ~
[INFO] [stdout] 
[INFO] [stdout] error: unknown start of token: `
[INFO] [stdout]  --> src/vec_u8_hash_map/google.maps.routeoptimization.v1.rs:2036:30
[INFO] [stdout]   |
[INFO] [stdout] 4 | the vehicle's `start_location` to the visit.
[INFO] [stdout]   |                              ^
[INFO] [stdout]   |
[INFO] [stdout] help: Unicode character '`' (Grave Accent) looks like ''' (Single Quote), but it is not
[INFO] [stdout]   |
[INFO] [stdout] 4 | the vehicle's `start_location' to the visit.
[INFO] [stdout]   |                              ~
[INFO] [stdout] 
[INFO] [stdout] error: expected one of `!`, `.`, `::`, `;`, `?`, `{`, `}`, or an operator, found `duration`
[INFO] [stdout]  --> src/vec_u8_hash_map/google.maps.routeoptimization.v1.rs:2035:42
[INFO] [stdout]   |
[INFO] [stdout] 3 | start_time - vehicle_start_time - travel duration from
[INFO] [stdout]   |                                          ^^^^^^^^ expected one of 8 possible tokens
[INFO] [stdout] 
[INFO] [stdout] error: aborting due to 4 previous errors
[INFO] [stdout] 
[INFO] [stdout] Couldn't compile the test.
[INFO] [stdout] ---- src/vec_u8_hash_map/google.maps.routeoptimization.v1.rs - vec_u8_hash_map::google::maps::routeoptimization::v1::vehicle::DurationLimit::quadratic_soft_max_duration (line 1427) stdout ----
[INFO] [stdout] error: unknown start of token: `
[INFO] [stdout]  --> src/vec_u8_hash_map/google.maps.routeoptimization.v1.rs:1428:1
[INFO] [stdout]   |
[INFO] [stdout] 3 | `max_duration - quadratic_soft_max_duration <= 86400 seconds`
[INFO] [stdout]   | ^
[INFO] [stdout]   |
[INFO] [stdout] help: Unicode character '`' (Grave Accent) looks like ''' (Single Quote), but it is not
[INFO] [stdout]   |
[INFO] [stdout] 3 | 'max_duration - quadratic_soft_max_duration <= 86400 seconds`
[INFO] [stdout]   | ~
[INFO] [stdout] 
[INFO] [stdout] error: unknown start of token: `
[INFO] [stdout]  --> src/vec_u8_hash_map/google.maps.routeoptimization.v1.rs:1428:61
[INFO] [stdout]   |
[INFO] [stdout] 3 | `max_duration - quadratic_soft_max_duration <= 86400 seconds`
[INFO] [stdout]   |                                                             ^
[INFO] [stdout]   |
[INFO] [stdout] help: Unicode character '`' (Grave Accent) looks like ''' (Single Quote), but it is not
[INFO] [stdout]   |
[INFO] [stdout] 3 | `max_duration - quadratic_soft_max_duration <= 86400 seconds'
[INFO] [stdout]   |                                                             ~
[INFO] [stdout] 
[INFO] [stdout] error: expected one of `.`, `;`, `?`, `}`, or an operator, found `seconds`
[INFO] [stdout]  --> src/vec_u8_hash_map/google.maps.routeoptimization.v1.rs:1428:54
[INFO] [stdout]   |
[INFO] [stdout] 3 | `max_duration - quadratic_soft_max_duration <= 86400 seconds`
[INFO] [stdout]   |                                                      ^^^^^^^ expected one of `.`, `;`, `?`, `}`, or an operator
[INFO] [stdout] 
[INFO] [stdout] error: aborting due to 3 previous errors
[INFO] [stdout] 
[INFO] [stdout] Couldn't compile the test.
[INFO] [stdout] ---- src/vec_u8_hash_map/google.maps.routeoptimization.v1.rs - vec_u8_hash_map::google::maps::routeoptimization::v1::vehicle::DurationLimit::cost_per_hour_after_soft_max (line 1412) stdout ----
[INFO] [stdout] error[E0425]: cannot find value `cost_per_hour_after_soft_max` in this scope
[INFO] [stdout]  --> src/vec_u8_hash_map/google.maps.routeoptimization.v1.rs:1413:1
[INFO] [stdout]   |
[INFO] [stdout] 3 | cost_per_hour_after_soft_max * (duration - soft_max_duration)
[INFO] [stdout]   | ^^^^^^^^^^^^^^^^^^^^^^^^^^^^ not found in this scope
[INFO] [stdout] 
[INFO] [stdout] error[E0425]: cannot find value `duration` in this scope
[INFO] [stdout]  --> src/vec_u8_hash_map/google.maps.routeoptimization.v1.rs:1413:33
[INFO] [stdout]   |
[INFO] [stdout] 3 | cost_per_hour_after_soft_max * (duration - soft_max_duration)
[INFO] [stdout]   |                                 ^^^^^^^^ not found in this scope
[INFO] [stdout] 
[INFO] [stdout] error[E0425]: cannot find value `soft_max_duration` in this scope
[INFO] [stdout]  --> src/vec_u8_hash_map/google.maps.routeoptimization.v1.rs:1413:44
[INFO] [stdout]   |
[INFO] [stdout] 3 | cost_per_hour_after_soft_max * (duration - soft_max_duration)
[INFO] [stdout]   |                                            ^^^^^^^^^^^^^^^^^ not found in this scope
[INFO] [stdout] 
[INFO] [stdout] error: aborting due to 3 previous errors
[INFO] [stdout] 
[INFO] [stdout] For more information about this error, try `rustc --explain E0425`.
[INFO] [stdout] Couldn't compile the test.
[INFO] [stdout] ---- src/vec_u8_hash_map/google.maps.routeoptimization.v1.rs - vec_u8_hash_map::google::maps::routeoptimization::v1::skipped_shipment::Reason (line 2194) stdout ----
[INFO] [stdout] error: expected one of `!`, `,`, `.`, `::`, `?`, `{`, `}`, or an operator, found `example_vehicle_index`
[INFO] [stdout]  --> src/vec_u8_hash_map/google.maps.routeoptimization.v1.rs:2197:4
[INFO] [stdout]   |
[INFO] [stdout] 3 | reasons {
[INFO] [stdout]   | ------- while parsing this struct
[INFO] [stdout] 4 |    code: DEMAND_EXCEEDS_VEHICLE_CAPACITY
[INFO] [stdout]   |                                         -
[INFO] [stdout]   |                                         |
[INFO] [stdout]   |                                         expected one of 8 possible tokens
[INFO] [stdout]   |                                         help: try adding a comma: `,`
[INFO] [stdout] 5 |    example_vehicle_index: 1
[INFO] [stdout]   |    ^^^^^^^^^^^^^^^^^^^^^ unexpected token
[INFO] [stdout] 
[INFO] [stdout] error: expected `;`, found `reasons`
[INFO] [stdout]  --> src/vec_u8_hash_map/google.maps.routeoptimization.v1.rs:2199:2
[INFO] [stdout]   |
[INFO] [stdout] 7 | }
[INFO] [stdout]   |  ^ help: add `;` here
[INFO] [stdout] 8 | reasons {
[INFO] [stdout]   | ------- unexpected token
[INFO] [stdout] 
[INFO] [stdout] error: expected one of `!`, `,`, `.`, `::`, `?`, `{`, `}`, or an operator, found `example_vehicle_index`
[INFO] [stdout]   --> src/vec_u8_hash_map/google.maps.routeoptimization.v1.rs:2202:4
[INFO] [stdout]    |
[INFO] [stdout] 8  | reasons {
[INFO] [stdout]    | ------- while parsing this struct
[INFO] [stdout] 9  |    code: DEMAND_EXCEEDS_VEHICLE_CAPACITY
[INFO] [stdout]    |                                         -
[INFO] [stdout]    |                                         |
[INFO] [stdout]    |                                         expected one of 8 possible tokens
[INFO] [stdout]    |                                         help: try adding a comma: `,`
[INFO] [stdout] 10 |    example_vehicle_index: 3
[INFO] [stdout]    |    ^^^^^^^^^^^^^^^^^^^^^ unexpected token
[INFO] [stdout] 
[INFO] [stdout] error: expected `;`, found `reasons`
[INFO] [stdout]   --> src/vec_u8_hash_map/google.maps.routeoptimization.v1.rs:2204:2
[INFO] [stdout]    |
[INFO] [stdout] 12 | }
[INFO] [stdout]    |  ^ help: add `;` here
[INFO] [stdout] 13 | reasons {
[INFO] [stdout]    | ------- unexpected token
[INFO] [stdout] 
[INFO] [stdout] error: expected one of `!`, `,`, `.`, `::`, `?`, `{`, `}`, or an operator, found `example_vehicle_index`
[INFO] [stdout]   --> src/vec_u8_hash_map/google.maps.routeoptimization.v1.rs:2207:4
[INFO] [stdout]    |
[INFO] [stdout] 13 | reasons {
[INFO] [stdout]    | ------- while parsing this struct
[INFO] [stdout] 14 |    code: CANNOT_BE_PERFORMED_WITHIN_VEHICLE_DISTANCE_LIMIT
[INFO] [stdout]    |                                                           -
[INFO] [stdout]    |                                                           |
[INFO] [stdout]    |                                                           expected one of 8 possible tokens
[INFO] [stdout]    |                                                           help: try adding a comma: `,`
[INFO] [stdout] 15 |    example_vehicle_index: 1
[INFO] [stdout]    |    ^^^^^^^^^^^^^^^^^^^^^ unexpected token
[INFO] [stdout] 
[INFO] [stdout] error[E0422]: cannot find struct, variant or union type `reasons` in this scope
[INFO] [stdout]   --> src/vec_u8_hash_map/google.maps.routeoptimization.v1.rs:2205:1
[INFO] [stdout]    |
[INFO] [stdout] 13 | reasons {
[INFO] [stdout]    | ^^^^^^^ not found in this scope
[INFO] [stdout] 
[INFO] [stdout] error: aborting due to 6 previous errors
[INFO] [stdout] 
[INFO] [stdout] For more information about this error, try `rustc --explain E0422`.
[INFO] [stdout] Couldn't compile the test.
[INFO] [stdout] ---- src/vec_u8_hash_map/google.maps.routeoptimization.v1.rs - vec_u8_hash_map::google::maps::routeoptimization::v1::shipment_route::Visit::detour (line 2027) stdout ----
[INFO] [stdout] error: expected one of `!`, `)`, `,`, `.`, `::`, `?`, `{`, or an operator, found `duration`
[INFO] [stdout]  --> src/vec_u8_hash_map/google.maps.routeoptimization.v1.rs:2029:30
[INFO] [stdout]   |
[INFO] [stdout] 4 | - (duration(pickup) + travel duration from the pickup location
[INFO] [stdout]   |                             -^^^^^^^^ expected one of 8 possible tokens
[INFO] [stdout]   |                             |
[INFO] [stdout]   |                             help: missing `,`
[INFO] [stdout] 
[INFO] [stdout] error: expected one of `!`, `)`, `,`, `.`, `::`, `?`, `{`, or an operator, found `from`
[INFO] [stdout]  --> src/vec_u8_hash_map/google.maps.routeoptimization.v1.rs:2029:39
[INFO] [stdout]   |
[INFO] [stdout] 4 | - (duration(pickup) + travel duration from the pickup location
[INFO] [stdout]   |                                      -^^^^ expected one of 8 possible tokens
[INFO] [stdout]   |                                      |
[INFO] [stdout]   |                                      help: missing `,`
[INFO] [stdout] 
[INFO] [stdout] error: expected one of `!`, `)`, `,`, `.`, `::`, `?`, `{`, or an operator, found `the`
[INFO] [stdout]  --> src/vec_u8_hash_map/google.maps.routeoptimization.v1.rs:2029:44
[INFO] [stdout]   |
[INFO] [stdout] 4 | - (duration(pickup) + travel duration from the pickup location
[INFO] [stdout]   |                                           -^^^ expected one of 8 possible tokens
[INFO] [stdout]   |                                           |
[INFO] [stdout]   |                                           help: missing `,`
[INFO] [stdout] 
[INFO] [stdout] error: expected one of `!`, `)`, `,`, `.`, `::`, `?`, `{`, or an operator, found `pickup`
[INFO] [stdout]  --> src/vec_u8_hash_map/google.maps.routeoptimization.v1.rs:2029:48
[INFO] [stdout]   |
[INFO] [stdout] 4 | - (duration(pickup) + travel duration from the pickup location
[INFO] [stdout]   |                                               -^^^^^^ expected one of 8 possible tokens
[INFO] [stdout]   |                                               |
[INFO] [stdout]   |                                               help: missing `,`
[INFO] [stdout] 
[INFO] [stdout] error: expected one of `!`, `)`, `,`, `.`, `::`, `?`, `{`, or an operator, found `location`
[INFO] [stdout]  --> src/vec_u8_hash_map/google.maps.routeoptimization.v1.rs:2029:55
[INFO] [stdout]   |
[INFO] [stdout] 4 | - (duration(pickup) + travel duration from the pickup location
[INFO] [stdout]   |                                                      -^^^^^^^^ expected one of 8 possible tokens
[INFO] [stdout]   |                                                      |
[INFO] [stdout]   |                                                      help: missing `,`
[INFO] [stdout] 
[INFO] [stdout] error: expected one of `!`, `)`, `,`, `.`, `::`, `?`, `{`, or an operator, found `to`
[INFO] [stdout]  --> src/vec_u8_hash_map/google.maps.routeoptimization.v1.rs:2030:1
[INFO] [stdout]   |
[INFO] [stdout] 4 | - (duration(pickup) + travel duration from the pickup location
[INFO] [stdout]   |                                                               -
[INFO] [stdout]   |                                                               |
[INFO] [stdout]   |                                                               expected one of 8 possible tokens
[INFO] [stdout]   |                                                               help: missing `,`
[INFO] [stdout] 5 | to the delivery location).
[INFO] [stdout]   | ^^ unexpected token
[INFO] [stdout] 
[INFO] [stdout] error: expected one of `!`, `)`, `,`, `.`, `::`, `?`, `{`, or an operator, found `the`
[INFO] [stdout]  --> src/vec_u8_hash_map/google.maps.routeoptimization.v1.rs:2030:4
[INFO] [stdout]   |
[INFO] [stdout] 5 | to the delivery location).
[INFO] [stdout]   |   -^^^ expected one of 8 possible tokens
[INFO] [stdout]   |   |
[INFO] [stdout]   |   help: missing `,`
[INFO] [stdout] 
[INFO] [stdout] error: expected one of `!`, `)`, `,`, `.`, `::`, `?`, `{`, or an operator, found `delivery`
[INFO] [stdout]  --> src/vec_u8_hash_map/google.maps.routeoptimization.v1.rs:2030:8
[INFO] [stdout]   |
[INFO] [stdout] 5 | to the delivery location).
[INFO] [stdout]   |       -^^^^^^^^ expected one of 8 possible tokens
[INFO] [stdout]   |       |
[INFO] [stdout]   |       help: missing `,`
[INFO] [stdout] 
[INFO] [stdout] error: expected one of `!`, `)`, `,`, `.`, `::`, `?`, `{`, or an operator, found `location`
[INFO] [stdout]  --> src/vec_u8_hash_map/google.maps.routeoptimization.v1.rs:2030:17
[INFO] [stdout]   |
[INFO] [stdout] 5 | to the delivery location).
[INFO] [stdout]   |                -^^^^^^^^ expected one of 8 possible tokens
[INFO] [stdout]   |                |
[INFO] [stdout]   |                help: missing `,`
[INFO] [stdout] 
[INFO] [stdout] error: unexpected token: `}`
[INFO] [stdout]  --> src/vec_u8_hash_map/google.maps.routeoptimization.v1.rs:2031:1
[INFO] [stdout]   |
[INFO] [stdout] 6 | } _doctest_main_src_vec_u8_hash_map_google_maps_routeoptimization_v1_rs_2027_0() }
[INFO] [stdout]   | ^
[INFO] [stdout] 
[INFO] [stdout] error[E0425]: cannot find value `delivery` in this scope
[INFO] [stdout]  --> src/vec_u8_hash_map/google.maps.routeoptimization.v1.rs:2028:12
[INFO] [stdout]   |
[INFO] [stdout] 3 | start_time(delivery) - start_time(pickup)
[INFO] [stdout]   |            ^^^^^^^^ not found in this scope
[INFO] [stdout] 
[INFO] [stdout] error[E0425]: cannot find value `pickup` in this scope
[INFO] [stdout]  --> src/vec_u8_hash_map/google.maps.routeoptimization.v1.rs:2028:35
[INFO] [stdout]   |
[INFO] [stdout] 3 | start_time(delivery) - start_time(pickup)
[INFO] [stdout]   |                                   ^^^^^^ not found in this scope
[INFO] [stdout] 
[INFO] [stdout] error[E0425]: cannot find value `pickup` in this scope
[INFO] [stdout]  --> src/vec_u8_hash_map/google.maps.routeoptimization.v1.rs:2029:13
[INFO] [stdout]   |
[INFO] [stdout] 4 | - (duration(pickup) + travel duration from the pickup location
[INFO] [stdout]   |             ^^^^^^ not found in this scope
[INFO] [stdout] 
[INFO] [stdout] error[E0425]: cannot find value `travel` in this scope
[INFO] [stdout]  --> src/vec_u8_hash_map/google.maps.routeoptimization.v1.rs:2029:23
[INFO] [stdout]   |
[INFO] [stdout] 4 | - (duration(pickup) + travel duration from the pickup location
[INFO] [stdout]   |                       ^^^^^^ not found in this scope
[INFO] [stdout] 
[INFO] [stdout] error[E0425]: cannot find value `duration` in this scope
[INFO] [stdout]  --> src/vec_u8_hash_map/google.maps.routeoptimization.v1.rs:2029:30
[INFO] [stdout]   |
[INFO] [stdout] 4 | - (duration(pickup) + travel duration from the pickup location
[INFO] [stdout]   |                              ^^^^^^^^ not found in this scope
[INFO] [stdout] 
[INFO] [stdout] error[E0425]: cannot find value `from` in this scope
[INFO] [stdout]  --> src/vec_u8_hash_map/google.maps.routeoptimization.v1.rs:2029:39
[INFO] [stdout]   |
[INFO] [stdout] 4 | - (duration(pickup) + travel duration from the pickup location
[INFO] [stdout]   |                                       ^^^^ not found in this scope
[INFO] [stdout] 
[INFO] [stdout] error[E0425]: cannot find value `the` in this scope
[INFO] [stdout]  --> src/vec_u8_hash_map/google.maps.routeoptimization.v1.rs:2029:44
[INFO] [stdout]   |
[INFO] [stdout] 4 | - (duration(pickup) + travel duration from the pickup location
[INFO] [stdout]   |                                            ^^^ not found in this scope
[INFO] [stdout] 
[INFO] [stdout] error[E0425]: cannot find value `pickup` in this scope
[INFO] [stdout]  --> src/vec_u8_hash_map/google.maps.routeoptimization.v1.rs:2029:48
[INFO] [stdout]   |
[INFO] [stdout] 4 | - (duration(pickup) + travel duration from the pickup location
[INFO] [stdout]   |                                                ^^^^^^ not found in this scope
[INFO] [stdout] 
[INFO] [stdout] error[E0425]: cannot find value `location` in this scope
[INFO] [stdout]  --> src/vec_u8_hash_map/google.maps.routeoptimization.v1.rs:2029:55
[INFO] [stdout]   |
[INFO] [stdout] 4 | - (duration(pickup) + travel duration from the pickup location
[INFO] [stdout]   |                                                       ^^^^^^^^ not found in this scope
[INFO] [stdout] 
[INFO] [stdout] error[E0425]: cannot find value `to` in this scope
[INFO] [stdout]  --> src/vec_u8_hash_map/google.maps.routeoptimization.v1.rs:2030:1
[INFO] [stdout]   |
[INFO] [stdout] 5 | to the delivery location).
[INFO] [stdout]   | ^^ not found in this scope
[INFO] [stdout] 
[INFO] [stdout] error[E0425]: cannot find value `the` in this scope
[INFO] [stdout]  --> src/vec_u8_hash_map/google.maps.routeoptimization.v1.rs:2030:4
[INFO] [stdout]   |
[INFO] [stdout] 5 | to the delivery location).
[INFO] [stdout]   |    ^^^ not found in this scope
[INFO] [stdout] 
[INFO] [stdout] error[E0425]: cannot find value `delivery` in this scope
[INFO] [stdout]  --> src/vec_u8_hash_map/google.maps.routeoptimization.v1.rs:2030:8
[INFO] [stdout]   |
[INFO] [stdout] 5 | to the delivery location).
[INFO] [stdout]   |        ^^^^^^^^ not found in this scope
[INFO] [stdout] 
[INFO] [stdout] error[E0425]: cannot find value `location` in this scope
[INFO] [stdout]  --> src/vec_u8_hash_map/google.maps.routeoptimization.v1.rs:2030:17
[INFO] [stdout]   |
[INFO] [stdout] 5 | to the delivery location).
[INFO] [stdout]   |                 ^^^^^^^^ not found in this scope
[INFO] [stdout] 
[INFO] [stdout] error[E0425]: cannot find function `start_time` in this scope
[INFO] [stdout]  --> src/vec_u8_hash_map/google.maps.routeoptimization.v1.rs:2028:1
[INFO] [stdout]   |
[INFO] [stdout] 3 | start_time(delivery) - start_time(pickup)
[INFO] [stdout]   | ^^^^^^^^^^ not found in this scope
[INFO] [stdout] 
[INFO] [stdout] error[E0425]: cannot find function `start_time` in this scope
[INFO] [stdout]  --> src/vec_u8_hash_map/google.maps.routeoptimization.v1.rs:2028:24
[INFO] [stdout]   |
[INFO] [stdout] 3 | start_time(delivery) - start_time(pickup)
[INFO] [stdout]   |                        ^^^^^^^^^^ not found in this scope
[INFO] [stdout] 
[INFO] [stdout] error[E0425]: cannot find function `duration` in this scope
[INFO] [stdout]  --> src/vec_u8_hash_map/google.maps.routeoptimization.v1.rs:2029:4
[INFO] [stdout]   |
[INFO] [stdout] 4 | - (duration(pickup) + travel duration from the pickup location
[INFO] [stdout]   |    ^^^^^^^^ not found in this scope
[INFO] [stdout] 
[INFO] [stdout] error: aborting due to 26 previous errors
[INFO] [stdout] 
[INFO] [stdout] For more information about this error, try `rustc --explain E0425`.
[INFO] [stdout] Couldn't compile the test.
[INFO] [stdout] ---- src/vec_u8_hash_map/google.maps.routeoptimization.v1.rs - vec_u8_hash_map::google::maps::routeoptimization::v1::Shipment::pickup_to_delivery_relative_detour_limit (line 773) stdout ----
[INFO] [stdout] error[E0425]: cannot find value `delivery` in this scope
[INFO] [stdout]  --> src/vec_u8_hash_map/google.maps.routeoptimization.v1.rs:774:12
[INFO] [stdout]   |
[INFO] [stdout] 3 | start_time(delivery) - start_time(pickup) <=
[INFO] [stdout]   |            ^^^^^^^^ not found in this scope
[INFO] [stdout] 
[INFO] [stdout] error[E0425]: cannot find value `pickup` in this scope
[INFO] [stdout]  --> src/vec_u8_hash_map/google.maps.routeoptimization.v1.rs:774:35
[INFO] [stdout]   |
[INFO] [stdout] 3 | start_time(delivery) - start_time(pickup) <=
[INFO] [stdout]   |                                   ^^^^^^ not found in this scope
[INFO] [stdout] 
[INFO] [stdout] error[E0425]: cannot find function `ceil` in crate `std`
[INFO] [stdout]  --> src/vec_u8_hash_map/google.maps.routeoptimization.v1.rs:775:6
[INFO] [stdout]   |
[INFO] [stdout] 4 | std::ceil(t * (1.0 + pickup_to_delivery_relative_detour_limit))
[INFO] [stdout]   |      ^^^^ not found in `std`
[INFO] [stdout] 
[INFO] [stdout] error[E0425]: cannot find value `t` in this scope
[INFO] [stdout]  --> src/vec_u8_hash_map/google.maps.routeoptimization.v1.rs:775:11
[INFO] [stdout]   |
[INFO] [stdout] 4 | std::ceil(t * (1.0 + pickup_to_delivery_relative_detour_limit))
[INFO] [stdout]   |           ^ not found in this scope
[INFO] [stdout] 
[INFO] [stdout] error[E0425]: cannot find value `pickup_to_delivery_relative_detour_limit` in this scope
[INFO] [stdout]  --> src/vec_u8_hash_map/google.maps.routeoptimization.v1.rs:775:22
[INFO] [stdout]   |
[INFO] [stdout] 4 | std::ceil(t * (1.0 + pickup_to_delivery_relative_detour_limit))
[INFO] [stdout]   |                      ^^^^^^^^^^^^^^^^^^^^^^^^^^^^^^^^^^^^^^^^ not found in this scope
[INFO] [stdout] 
[INFO] [stdout] error[E0425]: cannot find function `start_time` in this scope
[INFO] [stdout]  --> src/vec_u8_hash_map/google.maps.routeoptimization.v1.rs:774:1
[INFO] [stdout]   |
[INFO] [stdout] 3 | start_time(delivery) - start_time(pickup) <=
[INFO] [stdout]   | ^^^^^^^^^^ not found in this scope
[INFO] [stdout] 
[INFO] [stdout] error[E0425]: cannot find function `start_time` in this scope
[INFO] [stdout]  --> src/vec_u8_hash_map/google.maps.routeoptimization.v1.rs:774:24
[INFO] [stdout]   |
[INFO] [stdout] 3 | start_time(delivery) - start_time(pickup) <=
[INFO] [stdout]   |                        ^^^^^^^^^^ not found in this scope
[INFO] [stdout] 
[INFO] [stdout] error[E0308]: mismatched types
[INFO] [stdout]  --> src/vec_u8_hash_map/google.maps.routeoptimization.v1.rs:774:1
[INFO] [stdout]   |
[INFO] [stdout] 2 |   fn main() { #[allow(non_snake_case)] fn _doctest_main_src_vec_u8_hash_map_google_maps_routeoptimization_v1_rs_773_0() {
[INFO] [stdout]   |                                                                                                                        - help: try adding a return type: `-> bool`
[INFO] [stdout] 3 | / start_time(delivery) - start_time(pickup) <=
[INFO] [stdout] 4 | | std::ceil(t * (1.0 + pickup_to_delivery_relative_detour_limit))
[INFO] [stdout]   | |_______________________________________________________________^ expected `()`, found `bool`
[INFO] [stdout] 
[INFO] [stdout] error: aborting due to 8 previous errors
[INFO] [stdout] 
[INFO] [stdout] Some errors have detailed explanations: E0308, E0425.
[INFO] [stdout] For more information about an error, try `rustc --explain E0308`.
[INFO] [stdout] Couldn't compile the test.
[INFO] [stdout] ---- src/vec_u8_hash_map/google.maps.routeoptimization.v1.rs - vec_u8_hash_map::google::maps::routeoptimization::v1::Shipment::pickup_to_delivery_absolute_detour_limit (line 792) stdout ----
[INFO] [stdout] error[E0425]: cannot find value `delivery` in this scope
[INFO] [stdout]  --> src/vec_u8_hash_map/google.maps.routeoptimization.v1.rs:793:12
[INFO] [stdout]   |
[INFO] [stdout] 3 | start_time(delivery) - start_time(pickup) <=
[INFO] [stdout]   |            ^^^^^^^^ not found in this scope
[INFO] [stdout] 
[INFO] [stdout] error[E0425]: cannot find value `pickup` in this scope
[INFO] [stdout]  --> src/vec_u8_hash_map/google.maps.routeoptimization.v1.rs:793:35
[INFO] [stdout]   |
[INFO] [stdout] 3 | start_time(delivery) - start_time(pickup) <=
[INFO] [stdout]   |                                   ^^^^^^ not found in this scope
[INFO] [stdout] 
[INFO] [stdout] error[E0425]: cannot find value `t` in this scope
[INFO] [stdout]  --> src/vec_u8_hash_map/google.maps.routeoptimization.v1.rs:794:1
[INFO] [stdout]   |
[INFO] [stdout] 4 | t + pickup_to_delivery_absolute_detour_limit
[INFO] [stdout]   | ^ not found in this scope
[INFO] [stdout] 
[INFO] [stdout] error[E0425]: cannot find value `pickup_to_delivery_absolute_detour_limit` in this scope
[INFO] [stdout]  --> src/vec_u8_hash_map/google.maps.routeoptimization.v1.rs:794:5
[INFO] [stdout]   |
[INFO] [stdout] 4 | t + pickup_to_delivery_absolute_detour_limit
[INFO] [stdout]   |     ^^^^^^^^^^^^^^^^^^^^^^^^^^^^^^^^^^^^^^^^ not found in this scope
[INFO] [stdout] 
[INFO] [stdout] error[E0425]: cannot find function `start_time` in this scope
[INFO] [stdout]  --> src/vec_u8_hash_map/google.maps.routeoptimization.v1.rs:793:1
[INFO] [stdout]   |
[INFO] [stdout] 3 | start_time(delivery) - start_time(pickup) <=
[INFO] [stdout]   | ^^^^^^^^^^ not found in this scope
[INFO] [stdout] 
[INFO] [stdout] error[E0425]: cannot find function `start_time` in this scope
[INFO] [stdout]  --> src/vec_u8_hash_map/google.maps.routeoptimization.v1.rs:793:24
[INFO] [stdout]   |
[INFO] [stdout] 3 | start_time(delivery) - start_time(pickup) <=
[INFO] [stdout]   |                        ^^^^^^^^^^ not found in this scope
[INFO] [stdout] 
[INFO] [stdout] error[E0308]: mismatched types
[INFO] [stdout]  --> src/vec_u8_hash_map/google.maps.routeoptimization.v1.rs:793:1
[INFO] [stdout]   |
[INFO] [stdout] 2 |   fn main() { #[allow(non_snake_case)] fn _doctest_main_src_vec_u8_hash_map_google_maps_routeoptimization_v1_rs_792_0() {
[INFO] [stdout]   |                                                                                                                        - help: try adding a return type: `-> bool`
[INFO] [stdout] 3 | / start_time(delivery) - start_time(pickup) <=
[INFO] [stdout] 4 | | t + pickup_to_delivery_absolute_detour_limit
[INFO] [stdout]   | |____________________________________________^ expected `()`, found `bool`
[INFO] [stdout] 
[INFO] [stdout] error: aborting due to 7 previous errors
[INFO] [stdout] 
[INFO] [stdout] Some errors have detailed explanations: E0308, E0425.
[INFO] [stdout] For more information about an error, try `rustc --explain E0308`.
[INFO] [stdout] Couldn't compile the test.
[INFO] [stdout] ---- src/vec_u8_hash_map/google.maps.routeoptimization.v1.rs - vec_u8_hash_map::google::maps::routeoptimization::v1::ShipmentRoute::has_traffic_infeasibilities (line 1944) stdout ----
[INFO] [stdout] error[E0425]: cannot find value `previous_visit` in this scope
[INFO] [stdout]  --> src/vec_u8_hash_map/google.maps.routeoptimization.v1.rs:1945:12
[INFO] [stdout]   |
[INFO] [stdout] 3 | start_time(previous_visit) + duration(previous_visit) +
[INFO] [stdout]   |            ^^^^^^^^^^^^^^ not found in this scope
[INFO] [stdout] 
[INFO] [stdout] error[E0425]: cannot find value `previous_visit` in this scope
[INFO] [stdout]  --> src/vec_u8_hash_map/google.maps.routeoptimization.v1.rs:1945:39
[INFO] [stdout]   |
[INFO] [stdout] 3 | start_time(previous_visit) + duration(previous_visit) +
[INFO] [stdout]   |                                       ^^^^^^^^^^^^^^ not found in this scope
[INFO] [stdout] 
[INFO] [stdout] error[E0425]: cannot find value `previous_visit` in this scope
[INFO] [stdout]  --> src/vec_u8_hash_map/google.maps.routeoptimization.v1.rs:1946:20
[INFO] [stdout]   |
[INFO] [stdout] 4 |    travel_duration(previous_visit, next_visit) > start_time(next_visit)
[INFO] [stdout]   |                    ^^^^^^^^^^^^^^ not found in this scope
[INFO] [stdout] 
[INFO] [stdout] error[E0425]: cannot find value `next_visit` in this scope
[INFO] [stdout]  --> src/vec_u8_hash_map/google.maps.routeoptimization.v1.rs:1946:36
[INFO] [stdout]   |
[INFO] [stdout] 4 |    travel_duration(previous_visit, next_visit) > start_time(next_visit)
[INFO] [stdout]   |                                    ^^^^^^^^^^ not found in this scope
[INFO] [stdout] 
[INFO] [stdout] error[E0425]: cannot find value `next_visit` in this scope
[INFO] [stdout]  --> src/vec_u8_hash_map/google.maps.routeoptimization.v1.rs:1946:61
[INFO] [stdout]   |
[INFO] [stdout] 4 |    travel_duration(previous_visit, next_visit) > start_time(next_visit)
[INFO] [stdout]   |                                                             ^^^^^^^^^^ not found in this scope
[INFO] [stdout] 
[INFO] [stdout] error[E0425]: cannot find function `start_time` in this scope
[INFO] [stdout]  --> src/vec_u8_hash_map/google.maps.routeoptimization.v1.rs:1945:1
[INFO] [stdout]   |
[INFO] [stdout] 3 | start_time(previous_visit) + duration(previous_visit) +
[INFO] [stdout]   | ^^^^^^^^^^ not found in this scope
[INFO] [stdout] 
[INFO] [stdout] error[E0425]: cannot find function `duration` in this scope
[INFO] [stdout]  --> src/vec_u8_hash_map/google.maps.routeoptimization.v1.rs:1945:30
[INFO] [stdout]   |
[INFO] [stdout] 3 | start_time(previous_visit) + duration(previous_visit) +
[INFO] [stdout]   |                              ^^^^^^^^ not found in this scope
[INFO] [stdout] 
[INFO] [stdout] error[E0425]: cannot find function `travel_duration` in this scope
[INFO] [stdout]  --> src/vec_u8_hash_map/google.maps.routeoptimization.v1.rs:1946:4
[INFO] [stdout]   |
[INFO] [stdout] 4 |    travel_duration(previous_visit, next_visit) > start_time(next_visit)
[INFO] [stdout]   |    ^^^^^^^^^^^^^^^ not found in this scope
[INFO] [stdout] 
[INFO] [stdout] error[E0425]: cannot find function `start_time` in this scope
[INFO] [stdout]  --> src/vec_u8_hash_map/google.maps.routeoptimization.v1.rs:1946:50
[INFO] [stdout]   |
[INFO] [stdout] 4 |    travel_duration(previous_visit, next_visit) > start_time(next_visit)
[INFO] [stdout]   |                                                  ^^^^^^^^^^ not found in this scope
[INFO] [stdout] 
[INFO] [stdout] error[E0308]: mismatched types
[INFO] [stdout]  --> src/vec_u8_hash_map/google.maps.routeoptimization.v1.rs:1945:1
[INFO] [stdout]   |
[INFO] [stdout] 2 |   fn main() { #[allow(non_snake_case)] fn _doctest_main_src_vec_u8_hash_map_google_maps_routeoptimization_v1_rs_1944_0() {
[INFO] [stdout]   |                                                                                                                         - help: try adding a return type: `-> bool`
[INFO] [stdout] 3 | / start_time(previous_visit) + duration(previous_visit) +
[INFO] [stdout] 4 | |    travel_duration(previous_visit, next_visit) > start_time(next_visit)
[INFO] [stdout]   | |_______________________________________________________________________^ expected `()`, found `bool`
[INFO] [stdout] 
[INFO] [stdout] error: aborting due to 10 previous errors
[INFO] [stdout] 
[INFO] [stdout] Some errors have detailed explanations: E0308, E0425.
[INFO] [stdout] For more information about an error, try `rustc --explain E0308`.
[INFO] [stdout] Couldn't compile the test.
[INFO] [stdout] ---- src/vec_u8_hash_map/google.maps.routeoptimization.v1.rs - vec_u8_hash_map::google::maps::routeoptimization::v1::TimeWindow (line 1558) stdout ----
[INFO] [stdout] error: unknown start of token: `
[INFO] [stdout]  --> src/vec_u8_hash_map/google.maps.routeoptimization.v1.rs:1559:6
[INFO] [stdout]   |
[INFO] [stdout] 3 | 0 <= `start_time` <= `end_time` and
[INFO] [stdout]   |      ^
[INFO] [stdout]   |
[INFO] [stdout] help: Unicode character '`' (Grave Accent) looks like ''' (Single Quote), but it is not
[INFO] [stdout]   |
[INFO] [stdout] 3 | 0 <= 'start_time` <= `end_time` and
[INFO] [stdout]   |      ~
[INFO] [stdout] 
[INFO] [stdout] error: unknown start of token: `
[INFO] [stdout]  --> src/vec_u8_hash_map/google.maps.routeoptimization.v1.rs:1559:17
[INFO] [stdout]   |
[INFO] [stdout] 3 | 0 <= `start_time` <= `end_time` and
[INFO] [stdout]   |                 ^
[INFO] [stdout]   |
[INFO] [stdout] help: Unicode character '`' (Grave Accent) looks like ''' (Single Quote), but it is not
[INFO] [stdout]   |
[INFO] [stdout] 3 | 0 <= `start_time' <= `end_time` and
[INFO] [stdout]   |                 ~
[INFO] [stdout] 
[INFO] [stdout] error: unknown start of token: `
[INFO] [stdout]  --> src/vec_u8_hash_map/google.maps.routeoptimization.v1.rs:1559:22
[INFO] [stdout]   |
[INFO] [stdout] 3 | 0 <= `start_time` <= `end_time` and
[INFO] [stdout]   |                      ^
[INFO] [stdout]   |
[INFO] [stdout] help: Unicode character '`' (Grave Accent) looks like ''' (Single Quote), but it is not
[INFO] [stdout]   |
[INFO] [stdout] 3 | 0 <= `start_time` <= 'end_time` and
[INFO] [stdout]   |                      ~
[INFO] [stdout] 
[INFO] [stdout] error: unknown start of token: `
[INFO] [stdout]  --> src/vec_u8_hash_map/google.maps.routeoptimization.v1.rs:1559:31
[INFO] [stdout]   |
[INFO] [stdout] 3 | 0 <= `start_time` <= `end_time` and
[INFO] [stdout]   |                               ^
[INFO] [stdout]   |
[INFO] [stdout] help: Unicode character '`' (Grave Accent) looks like ''' (Single Quote), but it is not
[INFO] [stdout]   |
[INFO] [stdout] 3 | 0 <= `start_time` <= `end_time' and
[INFO] [stdout]   |                               ~
[INFO] [stdout] 
[INFO] [stdout] error: unknown start of token: `
[INFO] [stdout]  --> src/vec_u8_hash_map/google.maps.routeoptimization.v1.rs:1560:9
[INFO] [stdout]   |
[INFO] [stdout] 4 |    0 <= `start_time` <= `soft_start_time` and
[INFO] [stdout]   |         ^
[INFO] [stdout]   |
[INFO] [stdout] help: Unicode character '`' (Grave Accent) looks like ''' (Single Quote), but it is not
[INFO] [stdout]   |
[INFO] [stdout] 4 |    0 <= 'start_time` <= `soft_start_time` and
[INFO] [stdout]   |         ~
[INFO] [stdout] 
[INFO] [stdout] error: unknown start of token: `
[INFO] [stdout]  --> src/vec_u8_hash_map/google.maps.routeoptimization.v1.rs:1560:20
[INFO] [stdout]   |
[INFO] [stdout] 4 |    0 <= `start_time` <= `soft_start_time` and
[INFO] [stdout]   |                    ^
[INFO] [stdout]   |
[INFO] [stdout] help: Unicode character '`' (Grave Accent) looks like ''' (Single Quote), but it is not
[INFO] [stdout]   |
[INFO] [stdout] 4 |    0 <= `start_time' <= `soft_start_time` and
[INFO] [stdout]   |                    ~
[INFO] [stdout] 
[INFO] [stdout] error: unknown start of token: `
[INFO] [stdout]  --> src/vec_u8_hash_map/google.maps.routeoptimization.v1.rs:1560:25
[INFO] [stdout]   |
[INFO] [stdout] 4 |    0 <= `start_time` <= `soft_start_time` and
[INFO] [stdout]   |                         ^
[INFO] [stdout]   |
[INFO] [stdout] help: Unicode character '`' (Grave Accent) looks like ''' (Single Quote), but it is not
[INFO] [stdout]   |
[INFO] [stdout] 4 |    0 <= `start_time` <= 'soft_start_time` and
[INFO] [stdout]   |                         ~
[INFO] [stdout] 
[INFO] [stdout] error: unknown start of token: `
[INFO] [stdout]  --> src/vec_u8_hash_map/google.maps.routeoptimization.v1.rs:1560:41
[INFO] [stdout]   |
[INFO] [stdout] 4 |    0 <= `start_time` <= `soft_start_time` and
[INFO] [stdout]   |                                         ^
[INFO] [stdout]   |
[INFO] [stdout] help: Unicode character '`' (Grave Accent) looks like ''' (Single Quote), but it is not
[INFO] [stdout]   |
[INFO] [stdout] 4 |    0 <= `start_time` <= `soft_start_time' and
[INFO] [stdout]   |                                         ~
[INFO] [stdout] 
[INFO] [stdout] error: unknown start of token: `
[INFO] [stdout]  --> src/vec_u8_hash_map/google.maps.routeoptimization.v1.rs:1561:9
[INFO] [stdout]   |
[INFO] [stdout] 5 |    0 <= `soft_end_time` <= `end_time`.
[INFO] [stdout]   |         ^
[INFO] [stdout]   |
[INFO] [stdout] help: Unicode character '`' (Grave Accent) looks like ''' (Single Quote), but it is not
[INFO] [stdout]   |
[INFO] [stdout] 5 |    0 <= 'soft_end_time` <= `end_time`.
[INFO] [stdout]   |         ~
[INFO] [stdout] 
[INFO] [stdout] error: unknown start of token: `
[INFO] [stdout]  --> src/vec_u8_hash_map/google.maps.routeoptimization.v1.rs:1561:23
[INFO] [stdout]   |
[INFO] [stdout] 5 |    0 <= `soft_end_time` <= `end_time`.
[INFO] [stdout]   |                       ^
[INFO] [stdout]   |
[INFO] [stdout] help: Unicode character '`' (Grave Accent) looks like ''' (Single Quote), but it is not
[INFO] [stdout]   |
[INFO] [stdout] 5 |    0 <= `soft_end_time' <= `end_time`.
[INFO] [stdout]   |                       ~
[INFO] [stdout] 
[INFO] [stdout] error: unknown start of token: `
[INFO] [stdout]  --> src/vec_u8_hash_map/google.maps.routeoptimization.v1.rs:1561:28
[INFO] [stdout]   |
[INFO] [stdout] 5 |    0 <= `soft_end_time` <= `end_time`.
[INFO] [stdout]   |                            ^
[INFO] [stdout]   |
[INFO] [stdout] help: Unicode character '`' (Grave Accent) looks like ''' (Single Quote), but it is not
[INFO] [stdout]   |
[INFO] [stdout] 5 |    0 <= `soft_end_time` <= 'end_time`.
[INFO] [stdout]   |                            ~
[INFO] [stdout] 
[INFO] [stdout] error: unknown start of token: `
[INFO] [stdout]  --> src/vec_u8_hash_map/google.maps.routeoptimization.v1.rs:1561:37
[INFO] [stdout]   |
[INFO] [stdout] 5 |    0 <= `soft_end_time` <= `end_time`.
[INFO] [stdout]   |                                     ^
[INFO] [stdout]   |
[INFO] [stdout] help: Unicode character '`' (Grave Accent) looks like ''' (Single Quote), but it is not
[INFO] [stdout]   |
[INFO] [stdout] 5 |    0 <= `soft_end_time` <= `end_time'.
[INFO] [stdout]   |                                     ~
[INFO] [stdout] 
[INFO] [stdout] error: comparison operators cannot be chained
[INFO] [stdout]  --> src/vec_u8_hash_map/google.maps.routeoptimization.v1.rs:1559:3
[INFO] [stdout]   |
[INFO] [stdout] 3 | 0 <= `start_time` <= `end_time` and
[INFO] [stdout]   |   ^^              ^^
[INFO] [stdout]   |
[INFO] [stdout] help: split the comparison into two
[INFO] [stdout]   |
[INFO] [stdout] 3 | 0 <= `start_time && start_time` <= `end_time` and
[INFO] [stdout]   |                  +++++++++++++
[INFO] [stdout] 
[INFO] [stdout] error: `and` is not a logical operator
[INFO] [stdout]  --> src/vec_u8_hash_map/google.maps.routeoptimization.v1.rs:1559:33
[INFO] [stdout]   |
[INFO] [stdout] 3 | 0 <= `start_time` <= `end_time` and
[INFO] [stdout]   |                                 ^^^
[INFO] [stdout]   |
[INFO] [stdout]   = note: unlike in e.g., Python and PHP, `&&` and `||` are used for logical operators
[INFO] [stdout] help: use `&&` to perform logical conjunction
[INFO] [stdout]   |
[INFO] [stdout] 3 | 0 <= `start_time` <= `end_time` &&
[INFO] [stdout]   |                                 ~~
[INFO] [stdout] 
[INFO] [stdout] error: comparison operators cannot be chained
[INFO] [stdout]  --> src/vec_u8_hash_map/google.maps.routeoptimization.v1.rs:1560:6
[INFO] [stdout]   |
[INFO] [stdout] 4 |    0 <= `start_time` <= `soft_start_time` and
[INFO] [stdout]   |      ^^              ^^
[INFO] [stdout]   |
[INFO] [stdout] help: split the comparison into two
[INFO] [stdout]   |
[INFO] [stdout] 4 |    0 <= `start_time && start_time` <= `soft_start_time` and
[INFO] [stdout]   |                     +++++++++++++
[INFO] [stdout] 
[INFO] [stdout] error: `and` is not a logical operator
[INFO] [stdout]  --> src/vec_u8_hash_map/google.maps.routeoptimization.v1.rs:1560:43
[INFO] [stdout]   |
[INFO] [stdout] 4 |    0 <= `start_time` <= `soft_start_time` and
[INFO] [stdout]   |                                           ^^^
[INFO] [stdout]   |
[INFO] [stdout]   = note: unlike in e.g., Python and PHP, `&&` and `||` are used for logical operators
[INFO] [stdout] help: use `&&` to perform logical conjunction
[INFO] [stdout]   |
[INFO] [stdout] 4 |    0 <= `start_time` <= `soft_start_time` &&
[INFO] [stdout]   |                                           ~~
[INFO] [stdout] 
[INFO] [stdout] error: comparison operators cannot be chained
[INFO] [stdout]  --> src/vec_u8_hash_map/google.maps.routeoptimization.v1.rs:1561:6
[INFO] [stdout]   |
[INFO] [stdout] 5 |    0 <= `soft_end_time` <= `end_time`.
[INFO] [stdout]   |      ^^                 ^^
[INFO] [stdout]   |
[INFO] [stdout] help: split the comparison into two
[INFO] [stdout]   |
[INFO] [stdout] 5 |    0 <= `soft_end_time && soft_end_time` <= `end_time`.
[INFO] [stdout]   |                        ++++++++++++++++
[INFO] [stdout] 
[INFO] [stdout] error: unexpected token: `}`
[INFO] [stdout]  --> src/vec_u8_hash_map/google.maps.routeoptimization.v1.rs:1562:1
[INFO] [stdout]   |
[INFO] [stdout] 6 | } _doctest_main_src_vec_u8_hash_map_google_maps_routeoptimization_v1_rs_1558_0() }
[INFO] [stdout]   | ^
[INFO] [stdout] 
[INFO] [stdout] error[E0425]: cannot find value `start_time` in this scope
[INFO] [stdout]  --> src/vec_u8_hash_map/google.maps.routeoptimization.v1.rs:1559:7
[INFO] [stdout]   |
[INFO] [stdout] 3 | 0 <= `start_time` <= `end_time` and
[INFO] [stdout]   |       ^^^^^^^^^^ not found in this scope
[INFO] [stdout] 
[INFO] [stdout] error[E0425]: cannot find value `end_time` in this scope
[INFO] [stdout]  --> src/vec_u8_hash_map/google.maps.routeoptimization.v1.rs:1559:23
[INFO] [stdout]   |
[INFO] [stdout] 3 | 0 <= `start_time` <= `end_time` and
[INFO] [stdout]   |                       ^^^^^^^^ not found in this scope
[INFO] [stdout] 
[INFO] [stdout] error[E0425]: cannot find value `start_time` in this scope
[INFO] [stdout]  --> src/vec_u8_hash_map/google.maps.routeoptimization.v1.rs:1560:10
[INFO] [stdout]   |
[INFO] [stdout] 4 |    0 <= `start_time` <= `soft_start_time` and
[INFO] [stdout]   |          ^^^^^^^^^^ not found in this scope
[INFO] [stdout] 
[INFO] [stdout] error[E0425]: cannot find value `soft_start_time` in this scope
[INFO] [stdout]  --> src/vec_u8_hash_map/google.maps.routeoptimization.v1.rs:1560:26
[INFO] [stdout]   |
[INFO] [stdout] 4 |    0 <= `start_time` <= `soft_start_time` and
[INFO] [stdout]   |                          ^^^^^^^^^^^^^^^ not found in this scope
[INFO] [stdout] 
[INFO] [stdout] error[E0425]: cannot find value `soft_end_time` in this scope
[INFO] [stdout]  --> src/vec_u8_hash_map/google.maps.routeoptimization.v1.rs:1561:10
[INFO] [stdout]   |
[INFO] [stdout] 5 |    0 <= `soft_end_time` <= `end_time`.
[INFO] [stdout]   |          ^^^^^^^^^^^^^ not found in this scope
[INFO] [stdout] 
[INFO] [stdout] error[E0425]: cannot find value `end_time` in this scope
[INFO] [stdout]  --> src/vec_u8_hash_map/google.maps.routeoptimization.v1.rs:1561:29
[INFO] [stdout]   |
[INFO] [stdout] 5 |    0 <= `soft_end_time` <= `end_time`.
[INFO] [stdout]   |                             ^^^^^^^^ not found in this scope
[INFO] [stdout] 
[INFO] [stdout] error[E0308]: mismatched types
[INFO] [stdout]  --> src/vec_u8_hash_map/google.maps.routeoptimization.v1.rs:1559:1
[INFO] [stdout]   |
[INFO] [stdout] 2 |   fn main() { #[allow(non_snake_case)] fn _doctest_main_src_vec_u8_hash_map_google_maps_routeoptimization_v1_rs_1558_0() {
[INFO] [stdout]   |                                                                                                                         - help: try adding a return type: `-> bool`
[INFO] [stdout] 3 | / 0 <= `start_time` <= `end_time` and
[INFO] [stdout] 4 | |    0 <= `start_time` <= `soft_start_time` and
[INFO] [stdout] 5 | |    0 <= `soft_end_time` <= `end_time`.
[INFO] [stdout]   | |____________________________________^ expected `()`, found `bool`
[INFO] [stdout] 
[INFO] [stdout] error: aborting due to 25 previous errors
[INFO] [stdout] 
[INFO] [stdout] Some errors have detailed explanations: E0308, E0425.
[INFO] [stdout] For more information about an error, try `rustc --explain E0308`.
[INFO] [stdout] Couldn't compile the test.
[INFO] [stdout] ---- src/vec_u8_hash_map/google.maps.routeoptimization.v1.rs - vec_u8_hash_map::google::maps::routeoptimization::v1::vehicle::DurationLimit::cost_per_square_hour_after_quadratic_soft_max (line 1436) stdout ----
[INFO] [stdout] error[E0425]: cannot find value `cost_per_square_hour_after_quadratic_soft_max` in this scope
[INFO] [stdout]  --> src/vec_u8_hash_map/google.maps.routeoptimization.v1.rs:1437:1
[INFO] [stdout]   |
[INFO] [stdout] 3 | cost_per_square_hour_after_quadratic_soft_max *
[INFO] [stdout]   | ^^^^^^^^^^^^^^^^^^^^^^^^^^^^^^^^^^^^^^^^^^^^^ not found in this scope
[INFO] [stdout] 
[INFO] [stdout] error[E0425]: cannot find value `duration` in this scope
[INFO] [stdout]  --> src/vec_u8_hash_map/google.maps.routeoptimization.v1.rs:1438:5
[INFO] [stdout]   |
[INFO] [stdout] 4 |    (duration - quadratic_soft_max_duration)^2
[INFO] [stdout]   |     ^^^^^^^^ not found in this scope
[INFO] [stdout] 
[INFO] [stdout] error[E0425]: cannot find value `quadratic_soft_max_duration` in this scope
[INFO] [stdout]  --> src/vec_u8_hash_map/google.maps.routeoptimization.v1.rs:1438:16
[INFO] [stdout]   |
[INFO] [stdout] 4 |    (duration - quadratic_soft_max_duration)^2
[INFO] [stdout]   |                ^^^^^^^^^^^^^^^^^^^^^^^^^^^ not found in this scope
[INFO] [stdout] 
[INFO] [stdout] error: aborting due to 3 previous errors
[INFO] [stdout] 
[INFO] [stdout] For more information about this error, try `rustc --explain E0425`.
[INFO] [stdout] Couldn't compile the test.
[INFO] [stdout] 
[INFO] [stdout] failures:
[INFO] [stdout]     src/vec_u8_hash_map/google.maps.routeoptimization.v1.rs - vec_u8_hash_map::google::maps::routeoptimization::v1::AggregatedMetrics::total_duration (line 2365)
[INFO] [stdout]     src/vec_u8_hash_map/google.maps.routeoptimization.v1.rs - vec_u8_hash_map::google::maps::routeoptimization::v1::DistanceLimit::cost_per_kilometer_above_soft_max (line 1637)
[INFO] [stdout]     src/vec_u8_hash_map/google.maps.routeoptimization.v1.rs - vec_u8_hash_map::google::maps::routeoptimization::v1::DistanceLimit::cost_per_kilometer_below_soft_max (line 1627)
[INFO] [stdout]     src/vec_u8_hash_map/google.maps.routeoptimization.v1.rs - vec_u8_hash_map::google::maps::routeoptimization::v1::OptimizeToursValidationError::fields (line 2596)
[INFO] [stdout]     src/vec_u8_hash_map/google.maps.routeoptimization.v1.rs - vec_u8_hash_map::google::maps::routeoptimization::v1::Shipment::pickup_to_delivery_absolute_detour_limit (line 792)
[INFO] [stdout]     src/vec_u8_hash_map/google.maps.routeoptimization.v1.rs - vec_u8_hash_map::google::maps::routeoptimization::v1::Shipment::pickup_to_delivery_relative_detour_limit (line 773)
[INFO] [stdout]     src/vec_u8_hash_map/google.maps.routeoptimization.v1.rs - vec_u8_hash_map::google::maps::routeoptimization::v1::ShipmentModel::duration_distance_matrices (line 502)
[INFO] [stdout]     src/vec_u8_hash_map/google.maps.routeoptimization.v1.rs - vec_u8_hash_map::google::maps::routeoptimization::v1::ShipmentModel::duration_distance_matrices (line 533)
[INFO] [stdout]     src/vec_u8_hash_map/google.maps.routeoptimization.v1.rs - vec_u8_hash_map::google::maps::routeoptimization::v1::ShipmentRoute (line 1830)
[INFO] [stdout]     src/vec_u8_hash_map/google.maps.routeoptimization.v1.rs - vec_u8_hash_map::google::maps::routeoptimization::v1::ShipmentRoute (line 1857)
[INFO] [stdout]     src/vec_u8_hash_map/google.maps.routeoptimization.v1.rs - vec_u8_hash_map::google::maps::routeoptimization::v1::ShipmentRoute (line 1899)
[INFO] [stdout]     src/vec_u8_hash_map/google.maps.routeoptimization.v1.rs - vec_u8_hash_map::google::maps::routeoptimization::v1::ShipmentRoute::has_traffic_infeasibilities (line 1944)
[INFO] [stdout]     src/vec_u8_hash_map/google.maps.routeoptimization.v1.rs - vec_u8_hash_map::google::maps::routeoptimization::v1::TimeWindow (line 1558)
[INFO] [stdout]     src/vec_u8_hash_map/google.maps.routeoptimization.v1.rs - vec_u8_hash_map::google::maps::routeoptimization::v1::TimeWindow::cost_per_hour_after_soft_end_time (line 1595)
[INFO] [stdout]     src/vec_u8_hash_map/google.maps.routeoptimization.v1.rs - vec_u8_hash_map::google::maps::routeoptimization::v1::TimeWindow::cost_per_hour_before_soft_start_time (line 1582)
[INFO] [stdout]     src/vec_u8_hash_map/google.maps.routeoptimization.v1.rs - vec_u8_hash_map::google::maps::routeoptimization::v1::break_rule::FrequencyConstraint (line 1788)
[INFO] [stdout]     src/vec_u8_hash_map/google.maps.routeoptimization.v1.rs - vec_u8_hash_map::google::maps::routeoptimization::v1::break_rule::FrequencyConstraint (line 1801)
[INFO] [stdout]     src/vec_u8_hash_map/google.maps.routeoptimization.v1.rs - vec_u8_hash_map::google::maps::routeoptimization::v1::optimize_tours_validation_error::FieldReference (line 2626)
[INFO] [stdout]     src/vec_u8_hash_map/google.maps.routeoptimization.v1.rs - vec_u8_hash_map::google::maps::routeoptimization::v1::shipment_route::Visit::detour (line 2027)
[INFO] [stdout]     src/vec_u8_hash_map/google.maps.routeoptimization.v1.rs - vec_u8_hash_map::google::maps::routeoptimization::v1::shipment_route::Visit::detour (line 2034)
[INFO] [stdout]     src/vec_u8_hash_map/google.maps.routeoptimization.v1.rs - vec_u8_hash_map::google::maps::routeoptimization::v1::skipped_shipment::Reason (line 2194)
[INFO] [stdout]     src/vec_u8_hash_map/google.maps.routeoptimization.v1.rs - vec_u8_hash_map::google::maps::routeoptimization::v1::vehicle::DurationLimit::cost_per_hour_after_soft_max (line 1412)
[INFO] [stdout]     src/vec_u8_hash_map/google.maps.routeoptimization.v1.rs - vec_u8_hash_map::google::maps::routeoptimization::v1::vehicle::DurationLimit::cost_per_square_hour_after_quadratic_soft_max (line 1436)
[INFO] [stdout]     src/vec_u8_hash_map/google.maps.routeoptimization.v1.rs - vec_u8_hash_map::google::maps::routeoptimization::v1::vehicle::DurationLimit::quadratic_soft_max_duration (line 1427)
[INFO] [stdout] 
[INFO] [stdout] test result: FAILED. 0 passed; 24 failed; 0 ignored; 0 measured; 0 filtered out; finished in 0.11s
[INFO] [stdout] 
[INFO] [stderr] error: doctest failed, to rerun pass `--doc`
[INFO] running `Command { std: "docker" "inspect" "22524192fcba13c025e611cf1cdb14e23d94b57a9cf43d6d05ca47be7cc732ff", kill_on_drop: false }`
[INFO] running `Command { std: "docker" "rm" "-f" "22524192fcba13c025e611cf1cdb14e23d94b57a9cf43d6d05ca47be7cc732ff", kill_on_drop: false }`
[INFO] [stdout] 22524192fcba13c025e611cf1cdb14e23d94b57a9cf43d6d05ca47be7cc732ff
