[INFO] fetching crate googleapis-tonic-google-maps-areainsights-v1 0.10.0...
[INFO] testing googleapis-tonic-google-maps-areainsights-v1-0.10.0 against nightly-2024-10-28+rustflags=-Zrandomize-layout for randomize-layout
[INFO] extracting crate googleapis-tonic-google-maps-areainsights-v1 0.10.0 into /workspace/builds/worker-0-tc2/source
[INFO] validating manifest of crates.io crate googleapis-tonic-google-maps-areainsights-v1 0.10.0 on toolchain nightly-2024-10-28
[INFO] running `Command { std: CARGO_HOME="/workspace/cargo-home" RUSTUP_HOME="/workspace/rustup-home" "/workspace/cargo-home/bin/cargo" "+nightly-2024-10-28" "metadata" "--manifest-path" "Cargo.toml" "--no-deps", kill_on_drop: false }`
[INFO] started tweaking crates.io crate googleapis-tonic-google-maps-areainsights-v1 0.10.0
[INFO] finished tweaking crates.io crate googleapis-tonic-google-maps-areainsights-v1 0.10.0
[INFO] tweaked toml for crates.io crate googleapis-tonic-google-maps-areainsights-v1 0.10.0 written to /workspace/builds/worker-0-tc2/source/Cargo.toml
[INFO] running `Command { std: CARGO_HOME="/workspace/cargo-home" RUSTUP_HOME="/workspace/rustup-home" "/workspace/cargo-home/bin/cargo" "+nightly-2024-10-28" "generate-lockfile" "--manifest-path" "Cargo.toml", kill_on_drop: false }`
[INFO] [stderr]     Updating crates.io index
[INFO] [stderr]      Locking 56 packages to latest compatible versions
[INFO] [stderr]       Adding googleapis-tonic-google-api v0.9.0 (available: v0.10.0)
[INFO] running `Command { std: CARGO_HOME="/workspace/cargo-home" RUSTUP_HOME="/workspace/rustup-home" "/workspace/cargo-home/bin/cargo" "+nightly-2024-10-28" "fetch" "--manifest-path" "Cargo.toml", kill_on_drop: false }`
[INFO] running `Command { std: "docker" "create" "-v" "/var/lib/crater-agent-workspace/builds/worker-0-tc2/target:/opt/rustwide/target:rw,Z" "-v" "/var/lib/crater-agent-workspace/builds/worker-0-tc2/source:/opt/rustwide/workdir:ro,Z" "-v" "/var/lib/crater-agent-workspace/cargo-home:/opt/rustwide/cargo-home:ro,Z" "-v" "/var/lib/crater-agent-workspace/rustup-home:/opt/rustwide/rustup-home:ro,Z" "-e" "SOURCE_DIR=/opt/rustwide/workdir" "-e" "CARGO_TARGET_DIR=/opt/rustwide/target" "-e" "CARGO_HOME=/opt/rustwide/cargo-home" "-e" "RUSTUP_HOME=/opt/rustwide/rustup-home" "-w" "/opt/rustwide/workdir" "-m" "1610612736" "--user" "0:0" "--network" "none" "ghcr.io/rust-lang/crates-build-env/linux@sha256:4a844ea9eb2546a2d2c7022eacef16ef2e8229c7fbb2c7d4d55a9ceca922f72d" "/opt/rustwide/cargo-home/bin/cargo" "+nightly-2024-10-28" "metadata" "--no-deps" "--format-version=1", kill_on_drop: false }`
[INFO] [stdout] 70e59e3513adae6014d6c034d98a06a20c674155c56595787fee17f9f08ea9bf
[INFO] running `Command { std: "docker" "start" "-a" "70e59e3513adae6014d6c034d98a06a20c674155c56595787fee17f9f08ea9bf", kill_on_drop: false }`
[INFO] running `Command { std: "docker" "inspect" "70e59e3513adae6014d6c034d98a06a20c674155c56595787fee17f9f08ea9bf", kill_on_drop: false }`
[INFO] running `Command { std: "docker" "rm" "-f" "70e59e3513adae6014d6c034d98a06a20c674155c56595787fee17f9f08ea9bf", kill_on_drop: false }`
[INFO] [stdout] 70e59e3513adae6014d6c034d98a06a20c674155c56595787fee17f9f08ea9bf
[INFO] running `Command { std: "docker" "create" "-v" "/var/lib/crater-agent-workspace/builds/worker-0-tc2/target:/opt/rustwide/target:rw,Z" "-v" "/var/lib/crater-agent-workspace/builds/worker-0-tc2/source:/opt/rustwide/workdir:ro,Z" "-v" "/var/lib/crater-agent-workspace/cargo-home:/opt/rustwide/cargo-home:ro,Z" "-v" "/var/lib/crater-agent-workspace/rustup-home:/opt/rustwide/rustup-home:ro,Z" "-e" "SOURCE_DIR=/opt/rustwide/workdir" "-e" "CARGO_TARGET_DIR=/opt/rustwide/target" "-e" "CARGO_INCREMENTAL=0" "-e" "RUST_BACKTRACE=full" "-e" "RUSTFLAGS=--cap-lints=forbid -Zrandomize-layout" "-e" "RUSTDOCFLAGS=--cap-lints=forbid" "-e" "CARGO_HOME=/opt/rustwide/cargo-home" "-e" "RUSTUP_HOME=/opt/rustwide/rustup-home" "-w" "/opt/rustwide/workdir" "-m" "1610612736" "--user" "0:0" "--network" "none" "ghcr.io/rust-lang/crates-build-env/linux@sha256:4a844ea9eb2546a2d2c7022eacef16ef2e8229c7fbb2c7d4d55a9ceca922f72d" "/opt/rustwide/cargo-home/bin/cargo" "+nightly-2024-10-28" "build" "--frozen" "--message-format=json", kill_on_drop: false }`
[INFO] [stdout] 1567c70c6389e752db28f020d29e949d36a7f301ec5b5f9799accf259b312bcf
[INFO] running `Command { std: "docker" "start" "-a" "1567c70c6389e752db28f020d29e949d36a7f301ec5b5f9799accf259b312bcf", kill_on_drop: false }`
[INFO] [stderr]    Compiling googleapis-tonic-google-type v0.8.0
[INFO] [stderr]    Compiling googleapis-tonic-google-maps-areainsights-v1 v0.10.0 (/opt/rustwide/workdir)
[INFO] [stderr]     Finished `dev` profile [unoptimized + debuginfo] target(s) in 0.37s
[INFO] running `Command { std: "docker" "inspect" "1567c70c6389e752db28f020d29e949d36a7f301ec5b5f9799accf259b312bcf", kill_on_drop: false }`
[INFO] running `Command { std: "docker" "rm" "-f" "1567c70c6389e752db28f020d29e949d36a7f301ec5b5f9799accf259b312bcf", kill_on_drop: false }`
[INFO] [stdout] 1567c70c6389e752db28f020d29e949d36a7f301ec5b5f9799accf259b312bcf
[INFO] running `Command { std: "docker" "create" "-v" "/var/lib/crater-agent-workspace/builds/worker-0-tc2/target:/opt/rustwide/target:rw,Z" "-v" "/var/lib/crater-agent-workspace/builds/worker-0-tc2/source:/opt/rustwide/workdir:ro,Z" "-v" "/var/lib/crater-agent-workspace/cargo-home:/opt/rustwide/cargo-home:ro,Z" "-v" "/var/lib/crater-agent-workspace/rustup-home:/opt/rustwide/rustup-home:ro,Z" "-e" "SOURCE_DIR=/opt/rustwide/workdir" "-e" "CARGO_TARGET_DIR=/opt/rustwide/target" "-e" "CARGO_INCREMENTAL=0" "-e" "RUST_BACKTRACE=full" "-e" "RUSTFLAGS=--cap-lints=forbid -Zrandomize-layout" "-e" "RUSTDOCFLAGS=--cap-lints=forbid" "-e" "CARGO_HOME=/opt/rustwide/cargo-home" "-e" "RUSTUP_HOME=/opt/rustwide/rustup-home" "-w" "/opt/rustwide/workdir" "-m" "1610612736" "--user" "0:0" "--network" "none" "ghcr.io/rust-lang/crates-build-env/linux@sha256:4a844ea9eb2546a2d2c7022eacef16ef2e8229c7fbb2c7d4d55a9ceca922f72d" "/opt/rustwide/cargo-home/bin/cargo" "+nightly-2024-10-28" "test" "--frozen" "--no-run" "--message-format=json", kill_on_drop: false }`
[INFO] [stdout] 847375b9adeb6c0eb6e04cfc8ecd75dfa1f89f12d098f9507fa76bddb8139bd3
[INFO] running `Command { std: "docker" "start" "-a" "847375b9adeb6c0eb6e04cfc8ecd75dfa1f89f12d098f9507fa76bddb8139bd3", kill_on_drop: false }`
[INFO] [stderr]    Compiling googleapis-tonic-google-maps-areainsights-v1 v0.10.0 (/opt/rustwide/workdir)
[INFO] [stderr]     Finished `test` profile [unoptimized + debuginfo] target(s) in 0.21s
[INFO] running `Command { std: "docker" "inspect" "847375b9adeb6c0eb6e04cfc8ecd75dfa1f89f12d098f9507fa76bddb8139bd3", kill_on_drop: false }`
[INFO] running `Command { std: "docker" "rm" "-f" "847375b9adeb6c0eb6e04cfc8ecd75dfa1f89f12d098f9507fa76bddb8139bd3", kill_on_drop: false }`
[INFO] [stdout] 847375b9adeb6c0eb6e04cfc8ecd75dfa1f89f12d098f9507fa76bddb8139bd3
[INFO] running `Command { std: "docker" "create" "-v" "/var/lib/crater-agent-workspace/builds/worker-0-tc2/target:/opt/rustwide/target:rw,Z" "-v" "/var/lib/crater-agent-workspace/builds/worker-0-tc2/source:/opt/rustwide/workdir:ro,Z" "-v" "/var/lib/crater-agent-workspace/cargo-home:/opt/rustwide/cargo-home:ro,Z" "-v" "/var/lib/crater-agent-workspace/rustup-home:/opt/rustwide/rustup-home:ro,Z" "-e" "SOURCE_DIR=/opt/rustwide/workdir" "-e" "CARGO_TARGET_DIR=/opt/rustwide/target" "-e" "CARGO_INCREMENTAL=0" "-e" "RUST_BACKTRACE=full" "-e" "RUSTFLAGS=--cap-lints=forbid -Zrandomize-layout" "-e" "RUSTDOCFLAGS=--cap-lints=forbid" "-e" "CARGO_HOME=/opt/rustwide/cargo-home" "-e" "RUSTUP_HOME=/opt/rustwide/rustup-home" "-w" "/opt/rustwide/workdir" "-m" "1610612736" "--user" "0:0" "--network" "none" "ghcr.io/rust-lang/crates-build-env/linux@sha256:4a844ea9eb2546a2d2c7022eacef16ef2e8229c7fbb2c7d4d55a9ceca922f72d" "/opt/rustwide/cargo-home/bin/cargo" "+nightly-2024-10-28" "test" "--frozen", kill_on_drop: false }`
[INFO] [stdout] d1568df71daa82671a5f4152421f6d4f01256c2dbef32def8979e7244a6ad84d
[INFO] running `Command { std: "docker" "start" "-a" "d1568df71daa82671a5f4152421f6d4f01256c2dbef32def8979e7244a6ad84d", kill_on_drop: false }`
[INFO] [stderr]     Finished `test` profile [unoptimized + debuginfo] target(s) in 0.03s
[INFO] [stderr]      Running unittests src/lib.rs (/opt/rustwide/target/debug/deps/googleapis_tonic_google_maps_areainsights_v1-6b51e0cc61c2fb47)
[INFO] [stdout] 
[INFO] [stdout] running 0 tests
[INFO] [stdout] 
[INFO] [stdout] test result: ok. 0 passed; 0 failed; 0 ignored; 0 measured; 0 filtered out; finished in 0.00s
[INFO] [stdout] 
[INFO] [stderr]    Doc-tests googleapis_tonic_google_maps_areainsights_v1
[INFO] [stdout] 
[INFO] [stdout] running 2 tests
[INFO] [stdout] test src/vec_u8_hash_map/google.maps.areainsights.v1.rs - vec_u8_hash_map::google::maps::areainsights::v1::Insight::Places (line 243) ... FAILED
[INFO] [stdout] test src/vec_u8_hash_map/google.maps.areainsights.v1.rs - vec_u8_hash_map::google::maps::areainsights::v1::Insight::Count (line 215) ... FAILED
[INFO] [stdout] 
[INFO] [stdout] failures:
[INFO] [stdout] 
[INFO] [stdout] ---- src/vec_u8_hash_map/google.maps.areainsights.v1.rs - vec_u8_hash_map::google::maps::areainsights::v1::Insight::Places (line 243) stdout ----
[INFO] [stdout] error: expected one of `!`, `.`, `::`, `;`, `?`, `{`, `}`, or an operator, found `example`
[INFO] [stdout]  --> src/vec_u8_hash_map/google.maps.areainsights.v1.rs:244:5
[INFO] [stdout]   |
[INFO] [stdout] 3 | For example if the request is:
[INFO] [stdout]   |     ^^^^^^^ expected one of 8 possible tokens
[INFO] [stdout]   |
[INFO] [stdout] help: write keyword `for` in lowercase (notice the capitalization difference)
[INFO] [stdout]   |
[INFO] [stdout] 3 | for example if the request is:
[INFO] [stdout]   | ~~~
[INFO] [stdout] 
[INFO] [stdout] error: aborting due to 1 previous error
[INFO] [stdout] 
[INFO] [stdout] Couldn't compile the test.
[INFO] [stdout] ---- src/vec_u8_hash_map/google.maps.areainsights.v1.rs - vec_u8_hash_map::google::maps::areainsights::v1::Insight::Count (line 215) stdout ----
[INFO] [stdout] error: expected one of `!`, `.`, `::`, `;`, `?`, `{`, `}`, or an operator, found `example`
[INFO] [stdout]  --> src/vec_u8_hash_map/google.maps.areainsights.v1.rs:216:5
[INFO] [stdout]   |
[INFO] [stdout] 3 | For example if the request is:
[INFO] [stdout]   |     ^^^^^^^ expected one of 8 possible tokens
[INFO] [stdout]   |
[INFO] [stdout] help: write keyword `for` in lowercase (notice the capitalization difference)
[INFO] [stdout]   |
[INFO] [stdout] 3 | for example if the request is:
[INFO] [stdout]   | ~~~
[INFO] [stdout] 
[INFO] [stdout] error: aborting due to 1 previous error
[INFO] [stdout] 
[INFO] [stdout] Couldn't compile the test.
[INFO] [stdout] 
[INFO] [stdout] failures:
[INFO] [stdout]     src/vec_u8_hash_map/google.maps.areainsights.v1.rs - vec_u8_hash_map::google::maps::areainsights::v1::Insight::Count (line 215)
[INFO] [stdout]     src/vec_u8_hash_map/google.maps.areainsights.v1.rs - vec_u8_hash_map::google::maps::areainsights::v1::Insight::Places (line 243)
[INFO] [stdout] 
[INFO] [stdout] test result: FAILED. 0 passed; 2 failed; 0 ignored; 0 measured; 0 filtered out; finished in 0.03s
[INFO] [stdout] 
[INFO] [stderr] error: doctest failed, to rerun pass `--doc`
[INFO] running `Command { std: "docker" "inspect" "d1568df71daa82671a5f4152421f6d4f01256c2dbef32def8979e7244a6ad84d", kill_on_drop: false }`
[INFO] running `Command { std: "docker" "rm" "-f" "d1568df71daa82671a5f4152421f6d4f01256c2dbef32def8979e7244a6ad84d", kill_on_drop: false }`
[INFO] [stdout] d1568df71daa82671a5f4152421f6d4f01256c2dbef32def8979e7244a6ad84d
