[INFO] fetching crate googleapis-tonic-google-iam-v1 0.10.0...
[INFO] testing googleapis-tonic-google-iam-v1-0.10.0 against nightly-2024-10-28 for randomize-layout
[INFO] extracting crate googleapis-tonic-google-iam-v1 0.10.0 into /workspace/builds/worker-7-tc1/source
[INFO] validating manifest of crates.io crate googleapis-tonic-google-iam-v1 0.10.0 on toolchain nightly-2024-10-28
[INFO] running `Command { std: CARGO_HOME="/workspace/cargo-home" RUSTUP_HOME="/workspace/rustup-home" "/workspace/cargo-home/bin/cargo" "+nightly-2024-10-28" "metadata" "--manifest-path" "Cargo.toml" "--no-deps", kill_on_drop: false }`
[INFO] started tweaking crates.io crate googleapis-tonic-google-iam-v1 0.10.0
[INFO] finished tweaking crates.io crate googleapis-tonic-google-iam-v1 0.10.0
[INFO] tweaked toml for crates.io crate googleapis-tonic-google-iam-v1 0.10.0 written to /workspace/builds/worker-7-tc1/source/Cargo.toml
[INFO] running `Command { std: CARGO_HOME="/workspace/cargo-home" RUSTUP_HOME="/workspace/rustup-home" "/workspace/cargo-home/bin/cargo" "+nightly-2024-10-28" "generate-lockfile" "--manifest-path" "Cargo.toml", kill_on_drop: false }`
[INFO] [stderr]     Updating crates.io index
[INFO] [stderr]      Locking 56 packages to latest compatible versions
[INFO] [stderr]       Adding googleapis-tonic-google-api v0.9.0 (available: v0.10.0)
[INFO] running `Command { std: CARGO_HOME="/workspace/cargo-home" RUSTUP_HOME="/workspace/rustup-home" "/workspace/cargo-home/bin/cargo" "+nightly-2024-10-28" "fetch" "--manifest-path" "Cargo.toml", kill_on_drop: false }`
[INFO] running `Command { std: "docker" "create" "-v" "/var/lib/crater-agent-workspace/builds/worker-7-tc1/target:/opt/rustwide/target:rw,Z" "-v" "/var/lib/crater-agent-workspace/builds/worker-7-tc1/source:/opt/rustwide/workdir:ro,Z" "-v" "/var/lib/crater-agent-workspace/cargo-home:/opt/rustwide/cargo-home:ro,Z" "-v" "/var/lib/crater-agent-workspace/rustup-home:/opt/rustwide/rustup-home:ro,Z" "-e" "SOURCE_DIR=/opt/rustwide/workdir" "-e" "CARGO_TARGET_DIR=/opt/rustwide/target" "-e" "CARGO_HOME=/opt/rustwide/cargo-home" "-e" "RUSTUP_HOME=/opt/rustwide/rustup-home" "-w" "/opt/rustwide/workdir" "-m" "1610612736" "--user" "0:0" "--network" "none" "ghcr.io/rust-lang/crates-build-env/linux@sha256:4a844ea9eb2546a2d2c7022eacef16ef2e8229c7fbb2c7d4d55a9ceca922f72d" "/opt/rustwide/cargo-home/bin/cargo" "+nightly-2024-10-28" "metadata" "--no-deps" "--format-version=1", kill_on_drop: false }`
[INFO] [stdout] 2bd032b03fbba58afc091bdf813cf6c7f5a8471d6b78e97db9d61e7eca6a3172
[INFO] running `Command { std: "docker" "start" "-a" "2bd032b03fbba58afc091bdf813cf6c7f5a8471d6b78e97db9d61e7eca6a3172", kill_on_drop: false }`
[INFO] running `Command { std: "docker" "inspect" "2bd032b03fbba58afc091bdf813cf6c7f5a8471d6b78e97db9d61e7eca6a3172", kill_on_drop: false }`
[INFO] running `Command { std: "docker" "rm" "-f" "2bd032b03fbba58afc091bdf813cf6c7f5a8471d6b78e97db9d61e7eca6a3172", kill_on_drop: false }`
[INFO] [stdout] 2bd032b03fbba58afc091bdf813cf6c7f5a8471d6b78e97db9d61e7eca6a3172
[INFO] running `Command { std: "docker" "create" "-v" "/var/lib/crater-agent-workspace/builds/worker-7-tc1/target:/opt/rustwide/target:rw,Z" "-v" "/var/lib/crater-agent-workspace/builds/worker-7-tc1/source:/opt/rustwide/workdir:ro,Z" "-v" "/var/lib/crater-agent-workspace/cargo-home:/opt/rustwide/cargo-home:ro,Z" "-v" "/var/lib/crater-agent-workspace/rustup-home:/opt/rustwide/rustup-home:ro,Z" "-e" "SOURCE_DIR=/opt/rustwide/workdir" "-e" "CARGO_TARGET_DIR=/opt/rustwide/target" "-e" "CARGO_INCREMENTAL=0" "-e" "RUST_BACKTRACE=full" "-e" "RUSTFLAGS=--cap-lints=forbid" "-e" "RUSTDOCFLAGS=--cap-lints=forbid" "-e" "CARGO_HOME=/opt/rustwide/cargo-home" "-e" "RUSTUP_HOME=/opt/rustwide/rustup-home" "-w" "/opt/rustwide/workdir" "-m" "1610612736" "--user" "0:0" "--network" "none" "ghcr.io/rust-lang/crates-build-env/linux@sha256:4a844ea9eb2546a2d2c7022eacef16ef2e8229c7fbb2c7d4d55a9ceca922f72d" "/opt/rustwide/cargo-home/bin/cargo" "+nightly-2024-10-28" "build" "--frozen" "--message-format=json", kill_on_drop: false }`
[INFO] [stdout] 292a97913d17cf051d33de85d565a1b58f535ecf6d192a2e8cb5e2ee28a545cf
[INFO] running `Command { std: "docker" "start" "-a" "292a97913d17cf051d33de85d565a1b58f535ecf6d192a2e8cb5e2ee28a545cf", kill_on_drop: false }`
[INFO] [stderr]    Compiling googleapis-tonic-google-iam-v1 v0.10.0 (/opt/rustwide/workdir)
[INFO] [stderr]     Finished `dev` profile [unoptimized + debuginfo] target(s) in 0.27s
[INFO] running `Command { std: "docker" "inspect" "292a97913d17cf051d33de85d565a1b58f535ecf6d192a2e8cb5e2ee28a545cf", kill_on_drop: false }`
[INFO] running `Command { std: "docker" "rm" "-f" "292a97913d17cf051d33de85d565a1b58f535ecf6d192a2e8cb5e2ee28a545cf", kill_on_drop: false }`
[INFO] [stdout] 292a97913d17cf051d33de85d565a1b58f535ecf6d192a2e8cb5e2ee28a545cf
[INFO] running `Command { std: "docker" "create" "-v" "/var/lib/crater-agent-workspace/builds/worker-7-tc1/target:/opt/rustwide/target:rw,Z" "-v" "/var/lib/crater-agent-workspace/builds/worker-7-tc1/source:/opt/rustwide/workdir:ro,Z" "-v" "/var/lib/crater-agent-workspace/cargo-home:/opt/rustwide/cargo-home:ro,Z" "-v" "/var/lib/crater-agent-workspace/rustup-home:/opt/rustwide/rustup-home:ro,Z" "-e" "SOURCE_DIR=/opt/rustwide/workdir" "-e" "CARGO_TARGET_DIR=/opt/rustwide/target" "-e" "CARGO_INCREMENTAL=0" "-e" "RUST_BACKTRACE=full" "-e" "RUSTFLAGS=--cap-lints=forbid" "-e" "RUSTDOCFLAGS=--cap-lints=forbid" "-e" "CARGO_HOME=/opt/rustwide/cargo-home" "-e" "RUSTUP_HOME=/opt/rustwide/rustup-home" "-w" "/opt/rustwide/workdir" "-m" "1610612736" "--user" "0:0" "--network" "none" "ghcr.io/rust-lang/crates-build-env/linux@sha256:4a844ea9eb2546a2d2c7022eacef16ef2e8229c7fbb2c7d4d55a9ceca922f72d" "/opt/rustwide/cargo-home/bin/cargo" "+nightly-2024-10-28" "test" "--frozen" "--no-run" "--message-format=json", kill_on_drop: false }`
[INFO] [stdout] 355f95178b4d4aa85fa5b2dd73a55cf72e210256986ef1880f836ce7fea5880a
[INFO] running `Command { std: "docker" "start" "-a" "355f95178b4d4aa85fa5b2dd73a55cf72e210256986ef1880f836ce7fea5880a", kill_on_drop: false }`
[INFO] [stderr]    Compiling googleapis-tonic-google-iam-v1 v0.10.0 (/opt/rustwide/workdir)
[INFO] [stderr]     Finished `test` profile [unoptimized + debuginfo] target(s) in 0.29s
[INFO] running `Command { std: "docker" "inspect" "355f95178b4d4aa85fa5b2dd73a55cf72e210256986ef1880f836ce7fea5880a", kill_on_drop: false }`
[INFO] running `Command { std: "docker" "rm" "-f" "355f95178b4d4aa85fa5b2dd73a55cf72e210256986ef1880f836ce7fea5880a", kill_on_drop: false }`
[INFO] [stdout] 355f95178b4d4aa85fa5b2dd73a55cf72e210256986ef1880f836ce7fea5880a
[INFO] running `Command { std: "docker" "create" "-v" "/var/lib/crater-agent-workspace/builds/worker-7-tc1/target:/opt/rustwide/target:rw,Z" "-v" "/var/lib/crater-agent-workspace/builds/worker-7-tc1/source:/opt/rustwide/workdir:ro,Z" "-v" "/var/lib/crater-agent-workspace/cargo-home:/opt/rustwide/cargo-home:ro,Z" "-v" "/var/lib/crater-agent-workspace/rustup-home:/opt/rustwide/rustup-home:ro,Z" "-e" "SOURCE_DIR=/opt/rustwide/workdir" "-e" "CARGO_TARGET_DIR=/opt/rustwide/target" "-e" "CARGO_INCREMENTAL=0" "-e" "RUST_BACKTRACE=full" "-e" "RUSTFLAGS=--cap-lints=forbid" "-e" "RUSTDOCFLAGS=--cap-lints=forbid" "-e" "CARGO_HOME=/opt/rustwide/cargo-home" "-e" "RUSTUP_HOME=/opt/rustwide/rustup-home" "-w" "/opt/rustwide/workdir" "-m" "1610612736" "--user" "0:0" "--network" "none" "ghcr.io/rust-lang/crates-build-env/linux@sha256:4a844ea9eb2546a2d2c7022eacef16ef2e8229c7fbb2c7d4d55a9ceca922f72d" "/opt/rustwide/cargo-home/bin/cargo" "+nightly-2024-10-28" "test" "--frozen", kill_on_drop: false }`
[INFO] [stdout] 8f6ca736081b25f8355028df7ec89c83fda50880c041c22831904ede057ffdda
[INFO] running `Command { std: "docker" "start" "-a" "8f6ca736081b25f8355028df7ec89c83fda50880c041c22831904ede057ffdda", kill_on_drop: false }`
[INFO] [stderr]     Finished `test` profile [unoptimized + debuginfo] target(s) in 0.03s
[INFO] [stderr]      Running unittests src/lib.rs (/opt/rustwide/target/debug/deps/googleapis_tonic_google_iam_v1-89ab23898498e510)
[INFO] [stdout] 
[INFO] [stdout] running 0 tests
[INFO] [stdout] 
[INFO] [stdout] test result: ok. 0 passed; 0 failed; 0 ignored; 0 measured; 0 filtered out; finished in 0.00s
[INFO] [stdout] 
[INFO] [stderr]    Doc-tests googleapis_tonic_google_iam_v1
[INFO] [stdout] 
[INFO] [stdout] running 4 tests
[INFO] [stdout] test src/vec_u8_hash_map/google.iam.v1.rs - vec_u8_hash_map::google::iam::v1::Policy (line 78) ... FAILED
[INFO] [stdout] test src/vec_u8_hash_map/google.iam.v1.rs - vec_u8_hash_map::google::iam::v1::AuditConfig (line 238) ... FAILED
[INFO] [stdout] test src/vec_u8_hash_map/google.iam.v1.rs - vec_u8_hash_map::google::iam::v1::AuditLogConfig (line 291) ... FAILED
[INFO] [stdout] test src/vec_u8_hash_map/google.iam.v1.rs - vec_u8_hash_map::google::iam::v1::Policy (line 46) ... FAILED
[INFO] [stdout] 
[INFO] [stdout] failures:
[INFO] [stdout] 
[INFO] [stdout] ---- src/vec_u8_hash_map/google.iam.v1.rs - vec_u8_hash_map::google::iam::v1::Policy (line 78) stdout ----
[INFO] [stdout] error[E0762]: unterminated character literal
[INFO] [stdout]   --> src/vec_u8_hash_map/google.iam.v1.rs:92:72
[INFO] [stdout]    |
[INFO] [stdout] 14 |          expression: request.time < timestamp('2020-10-01T00:00:00.000Z')
[INFO] [stdout]    |                                                                        ^^
[INFO] [stdout]    |
[INFO] [stdout] help: if you meant to write a string literal, use double quotes
[INFO] [stdout]    |
[INFO] [stdout] 14 |          expression: request.time < timestamp("2020-10-01T00:00:00.000Z")
[INFO] [stdout]    |                                               ~                        ~
[INFO] [stdout] 
[INFO] [stdout] error: lifetimes cannot start with a number
[INFO] [stdout]   --> src/vec_u8_hash_map/google.iam.v1.rs:92:47
[INFO] [stdout]    |
[INFO] [stdout] 14 |          expression: request.time < timestamp('2020-10-01T00:00:00.000Z')
[INFO] [stdout]    |                                               ^^^^^
[INFO] [stdout] 
[INFO] [stdout] error: aborting due to 2 previous errors
[INFO] [stdout] 
[INFO] [stdout] For more information about this error, try `rustc --explain E0762`.
[INFO] [stdout] Couldn't compile the test.
[INFO] [stdout] ---- src/vec_u8_hash_map/google.iam.v1.rs - vec_u8_hash_map::google::iam::v1::AuditConfig (line 238) stdout ----
[INFO] [stdout] error: expected one of `.`, `;`, `?`, `}`, or an operator, found `:`
[INFO] [stdout]  --> src/vec_u8_hash_map/google.iam.v1.rs:240:19
[INFO] [stdout]   |
[INFO] [stdout] 4 |    "audit_configs": [
[INFO] [stdout]   |                   ^ expected one of `.`, `;`, `?`, `}`, or an operator
[INFO] [stdout] 
[INFO] [stdout] error: aborting due to 1 previous error
[INFO] [stdout] 
[INFO] [stdout] Couldn't compile the test.
[INFO] [stdout] ---- src/vec_u8_hash_map/google.iam.v1.rs - vec_u8_hash_map::google::iam::v1::AuditLogConfig (line 291) stdout ----
[INFO] [stdout] error: expected one of `.`, `;`, `?`, `}`, or an operator, found `:`
[INFO] [stdout]  --> src/vec_u8_hash_map/google.iam.v1.rs:293:23
[INFO] [stdout]   |
[INFO] [stdout] 4 |    "audit_log_configs": [
[INFO] [stdout]   |                       ^ expected one of `.`, `;`, `?`, `}`, or an operator
[INFO] [stdout] 
[INFO] [stdout] error: aborting due to 1 previous error
[INFO] [stdout] 
[INFO] [stdout] Couldn't compile the test.
[INFO] [stdout] ---- src/vec_u8_hash_map/google.iam.v1.rs - vec_u8_hash_map::google::iam::v1::Policy (line 46) stdout ----
[INFO] [stdout] error: expected one of `.`, `;`, `?`, `}`, or an operator, found `:`
[INFO] [stdout]  --> src/vec_u8_hash_map/google.iam.v1.rs:48:18
[INFO] [stdout]   |
[INFO] [stdout] 4 |        "bindings": [
[INFO] [stdout]   |                  ^ expected one of `.`, `;`, `?`, `}`, or an operator
[INFO] [stdout] 
[INFO] [stdout] error: aborting due to 1 previous error
[INFO] [stdout] 
[INFO] [stdout] Couldn't compile the test.
[INFO] [stdout] 
[INFO] [stdout] failures:
[INFO] [stdout]     src/vec_u8_hash_map/google.iam.v1.rs - vec_u8_hash_map::google::iam::v1::AuditConfig (line 238)
[INFO] [stdout]     src/vec_u8_hash_map/google.iam.v1.rs - vec_u8_hash_map::google::iam::v1::AuditLogConfig (line 291)
[INFO] [stdout]     src/vec_u8_hash_map/google.iam.v1.rs - vec_u8_hash_map::google::iam::v1::Policy (line 46)
[INFO] [stdout]     src/vec_u8_hash_map/google.iam.v1.rs - vec_u8_hash_map::google::iam::v1::Policy (line 78)
[INFO] [stdout] 
[INFO] [stdout] test result: FAILED. 0 passed; 4 failed; 0 ignored; 0 measured; 0 filtered out; finished in 0.03s
[INFO] [stdout] 
[INFO] [stderr] error: doctest failed, to rerun pass `--doc`
[INFO] running `Command { std: "docker" "inspect" "8f6ca736081b25f8355028df7ec89c83fda50880c041c22831904ede057ffdda", kill_on_drop: false }`
[INFO] running `Command { std: "docker" "rm" "-f" "8f6ca736081b25f8355028df7ec89c83fda50880c041c22831904ede057ffdda", kill_on_drop: false }`
[INFO] [stdout] 8f6ca736081b25f8355028df7ec89c83fda50880c041c22831904ede057ffdda
