[INFO] fetching crate googleapis-tonic-google-genomics-v1alpha2 0.9.0...
[INFO] testing googleapis-tonic-google-genomics-v1alpha2-0.9.0 against nightly-2024-10-28+rustflags=-Zrandomize-layout for randomize-layout
[INFO] extracting crate googleapis-tonic-google-genomics-v1alpha2 0.9.0 into /workspace/builds/worker-7-tc2/source
[INFO] validating manifest of crates.io crate googleapis-tonic-google-genomics-v1alpha2 0.9.0 on toolchain nightly-2024-10-28
[INFO] running `Command { std: CARGO_HOME="/workspace/cargo-home" RUSTUP_HOME="/workspace/rustup-home" "/workspace/cargo-home/bin/cargo" "+nightly-2024-10-28" "metadata" "--manifest-path" "Cargo.toml" "--no-deps", kill_on_drop: false }`
[INFO] started tweaking crates.io crate googleapis-tonic-google-genomics-v1alpha2 0.9.0
[INFO] finished tweaking crates.io crate googleapis-tonic-google-genomics-v1alpha2 0.9.0
[INFO] tweaked toml for crates.io crate googleapis-tonic-google-genomics-v1alpha2 0.9.0 written to /workspace/builds/worker-7-tc2/source/Cargo.toml
[INFO] running `Command { std: CARGO_HOME="/workspace/cargo-home" RUSTUP_HOME="/workspace/rustup-home" "/workspace/cargo-home/bin/cargo" "+nightly-2024-10-28" "generate-lockfile" "--manifest-path" "Cargo.toml", kill_on_drop: false }`
[INFO] [stderr]     Updating crates.io index
[INFO] [stderr]      Locking 57 packages to latest compatible versions
[INFO] [stderr]       Adding googleapis-tonic-google-api v0.9.0 (available: v0.10.0)
[INFO] [stderr]       Adding googleapis-tonic-google-longrunning v0.9.0 (available: v0.10.0)
[INFO] running `Command { std: CARGO_HOME="/workspace/cargo-home" RUSTUP_HOME="/workspace/rustup-home" "/workspace/cargo-home/bin/cargo" "+nightly-2024-10-28" "fetch" "--manifest-path" "Cargo.toml", kill_on_drop: false }`
[INFO] running `Command { std: "docker" "create" "-v" "/var/lib/crater-agent-workspace/builds/worker-7-tc2/target:/opt/rustwide/target:rw,Z" "-v" "/var/lib/crater-agent-workspace/builds/worker-7-tc2/source:/opt/rustwide/workdir:ro,Z" "-v" "/var/lib/crater-agent-workspace/cargo-home:/opt/rustwide/cargo-home:ro,Z" "-v" "/var/lib/crater-agent-workspace/rustup-home:/opt/rustwide/rustup-home:ro,Z" "-e" "SOURCE_DIR=/opt/rustwide/workdir" "-e" "CARGO_TARGET_DIR=/opt/rustwide/target" "-e" "CARGO_HOME=/opt/rustwide/cargo-home" "-e" "RUSTUP_HOME=/opt/rustwide/rustup-home" "-w" "/opt/rustwide/workdir" "-m" "1610612736" "--user" "0:0" "--network" "none" "ghcr.io/rust-lang/crates-build-env/linux@sha256:4a844ea9eb2546a2d2c7022eacef16ef2e8229c7fbb2c7d4d55a9ceca922f72d" "/opt/rustwide/cargo-home/bin/cargo" "+nightly-2024-10-28" "metadata" "--no-deps" "--format-version=1", kill_on_drop: false }`
[INFO] [stdout] 05d1f845e21a78dd209b860446704df5baba7a4dcf401bf396d8360ebd92328f
[INFO] running `Command { std: "docker" "start" "-a" "05d1f845e21a78dd209b860446704df5baba7a4dcf401bf396d8360ebd92328f", kill_on_drop: false }`
[INFO] running `Command { std: "docker" "inspect" "05d1f845e21a78dd209b860446704df5baba7a4dcf401bf396d8360ebd92328f", kill_on_drop: false }`
[INFO] running `Command { std: "docker" "rm" "-f" "05d1f845e21a78dd209b860446704df5baba7a4dcf401bf396d8360ebd92328f", kill_on_drop: false }`
[INFO] [stdout] 05d1f845e21a78dd209b860446704df5baba7a4dcf401bf396d8360ebd92328f
[INFO] running `Command { std: "docker" "create" "-v" "/var/lib/crater-agent-workspace/builds/worker-7-tc2/target:/opt/rustwide/target:rw,Z" "-v" "/var/lib/crater-agent-workspace/builds/worker-7-tc2/source:/opt/rustwide/workdir:ro,Z" "-v" "/var/lib/crater-agent-workspace/cargo-home:/opt/rustwide/cargo-home:ro,Z" "-v" "/var/lib/crater-agent-workspace/rustup-home:/opt/rustwide/rustup-home:ro,Z" "-e" "SOURCE_DIR=/opt/rustwide/workdir" "-e" "CARGO_TARGET_DIR=/opt/rustwide/target" "-e" "CARGO_INCREMENTAL=0" "-e" "RUST_BACKTRACE=full" "-e" "RUSTFLAGS=--cap-lints=forbid -Zrandomize-layout" "-e" "RUSTDOCFLAGS=--cap-lints=forbid" "-e" "CARGO_HOME=/opt/rustwide/cargo-home" "-e" "RUSTUP_HOME=/opt/rustwide/rustup-home" "-w" "/opt/rustwide/workdir" "-m" "1610612736" "--user" "0:0" "--network" "none" "ghcr.io/rust-lang/crates-build-env/linux@sha256:4a844ea9eb2546a2d2c7022eacef16ef2e8229c7fbb2c7d4d55a9ceca922f72d" "/opt/rustwide/cargo-home/bin/cargo" "+nightly-2024-10-28" "build" "--frozen" "--message-format=json", kill_on_drop: false }`
[INFO] [stdout] 15ded9e85d87ccd1694d4c0bd53dfb89ae26ecfd9d733036f9196e4aff0b5bdb
[INFO] running `Command { std: "docker" "start" "-a" "15ded9e85d87ccd1694d4c0bd53dfb89ae26ecfd9d733036f9196e4aff0b5bdb", kill_on_drop: false }`
[INFO] [stderr]    Compiling googleapis-tonic-google-genomics-v1alpha2 v0.9.0 (/opt/rustwide/workdir)
[INFO] [stderr]     Finished `dev` profile [unoptimized + debuginfo] target(s) in 0.46s
[INFO] running `Command { std: "docker" "inspect" "15ded9e85d87ccd1694d4c0bd53dfb89ae26ecfd9d733036f9196e4aff0b5bdb", kill_on_drop: false }`
[INFO] running `Command { std: "docker" "rm" "-f" "15ded9e85d87ccd1694d4c0bd53dfb89ae26ecfd9d733036f9196e4aff0b5bdb", kill_on_drop: false }`
[INFO] [stdout] 15ded9e85d87ccd1694d4c0bd53dfb89ae26ecfd9d733036f9196e4aff0b5bdb
[INFO] running `Command { std: "docker" "create" "-v" "/var/lib/crater-agent-workspace/builds/worker-7-tc2/target:/opt/rustwide/target:rw,Z" "-v" "/var/lib/crater-agent-workspace/builds/worker-7-tc2/source:/opt/rustwide/workdir:ro,Z" "-v" "/var/lib/crater-agent-workspace/cargo-home:/opt/rustwide/cargo-home:ro,Z" "-v" "/var/lib/crater-agent-workspace/rustup-home:/opt/rustwide/rustup-home:ro,Z" "-e" "SOURCE_DIR=/opt/rustwide/workdir" "-e" "CARGO_TARGET_DIR=/opt/rustwide/target" "-e" "CARGO_INCREMENTAL=0" "-e" "RUST_BACKTRACE=full" "-e" "RUSTFLAGS=--cap-lints=forbid -Zrandomize-layout" "-e" "RUSTDOCFLAGS=--cap-lints=forbid" "-e" "CARGO_HOME=/opt/rustwide/cargo-home" "-e" "RUSTUP_HOME=/opt/rustwide/rustup-home" "-w" "/opt/rustwide/workdir" "-m" "1610612736" "--user" "0:0" "--network" "none" "ghcr.io/rust-lang/crates-build-env/linux@sha256:4a844ea9eb2546a2d2c7022eacef16ef2e8229c7fbb2c7d4d55a9ceca922f72d" "/opt/rustwide/cargo-home/bin/cargo" "+nightly-2024-10-28" "test" "--frozen" "--no-run" "--message-format=json", kill_on_drop: false }`
[INFO] [stdout] df4ffc8b15e03e0d41d504bf24e674e9297e5eebeb2bea0a6df2d70f3412aa1d
[INFO] running `Command { std: "docker" "start" "-a" "df4ffc8b15e03e0d41d504bf24e674e9297e5eebeb2bea0a6df2d70f3412aa1d", kill_on_drop: false }`
[INFO] [stderr]    Compiling googleapis-tonic-google-genomics-v1alpha2 v0.9.0 (/opt/rustwide/workdir)
[INFO] [stderr]     Finished `test` profile [unoptimized + debuginfo] target(s) in 0.37s
[INFO] running `Command { std: "docker" "inspect" "df4ffc8b15e03e0d41d504bf24e674e9297e5eebeb2bea0a6df2d70f3412aa1d", kill_on_drop: false }`
[INFO] running `Command { std: "docker" "rm" "-f" "df4ffc8b15e03e0d41d504bf24e674e9297e5eebeb2bea0a6df2d70f3412aa1d", kill_on_drop: false }`
[INFO] [stdout] df4ffc8b15e03e0d41d504bf24e674e9297e5eebeb2bea0a6df2d70f3412aa1d
[INFO] running `Command { std: "docker" "create" "-v" "/var/lib/crater-agent-workspace/builds/worker-7-tc2/target:/opt/rustwide/target:rw,Z" "-v" "/var/lib/crater-agent-workspace/builds/worker-7-tc2/source:/opt/rustwide/workdir:ro,Z" "-v" "/var/lib/crater-agent-workspace/cargo-home:/opt/rustwide/cargo-home:ro,Z" "-v" "/var/lib/crater-agent-workspace/rustup-home:/opt/rustwide/rustup-home:ro,Z" "-e" "SOURCE_DIR=/opt/rustwide/workdir" "-e" "CARGO_TARGET_DIR=/opt/rustwide/target" "-e" "CARGO_INCREMENTAL=0" "-e" "RUST_BACKTRACE=full" "-e" "RUSTFLAGS=--cap-lints=forbid -Zrandomize-layout" "-e" "RUSTDOCFLAGS=--cap-lints=forbid" "-e" "CARGO_HOME=/opt/rustwide/cargo-home" "-e" "RUSTUP_HOME=/opt/rustwide/rustup-home" "-w" "/opt/rustwide/workdir" "-m" "1610612736" "--user" "0:0" "--network" "none" "ghcr.io/rust-lang/crates-build-env/linux@sha256:4a844ea9eb2546a2d2c7022eacef16ef2e8229c7fbb2c7d4d55a9ceca922f72d" "/opt/rustwide/cargo-home/bin/cargo" "+nightly-2024-10-28" "test" "--frozen", kill_on_drop: false }`
[INFO] [stdout] 9cdc9672c69537270333c257dd15b510d7391986dc29c50a662fe3dcc02f1e3e
[INFO] running `Command { std: "docker" "start" "-a" "9cdc9672c69537270333c257dd15b510d7391986dc29c50a662fe3dcc02f1e3e", kill_on_drop: false }`
[INFO] [stderr]     Finished `test` profile [unoptimized + debuginfo] target(s) in 0.03s
[INFO] [stderr]      Running unittests src/lib.rs (/opt/rustwide/target/debug/deps/googleapis_tonic_google_genomics_v1alpha2-7924acc065b42468)
[INFO] [stdout] 
[INFO] [stdout] running 0 tests
[INFO] [stdout] 
[INFO] [stdout] test result: ok. 0 passed; 0 failed; 0 ignored; 0 measured; 0 filtered out; finished in 0.00s
[INFO] [stdout] 
[INFO] [stderr]    Doc-tests googleapis_tonic_google_genomics_v1alpha2
[INFO] [stdout] 
[INFO] [stdout] running 5 tests
[INFO] [stdout] test src/vec_u8_hash_map/google.genomics.v1alpha2.rs - vec_u8_hash_map::google::genomics::v1alpha2::PipelineParameter (line 548) ... FAILED
[INFO] [stdout] test src/vec_u8_hash_map/google.genomics.v1alpha2.rs - vec_u8_hash_map::google::genomics::v1alpha2::PipelineParameter (line 529) ... FAILED
[INFO] [stdout] test src/vec_u8_hash_map/google.genomics.v1alpha2.rs - vec_u8_hash_map::google::genomics::v1alpha2::PipelineParameter (line 508) ... FAILED
[INFO] [stdout] test src/vec_u8_hash_map/google.genomics.v1alpha2.rs - vec_u8_hash_map::google::genomics::v1alpha2::PipelineParameter (line 514) ... FAILED
[INFO] [stdout] test src/vec_u8_hash_map/google.genomics.v1alpha2.rs - vec_u8_hash_map::google::genomics::v1alpha2::PipelineParameter (line 523) ... FAILED
[INFO] [stdout] 
[INFO] [stdout] failures:
[INFO] [stdout] 
[INFO] [stdout] ---- src/vec_u8_hash_map/google.genomics.v1alpha2.rs - vec_u8_hash_map::google::genomics::v1alpha2::PipelineParameter (line 548) stdout ----
[INFO] [stdout] error: expected one of `!`, `.`, `::`, `;`, `?`, `{`, `}`, or an operator, found `cp`
[INFO] [stdout]  --> src/vec_u8_hash_map/google.genomics.v1alpha2.rs:549:8
[INFO] [stdout]   |
[INFO] [stdout] 3 | gsutil cp /mnt/disk/file.txt gs://my-bucket/bar.txt
[INFO] [stdout]   |        ^^ expected one of 8 possible tokens
[INFO] [stdout] 
[INFO] [stdout] error: aborting due to 1 previous error
[INFO] [stdout] 
[INFO] [stdout] Couldn't compile the test.
[INFO] [stdout] ---- src/vec_u8_hash_map/google.genomics.v1alpha2.rs - vec_u8_hash_map::google::genomics::v1alpha2::PipelineParameter (line 529) stdout ----
[INFO] [stdout] error: expected one of `!`, `.`, `::`, `;`, `?`, `{`, `}`, or an operator, found `cp`
[INFO] [stdout]  --> src/vec_u8_hash_map/google.genomics.v1alpha2.rs:530:8
[INFO] [stdout]   |
[INFO] [stdout] 3 | gsutil cp gs://my-bucket/bar.txt /mnt/pd1/file.txt
[INFO] [stdout]   |        ^^ expected one of 8 possible tokens
[INFO] [stdout] 
[INFO] [stdout] error: aborting due to 1 previous error
[INFO] [stdout] 
[INFO] [stdout] Couldn't compile the test.
[INFO] [stdout] ---- src/vec_u8_hash_map/google.genomics.v1alpha2.rs - vec_u8_hash_map::google::genomics::v1alpha2::PipelineParameter (line 508) stdout ----
[INFO] [stdout] error: struct literal body without path
[INFO] [stdout]  --> src/vec_u8_hash_map/google.genomics.v1alpha2.rs:509:33
[INFO] [stdout]   |
[INFO] [stdout] 3 | {name: "input_file", localCopy: {path: "file.txt", disk: "pd1"}}
[INFO] [stdout]   |                                 ^^^^^^^^^^^^^^^^^^^^^^^^^^^^^^^
[INFO] [stdout]   |
[INFO] [stdout] help: you might have forgotten to add the struct literal inside the block
[INFO] [stdout]   |
[INFO] [stdout] 3 | {name: "input_file", localCopy: { SomeStruct {path: "file.txt", disk: "pd1"} }}
[INFO] [stdout]   |                                 ++++++++++++                                 +
[INFO] [stdout] 
[INFO] [stdout] error: struct literal body without path
[INFO] [stdout]  --> src/vec_u8_hash_map/google.genomics.v1alpha2.rs:509:1
[INFO] [stdout]   |
[INFO] [stdout] 3 | {name: "input_file", localCopy: {path: "file.txt", disk: "pd1"}}
[INFO] [stdout]   | ^^^^^^^^^^^^^^^^^^^^^^^^^^^^^^^^^^^^^^^^^^^^^^^^^^^^^^^^^^^^^^^^
[INFO] [stdout]   |
[INFO] [stdout] help: you might have forgotten to add the struct literal inside the block
[INFO] [stdout]   |
[INFO] [stdout] 3 | { SomeStruct {name: "input_file", localCopy: {path: "file.txt", disk: "pd1"}} }
[INFO] [stdout]   | ++++++++++++                                                                  +
[INFO] [stdout] 
[INFO] [stdout] error: aborting due to 2 previous errors
[INFO] [stdout] 
[INFO] [stdout] Couldn't compile the test.
[INFO] [stdout] ---- src/vec_u8_hash_map/google.genomics.v1alpha2.rs - vec_u8_hash_map::google::genomics::v1alpha2::PipelineParameter (line 514) stdout ----
[INFO] [stdout] error: struct literal body without path
[INFO] [stdout]  --> src/vec_u8_hash_map/google.genomics.v1alpha2.rs:515:1
[INFO] [stdout]   |
[INFO] [stdout] 3 | {name: "pd1", mountPoint: "/mnt/disk/"}
[INFO] [stdout]   | ^^^^^^^^^^^^^^^^^^^^^^^^^^^^^^^^^^^^^^^
[INFO] [stdout]   |
[INFO] [stdout] help: you might have forgotten to add the struct literal inside the block
[INFO] [stdout]   |
[INFO] [stdout] 3 | { SomeStruct {name: "pd1", mountPoint: "/mnt/disk/"} }
[INFO] [stdout]   | ++++++++++++                                         +
[INFO] [stdout] 
[INFO] [stdout] error: aborting due to 1 previous error
[INFO] [stdout] 
[INFO] [stdout] Couldn't compile the test.
[INFO] [stdout] ---- src/vec_u8_hash_map/google.genomics.v1alpha2.rs - vec_u8_hash_map::google::genomics::v1alpha2::PipelineParameter (line 523) stdout ----
[INFO] [stdout] error: unknown start of token: \
[INFO] [stdout]  --> src/vec_u8_hash_map/google.genomics.v1alpha2.rs:524:7
[INFO] [stdout]   |
[INFO] [stdout] 3 | inputs\["input_file"\] = "gs://my-bucket/bar.txt"
[INFO] [stdout]   |       ^
[INFO] [stdout] 
[INFO] [stdout] error: unknown start of token: \
[INFO] [stdout]  --> src/vec_u8_hash_map/google.genomics.v1alpha2.rs:524:21
[INFO] [stdout]   |
[INFO] [stdout] 3 | inputs\["input_file"\] = "gs://my-bucket/bar.txt"
[INFO] [stdout]   |                     ^
[INFO] [stdout] 
[INFO] [stdout] error[E0425]: cannot find value `inputs` in this scope
[INFO] [stdout]  --> src/vec_u8_hash_map/google.genomics.v1alpha2.rs:524:1
[INFO] [stdout]   |
[INFO] [stdout] 3 | inputs\["input_file"\] = "gs://my-bucket/bar.txt"
[INFO] [stdout]   | ^^^^^^ not found in this scope
[INFO] [stdout] 
[INFO] [stdout] error: aborting due to 3 previous errors
[INFO] [stdout] 
[INFO] [stdout] For more information about this error, try `rustc --explain E0425`.
[INFO] [stdout] Couldn't compile the test.
[INFO] [stdout] 
[INFO] [stdout] failures:
[INFO] [stdout]     src/vec_u8_hash_map/google.genomics.v1alpha2.rs - vec_u8_hash_map::google::genomics::v1alpha2::PipelineParameter (line 508)
[INFO] [stdout]     src/vec_u8_hash_map/google.genomics.v1alpha2.rs - vec_u8_hash_map::google::genomics::v1alpha2::PipelineParameter (line 514)
[INFO] [stdout]     src/vec_u8_hash_map/google.genomics.v1alpha2.rs - vec_u8_hash_map::google::genomics::v1alpha2::PipelineParameter (line 523)
[INFO] [stdout]     src/vec_u8_hash_map/google.genomics.v1alpha2.rs - vec_u8_hash_map::google::genomics::v1alpha2::PipelineParameter (line 529)
[INFO] [stdout]     src/vec_u8_hash_map/google.genomics.v1alpha2.rs - vec_u8_hash_map::google::genomics::v1alpha2::PipelineParameter (line 548)
[INFO] [stdout] 
[INFO] [stdout] test result: FAILED. 0 passed; 5 failed; 0 ignored; 0 measured; 0 filtered out; finished in 0.05s
[INFO] [stdout] 
[INFO] [stderr] error: doctest failed, to rerun pass `--doc`
[INFO] running `Command { std: "docker" "inspect" "9cdc9672c69537270333c257dd15b510d7391986dc29c50a662fe3dcc02f1e3e", kill_on_drop: false }`
[INFO] running `Command { std: "docker" "rm" "-f" "9cdc9672c69537270333c257dd15b510d7391986dc29c50a662fe3dcc02f1e3e", kill_on_drop: false }`
[INFO] [stdout] 9cdc9672c69537270333c257dd15b510d7391986dc29c50a662fe3dcc02f1e3e
