[INFO] fetching crate googleapis-tonic-google-datastore-v1 0.11.0...
[INFO] testing googleapis-tonic-google-datastore-v1-0.11.0 against nightly-2024-10-28+rustflags=-Zrandomize-layout for randomize-layout
[INFO] extracting crate googleapis-tonic-google-datastore-v1 0.11.0 into /workspace/builds/worker-5-tc2/source
[INFO] validating manifest of crates.io crate googleapis-tonic-google-datastore-v1 0.11.0 on toolchain nightly-2024-10-28
[INFO] running `Command { std: CARGO_HOME="/workspace/cargo-home" RUSTUP_HOME="/workspace/rustup-home" "/workspace/cargo-home/bin/cargo" "+nightly-2024-10-28" "metadata" "--manifest-path" "Cargo.toml" "--no-deps", kill_on_drop: false }`
[INFO] started tweaking crates.io crate googleapis-tonic-google-datastore-v1 0.11.0
[INFO] finished tweaking crates.io crate googleapis-tonic-google-datastore-v1 0.11.0
[INFO] tweaked toml for crates.io crate googleapis-tonic-google-datastore-v1 0.11.0 written to /workspace/builds/worker-5-tc2/source/Cargo.toml
[INFO] running `Command { std: CARGO_HOME="/workspace/cargo-home" RUSTUP_HOME="/workspace/rustup-home" "/workspace/cargo-home/bin/cargo" "+nightly-2024-10-28" "generate-lockfile" "--manifest-path" "Cargo.toml", kill_on_drop: false }`
[INFO] [stderr]     Updating crates.io index
[INFO] [stderr]      Locking 56 packages to latest compatible versions
[INFO] [stderr]       Adding googleapis-tonic-google-api v0.9.0 (available: v0.10.0)
[INFO] running `Command { std: CARGO_HOME="/workspace/cargo-home" RUSTUP_HOME="/workspace/rustup-home" "/workspace/cargo-home/bin/cargo" "+nightly-2024-10-28" "fetch" "--manifest-path" "Cargo.toml", kill_on_drop: false }`
[INFO] running `Command { std: "docker" "create" "-v" "/var/lib/crater-agent-workspace/builds/worker-5-tc2/target:/opt/rustwide/target:rw,Z" "-v" "/var/lib/crater-agent-workspace/builds/worker-5-tc2/source:/opt/rustwide/workdir:ro,Z" "-v" "/var/lib/crater-agent-workspace/cargo-home:/opt/rustwide/cargo-home:ro,Z" "-v" "/var/lib/crater-agent-workspace/rustup-home:/opt/rustwide/rustup-home:ro,Z" "-e" "SOURCE_DIR=/opt/rustwide/workdir" "-e" "CARGO_TARGET_DIR=/opt/rustwide/target" "-e" "CARGO_HOME=/opt/rustwide/cargo-home" "-e" "RUSTUP_HOME=/opt/rustwide/rustup-home" "-w" "/opt/rustwide/workdir" "-m" "1610612736" "--user" "0:0" "--network" "none" "ghcr.io/rust-lang/crates-build-env/linux@sha256:4a844ea9eb2546a2d2c7022eacef16ef2e8229c7fbb2c7d4d55a9ceca922f72d" "/opt/rustwide/cargo-home/bin/cargo" "+nightly-2024-10-28" "metadata" "--no-deps" "--format-version=1", kill_on_drop: false }`
[INFO] [stdout] 1909fc7610139b9e907bc27223bcf421ba745f9f6428f377ca47f8c66132d720
[INFO] running `Command { std: "docker" "start" "-a" "1909fc7610139b9e907bc27223bcf421ba745f9f6428f377ca47f8c66132d720", kill_on_drop: false }`
[INFO] running `Command { std: "docker" "inspect" "1909fc7610139b9e907bc27223bcf421ba745f9f6428f377ca47f8c66132d720", kill_on_drop: false }`
[INFO] running `Command { std: "docker" "rm" "-f" "1909fc7610139b9e907bc27223bcf421ba745f9f6428f377ca47f8c66132d720", kill_on_drop: false }`
[INFO] [stdout] 1909fc7610139b9e907bc27223bcf421ba745f9f6428f377ca47f8c66132d720
[INFO] running `Command { std: "docker" "create" "-v" "/var/lib/crater-agent-workspace/builds/worker-5-tc2/target:/opt/rustwide/target:rw,Z" "-v" "/var/lib/crater-agent-workspace/builds/worker-5-tc2/source:/opt/rustwide/workdir:ro,Z" "-v" "/var/lib/crater-agent-workspace/cargo-home:/opt/rustwide/cargo-home:ro,Z" "-v" "/var/lib/crater-agent-workspace/rustup-home:/opt/rustwide/rustup-home:ro,Z" "-e" "SOURCE_DIR=/opt/rustwide/workdir" "-e" "CARGO_TARGET_DIR=/opt/rustwide/target" "-e" "CARGO_INCREMENTAL=0" "-e" "RUST_BACKTRACE=full" "-e" "RUSTFLAGS=--cap-lints=forbid -Zrandomize-layout" "-e" "RUSTDOCFLAGS=--cap-lints=forbid" "-e" "CARGO_HOME=/opt/rustwide/cargo-home" "-e" "RUSTUP_HOME=/opt/rustwide/rustup-home" "-w" "/opt/rustwide/workdir" "-m" "1610612736" "--user" "0:0" "--network" "none" "ghcr.io/rust-lang/crates-build-env/linux@sha256:4a844ea9eb2546a2d2c7022eacef16ef2e8229c7fbb2c7d4d55a9ceca922f72d" "/opt/rustwide/cargo-home/bin/cargo" "+nightly-2024-10-28" "build" "--frozen" "--message-format=json", kill_on_drop: false }`
[INFO] [stdout] ea4c126ae31ef741a9a0ab7987f5c0eb984d3beb92405dabccb1ee7d5f3ba064
[INFO] running `Command { std: "docker" "start" "-a" "ea4c126ae31ef741a9a0ab7987f5c0eb984d3beb92405dabccb1ee7d5f3ba064", kill_on_drop: false }`
[INFO] [stderr]    Compiling googleapis-tonic-google-type v0.8.0
[INFO] [stderr]    Compiling googleapis-tonic-google-datastore-v1 v0.11.0 (/opt/rustwide/workdir)
[INFO] [stderr]     Finished `dev` profile [unoptimized + debuginfo] target(s) in 0.89s
[INFO] running `Command { std: "docker" "inspect" "ea4c126ae31ef741a9a0ab7987f5c0eb984d3beb92405dabccb1ee7d5f3ba064", kill_on_drop: false }`
[INFO] running `Command { std: "docker" "rm" "-f" "ea4c126ae31ef741a9a0ab7987f5c0eb984d3beb92405dabccb1ee7d5f3ba064", kill_on_drop: false }`
[INFO] [stdout] ea4c126ae31ef741a9a0ab7987f5c0eb984d3beb92405dabccb1ee7d5f3ba064
[INFO] running `Command { std: "docker" "create" "-v" "/var/lib/crater-agent-workspace/builds/worker-5-tc2/target:/opt/rustwide/target:rw,Z" "-v" "/var/lib/crater-agent-workspace/builds/worker-5-tc2/source:/opt/rustwide/workdir:ro,Z" "-v" "/var/lib/crater-agent-workspace/cargo-home:/opt/rustwide/cargo-home:ro,Z" "-v" "/var/lib/crater-agent-workspace/rustup-home:/opt/rustwide/rustup-home:ro,Z" "-e" "SOURCE_DIR=/opt/rustwide/workdir" "-e" "CARGO_TARGET_DIR=/opt/rustwide/target" "-e" "CARGO_INCREMENTAL=0" "-e" "RUST_BACKTRACE=full" "-e" "RUSTFLAGS=--cap-lints=forbid -Zrandomize-layout" "-e" "RUSTDOCFLAGS=--cap-lints=forbid" "-e" "CARGO_HOME=/opt/rustwide/cargo-home" "-e" "RUSTUP_HOME=/opt/rustwide/rustup-home" "-w" "/opt/rustwide/workdir" "-m" "1610612736" "--user" "0:0" "--network" "none" "ghcr.io/rust-lang/crates-build-env/linux@sha256:4a844ea9eb2546a2d2c7022eacef16ef2e8229c7fbb2c7d4d55a9ceca922f72d" "/opt/rustwide/cargo-home/bin/cargo" "+nightly-2024-10-28" "test" "--frozen" "--no-run" "--message-format=json", kill_on_drop: false }`
[INFO] [stdout] 366bfd1aa2ebcc6b451c178bcd6fe849cf4dad3621f6dda086aff4ee79a64fce
[INFO] running `Command { std: "docker" "start" "-a" "366bfd1aa2ebcc6b451c178bcd6fe849cf4dad3621f6dda086aff4ee79a64fce", kill_on_drop: false }`
[INFO] [stderr]    Compiling googleapis-tonic-google-datastore-v1 v0.11.0 (/opt/rustwide/workdir)
[INFO] [stderr]     Finished `test` profile [unoptimized + debuginfo] target(s) in 0.64s
[INFO] running `Command { std: "docker" "inspect" "366bfd1aa2ebcc6b451c178bcd6fe849cf4dad3621f6dda086aff4ee79a64fce", kill_on_drop: false }`
[INFO] running `Command { std: "docker" "rm" "-f" "366bfd1aa2ebcc6b451c178bcd6fe849cf4dad3621f6dda086aff4ee79a64fce", kill_on_drop: false }`
[INFO] [stdout] 366bfd1aa2ebcc6b451c178bcd6fe849cf4dad3621f6dda086aff4ee79a64fce
[INFO] running `Command { std: "docker" "create" "-v" "/var/lib/crater-agent-workspace/builds/worker-5-tc2/target:/opt/rustwide/target:rw,Z" "-v" "/var/lib/crater-agent-workspace/builds/worker-5-tc2/source:/opt/rustwide/workdir:ro,Z" "-v" "/var/lib/crater-agent-workspace/cargo-home:/opt/rustwide/cargo-home:ro,Z" "-v" "/var/lib/crater-agent-workspace/rustup-home:/opt/rustwide/rustup-home:ro,Z" "-e" "SOURCE_DIR=/opt/rustwide/workdir" "-e" "CARGO_TARGET_DIR=/opt/rustwide/target" "-e" "CARGO_INCREMENTAL=0" "-e" "RUST_BACKTRACE=full" "-e" "RUSTFLAGS=--cap-lints=forbid -Zrandomize-layout" "-e" "RUSTDOCFLAGS=--cap-lints=forbid" "-e" "CARGO_HOME=/opt/rustwide/cargo-home" "-e" "RUSTUP_HOME=/opt/rustwide/rustup-home" "-w" "/opt/rustwide/workdir" "-m" "1610612736" "--user" "0:0" "--network" "none" "ghcr.io/rust-lang/crates-build-env/linux@sha256:4a844ea9eb2546a2d2c7022eacef16ef2e8229c7fbb2c7d4d55a9ceca922f72d" "/opt/rustwide/cargo-home/bin/cargo" "+nightly-2024-10-28" "test" "--frozen", kill_on_drop: false }`
[INFO] [stdout] 954a2630404532ec42a135b0f0ee3a03df0d96edb79405f1efd0d22b060363ea
[INFO] running `Command { std: "docker" "start" "-a" "954a2630404532ec42a135b0f0ee3a03df0d96edb79405f1efd0d22b060363ea", kill_on_drop: false }`
[INFO] [stderr]     Finished `test` profile [unoptimized + debuginfo] target(s) in 0.03s
[INFO] [stderr]      Running unittests src/lib.rs (/opt/rustwide/target/debug/deps/googleapis_tonic_google_datastore_v1-b96142de9d9734c8)
[INFO] [stdout] 
[INFO] [stdout] running 0 tests
[INFO] [stdout] 
[INFO] [stdout] test result: ok. 0 passed; 0 failed; 0 ignored; 0 measured; 0 filtered out; finished in 0.00s
[INFO] [stdout] 
[INFO] [stderr]    Doc-tests googleapis_tonic_google_datastore_v1
[INFO] [stdout] 
[INFO] [stdout] running 3 tests
[INFO] [stdout] test src/vec_u8_hash_map/google.datastore.v1.rs - vec_u8_hash_map::google::datastore::v1::aggregation_query::aggregation::Count::up_to (line 449) ... FAILED
[INFO] [stdout] test src/vec_u8_hash_map/google.datastore.v1.rs - vec_u8_hash_map::google::datastore::v1::aggregation_query::Aggregation::alias (line 393) ... FAILED
[INFO] [stdout] test src/vec_u8_hash_map/google.datastore.v1.rs - vec_u8_hash_map::google::datastore::v1::aggregation_query::Aggregation::alias (line 406) ... FAILED
[INFO] [stdout] 
[INFO] [stdout] failures:
[INFO] [stdout] 
[INFO] [stdout] ---- src/vec_u8_hash_map/google.datastore.v1.rs - vec_u8_hash_map::google::datastore::v1::aggregation_query::aggregation::Count::up_to (line 449) stdout ----
[INFO] [stdout] error: expected one of `!`, `.`, `::`, `;`, `?`, `{`, `}`, or an operator, found `COUNT_UP_TO`
[INFO] [stdout]  --> src/vec_u8_hash_map/google.datastore.v1.rs:450:11
[INFO] [stdout]   |
[INFO] [stdout] 3 | AGGREGATE COUNT_UP_TO(1000) OVER ( SELECT * FROM k );
[INFO] [stdout]   |           ^^^^^^^^^^^ expected one of 8 possible tokens
[INFO] [stdout] 
[INFO] [stdout] error: aborting due to 1 previous error
[INFO] [stdout] 
[INFO] [stdout] Couldn't compile the test.
[INFO] [stdout] ---- src/vec_u8_hash_map/google.datastore.v1.rs - vec_u8_hash_map::google::datastore::v1::aggregation_query::Aggregation::alias (line 393) stdout ----
[INFO] [stdout] error: expected `;`, found `COUNT_UP_TO`
[INFO] [stdout]  --> src/vec_u8_hash_map/google.datastore.v1.rs:394:10
[INFO] [stdout]   |
[INFO] [stdout] 3 | AGGREGATE
[INFO] [stdout]   |          ^ help: add `;` here
[INFO] [stdout] 4 |    COUNT_UP_TO(1) AS count_up_to_1,
[INFO] [stdout]   |    ----------- unexpected token
[INFO] [stdout] 
[INFO] [stdout] error: expected one of `.`, `;`, `?`, `}`, or an operator, found `AS`
[INFO] [stdout]  --> src/vec_u8_hash_map/google.datastore.v1.rs:395:19
[INFO] [stdout]   |
[INFO] [stdout] 4 |    COUNT_UP_TO(1) AS count_up_to_1,
[INFO] [stdout]   |                   ^^ expected one of `.`, `;`, `?`, `}`, or an operator
[INFO] [stdout] 
[INFO] [stdout] error: aborting due to 2 previous errors
[INFO] [stdout] 
[INFO] [stdout] Couldn't compile the test.
[INFO] [stdout] ---- src/vec_u8_hash_map/google.datastore.v1.rs - vec_u8_hash_map::google::datastore::v1::aggregation_query::Aggregation::alias (line 406) stdout ----
[INFO] [stdout] error: expected `;`, found `COUNT_UP_TO`
[INFO] [stdout]  --> src/vec_u8_hash_map/google.datastore.v1.rs:407:10
[INFO] [stdout]   |
[INFO] [stdout] 3 | AGGREGATE
[INFO] [stdout]   |          ^ help: add `;` here
[INFO] [stdout] 4 |    COUNT_UP_TO(1) AS count_up_to_1,
[INFO] [stdout]   |    ----------- unexpected token
[INFO] [stdout] 
[INFO] [stdout] error: expected one of `.`, `;`, `?`, `}`, or an operator, found `AS`
[INFO] [stdout]  --> src/vec_u8_hash_map/google.datastore.v1.rs:408:19
[INFO] [stdout]   |
[INFO] [stdout] 4 |    COUNT_UP_TO(1) AS count_up_to_1,
[INFO] [stdout]   |                   ^^ expected one of `.`, `;`, `?`, `}`, or an operator
[INFO] [stdout] 
[INFO] [stdout] error: aborting due to 2 previous errors
[INFO] [stdout] 
[INFO] [stdout] Couldn't compile the test.
[INFO] [stdout] 
[INFO] [stdout] failures:
[INFO] [stdout]     src/vec_u8_hash_map/google.datastore.v1.rs - vec_u8_hash_map::google::datastore::v1::aggregation_query::Aggregation::alias (line 393)
[INFO] [stdout]     src/vec_u8_hash_map/google.datastore.v1.rs - vec_u8_hash_map::google::datastore::v1::aggregation_query::Aggregation::alias (line 406)
[INFO] [stdout]     src/vec_u8_hash_map/google.datastore.v1.rs - vec_u8_hash_map::google::datastore::v1::aggregation_query::aggregation::Count::up_to (line 449)
[INFO] [stdout] 
[INFO] [stdout] test result: FAILED. 0 passed; 3 failed; 0 ignored; 0 measured; 0 filtered out; finished in 0.03s
[INFO] [stdout] 
[INFO] [stderr] error: doctest failed, to rerun pass `--doc`
[INFO] running `Command { std: "docker" "inspect" "954a2630404532ec42a135b0f0ee3a03df0d96edb79405f1efd0d22b060363ea", kill_on_drop: false }`
[INFO] running `Command { std: "docker" "rm" "-f" "954a2630404532ec42a135b0f0ee3a03df0d96edb79405f1efd0d22b060363ea", kill_on_drop: false }`
[INFO] [stdout] 954a2630404532ec42a135b0f0ee3a03df0d96edb79405f1efd0d22b060363ea
