[INFO] fetching crate googleapis-tonic-google-dataflow-v1beta3 0.9.0...
[INFO] testing googleapis-tonic-google-dataflow-v1beta3-0.9.0 against nightly-2024-10-28+rustflags=-Zrandomize-layout for randomize-layout
[INFO] extracting crate googleapis-tonic-google-dataflow-v1beta3 0.9.0 into /workspace/builds/worker-5-tc2/source
[INFO] validating manifest of crates.io crate googleapis-tonic-google-dataflow-v1beta3 0.9.0 on toolchain nightly-2024-10-28
[INFO] running `Command { std: CARGO_HOME="/workspace/cargo-home" RUSTUP_HOME="/workspace/rustup-home" "/workspace/cargo-home/bin/cargo" "+nightly-2024-10-28" "metadata" "--manifest-path" "Cargo.toml" "--no-deps", kill_on_drop: false }`
[INFO] started tweaking crates.io crate googleapis-tonic-google-dataflow-v1beta3 0.9.0
[INFO] finished tweaking crates.io crate googleapis-tonic-google-dataflow-v1beta3 0.9.0
[INFO] tweaked toml for crates.io crate googleapis-tonic-google-dataflow-v1beta3 0.9.0 written to /workspace/builds/worker-5-tc2/source/Cargo.toml
[INFO] running `Command { std: CARGO_HOME="/workspace/cargo-home" RUSTUP_HOME="/workspace/rustup-home" "/workspace/cargo-home/bin/cargo" "+nightly-2024-10-28" "generate-lockfile" "--manifest-path" "Cargo.toml", kill_on_drop: false }`
[INFO] [stderr]     Updating crates.io index
[INFO] [stderr]      Locking 56 packages to latest compatible versions
[INFO] [stderr]       Adding googleapis-tonic-google-api v0.9.0 (available: v0.10.0)
[INFO] running `Command { std: CARGO_HOME="/workspace/cargo-home" RUSTUP_HOME="/workspace/rustup-home" "/workspace/cargo-home/bin/cargo" "+nightly-2024-10-28" "fetch" "--manifest-path" "Cargo.toml", kill_on_drop: false }`
[INFO] running `Command { std: "docker" "create" "-v" "/var/lib/crater-agent-workspace/builds/worker-5-tc2/target:/opt/rustwide/target:rw,Z" "-v" "/var/lib/crater-agent-workspace/builds/worker-5-tc2/source:/opt/rustwide/workdir:ro,Z" "-v" "/var/lib/crater-agent-workspace/cargo-home:/opt/rustwide/cargo-home:ro,Z" "-v" "/var/lib/crater-agent-workspace/rustup-home:/opt/rustwide/rustup-home:ro,Z" "-e" "SOURCE_DIR=/opt/rustwide/workdir" "-e" "CARGO_TARGET_DIR=/opt/rustwide/target" "-e" "CARGO_HOME=/opt/rustwide/cargo-home" "-e" "RUSTUP_HOME=/opt/rustwide/rustup-home" "-w" "/opt/rustwide/workdir" "-m" "1610612736" "--user" "0:0" "--network" "none" "ghcr.io/rust-lang/crates-build-env/linux@sha256:4a844ea9eb2546a2d2c7022eacef16ef2e8229c7fbb2c7d4d55a9ceca922f72d" "/opt/rustwide/cargo-home/bin/cargo" "+nightly-2024-10-28" "metadata" "--no-deps" "--format-version=1", kill_on_drop: false }`
[INFO] [stdout] 9b7f23b2790b050c842948a7016e60c7297336e1bb05e7991dd7c57f1b4ea4f9
[INFO] running `Command { std: "docker" "start" "-a" "9b7f23b2790b050c842948a7016e60c7297336e1bb05e7991dd7c57f1b4ea4f9", kill_on_drop: false }`
[INFO] running `Command { std: "docker" "inspect" "9b7f23b2790b050c842948a7016e60c7297336e1bb05e7991dd7c57f1b4ea4f9", kill_on_drop: false }`
[INFO] running `Command { std: "docker" "rm" "-f" "9b7f23b2790b050c842948a7016e60c7297336e1bb05e7991dd7c57f1b4ea4f9", kill_on_drop: false }`
[INFO] [stdout] 9b7f23b2790b050c842948a7016e60c7297336e1bb05e7991dd7c57f1b4ea4f9
[INFO] running `Command { std: "docker" "create" "-v" "/var/lib/crater-agent-workspace/builds/worker-5-tc2/target:/opt/rustwide/target:rw,Z" "-v" "/var/lib/crater-agent-workspace/builds/worker-5-tc2/source:/opt/rustwide/workdir:ro,Z" "-v" "/var/lib/crater-agent-workspace/cargo-home:/opt/rustwide/cargo-home:ro,Z" "-v" "/var/lib/crater-agent-workspace/rustup-home:/opt/rustwide/rustup-home:ro,Z" "-e" "SOURCE_DIR=/opt/rustwide/workdir" "-e" "CARGO_TARGET_DIR=/opt/rustwide/target" "-e" "CARGO_INCREMENTAL=0" "-e" "RUST_BACKTRACE=full" "-e" "RUSTFLAGS=--cap-lints=forbid -Zrandomize-layout" "-e" "RUSTDOCFLAGS=--cap-lints=forbid" "-e" "CARGO_HOME=/opt/rustwide/cargo-home" "-e" "RUSTUP_HOME=/opt/rustwide/rustup-home" "-w" "/opt/rustwide/workdir" "-m" "1610612736" "--user" "0:0" "--network" "none" "ghcr.io/rust-lang/crates-build-env/linux@sha256:4a844ea9eb2546a2d2c7022eacef16ef2e8229c7fbb2c7d4d55a9ceca922f72d" "/opt/rustwide/cargo-home/bin/cargo" "+nightly-2024-10-28" "build" "--frozen" "--message-format=json", kill_on_drop: false }`
[INFO] [stdout] ddcaed7430b18432eae6a65149280988b28852202b8a43c4f9e06626ecb8e10d
[INFO] running `Command { std: "docker" "start" "-a" "ddcaed7430b18432eae6a65149280988b28852202b8a43c4f9e06626ecb8e10d", kill_on_drop: false }`
[INFO] [stderr]    Compiling googleapis-tonic-google-dataflow-v1beta3 v0.9.0 (/opt/rustwide/workdir)
[INFO] [stderr]     Finished `dev` profile [unoptimized + debuginfo] target(s) in 1.58s
[INFO] running `Command { std: "docker" "inspect" "ddcaed7430b18432eae6a65149280988b28852202b8a43c4f9e06626ecb8e10d", kill_on_drop: false }`
[INFO] running `Command { std: "docker" "rm" "-f" "ddcaed7430b18432eae6a65149280988b28852202b8a43c4f9e06626ecb8e10d", kill_on_drop: false }`
[INFO] [stdout] ddcaed7430b18432eae6a65149280988b28852202b8a43c4f9e06626ecb8e10d
[INFO] running `Command { std: "docker" "create" "-v" "/var/lib/crater-agent-workspace/builds/worker-5-tc2/target:/opt/rustwide/target:rw,Z" "-v" "/var/lib/crater-agent-workspace/builds/worker-5-tc2/source:/opt/rustwide/workdir:ro,Z" "-v" "/var/lib/crater-agent-workspace/cargo-home:/opt/rustwide/cargo-home:ro,Z" "-v" "/var/lib/crater-agent-workspace/rustup-home:/opt/rustwide/rustup-home:ro,Z" "-e" "SOURCE_DIR=/opt/rustwide/workdir" "-e" "CARGO_TARGET_DIR=/opt/rustwide/target" "-e" "CARGO_INCREMENTAL=0" "-e" "RUST_BACKTRACE=full" "-e" "RUSTFLAGS=--cap-lints=forbid -Zrandomize-layout" "-e" "RUSTDOCFLAGS=--cap-lints=forbid" "-e" "CARGO_HOME=/opt/rustwide/cargo-home" "-e" "RUSTUP_HOME=/opt/rustwide/rustup-home" "-w" "/opt/rustwide/workdir" "-m" "1610612736" "--user" "0:0" "--network" "none" "ghcr.io/rust-lang/crates-build-env/linux@sha256:4a844ea9eb2546a2d2c7022eacef16ef2e8229c7fbb2c7d4d55a9ceca922f72d" "/opt/rustwide/cargo-home/bin/cargo" "+nightly-2024-10-28" "test" "--frozen" "--no-run" "--message-format=json", kill_on_drop: false }`
[INFO] [stdout] 096b45034b68e024dac8b8a250f3e30cabb43313f7bae6b621736676fa2e004f
[INFO] running `Command { std: "docker" "start" "-a" "096b45034b68e024dac8b8a250f3e30cabb43313f7bae6b621736676fa2e004f", kill_on_drop: false }`
[INFO] [stderr]    Compiling googleapis-tonic-google-dataflow-v1beta3 v0.9.0 (/opt/rustwide/workdir)
[INFO] [stderr]     Finished `test` profile [unoptimized + debuginfo] target(s) in 1.27s
[INFO] running `Command { std: "docker" "inspect" "096b45034b68e024dac8b8a250f3e30cabb43313f7bae6b621736676fa2e004f", kill_on_drop: false }`
[INFO] running `Command { std: "docker" "rm" "-f" "096b45034b68e024dac8b8a250f3e30cabb43313f7bae6b621736676fa2e004f", kill_on_drop: false }`
[INFO] [stdout] 096b45034b68e024dac8b8a250f3e30cabb43313f7bae6b621736676fa2e004f
[INFO] running `Command { std: "docker" "create" "-v" "/var/lib/crater-agent-workspace/builds/worker-5-tc2/target:/opt/rustwide/target:rw,Z" "-v" "/var/lib/crater-agent-workspace/builds/worker-5-tc2/source:/opt/rustwide/workdir:ro,Z" "-v" "/var/lib/crater-agent-workspace/cargo-home:/opt/rustwide/cargo-home:ro,Z" "-v" "/var/lib/crater-agent-workspace/rustup-home:/opt/rustwide/rustup-home:ro,Z" "-e" "SOURCE_DIR=/opt/rustwide/workdir" "-e" "CARGO_TARGET_DIR=/opt/rustwide/target" "-e" "CARGO_INCREMENTAL=0" "-e" "RUST_BACKTRACE=full" "-e" "RUSTFLAGS=--cap-lints=forbid -Zrandomize-layout" "-e" "RUSTDOCFLAGS=--cap-lints=forbid" "-e" "CARGO_HOME=/opt/rustwide/cargo-home" "-e" "RUSTUP_HOME=/opt/rustwide/rustup-home" "-w" "/opt/rustwide/workdir" "-m" "1610612736" "--user" "0:0" "--network" "none" "ghcr.io/rust-lang/crates-build-env/linux@sha256:4a844ea9eb2546a2d2c7022eacef16ef2e8229c7fbb2c7d4d55a9ceca922f72d" "/opt/rustwide/cargo-home/bin/cargo" "+nightly-2024-10-28" "test" "--frozen", kill_on_drop: false }`
[INFO] [stdout] b3b845a59236d37a57a0c114a6de0456fd63fb5f0f03f00001191dac86a90954
[INFO] running `Command { std: "docker" "start" "-a" "b3b845a59236d37a57a0c114a6de0456fd63fb5f0f03f00001191dac86a90954", kill_on_drop: false }`
[INFO] [stderr]     Finished `test` profile [unoptimized + debuginfo] target(s) in 0.03s
[INFO] [stderr]      Running unittests src/lib.rs (/opt/rustwide/target/debug/deps/googleapis_tonic_google_dataflow_v1beta3-2be9fa7058c7849d)
[INFO] [stdout] 
[INFO] [stdout] running 0 tests
[INFO] [stdout] 
[INFO] [stdout] test result: ok. 0 passed; 0 failed; 0 ignored; 0 measured; 0 filtered out; finished in 0.00s
[INFO] [stdout] 
[INFO] [stderr]    Doc-tests googleapis_tonic_google_dataflow_v1beta3
[INFO] [stdout] 
[INFO] [stdout] running 1 test
[INFO] [stdout] test src/vec_u8_hash_map/google.dataflow.v1beta3.rs - vec_u8_hash_map::google::dataflow::v1beta3::Job::temp_files (line 1109) ... FAILED
[INFO] [stdout] 
[INFO] [stdout] failures:
[INFO] [stdout] 
[INFO] [stdout] ---- src/vec_u8_hash_map/google.dataflow.v1beta3.rs - vec_u8_hash_map::google::dataflow::v1beta3::Job::temp_files (line 1109) stdout ----
[INFO] [stdout] error: expected `;`, found `bucket`
[INFO] [stdout]  --> src/vec_u8_hash_map/google.dataflow.v1beta3.rs:1110:41
[INFO] [stdout]   |
[INFO] [stdout] 3 | storage.googleapis.com/{bucket}/{object}
[INFO] [stdout]   |                                         ^ help: add `;` here
[INFO] [stdout] 4 | bucket.storage.googleapis.com/{object}
[INFO] [stdout]   | ------ unexpected token
[INFO] [stdout] 
[INFO] [stdout] error[E0425]: cannot find value `bucket` in this scope
[INFO] [stdout]  --> src/vec_u8_hash_map/google.dataflow.v1beta3.rs:1111:1
[INFO] [stdout]   |
[INFO] [stdout] 4 | bucket.storage.googleapis.com/{object}
[INFO] [stdout]   | ^^^^^^ not found in this scope
[INFO] [stdout] 
[INFO] [stdout] error[E0425]: cannot find value `object` in this scope
[INFO] [stdout]  --> src/vec_u8_hash_map/google.dataflow.v1beta3.rs:1111:32
[INFO] [stdout]   |
[INFO] [stdout] 4 | bucket.storage.googleapis.com/{object}
[INFO] [stdout]   |                                ^^^^^^ not found in this scope
[INFO] [stdout] 
[INFO] [stdout] error: aborting due to 3 previous errors
[INFO] [stdout] 
[INFO] [stdout] For more information about this error, try `rustc --explain E0425`.
[INFO] [stdout] Couldn't compile the test.
[INFO] [stdout] 
[INFO] [stdout] failures:
[INFO] [stdout]     src/vec_u8_hash_map/google.dataflow.v1beta3.rs - vec_u8_hash_map::google::dataflow::v1beta3::Job::temp_files (line 1109)
[INFO] [stdout] 
[INFO] [stdout] test result: FAILED. 0 passed; 1 failed; 0 ignored; 0 measured; 0 filtered out; finished in 0.05s
[INFO] [stdout] 
[INFO] [stderr] error: doctest failed, to rerun pass `--doc`
[INFO] running `Command { std: "docker" "inspect" "b3b845a59236d37a57a0c114a6de0456fd63fb5f0f03f00001191dac86a90954", kill_on_drop: false }`
[INFO] running `Command { std: "docker" "rm" "-f" "b3b845a59236d37a57a0c114a6de0456fd63fb5f0f03f00001191dac86a90954", kill_on_drop: false }`
[INFO] [stdout] b3b845a59236d37a57a0c114a6de0456fd63fb5f0f03f00001191dac86a90954
