[INFO] fetching crate googleapis-tonic-google-container-v1beta1 0.10.0...
[INFO] testing googleapis-tonic-google-container-v1beta1-0.10.0 against nightly-2024-10-28+rustflags=-Zrandomize-layout for randomize-layout
[INFO] extracting crate googleapis-tonic-google-container-v1beta1 0.10.0 into /workspace/builds/worker-4-tc2/source
[INFO] validating manifest of crates.io crate googleapis-tonic-google-container-v1beta1 0.10.0 on toolchain nightly-2024-10-28
[INFO] running `Command { std: CARGO_HOME="/workspace/cargo-home" RUSTUP_HOME="/workspace/rustup-home" "/workspace/cargo-home/bin/cargo" "+nightly-2024-10-28" "metadata" "--manifest-path" "Cargo.toml" "--no-deps", kill_on_drop: false }`
[INFO] started tweaking crates.io crate googleapis-tonic-google-container-v1beta1 0.10.0
[INFO] finished tweaking crates.io crate googleapis-tonic-google-container-v1beta1 0.10.0
[INFO] tweaked toml for crates.io crate googleapis-tonic-google-container-v1beta1 0.10.0 written to /workspace/builds/worker-4-tc2/source/Cargo.toml
[INFO] running `Command { std: CARGO_HOME="/workspace/cargo-home" RUSTUP_HOME="/workspace/rustup-home" "/workspace/cargo-home/bin/cargo" "+nightly-2024-10-28" "generate-lockfile" "--manifest-path" "Cargo.toml", kill_on_drop: false }`
[INFO] [stderr]     Updating crates.io index
[INFO] [stderr]      Locking 57 packages to latest compatible versions
[INFO] [stderr]       Adding googleapis-tonic-google-api v0.9.0 (available: v0.10.0)
[INFO] running `Command { std: CARGO_HOME="/workspace/cargo-home" RUSTUP_HOME="/workspace/rustup-home" "/workspace/cargo-home/bin/cargo" "+nightly-2024-10-28" "fetch" "--manifest-path" "Cargo.toml", kill_on_drop: false }`
[INFO] running `Command { std: "docker" "create" "-v" "/var/lib/crater-agent-workspace/builds/worker-4-tc2/target:/opt/rustwide/target:rw,Z" "-v" "/var/lib/crater-agent-workspace/builds/worker-4-tc2/source:/opt/rustwide/workdir:ro,Z" "-v" "/var/lib/crater-agent-workspace/cargo-home:/opt/rustwide/cargo-home:ro,Z" "-v" "/var/lib/crater-agent-workspace/rustup-home:/opt/rustwide/rustup-home:ro,Z" "-e" "SOURCE_DIR=/opt/rustwide/workdir" "-e" "CARGO_TARGET_DIR=/opt/rustwide/target" "-e" "CARGO_HOME=/opt/rustwide/cargo-home" "-e" "RUSTUP_HOME=/opt/rustwide/rustup-home" "-w" "/opt/rustwide/workdir" "-m" "1610612736" "--user" "0:0" "--network" "none" "ghcr.io/rust-lang/crates-build-env/linux@sha256:4a844ea9eb2546a2d2c7022eacef16ef2e8229c7fbb2c7d4d55a9ceca922f72d" "/opt/rustwide/cargo-home/bin/cargo" "+nightly-2024-10-28" "metadata" "--no-deps" "--format-version=1", kill_on_drop: false }`
[INFO] [stdout] 02cf378bcb5665611203a44793bbed154d1679d412fbbc6a62abf439cf6c441d
[INFO] running `Command { std: "docker" "start" "-a" "02cf378bcb5665611203a44793bbed154d1679d412fbbc6a62abf439cf6c441d", kill_on_drop: false }`
[INFO] running `Command { std: "docker" "inspect" "02cf378bcb5665611203a44793bbed154d1679d412fbbc6a62abf439cf6c441d", kill_on_drop: false }`
[INFO] running `Command { std: "docker" "rm" "-f" "02cf378bcb5665611203a44793bbed154d1679d412fbbc6a62abf439cf6c441d", kill_on_drop: false }`
[INFO] [stdout] 02cf378bcb5665611203a44793bbed154d1679d412fbbc6a62abf439cf6c441d
[INFO] running `Command { std: "docker" "create" "-v" "/var/lib/crater-agent-workspace/builds/worker-4-tc2/target:/opt/rustwide/target:rw,Z" "-v" "/var/lib/crater-agent-workspace/builds/worker-4-tc2/source:/opt/rustwide/workdir:ro,Z" "-v" "/var/lib/crater-agent-workspace/cargo-home:/opt/rustwide/cargo-home:ro,Z" "-v" "/var/lib/crater-agent-workspace/rustup-home:/opt/rustwide/rustup-home:ro,Z" "-e" "SOURCE_DIR=/opt/rustwide/workdir" "-e" "CARGO_TARGET_DIR=/opt/rustwide/target" "-e" "CARGO_INCREMENTAL=0" "-e" "RUST_BACKTRACE=full" "-e" "RUSTFLAGS=--cap-lints=forbid -Zrandomize-layout" "-e" "RUSTDOCFLAGS=--cap-lints=forbid" "-e" "CARGO_HOME=/opt/rustwide/cargo-home" "-e" "RUSTUP_HOME=/opt/rustwide/rustup-home" "-w" "/opt/rustwide/workdir" "-m" "1610612736" "--user" "0:0" "--network" "none" "ghcr.io/rust-lang/crates-build-env/linux@sha256:4a844ea9eb2546a2d2c7022eacef16ef2e8229c7fbb2c7d4d55a9ceca922f72d" "/opt/rustwide/cargo-home/bin/cargo" "+nightly-2024-10-28" "build" "--frozen" "--message-format=json", kill_on_drop: false }`
[INFO] [stdout] 9187ed0d8e126e172f9ef284fa75625ffab55c9c9ec5a2a91cb2f57d0cebc3a8
[INFO] running `Command { std: "docker" "start" "-a" "9187ed0d8e126e172f9ef284fa75625ffab55c9c9ec5a2a91cb2f57d0cebc3a8", kill_on_drop: false }`
[INFO] [stderr]    Compiling googleapis-tonic-google-type v0.8.0
[INFO] [stderr]    Compiling googleapis-tonic-google-rpc v0.8.0
[INFO] [stderr]    Compiling googleapis-tonic-google-container-v1beta1 v0.10.0 (/opt/rustwide/workdir)
[INFO] [stderr]     Finished `dev` profile [unoptimized + debuginfo] target(s) in 3.12s
[INFO] running `Command { std: "docker" "inspect" "9187ed0d8e126e172f9ef284fa75625ffab55c9c9ec5a2a91cb2f57d0cebc3a8", kill_on_drop: false }`
[INFO] running `Command { std: "docker" "rm" "-f" "9187ed0d8e126e172f9ef284fa75625ffab55c9c9ec5a2a91cb2f57d0cebc3a8", kill_on_drop: false }`
[INFO] [stdout] 9187ed0d8e126e172f9ef284fa75625ffab55c9c9ec5a2a91cb2f57d0cebc3a8
[INFO] running `Command { std: "docker" "create" "-v" "/var/lib/crater-agent-workspace/builds/worker-4-tc2/target:/opt/rustwide/target:rw,Z" "-v" "/var/lib/crater-agent-workspace/builds/worker-4-tc2/source:/opt/rustwide/workdir:ro,Z" "-v" "/var/lib/crater-agent-workspace/cargo-home:/opt/rustwide/cargo-home:ro,Z" "-v" "/var/lib/crater-agent-workspace/rustup-home:/opt/rustwide/rustup-home:ro,Z" "-e" "SOURCE_DIR=/opt/rustwide/workdir" "-e" "CARGO_TARGET_DIR=/opt/rustwide/target" "-e" "CARGO_INCREMENTAL=0" "-e" "RUST_BACKTRACE=full" "-e" "RUSTFLAGS=--cap-lints=forbid -Zrandomize-layout" "-e" "RUSTDOCFLAGS=--cap-lints=forbid" "-e" "CARGO_HOME=/opt/rustwide/cargo-home" "-e" "RUSTUP_HOME=/opt/rustwide/rustup-home" "-w" "/opt/rustwide/workdir" "-m" "1610612736" "--user" "0:0" "--network" "none" "ghcr.io/rust-lang/crates-build-env/linux@sha256:4a844ea9eb2546a2d2c7022eacef16ef2e8229c7fbb2c7d4d55a9ceca922f72d" "/opt/rustwide/cargo-home/bin/cargo" "+nightly-2024-10-28" "test" "--frozen" "--no-run" "--message-format=json", kill_on_drop: false }`
[INFO] [stdout] e41c597da388a4f8b29a13e27ed4579aa8890dbd285162174ebef70a4558c2f9
[INFO] running `Command { std: "docker" "start" "-a" "e41c597da388a4f8b29a13e27ed4579aa8890dbd285162174ebef70a4558c2f9", kill_on_drop: false }`
[INFO] [stderr]    Compiling googleapis-tonic-google-container-v1beta1 v0.10.0 (/opt/rustwide/workdir)
[INFO] [stderr]     Finished `test` profile [unoptimized + debuginfo] target(s) in 2.54s
[INFO] running `Command { std: "docker" "inspect" "e41c597da388a4f8b29a13e27ed4579aa8890dbd285162174ebef70a4558c2f9", kill_on_drop: false }`
[INFO] running `Command { std: "docker" "rm" "-f" "e41c597da388a4f8b29a13e27ed4579aa8890dbd285162174ebef70a4558c2f9", kill_on_drop: false }`
[INFO] [stdout] e41c597da388a4f8b29a13e27ed4579aa8890dbd285162174ebef70a4558c2f9
[INFO] running `Command { std: "docker" "create" "-v" "/var/lib/crater-agent-workspace/builds/worker-4-tc2/target:/opt/rustwide/target:rw,Z" "-v" "/var/lib/crater-agent-workspace/builds/worker-4-tc2/source:/opt/rustwide/workdir:ro,Z" "-v" "/var/lib/crater-agent-workspace/cargo-home:/opt/rustwide/cargo-home:ro,Z" "-v" "/var/lib/crater-agent-workspace/rustup-home:/opt/rustwide/rustup-home:ro,Z" "-e" "SOURCE_DIR=/opt/rustwide/workdir" "-e" "CARGO_TARGET_DIR=/opt/rustwide/target" "-e" "CARGO_INCREMENTAL=0" "-e" "RUST_BACKTRACE=full" "-e" "RUSTFLAGS=--cap-lints=forbid -Zrandomize-layout" "-e" "RUSTDOCFLAGS=--cap-lints=forbid" "-e" "CARGO_HOME=/opt/rustwide/cargo-home" "-e" "RUSTUP_HOME=/opt/rustwide/rustup-home" "-w" "/opt/rustwide/workdir" "-m" "1610612736" "--user" "0:0" "--network" "none" "ghcr.io/rust-lang/crates-build-env/linux@sha256:4a844ea9eb2546a2d2c7022eacef16ef2e8229c7fbb2c7d4d55a9ceca922f72d" "/opt/rustwide/cargo-home/bin/cargo" "+nightly-2024-10-28" "test" "--frozen", kill_on_drop: false }`
[INFO] [stdout] b7001615f1071dfa11c20cda28b9e7d3f840de1685355cffd512b4e6492a83e2
[INFO] running `Command { std: "docker" "start" "-a" "b7001615f1071dfa11c20cda28b9e7d3f840de1685355cffd512b4e6492a83e2", kill_on_drop: false }`
[INFO] [stderr]     Finished `test` profile [unoptimized + debuginfo] target(s) in 0.03s
[INFO] [stderr]      Running unittests src/lib.rs (/opt/rustwide/target/debug/deps/googleapis_tonic_google_container_v1beta1-840e36031a6867b8)
[INFO] [stdout] 
[INFO] [stdout] running 0 tests
[INFO] [stdout] 
[INFO] [stdout] test result: ok. 0 passed; 0 failed; 0 ignored; 0 measured; 0 filtered out; finished in 0.00s
[INFO] [stdout] 
[INFO] [stderr]    Doc-tests googleapis_tonic_google_container_v1beta1
[INFO] [stdout] 
[INFO] [stdout] running 2 tests
[INFO] [stdout] test src/vec_u8_hash_map/google.container.v1beta1.rs - vec_u8_hash_map::google::container::v1beta1::RecurringTimeWindow::recurrence (line 5207) ... FAILED
[INFO] [stdout] test src/vec_u8_hash_map/google.container.v1beta1.rs - vec_u8_hash_map::google::container::v1beta1::RecurringTimeWindow::recurrence (line 5215) ... FAILED
[INFO] [stdout] 
[INFO] [stdout] failures:
[INFO] [stdout] 
[INFO] [stdout] ---- src/vec_u8_hash_map/google.container.v1beta1.rs - vec_u8_hash_map::google::container::v1beta1::RecurringTimeWindow::recurrence (line 5207) stdout ----
[INFO] [stdout] error: expected one of `!`, `.`, `::`, `;`, `?`, `{`, `}`, or an operator, found `time`
[INFO] [stdout]  --> src/vec_u8_hash_map/google.container.v1beta1.rs:5208:7
[INFO] [stdout]   |
[INFO] [stdout] 3 | start time = 2019-01-01T09:00:00-0400
[INFO] [stdout]   |       ^^^^ expected one of 8 possible tokens
[INFO] [stdout] 
[INFO] [stdout] error: aborting due to 1 previous error
[INFO] [stdout] 
[INFO] [stdout] Couldn't compile the test.
[INFO] [stdout] ---- src/vec_u8_hash_map/google.container.v1beta1.rs - vec_u8_hash_map::google::container::v1beta1::RecurringTimeWindow::recurrence (line 5215) stdout ----
[INFO] [stdout] error: expected one of `!`, `.`, `::`, `;`, `?`, `{`, `}`, or an operator, found `time`
[INFO] [stdout]  --> src/vec_u8_hash_map/google.container.v1beta1.rs:5216:7
[INFO] [stdout]   |
[INFO] [stdout] 3 | start time = 2019-01-05T00:00:00Z
[INFO] [stdout]   |       ^^^^ expected one of 8 possible tokens
[INFO] [stdout] 
[INFO] [stdout] error: aborting due to 1 previous error
[INFO] [stdout] 
[INFO] [stdout] Couldn't compile the test.
[INFO] [stdout] 
[INFO] [stdout] failures:
[INFO] [stdout]     src/vec_u8_hash_map/google.container.v1beta1.rs - vec_u8_hash_map::google::container::v1beta1::RecurringTimeWindow::recurrence (line 5207)
[INFO] [stdout]     src/vec_u8_hash_map/google.container.v1beta1.rs - vec_u8_hash_map::google::container::v1beta1::RecurringTimeWindow::recurrence (line 5215)
[INFO] [stdout] 
[INFO] [stdout] test result: FAILED. 0 passed; 2 failed; 0 ignored; 0 measured; 0 filtered out; finished in 0.03s
[INFO] [stdout] 
[INFO] [stderr] error: doctest failed, to rerun pass `--doc`
[INFO] running `Command { std: "docker" "inspect" "b7001615f1071dfa11c20cda28b9e7d3f840de1685355cffd512b4e6492a83e2", kill_on_drop: false }`
[INFO] running `Command { std: "docker" "rm" "-f" "b7001615f1071dfa11c20cda28b9e7d3f840de1685355cffd512b4e6492a83e2", kill_on_drop: false }`
[INFO] [stdout] b7001615f1071dfa11c20cda28b9e7d3f840de1685355cffd512b4e6492a83e2
