[INFO] fetching crate googleapis-tonic-google-container-v1 0.10.0...
[INFO] testing googleapis-tonic-google-container-v1-0.10.0 against nightly-2024-10-28 for randomize-layout
[INFO] extracting crate googleapis-tonic-google-container-v1 0.10.0 into /workspace/builds/worker-3-tc1/source
[INFO] validating manifest of crates.io crate googleapis-tonic-google-container-v1 0.10.0 on toolchain nightly-2024-10-28
[INFO] running `Command { std: CARGO_HOME="/workspace/cargo-home" RUSTUP_HOME="/workspace/rustup-home" "/workspace/cargo-home/bin/cargo" "+nightly-2024-10-28" "metadata" "--manifest-path" "Cargo.toml" "--no-deps", kill_on_drop: false }`
[INFO] started tweaking crates.io crate googleapis-tonic-google-container-v1 0.10.0
[INFO] finished tweaking crates.io crate googleapis-tonic-google-container-v1 0.10.0
[INFO] tweaked toml for crates.io crate googleapis-tonic-google-container-v1 0.10.0 written to /workspace/builds/worker-3-tc1/source/Cargo.toml
[INFO] running `Command { std: CARGO_HOME="/workspace/cargo-home" RUSTUP_HOME="/workspace/rustup-home" "/workspace/cargo-home/bin/cargo" "+nightly-2024-10-28" "generate-lockfile" "--manifest-path" "Cargo.toml", kill_on_drop: false }`
[INFO] [stderr]     Updating crates.io index
[INFO] [stderr]     Blocking waiting for file lock on package cache
[INFO] [stderr]      Locking 56 packages to latest compatible versions
[INFO] [stderr]       Adding googleapis-tonic-google-api v0.9.0 (available: v0.10.0)
[INFO] running `Command { std: CARGO_HOME="/workspace/cargo-home" RUSTUP_HOME="/workspace/rustup-home" "/workspace/cargo-home/bin/cargo" "+nightly-2024-10-28" "fetch" "--manifest-path" "Cargo.toml", kill_on_drop: false }`
[INFO] [stderr]     Blocking waiting for file lock on package cache
[INFO] [stderr]     Blocking waiting for file lock on package cache
[INFO] [stderr]  Downloading crates ...
[INFO] [stderr]   Downloaded googleapis-tonic-google-api v0.9.0
[INFO] [stderr]   Downloaded googleapis-tonic-google-rpc v0.8.0
[INFO] running `Command { std: "docker" "create" "-v" "/var/lib/crater-agent-workspace/builds/worker-3-tc1/target:/opt/rustwide/target:rw,Z" "-v" "/var/lib/crater-agent-workspace/builds/worker-3-tc1/source:/opt/rustwide/workdir:ro,Z" "-v" "/var/lib/crater-agent-workspace/cargo-home:/opt/rustwide/cargo-home:ro,Z" "-v" "/var/lib/crater-agent-workspace/rustup-home:/opt/rustwide/rustup-home:ro,Z" "-e" "SOURCE_DIR=/opt/rustwide/workdir" "-e" "CARGO_TARGET_DIR=/opt/rustwide/target" "-e" "CARGO_HOME=/opt/rustwide/cargo-home" "-e" "RUSTUP_HOME=/opt/rustwide/rustup-home" "-w" "/opt/rustwide/workdir" "-m" "1610612736" "--user" "0:0" "--network" "none" "ghcr.io/rust-lang/crates-build-env/linux@sha256:4a844ea9eb2546a2d2c7022eacef16ef2e8229c7fbb2c7d4d55a9ceca922f72d" "/opt/rustwide/cargo-home/bin/cargo" "+nightly-2024-10-28" "metadata" "--no-deps" "--format-version=1", kill_on_drop: false }`
[INFO] [stdout] d79c4f9c44838def7b40b3d0fc8184df0aa63ef0f4df5a0f7f2efe1b76568f3d
[INFO] running `Command { std: "docker" "start" "-a" "d79c4f9c44838def7b40b3d0fc8184df0aa63ef0f4df5a0f7f2efe1b76568f3d", kill_on_drop: false }`
[INFO] running `Command { std: "docker" "inspect" "d79c4f9c44838def7b40b3d0fc8184df0aa63ef0f4df5a0f7f2efe1b76568f3d", kill_on_drop: false }`
[INFO] running `Command { std: "docker" "rm" "-f" "d79c4f9c44838def7b40b3d0fc8184df0aa63ef0f4df5a0f7f2efe1b76568f3d", kill_on_drop: false }`
[INFO] [stdout] d79c4f9c44838def7b40b3d0fc8184df0aa63ef0f4df5a0f7f2efe1b76568f3d
[INFO] running `Command { std: "docker" "create" "-v" "/var/lib/crater-agent-workspace/builds/worker-3-tc1/target:/opt/rustwide/target:rw,Z" "-v" "/var/lib/crater-agent-workspace/builds/worker-3-tc1/source:/opt/rustwide/workdir:ro,Z" "-v" "/var/lib/crater-agent-workspace/cargo-home:/opt/rustwide/cargo-home:ro,Z" "-v" "/var/lib/crater-agent-workspace/rustup-home:/opt/rustwide/rustup-home:ro,Z" "-e" "SOURCE_DIR=/opt/rustwide/workdir" "-e" "CARGO_TARGET_DIR=/opt/rustwide/target" "-e" "CARGO_INCREMENTAL=0" "-e" "RUST_BACKTRACE=full" "-e" "RUSTFLAGS=--cap-lints=forbid" "-e" "RUSTDOCFLAGS=--cap-lints=forbid" "-e" "CARGO_HOME=/opt/rustwide/cargo-home" "-e" "RUSTUP_HOME=/opt/rustwide/rustup-home" "-w" "/opt/rustwide/workdir" "-m" "1610612736" "--user" "0:0" "--network" "none" "ghcr.io/rust-lang/crates-build-env/linux@sha256:4a844ea9eb2546a2d2c7022eacef16ef2e8229c7fbb2c7d4d55a9ceca922f72d" "/opt/rustwide/cargo-home/bin/cargo" "+nightly-2024-10-28" "build" "--frozen" "--message-format=json", kill_on_drop: false }`
[INFO] [stdout] 599a6c73e8e6d20b3a3d9cce52e2984b68f318036c7bbb31d46aa29711e36f5d
[INFO] running `Command { std: "docker" "start" "-a" "599a6c73e8e6d20b3a3d9cce52e2984b68f318036c7bbb31d46aa29711e36f5d", kill_on_drop: false }`
[INFO] [stderr]    Compiling proc-macro2 v1.0.89
[INFO] [stderr]    Compiling unicode-ident v1.0.13
[INFO] [stderr]    Compiling pin-project-lite v0.2.15
[INFO] [stderr]    Compiling anyhow v1.0.92
[INFO] [stderr]    Compiling bytes v1.8.0
[INFO] [stderr]    Compiling either v1.13.0
[INFO] [stderr]    Compiling fnv v1.0.7
[INFO] [stderr]    Compiling itoa v1.0.11
[INFO] [stderr]    Compiling futures-core v0.3.31
[INFO] [stderr]    Compiling futures-task v0.3.31
[INFO] [stderr]    Compiling once_cell v1.20.2
[INFO] [stderr]    Compiling pin-utils v0.1.0
[INFO] [stderr]    Compiling base64 v0.22.1
[INFO] [stderr]    Compiling tower-layer v0.3.3
[INFO] [stderr]    Compiling tower-service v0.3.3
[INFO] [stderr]    Compiling percent-encoding v2.3.1
[INFO] [stderr]    Compiling tokio v1.41.0
[INFO] [stderr]    Compiling futures-util v0.3.31
[INFO] [stderr]    Compiling tracing-core v0.1.32
[INFO] [stderr]    Compiling itertools v0.13.0
[INFO] [stderr]    Compiling http v1.1.0
[INFO] [stderr]    Compiling quote v1.0.37
[INFO] [stderr]    Compiling syn v2.0.86
[INFO] [stderr]    Compiling tokio-stream v0.1.16
[INFO] [stderr]    Compiling http-body v1.0.1
[INFO] [stderr]    Compiling http-body-util v0.1.2
[INFO] [stderr]    Compiling prost-derive v0.13.3
[INFO] [stderr]    Compiling pin-project-internal v1.1.7
[INFO] [stderr]    Compiling tracing-attributes v0.1.27
[INFO] [stderr]    Compiling async-trait v0.1.83
[INFO] [stderr]    Compiling pin-project v1.1.7
[INFO] [stderr]    Compiling tracing v0.1.40
[INFO] [stderr]    Compiling prost v0.13.3
[INFO] [stderr]    Compiling prost-types v0.13.3
[INFO] [stderr]    Compiling tonic v0.12.3
[INFO] [stderr]    Compiling googleapis-tonic-google-api v0.9.0
[INFO] [stderr]    Compiling googleapis-tonic-google-rpc v0.8.0
[INFO] [stderr]    Compiling googleapis-tonic-google-container-v1 v0.10.0 (/opt/rustwide/workdir)
[INFO] [stderr]     Finished `dev` profile [unoptimized + debuginfo] target(s) in 21.44s
[INFO] running `Command { std: "docker" "inspect" "599a6c73e8e6d20b3a3d9cce52e2984b68f318036c7bbb31d46aa29711e36f5d", kill_on_drop: false }`
[INFO] running `Command { std: "docker" "rm" "-f" "599a6c73e8e6d20b3a3d9cce52e2984b68f318036c7bbb31d46aa29711e36f5d", kill_on_drop: false }`
[INFO] [stdout] 599a6c73e8e6d20b3a3d9cce52e2984b68f318036c7bbb31d46aa29711e36f5d
[INFO] running `Command { std: "docker" "create" "-v" "/var/lib/crater-agent-workspace/builds/worker-3-tc1/target:/opt/rustwide/target:rw,Z" "-v" "/var/lib/crater-agent-workspace/builds/worker-3-tc1/source:/opt/rustwide/workdir:ro,Z" "-v" "/var/lib/crater-agent-workspace/cargo-home:/opt/rustwide/cargo-home:ro,Z" "-v" "/var/lib/crater-agent-workspace/rustup-home:/opt/rustwide/rustup-home:ro,Z" "-e" "SOURCE_DIR=/opt/rustwide/workdir" "-e" "CARGO_TARGET_DIR=/opt/rustwide/target" "-e" "CARGO_INCREMENTAL=0" "-e" "RUST_BACKTRACE=full" "-e" "RUSTFLAGS=--cap-lints=forbid" "-e" "RUSTDOCFLAGS=--cap-lints=forbid" "-e" "CARGO_HOME=/opt/rustwide/cargo-home" "-e" "RUSTUP_HOME=/opt/rustwide/rustup-home" "-w" "/opt/rustwide/workdir" "-m" "1610612736" "--user" "0:0" "--network" "none" "ghcr.io/rust-lang/crates-build-env/linux@sha256:4a844ea9eb2546a2d2c7022eacef16ef2e8229c7fbb2c7d4d55a9ceca922f72d" "/opt/rustwide/cargo-home/bin/cargo" "+nightly-2024-10-28" "test" "--frozen" "--no-run" "--message-format=json", kill_on_drop: false }`
[INFO] [stdout] dd9690c7bd9eb150446cb7ca02c6230df39fb54c15da5dc5c9e3646e300fd6f2
[INFO] running `Command { std: "docker" "start" "-a" "dd9690c7bd9eb150446cb7ca02c6230df39fb54c15da5dc5c9e3646e300fd6f2", kill_on_drop: false }`
[INFO] [stderr]    Compiling googleapis-tonic-google-container-v1 v0.10.0 (/opt/rustwide/workdir)
[INFO] [stderr]     Finished `test` profile [unoptimized + debuginfo] target(s) in 4.23s
[INFO] running `Command { std: "docker" "inspect" "dd9690c7bd9eb150446cb7ca02c6230df39fb54c15da5dc5c9e3646e300fd6f2", kill_on_drop: false }`
[INFO] running `Command { std: "docker" "rm" "-f" "dd9690c7bd9eb150446cb7ca02c6230df39fb54c15da5dc5c9e3646e300fd6f2", kill_on_drop: false }`
[INFO] [stdout] dd9690c7bd9eb150446cb7ca02c6230df39fb54c15da5dc5c9e3646e300fd6f2
[INFO] running `Command { std: "docker" "create" "-v" "/var/lib/crater-agent-workspace/builds/worker-3-tc1/target:/opt/rustwide/target:rw,Z" "-v" "/var/lib/crater-agent-workspace/builds/worker-3-tc1/source:/opt/rustwide/workdir:ro,Z" "-v" "/var/lib/crater-agent-workspace/cargo-home:/opt/rustwide/cargo-home:ro,Z" "-v" "/var/lib/crater-agent-workspace/rustup-home:/opt/rustwide/rustup-home:ro,Z" "-e" "SOURCE_DIR=/opt/rustwide/workdir" "-e" "CARGO_TARGET_DIR=/opt/rustwide/target" "-e" "CARGO_INCREMENTAL=0" "-e" "RUST_BACKTRACE=full" "-e" "RUSTFLAGS=--cap-lints=forbid" "-e" "RUSTDOCFLAGS=--cap-lints=forbid" "-e" "CARGO_HOME=/opt/rustwide/cargo-home" "-e" "RUSTUP_HOME=/opt/rustwide/rustup-home" "-w" "/opt/rustwide/workdir" "-m" "1610612736" "--user" "0:0" "--network" "none" "ghcr.io/rust-lang/crates-build-env/linux@sha256:4a844ea9eb2546a2d2c7022eacef16ef2e8229c7fbb2c7d4d55a9ceca922f72d" "/opt/rustwide/cargo-home/bin/cargo" "+nightly-2024-10-28" "test" "--frozen", kill_on_drop: false }`
[INFO] [stdout] 3cbf9a99272e3713bd1ceb44c1645da322670b402131958d18f22f8726e60c29
[INFO] running `Command { std: "docker" "start" "-a" "3cbf9a99272e3713bd1ceb44c1645da322670b402131958d18f22f8726e60c29", kill_on_drop: false }`
[INFO] [stderr]     Finished `test` profile [unoptimized + debuginfo] target(s) in 0.03s
[INFO] [stderr]      Running unittests src/lib.rs (/opt/rustwide/target/debug/deps/googleapis_tonic_google_container_v1-8426b10ebef1d7db)
[INFO] [stdout] 
[INFO] [stdout] running 0 tests
[INFO] [stdout] 
[INFO] [stdout] test result: ok. 0 passed; 0 failed; 0 ignored; 0 measured; 0 filtered out; finished in 0.00s
[INFO] [stdout] 
[INFO] [stderr]    Doc-tests googleapis_tonic_google_container_v1
[INFO] [stdout] 
[INFO] [stdout] running 2 tests
[INFO] [stdout] test src/vec_u8_hash_map/google.container.v1.rs - vec_u8_hash_map::google::container::v1::RecurringTimeWindow::recurrence (line 4699) ... FAILED
[INFO] [stdout] test src/vec_u8_hash_map/google.container.v1.rs - vec_u8_hash_map::google::container::v1::RecurringTimeWindow::recurrence (line 4707) ... FAILED
[INFO] [stdout] 
[INFO] [stdout] failures:
[INFO] [stdout] 
[INFO] [stdout] ---- src/vec_u8_hash_map/google.container.v1.rs - vec_u8_hash_map::google::container::v1::RecurringTimeWindow::recurrence (line 4699) stdout ----
[INFO] [stdout] error: expected one of `!`, `.`, `::`, `;`, `?`, `{`, `}`, or an operator, found `time`
[INFO] [stdout]  --> src/vec_u8_hash_map/google.container.v1.rs:4700:7
[INFO] [stdout]   |
[INFO] [stdout] 3 | start time = 2019-01-01T09:00:00-0400
[INFO] [stdout]   |       ^^^^ expected one of 8 possible tokens
[INFO] [stdout] 
[INFO] [stdout] error: aborting due to 1 previous error
[INFO] [stdout] 
[INFO] [stdout] Couldn't compile the test.
[INFO] [stdout] ---- src/vec_u8_hash_map/google.container.v1.rs - vec_u8_hash_map::google::container::v1::RecurringTimeWindow::recurrence (line 4707) stdout ----
[INFO] [stdout] error: expected one of `!`, `.`, `::`, `;`, `?`, `{`, `}`, or an operator, found `time`
[INFO] [stdout]  --> src/vec_u8_hash_map/google.container.v1.rs:4708:7
[INFO] [stdout]   |
[INFO] [stdout] 3 | start time = 2019-01-05T00:00:00Z
[INFO] [stdout]   |       ^^^^ expected one of 8 possible tokens
[INFO] [stdout] 
[INFO] [stdout] error: aborting due to 1 previous error
[INFO] [stdout] 
[INFO] [stdout] Couldn't compile the test.
[INFO] [stdout] 
[INFO] [stdout] failures:
[INFO] [stdout]     src/vec_u8_hash_map/google.container.v1.rs - vec_u8_hash_map::google::container::v1::RecurringTimeWindow::recurrence (line 4699)
[INFO] [stdout]     src/vec_u8_hash_map/google.container.v1.rs - vec_u8_hash_map::google::container::v1::RecurringTimeWindow::recurrence (line 4707)
[INFO] [stdout] 
[INFO] [stdout] test result: FAILED. 0 passed; 2 failed; 0 ignored; 0 measured; 0 filtered out; finished in 0.03s
[INFO] [stdout] 
[INFO] [stderr] error: doctest failed, to rerun pass `--doc`
[INFO] running `Command { std: "docker" "inspect" "3cbf9a99272e3713bd1ceb44c1645da322670b402131958d18f22f8726e60c29", kill_on_drop: false }`
[INFO] running `Command { std: "docker" "rm" "-f" "3cbf9a99272e3713bd1ceb44c1645da322670b402131958d18f22f8726e60c29", kill_on_drop: false }`
[INFO] [stdout] 3cbf9a99272e3713bd1ceb44c1645da322670b402131958d18f22f8726e60c29
