[INFO] fetching crate googleapis-tonic-google-cloud-vision-v1 0.9.0...
[INFO] testing googleapis-tonic-google-cloud-vision-v1-0.9.0 against nightly-2024-10-28+rustflags=-Zrandomize-layout for randomize-layout
[INFO] extracting crate googleapis-tonic-google-cloud-vision-v1 0.9.0 into /workspace/builds/worker-4-tc2/source
[INFO] validating manifest of crates.io crate googleapis-tonic-google-cloud-vision-v1 0.9.0 on toolchain nightly-2024-10-28
[INFO] running `Command { std: CARGO_HOME="/workspace/cargo-home" RUSTUP_HOME="/workspace/rustup-home" "/workspace/cargo-home/bin/cargo" "+nightly-2024-10-28" "metadata" "--manifest-path" "Cargo.toml" "--no-deps", kill_on_drop: false }`
[INFO] started tweaking crates.io crate googleapis-tonic-google-cloud-vision-v1 0.9.0
[INFO] finished tweaking crates.io crate googleapis-tonic-google-cloud-vision-v1 0.9.0
[INFO] tweaked toml for crates.io crate googleapis-tonic-google-cloud-vision-v1 0.9.0 written to /workspace/builds/worker-4-tc2/source/Cargo.toml
[INFO] running `Command { std: CARGO_HOME="/workspace/cargo-home" RUSTUP_HOME="/workspace/rustup-home" "/workspace/cargo-home/bin/cargo" "+nightly-2024-10-28" "generate-lockfile" "--manifest-path" "Cargo.toml", kill_on_drop: false }`
[INFO] [stderr]     Updating crates.io index
[INFO] [stderr]      Locking 58 packages to latest compatible versions
[INFO] [stderr]       Adding googleapis-tonic-google-api v0.9.0 (available: v0.10.0)
[INFO] [stderr]       Adding googleapis-tonic-google-longrunning v0.9.0 (available: v0.10.0)
[INFO] running `Command { std: CARGO_HOME="/workspace/cargo-home" RUSTUP_HOME="/workspace/rustup-home" "/workspace/cargo-home/bin/cargo" "+nightly-2024-10-28" "fetch" "--manifest-path" "Cargo.toml", kill_on_drop: false }`
[INFO] running `Command { std: "docker" "create" "-v" "/var/lib/crater-agent-workspace/builds/worker-4-tc2/target:/opt/rustwide/target:rw,Z" "-v" "/var/lib/crater-agent-workspace/builds/worker-4-tc2/source:/opt/rustwide/workdir:ro,Z" "-v" "/var/lib/crater-agent-workspace/cargo-home:/opt/rustwide/cargo-home:ro,Z" "-v" "/var/lib/crater-agent-workspace/rustup-home:/opt/rustwide/rustup-home:ro,Z" "-e" "SOURCE_DIR=/opt/rustwide/workdir" "-e" "CARGO_TARGET_DIR=/opt/rustwide/target" "-e" "CARGO_HOME=/opt/rustwide/cargo-home" "-e" "RUSTUP_HOME=/opt/rustwide/rustup-home" "-w" "/opt/rustwide/workdir" "-m" "1610612736" "--user" "0:0" "--network" "none" "ghcr.io/rust-lang/crates-build-env/linux@sha256:4a844ea9eb2546a2d2c7022eacef16ef2e8229c7fbb2c7d4d55a9ceca922f72d" "/opt/rustwide/cargo-home/bin/cargo" "+nightly-2024-10-28" "metadata" "--no-deps" "--format-version=1", kill_on_drop: false }`
[INFO] [stdout] a5cb0fea3e22a80d4d952b8a9e545070970e910bfff1c8dd95d7339b7b25f6bd
[INFO] running `Command { std: "docker" "start" "-a" "a5cb0fea3e22a80d4d952b8a9e545070970e910bfff1c8dd95d7339b7b25f6bd", kill_on_drop: false }`
[INFO] running `Command { std: "docker" "inspect" "a5cb0fea3e22a80d4d952b8a9e545070970e910bfff1c8dd95d7339b7b25f6bd", kill_on_drop: false }`
[INFO] running `Command { std: "docker" "rm" "-f" "a5cb0fea3e22a80d4d952b8a9e545070970e910bfff1c8dd95d7339b7b25f6bd", kill_on_drop: false }`
[INFO] [stdout] a5cb0fea3e22a80d4d952b8a9e545070970e910bfff1c8dd95d7339b7b25f6bd
[INFO] running `Command { std: "docker" "create" "-v" "/var/lib/crater-agent-workspace/builds/worker-4-tc2/target:/opt/rustwide/target:rw,Z" "-v" "/var/lib/crater-agent-workspace/builds/worker-4-tc2/source:/opt/rustwide/workdir:ro,Z" "-v" "/var/lib/crater-agent-workspace/cargo-home:/opt/rustwide/cargo-home:ro,Z" "-v" "/var/lib/crater-agent-workspace/rustup-home:/opt/rustwide/rustup-home:ro,Z" "-e" "SOURCE_DIR=/opt/rustwide/workdir" "-e" "CARGO_TARGET_DIR=/opt/rustwide/target" "-e" "CARGO_INCREMENTAL=0" "-e" "RUST_BACKTRACE=full" "-e" "RUSTFLAGS=--cap-lints=forbid -Zrandomize-layout" "-e" "RUSTDOCFLAGS=--cap-lints=forbid" "-e" "CARGO_HOME=/opt/rustwide/cargo-home" "-e" "RUSTUP_HOME=/opt/rustwide/rustup-home" "-w" "/opt/rustwide/workdir" "-m" "1610612736" "--user" "0:0" "--network" "none" "ghcr.io/rust-lang/crates-build-env/linux@sha256:4a844ea9eb2546a2d2c7022eacef16ef2e8229c7fbb2c7d4d55a9ceca922f72d" "/opt/rustwide/cargo-home/bin/cargo" "+nightly-2024-10-28" "build" "--frozen" "--message-format=json", kill_on_drop: false }`
[INFO] [stdout] 6f25ef6c0b1462888d10677721c38dc4a462f26c3390f5f51eccf7905fd55778
[INFO] running `Command { std: "docker" "start" "-a" "6f25ef6c0b1462888d10677721c38dc4a462f26c3390f5f51eccf7905fd55778", kill_on_drop: false }`
[INFO] [stderr]    Compiling googleapis-tonic-google-cloud-vision-v1 v0.9.0 (/opt/rustwide/workdir)
[INFO] [stderr]     Finished `dev` profile [unoptimized + debuginfo] target(s) in 1.13s
[INFO] running `Command { std: "docker" "inspect" "6f25ef6c0b1462888d10677721c38dc4a462f26c3390f5f51eccf7905fd55778", kill_on_drop: false }`
[INFO] running `Command { std: "docker" "rm" "-f" "6f25ef6c0b1462888d10677721c38dc4a462f26c3390f5f51eccf7905fd55778", kill_on_drop: false }`
[INFO] [stdout] 6f25ef6c0b1462888d10677721c38dc4a462f26c3390f5f51eccf7905fd55778
[INFO] running `Command { std: "docker" "create" "-v" "/var/lib/crater-agent-workspace/builds/worker-4-tc2/target:/opt/rustwide/target:rw,Z" "-v" "/var/lib/crater-agent-workspace/builds/worker-4-tc2/source:/opt/rustwide/workdir:ro,Z" "-v" "/var/lib/crater-agent-workspace/cargo-home:/opt/rustwide/cargo-home:ro,Z" "-v" "/var/lib/crater-agent-workspace/rustup-home:/opt/rustwide/rustup-home:ro,Z" "-e" "SOURCE_DIR=/opt/rustwide/workdir" "-e" "CARGO_TARGET_DIR=/opt/rustwide/target" "-e" "CARGO_INCREMENTAL=0" "-e" "RUST_BACKTRACE=full" "-e" "RUSTFLAGS=--cap-lints=forbid -Zrandomize-layout" "-e" "RUSTDOCFLAGS=--cap-lints=forbid" "-e" "CARGO_HOME=/opt/rustwide/cargo-home" "-e" "RUSTUP_HOME=/opt/rustwide/rustup-home" "-w" "/opt/rustwide/workdir" "-m" "1610612736" "--user" "0:0" "--network" "none" "ghcr.io/rust-lang/crates-build-env/linux@sha256:4a844ea9eb2546a2d2c7022eacef16ef2e8229c7fbb2c7d4d55a9ceca922f72d" "/opt/rustwide/cargo-home/bin/cargo" "+nightly-2024-10-28" "test" "--frozen" "--no-run" "--message-format=json", kill_on_drop: false }`
[INFO] [stdout] ccb431a23425b5577f95b526568b37d6c9856b59bd393febfe4280c098bce751
[INFO] running `Command { std: "docker" "start" "-a" "ccb431a23425b5577f95b526568b37d6c9856b59bd393febfe4280c098bce751", kill_on_drop: false }`
[INFO] [stderr]    Compiling googleapis-tonic-google-cloud-vision-v1 v0.9.0 (/opt/rustwide/workdir)
[INFO] [stderr]     Finished `test` profile [unoptimized + debuginfo] target(s) in 0.95s
[INFO] running `Command { std: "docker" "inspect" "ccb431a23425b5577f95b526568b37d6c9856b59bd393febfe4280c098bce751", kill_on_drop: false }`
[INFO] running `Command { std: "docker" "rm" "-f" "ccb431a23425b5577f95b526568b37d6c9856b59bd393febfe4280c098bce751", kill_on_drop: false }`
[INFO] [stdout] ccb431a23425b5577f95b526568b37d6c9856b59bd393febfe4280c098bce751
[INFO] running `Command { std: "docker" "create" "-v" "/var/lib/crater-agent-workspace/builds/worker-4-tc2/target:/opt/rustwide/target:rw,Z" "-v" "/var/lib/crater-agent-workspace/builds/worker-4-tc2/source:/opt/rustwide/workdir:ro,Z" "-v" "/var/lib/crater-agent-workspace/cargo-home:/opt/rustwide/cargo-home:ro,Z" "-v" "/var/lib/crater-agent-workspace/rustup-home:/opt/rustwide/rustup-home:ro,Z" "-e" "SOURCE_DIR=/opt/rustwide/workdir" "-e" "CARGO_TARGET_DIR=/opt/rustwide/target" "-e" "CARGO_INCREMENTAL=0" "-e" "RUST_BACKTRACE=full" "-e" "RUSTFLAGS=--cap-lints=forbid -Zrandomize-layout" "-e" "RUSTDOCFLAGS=--cap-lints=forbid" "-e" "CARGO_HOME=/opt/rustwide/cargo-home" "-e" "RUSTUP_HOME=/opt/rustwide/rustup-home" "-w" "/opt/rustwide/workdir" "-m" "1610612736" "--user" "0:0" "--network" "none" "ghcr.io/rust-lang/crates-build-env/linux@sha256:4a844ea9eb2546a2d2c7022eacef16ef2e8229c7fbb2c7d4d55a9ceca922f72d" "/opt/rustwide/cargo-home/bin/cargo" "+nightly-2024-10-28" "test" "--frozen", kill_on_drop: false }`
[INFO] [stdout] a5c024664f383f1a2e3620201d7f25d81c23ca8ef8a2a836f649331f9300d947
[INFO] running `Command { std: "docker" "start" "-a" "a5c024664f383f1a2e3620201d7f25d81c23ca8ef8a2a836f649331f9300d947", kill_on_drop: false }`
[INFO] [stderr]     Finished `test` profile [unoptimized + debuginfo] target(s) in 0.03s
[INFO] [stderr]      Running unittests src/lib.rs (/opt/rustwide/target/debug/deps/googleapis_tonic_google_cloud_vision_v1-812d3777bbf924d1)
[INFO] [stdout] 
[INFO] [stdout] running 0 tests
[INFO] [stdout] 
[INFO] [stdout] test result: ok. 0 passed; 0 failed; 0 ignored; 0 measured; 0 filtered out; finished in 0.00s
[INFO] [stdout] 
[INFO] [stderr]    Doc-tests googleapis_tonic_google_cloud_vision_v1
[INFO] [stdout] 
[INFO] [stdout] running 3 tests
[INFO] [stdout] test src/vec_u8_hash_map/google.cloud.vision.v1.rs - vec_u8_hash_map::google::cloud::vision::v1::Block::bounding_box (line 1707) ... FAILED
[INFO] [stdout] test src/vec_u8_hash_map/google.cloud.vision.v1.rs - vec_u8_hash_map::google::cloud::vision::v1::Block::bounding_box (line 1713) ... FAILED
[INFO] [stdout] test src/vec_u8_hash_map/google.cloud.vision.v1.rs - vec_u8_hash_map::google::cloud::vision::v1::ImportProductSetsGcsSource::csv_file_uri (line 506) ... FAILED
[INFO] [stdout] 
[INFO] [stdout] failures:
[INFO] [stdout] 
[INFO] [stdout] ---- src/vec_u8_hash_map/google.cloud.vision.v1.rs - vec_u8_hash_map::google::cloud::vision::v1::Block::bounding_box (line 1707) stdout ----
[INFO] [stdout] error: expected one of `...`, `..=`, `..`, `.`, `:`, `?`, `|`, or an operator, found `}`
[INFO] [stdout]  --> src/vec_u8_hash_map/google.cloud.vision.v1.rs:1711:1
[INFO] [stdout]   |
[INFO] [stdout] 5 |    3----2
[INFO] [stdout]   |          - expected one of 8 possible tokens
[INFO] [stdout] 6 | } _doctest_main_src_vec_u8_hash_map_google_cloud_vision_v1_rs_1707_0() }
[INFO] [stdout]   | ^ unexpected token
[INFO] [stdout] 
[INFO] [stdout] error: expected a pattern, found an expression
[INFO] [stdout]  --> src/vec_u8_hash_map/google.cloud.vision.v1.rs:1710:4
[INFO] [stdout]   |
[INFO] [stdout] 5 |    3----2
[INFO] [stdout]   |    ^^^^^^ not a pattern
[INFO] [stdout]   |
[INFO] [stdout]   = note: arbitrary expressions are not allowed in patterns: <https://doc.rust-lang.org/book/ch18-00-patterns.html>
[INFO] [stdout] 
[INFO] [stdout] error: aborting due to 2 previous errors
[INFO] [stdout] 
[INFO] [stdout] Couldn't compile the test.
[INFO] [stdout] ---- src/vec_u8_hash_map/google.cloud.vision.v1.rs - vec_u8_hash_map::google::cloud::vision::v1::Block::bounding_box (line 1713) stdout ----
[INFO] [stdout] error: expected one of `...`, `..=`, `..`, `.`, `:`, `?`, `|`, or an operator, found `}`
[INFO] [stdout]  --> src/vec_u8_hash_map/google.cloud.vision.v1.rs:1717:1
[INFO] [stdout]   |
[INFO] [stdout] 5 |    1----0
[INFO] [stdout]   |          - expected one of 8 possible tokens
[INFO] [stdout] 6 | } _doctest_main_src_vec_u8_hash_map_google_cloud_vision_v1_rs_1713_0() }
[INFO] [stdout]   | ^ unexpected token
[INFO] [stdout] 
[INFO] [stdout] error: expected a pattern, found an expression
[INFO] [stdout]  --> src/vec_u8_hash_map/google.cloud.vision.v1.rs:1716:4
[INFO] [stdout]   |
[INFO] [stdout] 5 |    1----0
[INFO] [stdout]   |    ^^^^^^ not a pattern
[INFO] [stdout]   |
[INFO] [stdout]   = note: arbitrary expressions are not allowed in patterns: <https://doc.rust-lang.org/book/ch18-00-patterns.html>
[INFO] [stdout] 
[INFO] [stdout] error: aborting due to 2 previous errors
[INFO] [stdout] 
[INFO] [stdout] Couldn't compile the test.
[INFO] [stdout] ---- src/vec_u8_hash_map/google.cloud.vision.v1.rs - vec_u8_hash_map::google::cloud::vision::v1::ImportProductSetsGcsSource::csv_file_uri (line 506) stdout ----
[INFO] [stdout] error[E0308]: mismatched types
[INFO] [stdout]  --> src/vec_u8_hash_map/google.cloud.vision.v1.rs:507:1
[INFO] [stdout]   |
[INFO] [stdout] 2 | fn main() { #[allow(non_snake_case)] fn _doctest_main_src_vec_u8_hash_map_google_cloud_vision_v1_rs_506_0() {
[INFO] [stdout]   |                                                                                                            - help: try adding a return type: `-> &'static str`
[INFO] [stdout] 3 | "key_1=value_1,key_2=value_2,...,key_n=value_n"
[INFO] [stdout]   | ^^^^^^^^^^^^^^^^^^^^^^^^^^^^^^^^^^^^^^^^^^^^^^^ expected `()`, found `&str`
[INFO] [stdout] 
[INFO] [stdout] error: aborting due to 1 previous error
[INFO] [stdout] 
[INFO] [stdout] For more information about this error, try `rustc --explain E0308`.
[INFO] [stdout] Couldn't compile the test.
[INFO] [stdout] 
[INFO] [stdout] failures:
[INFO] [stdout]     src/vec_u8_hash_map/google.cloud.vision.v1.rs - vec_u8_hash_map::google::cloud::vision::v1::Block::bounding_box (line 1707)
[INFO] [stdout]     src/vec_u8_hash_map/google.cloud.vision.v1.rs - vec_u8_hash_map::google::cloud::vision::v1::Block::bounding_box (line 1713)
[INFO] [stdout]     src/vec_u8_hash_map/google.cloud.vision.v1.rs - vec_u8_hash_map::google::cloud::vision::v1::ImportProductSetsGcsSource::csv_file_uri (line 506)
[INFO] [stdout] 
[INFO] [stdout] test result: FAILED. 0 passed; 3 failed; 0 ignored; 0 measured; 0 filtered out; finished in 0.04s
[INFO] [stdout] 
[INFO] [stderr] error: doctest failed, to rerun pass `--doc`
[INFO] running `Command { std: "docker" "inspect" "a5c024664f383f1a2e3620201d7f25d81c23ca8ef8a2a836f649331f9300d947", kill_on_drop: false }`
[INFO] running `Command { std: "docker" "rm" "-f" "a5c024664f383f1a2e3620201d7f25d81c23ca8ef8a2a836f649331f9300d947", kill_on_drop: false }`
[INFO] [stdout] a5c024664f383f1a2e3620201d7f25d81c23ca8ef8a2a836f649331f9300d947
