[INFO] fetching crate googleapis-tonic-google-cloud-runtimeconfig-v1beta1 0.9.0...
[INFO] testing googleapis-tonic-google-cloud-runtimeconfig-v1beta1-0.9.0 against nightly-2024-10-28+rustflags=-Zrandomize-layout for randomize-layout
[INFO] extracting crate googleapis-tonic-google-cloud-runtimeconfig-v1beta1 0.9.0 into /workspace/builds/worker-7-tc2/source
[INFO] validating manifest of crates.io crate googleapis-tonic-google-cloud-runtimeconfig-v1beta1 0.9.0 on toolchain nightly-2024-10-28
[INFO] running `Command { std: CARGO_HOME="/workspace/cargo-home" RUSTUP_HOME="/workspace/rustup-home" "/workspace/cargo-home/bin/cargo" "+nightly-2024-10-28" "metadata" "--manifest-path" "Cargo.toml" "--no-deps", kill_on_drop: false }`
[INFO] started tweaking crates.io crate googleapis-tonic-google-cloud-runtimeconfig-v1beta1 0.9.0
[INFO] finished tweaking crates.io crate googleapis-tonic-google-cloud-runtimeconfig-v1beta1 0.9.0
[INFO] tweaked toml for crates.io crate googleapis-tonic-google-cloud-runtimeconfig-v1beta1 0.9.0 written to /workspace/builds/worker-7-tc2/source/Cargo.toml
[INFO] running `Command { std: CARGO_HOME="/workspace/cargo-home" RUSTUP_HOME="/workspace/rustup-home" "/workspace/cargo-home/bin/cargo" "+nightly-2024-10-28" "generate-lockfile" "--manifest-path" "Cargo.toml", kill_on_drop: false }`
[INFO] [stderr]     Updating crates.io index
[INFO] [stderr]      Locking 57 packages to latest compatible versions
[INFO] [stderr]       Adding googleapis-tonic-google-api v0.9.0 (available: v0.10.0)
[INFO] [stderr]       Adding googleapis-tonic-google-longrunning v0.9.0 (available: v0.10.0)
[INFO] running `Command { std: CARGO_HOME="/workspace/cargo-home" RUSTUP_HOME="/workspace/rustup-home" "/workspace/cargo-home/bin/cargo" "+nightly-2024-10-28" "fetch" "--manifest-path" "Cargo.toml", kill_on_drop: false }`
[INFO] running `Command { std: "docker" "create" "-v" "/var/lib/crater-agent-workspace/builds/worker-7-tc2/target:/opt/rustwide/target:rw,Z" "-v" "/var/lib/crater-agent-workspace/builds/worker-7-tc2/source:/opt/rustwide/workdir:ro,Z" "-v" "/var/lib/crater-agent-workspace/cargo-home:/opt/rustwide/cargo-home:ro,Z" "-v" "/var/lib/crater-agent-workspace/rustup-home:/opt/rustwide/rustup-home:ro,Z" "-e" "SOURCE_DIR=/opt/rustwide/workdir" "-e" "CARGO_TARGET_DIR=/opt/rustwide/target" "-e" "CARGO_HOME=/opt/rustwide/cargo-home" "-e" "RUSTUP_HOME=/opt/rustwide/rustup-home" "-w" "/opt/rustwide/workdir" "-m" "1610612736" "--user" "0:0" "--network" "none" "ghcr.io/rust-lang/crates-build-env/linux@sha256:4a844ea9eb2546a2d2c7022eacef16ef2e8229c7fbb2c7d4d55a9ceca922f72d" "/opt/rustwide/cargo-home/bin/cargo" "+nightly-2024-10-28" "metadata" "--no-deps" "--format-version=1", kill_on_drop: false }`
[INFO] [stdout] c3fe41dfb433a8e48152f139c3a99c0429c9e120eaa5365566f79e6daa81d884
[INFO] running `Command { std: "docker" "start" "-a" "c3fe41dfb433a8e48152f139c3a99c0429c9e120eaa5365566f79e6daa81d884", kill_on_drop: false }`
[INFO] running `Command { std: "docker" "inspect" "c3fe41dfb433a8e48152f139c3a99c0429c9e120eaa5365566f79e6daa81d884", kill_on_drop: false }`
[INFO] running `Command { std: "docker" "rm" "-f" "c3fe41dfb433a8e48152f139c3a99c0429c9e120eaa5365566f79e6daa81d884", kill_on_drop: false }`
[INFO] [stdout] c3fe41dfb433a8e48152f139c3a99c0429c9e120eaa5365566f79e6daa81d884
[INFO] running `Command { std: "docker" "create" "-v" "/var/lib/crater-agent-workspace/builds/worker-7-tc2/target:/opt/rustwide/target:rw,Z" "-v" "/var/lib/crater-agent-workspace/builds/worker-7-tc2/source:/opt/rustwide/workdir:ro,Z" "-v" "/var/lib/crater-agent-workspace/cargo-home:/opt/rustwide/cargo-home:ro,Z" "-v" "/var/lib/crater-agent-workspace/rustup-home:/opt/rustwide/rustup-home:ro,Z" "-e" "SOURCE_DIR=/opt/rustwide/workdir" "-e" "CARGO_TARGET_DIR=/opt/rustwide/target" "-e" "CARGO_INCREMENTAL=0" "-e" "RUST_BACKTRACE=full" "-e" "RUSTFLAGS=--cap-lints=forbid -Zrandomize-layout" "-e" "RUSTDOCFLAGS=--cap-lints=forbid" "-e" "CARGO_HOME=/opt/rustwide/cargo-home" "-e" "RUSTUP_HOME=/opt/rustwide/rustup-home" "-w" "/opt/rustwide/workdir" "-m" "1610612736" "--user" "0:0" "--network" "none" "ghcr.io/rust-lang/crates-build-env/linux@sha256:4a844ea9eb2546a2d2c7022eacef16ef2e8229c7fbb2c7d4d55a9ceca922f72d" "/opt/rustwide/cargo-home/bin/cargo" "+nightly-2024-10-28" "build" "--frozen" "--message-format=json", kill_on_drop: false }`
[INFO] [stdout] f7fb2853b524ad9a6f5f47c872ecbfac5e8c91e98288d107fd90f163b215260d
[INFO] running `Command { std: "docker" "start" "-a" "f7fb2853b524ad9a6f5f47c872ecbfac5e8c91e98288d107fd90f163b215260d", kill_on_drop: false }`
[INFO] [stderr]    Compiling either v1.13.0
[INFO] [stderr]    Compiling anyhow v1.0.92
[INFO] [stderr]    Compiling tokio v1.41.0
[INFO] [stderr]    Compiling tower-layer v0.3.3
[INFO] [stderr]    Compiling pin-project-internal v1.1.7
[INFO] [stderr]    Compiling tracing-attributes v0.1.27
[INFO] [stderr]    Compiling http-body-util v0.1.2
[INFO] [stderr]    Compiling itertools v0.13.0
[INFO] [stderr]    Compiling pin-project v1.1.7
[INFO] [stderr]    Compiling tracing v0.1.40
[INFO] [stderr]    Compiling tokio-stream v0.1.16
[INFO] [stderr]    Compiling prost-derive v0.13.3
[INFO] [stderr]    Compiling prost v0.13.3
[INFO] [stderr]    Compiling tonic v0.12.3
[INFO] [stderr]    Compiling prost-types v0.13.3
[INFO] [stderr]    Compiling googleapis-tonic-google-rpc v0.8.0
[INFO] [stderr]    Compiling googleapis-tonic-google-api v0.9.0
[INFO] [stderr]    Compiling googleapis-tonic-google-longrunning v0.9.0
[INFO] [stderr]    Compiling googleapis-tonic-google-cloud-runtimeconfig-v1beta1 v0.9.0 (/opt/rustwide/workdir)
[INFO] [stderr]     Finished `dev` profile [unoptimized + debuginfo] target(s) in 8.12s
[INFO] running `Command { std: "docker" "inspect" "f7fb2853b524ad9a6f5f47c872ecbfac5e8c91e98288d107fd90f163b215260d", kill_on_drop: false }`
[INFO] running `Command { std: "docker" "rm" "-f" "f7fb2853b524ad9a6f5f47c872ecbfac5e8c91e98288d107fd90f163b215260d", kill_on_drop: false }`
[INFO] [stdout] f7fb2853b524ad9a6f5f47c872ecbfac5e8c91e98288d107fd90f163b215260d
[INFO] running `Command { std: "docker" "create" "-v" "/var/lib/crater-agent-workspace/builds/worker-7-tc2/target:/opt/rustwide/target:rw,Z" "-v" "/var/lib/crater-agent-workspace/builds/worker-7-tc2/source:/opt/rustwide/workdir:ro,Z" "-v" "/var/lib/crater-agent-workspace/cargo-home:/opt/rustwide/cargo-home:ro,Z" "-v" "/var/lib/crater-agent-workspace/rustup-home:/opt/rustwide/rustup-home:ro,Z" "-e" "SOURCE_DIR=/opt/rustwide/workdir" "-e" "CARGO_TARGET_DIR=/opt/rustwide/target" "-e" "CARGO_INCREMENTAL=0" "-e" "RUST_BACKTRACE=full" "-e" "RUSTFLAGS=--cap-lints=forbid -Zrandomize-layout" "-e" "RUSTDOCFLAGS=--cap-lints=forbid" "-e" "CARGO_HOME=/opt/rustwide/cargo-home" "-e" "RUSTUP_HOME=/opt/rustwide/rustup-home" "-w" "/opt/rustwide/workdir" "-m" "1610612736" "--user" "0:0" "--network" "none" "ghcr.io/rust-lang/crates-build-env/linux@sha256:4a844ea9eb2546a2d2c7022eacef16ef2e8229c7fbb2c7d4d55a9ceca922f72d" "/opt/rustwide/cargo-home/bin/cargo" "+nightly-2024-10-28" "test" "--frozen" "--no-run" "--message-format=json", kill_on_drop: false }`
[INFO] [stdout] 795851fce92e4fbb7bed28ef6701baf9867fa70abd67185deb49869deea779e0
[INFO] running `Command { std: "docker" "start" "-a" "795851fce92e4fbb7bed28ef6701baf9867fa70abd67185deb49869deea779e0", kill_on_drop: false }`
[INFO] [stderr]    Compiling googleapis-tonic-google-cloud-runtimeconfig-v1beta1 v0.9.0 (/opt/rustwide/workdir)
[INFO] [stderr]     Finished `test` profile [unoptimized + debuginfo] target(s) in 0.70s
[INFO] running `Command { std: "docker" "inspect" "795851fce92e4fbb7bed28ef6701baf9867fa70abd67185deb49869deea779e0", kill_on_drop: false }`
[INFO] running `Command { std: "docker" "rm" "-f" "795851fce92e4fbb7bed28ef6701baf9867fa70abd67185deb49869deea779e0", kill_on_drop: false }`
[INFO] [stdout] 795851fce92e4fbb7bed28ef6701baf9867fa70abd67185deb49869deea779e0
[INFO] running `Command { std: "docker" "create" "-v" "/var/lib/crater-agent-workspace/builds/worker-7-tc2/target:/opt/rustwide/target:rw,Z" "-v" "/var/lib/crater-agent-workspace/builds/worker-7-tc2/source:/opt/rustwide/workdir:ro,Z" "-v" "/var/lib/crater-agent-workspace/cargo-home:/opt/rustwide/cargo-home:ro,Z" "-v" "/var/lib/crater-agent-workspace/rustup-home:/opt/rustwide/rustup-home:ro,Z" "-e" "SOURCE_DIR=/opt/rustwide/workdir" "-e" "CARGO_TARGET_DIR=/opt/rustwide/target" "-e" "CARGO_INCREMENTAL=0" "-e" "RUST_BACKTRACE=full" "-e" "RUSTFLAGS=--cap-lints=forbid -Zrandomize-layout" "-e" "RUSTDOCFLAGS=--cap-lints=forbid" "-e" "CARGO_HOME=/opt/rustwide/cargo-home" "-e" "RUSTUP_HOME=/opt/rustwide/rustup-home" "-w" "/opt/rustwide/workdir" "-m" "1610612736" "--user" "0:0" "--network" "none" "ghcr.io/rust-lang/crates-build-env/linux@sha256:4a844ea9eb2546a2d2c7022eacef16ef2e8229c7fbb2c7d4d55a9ceca922f72d" "/opt/rustwide/cargo-home/bin/cargo" "+nightly-2024-10-28" "test" "--frozen", kill_on_drop: false }`
[INFO] [stdout] 2efa0eed7701a6ae79df9eaada93d53a073dfba3c5ed027fd3075cbb48c10783
[INFO] running `Command { std: "docker" "start" "-a" "2efa0eed7701a6ae79df9eaada93d53a073dfba3c5ed027fd3075cbb48c10783", kill_on_drop: false }`
[INFO] [stderr]     Finished `test` profile [unoptimized + debuginfo] target(s) in 0.05s
[INFO] [stderr]      Running unittests src/lib.rs (/opt/rustwide/target/debug/deps/googleapis_tonic_google_cloud_runtimeconfig_v1beta1-0c7decd1222dbd1d)
[INFO] [stdout] 
[INFO] [stdout] running 0 tests
[INFO] [stdout] 
[INFO] [stdout] test result: ok. 0 passed; 0 failed; 0 ignored; 0 measured; 0 filtered out; finished in 0.00s
[INFO] [stdout] 
[INFO] [stderr]    Doc-tests googleapis_tonic_google_cloud_runtimeconfig_v1beta1
[INFO] [stdout] 
[INFO] [stdout] running 3 tests
[INFO] [stdout] test src/vec_u8_hash_map/google.cloud.runtimeconfig.v1beta1.rs - vec_u8_hash_map::google::cloud::runtimeconfig::v1beta1::Variable::name (line 33) ... FAILED
[INFO] [stdout] test src/vec_u8_hash_map/google.cloud.runtimeconfig.v1beta1.rs - vec_u8_hash_map::google::cloud::runtimeconfig::v1beta1::RuntimeConfig::name (line 9) ... FAILED
[INFO] [stdout] test src/vec_u8_hash_map/google.cloud.runtimeconfig.v1beta1.rs - vec_u8_hash_map::google::cloud::runtimeconfig::v1beta1::Waiter::name (line 145) ... FAILED
[INFO] [stdout] 
[INFO] [stdout] failures:
[INFO] [stdout] 
[INFO] [stdout] ---- src/vec_u8_hash_map/google.cloud.runtimeconfig.v1beta1.rs - vec_u8_hash_map::google::cloud::runtimeconfig::v1beta1::Variable::name (line 33) stdout ----
[INFO] [stdout] error: unknown start of token: \
[INFO] [stdout]  --> src/vec_u8_hash_map/google.cloud.runtimeconfig.v1beta1.rs:34:10
[INFO] [stdout]   |
[INFO] [stdout] 3 | projects/\[PROJECT_ID\]/configs/\[CONFIG_NAME\]/variables/\[VARIABLE_NAME\]
[INFO] [stdout]   |          ^
[INFO] [stdout] 
[INFO] [stdout] error: unknown start of token: \
[INFO] [stdout]  --> src/vec_u8_hash_map/google.cloud.runtimeconfig.v1beta1.rs:34:22
[INFO] [stdout]   |
[INFO] [stdout] 3 | projects/\[PROJECT_ID\]/configs/\[CONFIG_NAME\]/variables/\[VARIABLE_NAME\]
[INFO] [stdout]   |                      ^
[INFO] [stdout] 
[INFO] [stdout] error: unknown start of token: \
[INFO] [stdout]  --> src/vec_u8_hash_map/google.cloud.runtimeconfig.v1beta1.rs:34:33
[INFO] [stdout]   |
[INFO] [stdout] 3 | projects/\[PROJECT_ID\]/configs/\[CONFIG_NAME\]/variables/\[VARIABLE_NAME\]
[INFO] [stdout]   |                                 ^
[INFO] [stdout] 
[INFO] [stdout] error: unknown start of token: \
[INFO] [stdout]  --> src/vec_u8_hash_map/google.cloud.runtimeconfig.v1beta1.rs:34:46
[INFO] [stdout]   |
[INFO] [stdout] 3 | projects/\[PROJECT_ID\]/configs/\[CONFIG_NAME\]/variables/\[VARIABLE_NAME\]
[INFO] [stdout]   |                                              ^
[INFO] [stdout] 
[INFO] [stdout] error: unknown start of token: \
[INFO] [stdout]  --> src/vec_u8_hash_map/google.cloud.runtimeconfig.v1beta1.rs:34:59
[INFO] [stdout]   |
[INFO] [stdout] 3 | projects/\[PROJECT_ID\]/configs/\[CONFIG_NAME\]/variables/\[VARIABLE_NAME\]
[INFO] [stdout]   |                                                           ^
[INFO] [stdout] 
[INFO] [stdout] error: unknown start of token: \
[INFO] [stdout]  --> src/vec_u8_hash_map/google.cloud.runtimeconfig.v1beta1.rs:34:74
[INFO] [stdout]   |
[INFO] [stdout] 3 | projects/\[PROJECT_ID\]/configs/\[CONFIG_NAME\]/variables/\[VARIABLE_NAME\]
[INFO] [stdout]   |                                                                          ^
[INFO] [stdout] 
[INFO] [stdout] error[E0425]: cannot find value `projects` in this scope
[INFO] [stdout]  --> src/vec_u8_hash_map/google.cloud.runtimeconfig.v1beta1.rs:34:1
[INFO] [stdout]   |
[INFO] [stdout] 3 | projects/\[PROJECT_ID\]/configs/\[CONFIG_NAME\]/variables/\[VARIABLE_NAME\]
[INFO] [stdout]   | ^^^^^^^^ not found in this scope
[INFO] [stdout] 
[INFO] [stdout] error[E0425]: cannot find value `PROJECT_ID` in this scope
[INFO] [stdout]  --> src/vec_u8_hash_map/google.cloud.runtimeconfig.v1beta1.rs:34:12
[INFO] [stdout]   |
[INFO] [stdout] 3 | projects/\[PROJECT_ID\]/configs/\[CONFIG_NAME\]/variables/\[VARIABLE_NAME\]
[INFO] [stdout]   |            ^^^^^^^^^^ not found in this scope
[INFO] [stdout] 
[INFO] [stdout] error[E0425]: cannot find value `configs` in this scope
[INFO] [stdout]  --> src/vec_u8_hash_map/google.cloud.runtimeconfig.v1beta1.rs:34:25
[INFO] [stdout]   |
[INFO] [stdout] 3 | projects/\[PROJECT_ID\]/configs/\[CONFIG_NAME\]/variables/\[VARIABLE_NAME\]
[INFO] [stdout]   |                         ^^^^^^^ not found in this scope
[INFO] [stdout] 
[INFO] [stdout] error[E0425]: cannot find value `CONFIG_NAME` in this scope
[INFO] [stdout]  --> src/vec_u8_hash_map/google.cloud.runtimeconfig.v1beta1.rs:34:35
[INFO] [stdout]   |
[INFO] [stdout] 3 | projects/\[PROJECT_ID\]/configs/\[CONFIG_NAME\]/variables/\[VARIABLE_NAME\]
[INFO] [stdout]   |                                   ^^^^^^^^^^^ not found in this scope
[INFO] [stdout] 
[INFO] [stdout] error[E0425]: cannot find value `variables` in this scope
[INFO] [stdout]  --> src/vec_u8_hash_map/google.cloud.runtimeconfig.v1beta1.rs:34:49
[INFO] [stdout]   |
[INFO] [stdout] 3 | projects/\[PROJECT_ID\]/configs/\[CONFIG_NAME\]/variables/\[VARIABLE_NAME\]
[INFO] [stdout]   |                                                 ^^^^^^^^^ not found in this scope
[INFO] [stdout] 
[INFO] [stdout] error[E0425]: cannot find value `VARIABLE_NAME` in this scope
[INFO] [stdout]  --> src/vec_u8_hash_map/google.cloud.runtimeconfig.v1beta1.rs:34:61
[INFO] [stdout]   |
[INFO] [stdout] 3 | projects/\[PROJECT_ID\]/configs/\[CONFIG_NAME\]/variables/\[VARIABLE_NAME\]
[INFO] [stdout]   |                                                             ^^^^^^^^^^^^^ not found in this scope
[INFO] [stdout] 
[INFO] [stdout] error: aborting due to 12 previous errors
[INFO] [stdout] 
[INFO] [stdout] For more information about this error, try `rustc --explain E0425`.
[INFO] [stdout] Couldn't compile the test.
[INFO] [stdout] ---- src/vec_u8_hash_map/google.cloud.runtimeconfig.v1beta1.rs - vec_u8_hash_map::google::cloud::runtimeconfig::v1beta1::RuntimeConfig::name (line 9) stdout ----
[INFO] [stdout] error: unknown start of token: \
[INFO] [stdout]  --> src/vec_u8_hash_map/google.cloud.runtimeconfig.v1beta1.rs:10:10
[INFO] [stdout]   |
[INFO] [stdout] 3 | projects/\[PROJECT_ID\]/configs/\[CONFIG_NAME\]
[INFO] [stdout]   |          ^
[INFO] [stdout] 
[INFO] [stdout] error: unknown start of token: \
[INFO] [stdout]  --> src/vec_u8_hash_map/google.cloud.runtimeconfig.v1beta1.rs:10:22
[INFO] [stdout]   |
[INFO] [stdout] 3 | projects/\[PROJECT_ID\]/configs/\[CONFIG_NAME\]
[INFO] [stdout]   |                      ^
[INFO] [stdout] 
[INFO] [stdout] error: unknown start of token: \
[INFO] [stdout]  --> src/vec_u8_hash_map/google.cloud.runtimeconfig.v1beta1.rs:10:33
[INFO] [stdout]   |
[INFO] [stdout] 3 | projects/\[PROJECT_ID\]/configs/\[CONFIG_NAME\]
[INFO] [stdout]   |                                 ^
[INFO] [stdout] 
[INFO] [stdout] error: unknown start of token: \
[INFO] [stdout]  --> src/vec_u8_hash_map/google.cloud.runtimeconfig.v1beta1.rs:10:46
[INFO] [stdout]   |
[INFO] [stdout] 3 | projects/\[PROJECT_ID\]/configs/\[CONFIG_NAME\]
[INFO] [stdout]   |                                              ^
[INFO] [stdout] 
[INFO] [stdout] error[E0425]: cannot find value `projects` in this scope
[INFO] [stdout]  --> src/vec_u8_hash_map/google.cloud.runtimeconfig.v1beta1.rs:10:1
[INFO] [stdout]   |
[INFO] [stdout] 3 | projects/\[PROJECT_ID\]/configs/\[CONFIG_NAME\]
[INFO] [stdout]   | ^^^^^^^^ not found in this scope
[INFO] [stdout] 
[INFO] [stdout] error[E0425]: cannot find value `PROJECT_ID` in this scope
[INFO] [stdout]  --> src/vec_u8_hash_map/google.cloud.runtimeconfig.v1beta1.rs:10:12
[INFO] [stdout]   |
[INFO] [stdout] 3 | projects/\[PROJECT_ID\]/configs/\[CONFIG_NAME\]
[INFO] [stdout]   |            ^^^^^^^^^^ not found in this scope
[INFO] [stdout] 
[INFO] [stdout] error[E0425]: cannot find value `configs` in this scope
[INFO] [stdout]  --> src/vec_u8_hash_map/google.cloud.runtimeconfig.v1beta1.rs:10:25
[INFO] [stdout]   |
[INFO] [stdout] 3 | projects/\[PROJECT_ID\]/configs/\[CONFIG_NAME\]
[INFO] [stdout]   |                         ^^^^^^^ not found in this scope
[INFO] [stdout] 
[INFO] [stdout] error[E0425]: cannot find value `CONFIG_NAME` in this scope
[INFO] [stdout]  --> src/vec_u8_hash_map/google.cloud.runtimeconfig.v1beta1.rs:10:35
[INFO] [stdout]   |
[INFO] [stdout] 3 | projects/\[PROJECT_ID\]/configs/\[CONFIG_NAME\]
[INFO] [stdout]   |                                   ^^^^^^^^^^^ not found in this scope
[INFO] [stdout] 
[INFO] [stdout] error: aborting due to 8 previous errors
[INFO] [stdout] 
[INFO] [stdout] For more information about this error, try `rustc --explain E0425`.
[INFO] [stdout] Couldn't compile the test.
[INFO] [stdout] ---- src/vec_u8_hash_map/google.cloud.runtimeconfig.v1beta1.rs - vec_u8_hash_map::google::cloud::runtimeconfig::v1beta1::Waiter::name (line 145) stdout ----
[INFO] [stdout] error: unknown start of token: \
[INFO] [stdout]  --> src/vec_u8_hash_map/google.cloud.runtimeconfig.v1beta1.rs:146:10
[INFO] [stdout]   |
[INFO] [stdout] 3 | projects/\[PROJECT_ID\]/configs/\[CONFIG_NAME\]/waiters/\[WAITER_NAME\]
[INFO] [stdout]   |          ^
[INFO] [stdout] 
[INFO] [stdout] error: unknown start of token: \
[INFO] [stdout]  --> src/vec_u8_hash_map/google.cloud.runtimeconfig.v1beta1.rs:146:22
[INFO] [stdout]   |
[INFO] [stdout] 3 | projects/\[PROJECT_ID\]/configs/\[CONFIG_NAME\]/waiters/\[WAITER_NAME\]
[INFO] [stdout]   |                      ^
[INFO] [stdout] 
[INFO] [stdout] error: unknown start of token: \
[INFO] [stdout]  --> src/vec_u8_hash_map/google.cloud.runtimeconfig.v1beta1.rs:146:33
[INFO] [stdout]   |
[INFO] [stdout] 3 | projects/\[PROJECT_ID\]/configs/\[CONFIG_NAME\]/waiters/\[WAITER_NAME\]
[INFO] [stdout]   |                                 ^
[INFO] [stdout] 
[INFO] [stdout] error: unknown start of token: \
[INFO] [stdout]  --> src/vec_u8_hash_map/google.cloud.runtimeconfig.v1beta1.rs:146:46
[INFO] [stdout]   |
[INFO] [stdout] 3 | projects/\[PROJECT_ID\]/configs/\[CONFIG_NAME\]/waiters/\[WAITER_NAME\]
[INFO] [stdout]   |                                              ^
[INFO] [stdout] 
[INFO] [stdout] error: unknown start of token: \
[INFO] [stdout]  --> src/vec_u8_hash_map/google.cloud.runtimeconfig.v1beta1.rs:146:57
[INFO] [stdout]   |
[INFO] [stdout] 3 | projects/\[PROJECT_ID\]/configs/\[CONFIG_NAME\]/waiters/\[WAITER_NAME\]
[INFO] [stdout]   |                                                         ^
[INFO] [stdout] 
[INFO] [stdout] error: unknown start of token: \
[INFO] [stdout]  --> src/vec_u8_hash_map/google.cloud.runtimeconfig.v1beta1.rs:146:70
[INFO] [stdout]   |
[INFO] [stdout] 3 | projects/\[PROJECT_ID\]/configs/\[CONFIG_NAME\]/waiters/\[WAITER_NAME\]
[INFO] [stdout]   |                                                                      ^
[INFO] [stdout] 
[INFO] [stdout] error[E0425]: cannot find value `projects` in this scope
[INFO] [stdout]  --> src/vec_u8_hash_map/google.cloud.runtimeconfig.v1beta1.rs:146:1
[INFO] [stdout]   |
[INFO] [stdout] 3 | projects/\[PROJECT_ID\]/configs/\[CONFIG_NAME\]/waiters/\[WAITER_NAME\]
[INFO] [stdout]   | ^^^^^^^^ not found in this scope
[INFO] [stdout] 
[INFO] [stdout] error[E0425]: cannot find value `PROJECT_ID` in this scope
[INFO] [stdout]  --> src/vec_u8_hash_map/google.cloud.runtimeconfig.v1beta1.rs:146:12
[INFO] [stdout]   |
[INFO] [stdout] 3 | projects/\[PROJECT_ID\]/configs/\[CONFIG_NAME\]/waiters/\[WAITER_NAME\]
[INFO] [stdout]   |            ^^^^^^^^^^ not found in this scope
[INFO] [stdout] 
[INFO] [stdout] error[E0425]: cannot find value `configs` in this scope
[INFO] [stdout]  --> src/vec_u8_hash_map/google.cloud.runtimeconfig.v1beta1.rs:146:25
[INFO] [stdout]   |
[INFO] [stdout] 3 | projects/\[PROJECT_ID\]/configs/\[CONFIG_NAME\]/waiters/\[WAITER_NAME\]
[INFO] [stdout]   |                         ^^^^^^^ not found in this scope
[INFO] [stdout] 
[INFO] [stdout] error[E0425]: cannot find value `CONFIG_NAME` in this scope
[INFO] [stdout]  --> src/vec_u8_hash_map/google.cloud.runtimeconfig.v1beta1.rs:146:35
[INFO] [stdout]   |
[INFO] [stdout] 3 | projects/\[PROJECT_ID\]/configs/\[CONFIG_NAME\]/waiters/\[WAITER_NAME\]
[INFO] [stdout]   |                                   ^^^^^^^^^^^ not found in this scope
[INFO] [stdout] 
[INFO] [stdout] error[E0425]: cannot find value `waiters` in this scope
[INFO] [stdout]  --> src/vec_u8_hash_map/google.cloud.runtimeconfig.v1beta1.rs:146:49
[INFO] [stdout]   |
[INFO] [stdout] 3 | projects/\[PROJECT_ID\]/configs/\[CONFIG_NAME\]/waiters/\[WAITER_NAME\]
[INFO] [stdout]   |                                                 ^^^^^^^ not found in this scope
[INFO] [stdout] 
[INFO] [stdout] error[E0425]: cannot find value `WAITER_NAME` in this scope
[INFO] [stdout]  --> src/vec_u8_hash_map/google.cloud.runtimeconfig.v1beta1.rs:146:59
[INFO] [stdout]   |
[INFO] [stdout] 3 | projects/\[PROJECT_ID\]/configs/\[CONFIG_NAME\]/waiters/\[WAITER_NAME\]
[INFO] [stdout]   |                                                           ^^^^^^^^^^^ not found in this scope
[INFO] [stdout] 
[INFO] [stdout] error: aborting due to 12 previous errors
[INFO] [stdout] 
[INFO] [stdout] For more information about this error, try `rustc --explain E0425`.
[INFO] [stdout] Couldn't compile the test.
[INFO] [stdout] 
[INFO] [stdout] failures:
[INFO] [stdout]     src/vec_u8_hash_map/google.cloud.runtimeconfig.v1beta1.rs - vec_u8_hash_map::google::cloud::runtimeconfig::v1beta1::RuntimeConfig::name (line 9)
[INFO] [stdout]     src/vec_u8_hash_map/google.cloud.runtimeconfig.v1beta1.rs - vec_u8_hash_map::google::cloud::runtimeconfig::v1beta1::Variable::name (line 33)
[INFO] [stdout]     src/vec_u8_hash_map/google.cloud.runtimeconfig.v1beta1.rs - vec_u8_hash_map::google::cloud::runtimeconfig::v1beta1::Waiter::name (line 145)
[INFO] [stdout] 
[INFO] [stdout] test result: FAILED. 0 passed; 3 failed; 0 ignored; 0 measured; 0 filtered out; finished in 0.16s
[INFO] [stdout] 
[INFO] [stderr] error: doctest failed, to rerun pass `--doc`
[INFO] running `Command { std: "docker" "inspect" "2efa0eed7701a6ae79df9eaada93d53a073dfba3c5ed027fd3075cbb48c10783", kill_on_drop: false }`
[INFO] running `Command { std: "docker" "rm" "-f" "2efa0eed7701a6ae79df9eaada93d53a073dfba3c5ed027fd3075cbb48c10783", kill_on_drop: false }`
[INFO] [stdout] 2efa0eed7701a6ae79df9eaada93d53a073dfba3c5ed027fd3075cbb48c10783
