[INFO] fetching crate googleapis-tonic-google-cloud-retail-v2beta 0.10.0...
[INFO] testing googleapis-tonic-google-cloud-retail-v2beta-0.10.0 against nightly-2024-10-28 for randomize-layout
[INFO] extracting crate googleapis-tonic-google-cloud-retail-v2beta 0.10.0 into /workspace/builds/worker-4-tc1/source
[INFO] validating manifest of crates.io crate googleapis-tonic-google-cloud-retail-v2beta 0.10.0 on toolchain nightly-2024-10-28
[INFO] running `Command { std: CARGO_HOME="/workspace/cargo-home" RUSTUP_HOME="/workspace/rustup-home" "/workspace/cargo-home/bin/cargo" "+nightly-2024-10-28" "metadata" "--manifest-path" "Cargo.toml" "--no-deps", kill_on_drop: false }`
[INFO] started tweaking crates.io crate googleapis-tonic-google-cloud-retail-v2beta 0.10.0
[INFO] finished tweaking crates.io crate googleapis-tonic-google-cloud-retail-v2beta 0.10.0
[INFO] tweaked toml for crates.io crate googleapis-tonic-google-cloud-retail-v2beta 0.10.0 written to /workspace/builds/worker-4-tc1/source/Cargo.toml
[INFO] running `Command { std: CARGO_HOME="/workspace/cargo-home" RUSTUP_HOME="/workspace/rustup-home" "/workspace/cargo-home/bin/cargo" "+nightly-2024-10-28" "generate-lockfile" "--manifest-path" "Cargo.toml", kill_on_drop: false }`
[INFO] [stderr]     Updating crates.io index
[INFO] [stderr]      Locking 58 packages to latest compatible versions
[INFO] [stderr]       Adding googleapis-tonic-google-api v0.9.0 (available: v0.10.0)
[INFO] [stderr]       Adding googleapis-tonic-google-longrunning v0.9.0 (available: v0.10.0)
[INFO] running `Command { std: CARGO_HOME="/workspace/cargo-home" RUSTUP_HOME="/workspace/rustup-home" "/workspace/cargo-home/bin/cargo" "+nightly-2024-10-28" "fetch" "--manifest-path" "Cargo.toml", kill_on_drop: false }`
[INFO] running `Command { std: "docker" "create" "-v" "/var/lib/crater-agent-workspace/builds/worker-4-tc1/target:/opt/rustwide/target:rw,Z" "-v" "/var/lib/crater-agent-workspace/builds/worker-4-tc1/source:/opt/rustwide/workdir:ro,Z" "-v" "/var/lib/crater-agent-workspace/cargo-home:/opt/rustwide/cargo-home:ro,Z" "-v" "/var/lib/crater-agent-workspace/rustup-home:/opt/rustwide/rustup-home:ro,Z" "-e" "SOURCE_DIR=/opt/rustwide/workdir" "-e" "CARGO_TARGET_DIR=/opt/rustwide/target" "-e" "CARGO_HOME=/opt/rustwide/cargo-home" "-e" "RUSTUP_HOME=/opt/rustwide/rustup-home" "-w" "/opt/rustwide/workdir" "-m" "1610612736" "--user" "0:0" "--network" "none" "ghcr.io/rust-lang/crates-build-env/linux@sha256:4a844ea9eb2546a2d2c7022eacef16ef2e8229c7fbb2c7d4d55a9ceca922f72d" "/opt/rustwide/cargo-home/bin/cargo" "+nightly-2024-10-28" "metadata" "--no-deps" "--format-version=1", kill_on_drop: false }`
[INFO] [stdout] a74fcebee8f51a3125a25dfb74e261dfcc3dda0ea35177db67424c665ee5f814
[INFO] running `Command { std: "docker" "start" "-a" "a74fcebee8f51a3125a25dfb74e261dfcc3dda0ea35177db67424c665ee5f814", kill_on_drop: false }`
[INFO] running `Command { std: "docker" "inspect" "a74fcebee8f51a3125a25dfb74e261dfcc3dda0ea35177db67424c665ee5f814", kill_on_drop: false }`
[INFO] running `Command { std: "docker" "rm" "-f" "a74fcebee8f51a3125a25dfb74e261dfcc3dda0ea35177db67424c665ee5f814", kill_on_drop: false }`
[INFO] [stdout] a74fcebee8f51a3125a25dfb74e261dfcc3dda0ea35177db67424c665ee5f814
[INFO] running `Command { std: "docker" "create" "-v" "/var/lib/crater-agent-workspace/builds/worker-4-tc1/target:/opt/rustwide/target:rw,Z" "-v" "/var/lib/crater-agent-workspace/builds/worker-4-tc1/source:/opt/rustwide/workdir:ro,Z" "-v" "/var/lib/crater-agent-workspace/cargo-home:/opt/rustwide/cargo-home:ro,Z" "-v" "/var/lib/crater-agent-workspace/rustup-home:/opt/rustwide/rustup-home:ro,Z" "-e" "SOURCE_DIR=/opt/rustwide/workdir" "-e" "CARGO_TARGET_DIR=/opt/rustwide/target" "-e" "CARGO_INCREMENTAL=0" "-e" "RUST_BACKTRACE=full" "-e" "RUSTFLAGS=--cap-lints=forbid" "-e" "RUSTDOCFLAGS=--cap-lints=forbid" "-e" "CARGO_HOME=/opt/rustwide/cargo-home" "-e" "RUSTUP_HOME=/opt/rustwide/rustup-home" "-w" "/opt/rustwide/workdir" "-m" "1610612736" "--user" "0:0" "--network" "none" "ghcr.io/rust-lang/crates-build-env/linux@sha256:4a844ea9eb2546a2d2c7022eacef16ef2e8229c7fbb2c7d4d55a9ceca922f72d" "/opt/rustwide/cargo-home/bin/cargo" "+nightly-2024-10-28" "build" "--frozen" "--message-format=json", kill_on_drop: false }`
[INFO] [stdout] 7f539f97a5897eeb7329fe81887dff6f0c5700bb93b3bf2e9a5b9c2d169bd333
[INFO] running `Command { std: "docker" "start" "-a" "7f539f97a5897eeb7329fe81887dff6f0c5700bb93b3bf2e9a5b9c2d169bd333", kill_on_drop: false }`
[INFO] [stderr]    Compiling googleapis-tonic-google-cloud-retail-v2beta v0.10.0 (/opt/rustwide/workdir)
[INFO] [stderr]     Finished `dev` profile [unoptimized + debuginfo] target(s) in 2.20s
[INFO] running `Command { std: "docker" "inspect" "7f539f97a5897eeb7329fe81887dff6f0c5700bb93b3bf2e9a5b9c2d169bd333", kill_on_drop: false }`
[INFO] running `Command { std: "docker" "rm" "-f" "7f539f97a5897eeb7329fe81887dff6f0c5700bb93b3bf2e9a5b9c2d169bd333", kill_on_drop: false }`
[INFO] [stdout] 7f539f97a5897eeb7329fe81887dff6f0c5700bb93b3bf2e9a5b9c2d169bd333
[INFO] running `Command { std: "docker" "create" "-v" "/var/lib/crater-agent-workspace/builds/worker-4-tc1/target:/opt/rustwide/target:rw,Z" "-v" "/var/lib/crater-agent-workspace/builds/worker-4-tc1/source:/opt/rustwide/workdir:ro,Z" "-v" "/var/lib/crater-agent-workspace/cargo-home:/opt/rustwide/cargo-home:ro,Z" "-v" "/var/lib/crater-agent-workspace/rustup-home:/opt/rustwide/rustup-home:ro,Z" "-e" "SOURCE_DIR=/opt/rustwide/workdir" "-e" "CARGO_TARGET_DIR=/opt/rustwide/target" "-e" "CARGO_INCREMENTAL=0" "-e" "RUST_BACKTRACE=full" "-e" "RUSTFLAGS=--cap-lints=forbid" "-e" "RUSTDOCFLAGS=--cap-lints=forbid" "-e" "CARGO_HOME=/opt/rustwide/cargo-home" "-e" "RUSTUP_HOME=/opt/rustwide/rustup-home" "-w" "/opt/rustwide/workdir" "-m" "1610612736" "--user" "0:0" "--network" "none" "ghcr.io/rust-lang/crates-build-env/linux@sha256:4a844ea9eb2546a2d2c7022eacef16ef2e8229c7fbb2c7d4d55a9ceca922f72d" "/opt/rustwide/cargo-home/bin/cargo" "+nightly-2024-10-28" "test" "--frozen" "--no-run" "--message-format=json", kill_on_drop: false }`
[INFO] [stdout] 9aad83aaa3a92148e50ab26a3307dd288e61edd31dcb1a521eb6a547b58525d6
[INFO] running `Command { std: "docker" "start" "-a" "9aad83aaa3a92148e50ab26a3307dd288e61edd31dcb1a521eb6a547b58525d6", kill_on_drop: false }`
[INFO] [stderr]    Compiling googleapis-tonic-google-cloud-retail-v2beta v0.10.0 (/opt/rustwide/workdir)
[INFO] [stderr]     Finished `test` profile [unoptimized + debuginfo] target(s) in 1.96s
[INFO] running `Command { std: "docker" "inspect" "9aad83aaa3a92148e50ab26a3307dd288e61edd31dcb1a521eb6a547b58525d6", kill_on_drop: false }`
[INFO] running `Command { std: "docker" "rm" "-f" "9aad83aaa3a92148e50ab26a3307dd288e61edd31dcb1a521eb6a547b58525d6", kill_on_drop: false }`
[INFO] [stdout] 9aad83aaa3a92148e50ab26a3307dd288e61edd31dcb1a521eb6a547b58525d6
[INFO] running `Command { std: "docker" "create" "-v" "/var/lib/crater-agent-workspace/builds/worker-4-tc1/target:/opt/rustwide/target:rw,Z" "-v" "/var/lib/crater-agent-workspace/builds/worker-4-tc1/source:/opt/rustwide/workdir:ro,Z" "-v" "/var/lib/crater-agent-workspace/cargo-home:/opt/rustwide/cargo-home:ro,Z" "-v" "/var/lib/crater-agent-workspace/rustup-home:/opt/rustwide/rustup-home:ro,Z" "-e" "SOURCE_DIR=/opt/rustwide/workdir" "-e" "CARGO_TARGET_DIR=/opt/rustwide/target" "-e" "CARGO_INCREMENTAL=0" "-e" "RUST_BACKTRACE=full" "-e" "RUSTFLAGS=--cap-lints=forbid" "-e" "RUSTDOCFLAGS=--cap-lints=forbid" "-e" "CARGO_HOME=/opt/rustwide/cargo-home" "-e" "RUSTUP_HOME=/opt/rustwide/rustup-home" "-w" "/opt/rustwide/workdir" "-m" "1610612736" "--user" "0:0" "--network" "none" "ghcr.io/rust-lang/crates-build-env/linux@sha256:4a844ea9eb2546a2d2c7022eacef16ef2e8229c7fbb2c7d4d55a9ceca922f72d" "/opt/rustwide/cargo-home/bin/cargo" "+nightly-2024-10-28" "test" "--frozen", kill_on_drop: false }`
[INFO] [stdout] 05784acc0809b7067561ec64bcf7854014a874ba5d98648147e7c4d2bfa864b1
[INFO] running `Command { std: "docker" "start" "-a" "05784acc0809b7067561ec64bcf7854014a874ba5d98648147e7c4d2bfa864b1", kill_on_drop: false }`
[INFO] [stderr]     Finished `test` profile [unoptimized + debuginfo] target(s) in 0.03s
[INFO] [stderr]      Running unittests src/lib.rs (/opt/rustwide/target/debug/deps/googleapis_tonic_google_cloud_retail_v2beta-20a43ad21a5d0280)
[INFO] [stdout] 
[INFO] [stdout] running 0 tests
[INFO] [stdout] 
[INFO] [stdout] test result: ok. 0 passed; 0 failed; 0 ignored; 0 measured; 0 filtered out; finished in 0.00s
[INFO] [stdout] 
[INFO] [stderr]    Doc-tests googleapis_tonic_google_cloud_retail_v2beta
[INFO] [stdout] 
[INFO] [stdout] running 5 tests
[INFO] [stdout] test src/vec_u8_hash_map/google.cloud.retail.v2beta.rs - vec_u8_hash_map::google::cloud::retail::v2beta::search_response::SearchResult::variant_rollup_values (line 5865) ... FAILED
[INFO] [stdout] test src/vec_u8_hash_map/google.cloud.retail.v2beta.rs - vec_u8_hash_map::google::cloud::retail::v2beta::Product::categories (line 1528) ... FAILED
[INFO] [stdout] test src/vec_u8_hash_map/google.cloud.retail.v2beta.rs - vec_u8_hash_map::google::cloud::retail::v2beta::ExportAnalyticsMetricsRequest::filter (line 195) ... FAILED
[INFO] [stdout] test src/vec_u8_hash_map/google.cloud.retail.v2beta.rs - vec_u8_hash_map::google::cloud::retail::v2beta::ExportProductsRequest::filter (line 92) ... FAILED
[INFO] [stdout] test src/vec_u8_hash_map/google.cloud.retail.v2beta.rs - vec_u8_hash_map::google::cloud::retail::v2beta::ExportUserEventsRequest::filter (line 149) ... FAILED
[INFO] [stdout] 
[INFO] [stdout] failures:
[INFO] [stdout] 
[INFO] [stdout] ---- src/vec_u8_hash_map/google.cloud.retail.v2beta.rs - vec_u8_hash_map::google::cloud::retail::v2beta::search_response::SearchResult::variant_rollup_values (line 5865) stdout ----
[INFO] [stdout] error: expected one of `!`, `.`, `::`, `;`, `?`, `{`, `}`, or an operator, found `:`
[INFO] [stdout]  --> src/vec_u8_hash_map/google.cloud.retail.v2beta.rs:5866:6
[INFO] [stdout]   |
[INFO] [stdout] 3 | { key: "colorFamilies"
[INFO] [stdout]   |      ^ expected one of 8 possible tokens
[INFO] [stdout] 
[INFO] [stdout] error: aborting due to 1 previous error
[INFO] [stdout] 
[INFO] [stdout] Couldn't compile the test.
[INFO] [stdout] ---- src/vec_u8_hash_map/google.cloud.retail.v2beta.rs - vec_u8_hash_map::google::cloud::retail::v2beta::Product::categories (line 1528) stdout ----
[INFO] [stdout] error: expected one of `.`, `;`, `?`, `}`, or an operator, found `:`
[INFO] [stdout]  --> src/vec_u8_hash_map/google.cloud.retail.v2beta.rs:1529:13
[INFO] [stdout]   |
[INFO] [stdout] 3 | "categories": [
[INFO] [stdout]   |             ^ expected one of `.`, `;`, `?`, `}`, or an operator
[INFO] [stdout] 
[INFO] [stdout] error: aborting due to 1 previous error
[INFO] [stdout] 
[INFO] [stdout] Couldn't compile the test.
[INFO] [stdout] ---- src/vec_u8_hash_map/google.cloud.retail.v2beta.rs - vec_u8_hash_map::google::cloud::retail::v2beta::ExportAnalyticsMetricsRequest::filter (line 195) stdout ----
[INFO] [stdout] error: unknown start of token: `
[INFO] [stdout]  --> src/vec_u8_hash_map/google.cloud.retail.v2beta.rs:196:3
[INFO] [stdout]   |
[INFO] [stdout] 3 | * `timestamp`: This can be specified twice, once with a
[INFO] [stdout]   |   ^
[INFO] [stdout]   |
[INFO] [stdout] help: Unicode character '`' (Grave Accent) looks like ''' (Single Quote), but it is not
[INFO] [stdout]   |
[INFO] [stdout] 3 | * 'timestamp`: This can be specified twice, once with a
[INFO] [stdout]   |   ~
[INFO] [stdout] 
[INFO] [stdout] error: unknown start of token: `
[INFO] [stdout]  --> src/vec_u8_hash_map/google.cloud.retail.v2beta.rs:196:13
[INFO] [stdout]   |
[INFO] [stdout] 3 | * `timestamp`: This can be specified twice, once with a
[INFO] [stdout]   |             ^
[INFO] [stdout]   |
[INFO] [stdout] help: Unicode character '`' (Grave Accent) looks like ''' (Single Quote), but it is not
[INFO] [stdout]   |
[INFO] [stdout] 3 | * `timestamp': This can be specified twice, once with a
[INFO] [stdout]   |             ~
[INFO] [stdout] 
[INFO] [stdout] error: unknown start of token: `
[INFO] [stdout]  --> src/vec_u8_hash_map/google.cloud.retail.v2beta.rs:198:3
[INFO] [stdout]   |
[INFO] [stdout] 5 |   `timestamp` restriction should result in one, contiguous, valid,
[INFO] [stdout]   |   ^
[INFO] [stdout]   |
[INFO] [stdout] help: Unicode character '`' (Grave Accent) looks like ''' (Single Quote), but it is not
[INFO] [stdout]   |
[INFO] [stdout] 5 |   'timestamp` restriction should result in one, contiguous, valid,
[INFO] [stdout]   |   ~
[INFO] [stdout] 
[INFO] [stdout] error: unknown start of token: `
[INFO] [stdout]  --> src/vec_u8_hash_map/google.cloud.retail.v2beta.rs:198:13
[INFO] [stdout]   |
[INFO] [stdout] 5 |   `timestamp` restriction should result in one, contiguous, valid,
[INFO] [stdout]   |             ^
[INFO] [stdout]   |
[INFO] [stdout] help: Unicode character '`' (Grave Accent) looks like ''' (Single Quote), but it is not
[INFO] [stdout]   |
[INFO] [stdout] 5 |   `timestamp' restriction should result in one, contiguous, valid,
[INFO] [stdout]   |             ~
[INFO] [stdout] 
[INFO] [stdout] error: unknown start of token: `
[INFO] [stdout]  --> src/vec_u8_hash_map/google.cloud.retail.v2beta.rs:199:3
[INFO] [stdout]   |
[INFO] [stdout] 6 |   `timestamp` range.
[INFO] [stdout]   |   ^
[INFO] [stdout]   |
[INFO] [stdout] help: Unicode character '`' (Grave Accent) looks like ''' (Single Quote), but it is not
[INFO] [stdout]   |
[INFO] [stdout] 6 |   'timestamp` range.
[INFO] [stdout]   |   ~
[INFO] [stdout] 
[INFO] [stdout] error: unknown start of token: `
[INFO] [stdout]  --> src/vec_u8_hash_map/google.cloud.retail.v2beta.rs:199:13
[INFO] [stdout]   |
[INFO] [stdout] 6 |   `timestamp` range.
[INFO] [stdout]   |             ^
[INFO] [stdout]   |
[INFO] [stdout] help: Unicode character '`' (Grave Accent) looks like ''' (Single Quote), but it is not
[INFO] [stdout]   |
[INFO] [stdout] 6 |   `timestamp' range.
[INFO] [stdout]   |             ~
[INFO] [stdout] 
[INFO] [stdout] error: expected identifier, found `:`
[INFO] [stdout]  --> src/vec_u8_hash_map/google.cloud.retail.v2beta.rs:196:14
[INFO] [stdout]   |
[INFO] [stdout] 3 | * `timestamp`: This can be specified twice, once with a
[INFO] [stdout]   |              ^ expected identifier
[INFO] [stdout]   |
[INFO] [stdout]   = note: type ascription syntax has been removed, see issue #101728 <https://github.com/rust-lang/rust/issues/101728>
[INFO] [stdout] 
[INFO] [stdout] error: aborting due to 7 previous errors
[INFO] [stdout] 
[INFO] [stdout] Couldn't compile the test.
[INFO] [stdout] ---- src/vec_u8_hash_map/google.cloud.retail.v2beta.rs - vec_u8_hash_map::google::cloud::retail::v2beta::ExportProductsRequest::filter (line 92) stdout ----
[INFO] [stdout] error: unknown start of token: `
[INFO] [stdout]  --> src/vec_u8_hash_map/google.cloud.retail.v2beta.rs:93:3
[INFO] [stdout]   |
[INFO] [stdout] 3 | * `lastModifiedTime`: This can be specified twice, once with a
[INFO] [stdout]   |   ^
[INFO] [stdout]   |
[INFO] [stdout] help: Unicode character '`' (Grave Accent) looks like ''' (Single Quote), but it is not
[INFO] [stdout]   |
[INFO] [stdout] 3 | * 'lastModifiedTime`: This can be specified twice, once with a
[INFO] [stdout]   |   ~
[INFO] [stdout] 
[INFO] [stdout] error: unknown start of token: `
[INFO] [stdout]  --> src/vec_u8_hash_map/google.cloud.retail.v2beta.rs:93:20
[INFO] [stdout]   |
[INFO] [stdout] 3 | * `lastModifiedTime`: This can be specified twice, once with a
[INFO] [stdout]   |                    ^
[INFO] [stdout]   |
[INFO] [stdout] help: Unicode character '`' (Grave Accent) looks like ''' (Single Quote), but it is not
[INFO] [stdout]   |
[INFO] [stdout] 3 | * `lastModifiedTime': This can be specified twice, once with a
[INFO] [stdout]   |                    ~
[INFO] [stdout] 
[INFO] [stdout] error: unknown start of token: `
[INFO] [stdout]  --> src/vec_u8_hash_map/google.cloud.retail.v2beta.rs:95:3
[INFO] [stdout]   |
[INFO] [stdout] 5 |   `lastModifiedTime` restriction should result in one, contiguous,
[INFO] [stdout]   |   ^
[INFO] [stdout]   |
[INFO] [stdout] help: Unicode character '`' (Grave Accent) looks like ''' (Single Quote), but it is not
[INFO] [stdout]   |
[INFO] [stdout] 5 |   'lastModifiedTime` restriction should result in one, contiguous,
[INFO] [stdout]   |   ~
[INFO] [stdout] 
[INFO] [stdout] error: unknown start of token: `
[INFO] [stdout]  --> src/vec_u8_hash_map/google.cloud.retail.v2beta.rs:95:20
[INFO] [stdout]   |
[INFO] [stdout] 5 |   `lastModifiedTime` restriction should result in one, contiguous,
[INFO] [stdout]   |                    ^
[INFO] [stdout]   |
[INFO] [stdout] help: Unicode character '`' (Grave Accent) looks like ''' (Single Quote), but it is not
[INFO] [stdout]   |
[INFO] [stdout] 5 |   `lastModifiedTime' restriction should result in one, contiguous,
[INFO] [stdout]   |                    ~
[INFO] [stdout] 
[INFO] [stdout] error: unknown start of token: `
[INFO] [stdout]  --> src/vec_u8_hash_map/google.cloud.retail.v2beta.rs:98:3
[INFO] [stdout]   |
[INFO] [stdout] 8 | * `productType`: Supported values are `primary` and `variant`. The
[INFO] [stdout]   |   ^
[INFO] [stdout]   |
[INFO] [stdout] help: Unicode character '`' (Grave Accent) looks like ''' (Single Quote), but it is not
[INFO] [stdout]   |
[INFO] [stdout] 8 | * 'productType`: Supported values are `primary` and `variant`. The
[INFO] [stdout]   |   ~
[INFO] [stdout] 
[INFO] [stdout] error: unknown start of token: `
[INFO] [stdout]  --> src/vec_u8_hash_map/google.cloud.retail.v2beta.rs:98:15
[INFO] [stdout]   |
[INFO] [stdout] 8 | * `productType`: Supported values are `primary` and `variant`. The
[INFO] [stdout]   |               ^
[INFO] [stdout]   |
[INFO] [stdout] help: Unicode character '`' (Grave Accent) looks like ''' (Single Quote), but it is not
[INFO] [stdout]   |
[INFO] [stdout] 8 | * `productType': Supported values are `primary` and `variant`. The
[INFO] [stdout]   |               ~
[INFO] [stdout] 
[INFO] [stdout] error: unknown start of token: `
[INFO] [stdout]  --> src/vec_u8_hash_map/google.cloud.retail.v2beta.rs:98:39
[INFO] [stdout]   |
[INFO] [stdout] 8 | * `productType`: Supported values are `primary` and `variant`. The
[INFO] [stdout]   |                                       ^
[INFO] [stdout]   |
[INFO] [stdout] help: Unicode character '`' (Grave Accent) looks like ''' (Single Quote), but it is not
[INFO] [stdout]   |
[INFO] [stdout] 8 | * `productType`: Supported values are 'primary` and `variant`. The
[INFO] [stdout]   |                                       ~
[INFO] [stdout] 
[INFO] [stdout] error: unknown start of token: `
[INFO] [stdout]  --> src/vec_u8_hash_map/google.cloud.retail.v2beta.rs:98:47
[INFO] [stdout]   |
[INFO] [stdout] 8 | * `productType`: Supported values are `primary` and `variant`. The
[INFO] [stdout]   |                                               ^
[INFO] [stdout]   |
[INFO] [stdout] help: Unicode character '`' (Grave Accent) looks like ''' (Single Quote), but it is not
[INFO] [stdout]   |
[INFO] [stdout] 8 | * `productType`: Supported values are `primary' and `variant`. The
[INFO] [stdout]   |                                               ~
[INFO] [stdout] 
[INFO] [stdout] error: unknown start of token: `
[INFO] [stdout]  --> src/vec_u8_hash_map/google.cloud.retail.v2beta.rs:98:53
[INFO] [stdout]   |
[INFO] [stdout] 8 | * `productType`: Supported values are `primary` and `variant`. The
[INFO] [stdout]   |                                                     ^
[INFO] [stdout]   |
[INFO] [stdout] help: Unicode character '`' (Grave Accent) looks like ''' (Single Quote), but it is not
[INFO] [stdout]   |
[INFO] [stdout] 8 | * `productType`: Supported values are `primary` and 'variant`. The
[INFO] [stdout]   |                                                     ~
[INFO] [stdout] 
[INFO] [stdout] error: unknown start of token: `
[INFO] [stdout]  --> src/vec_u8_hash_map/google.cloud.retail.v2beta.rs:98:61
[INFO] [stdout]   |
[INFO] [stdout] 8 | * `productType`: Supported values are `primary` and `variant`. The
[INFO] [stdout]   |                                                             ^
[INFO] [stdout]   |
[INFO] [stdout] help: Unicode character '`' (Grave Accent) looks like ''' (Single Quote), but it is not
[INFO] [stdout]   |
[INFO] [stdout] 8 | * `productType`: Supported values are `primary` and `variant'. The
[INFO] [stdout]   |                                                             ~
[INFO] [stdout] 
[INFO] [stdout] error: unknown start of token: `
[INFO] [stdout]  --> src/vec_u8_hash_map/google.cloud.retail.v2beta.rs:99:19
[INFO] [stdout]   |
[INFO] [stdout] 9 | Boolean operators `OR` and `NOT` are supported if the expression is
[INFO] [stdout]   |                   ^
[INFO] [stdout]   |
[INFO] [stdout] help: Unicode character '`' (Grave Accent) looks like ''' (Single Quote), but it is not
[INFO] [stdout]   |
[INFO] [stdout] 9 | Boolean operators 'OR` and `NOT` are supported if the expression is
[INFO] [stdout]   |                   ~
[INFO] [stdout] 
[INFO] [stdout] error: unknown start of token: `
[INFO] [stdout]  --> src/vec_u8_hash_map/google.cloud.retail.v2beta.rs:99:22
[INFO] [stdout]   |
[INFO] [stdout] 9 | Boolean operators `OR` and `NOT` are supported if the expression is
[INFO] [stdout]   |                      ^
[INFO] [stdout]   |
[INFO] [stdout] help: Unicode character '`' (Grave Accent) looks like ''' (Single Quote), but it is not
[INFO] [stdout]   |
[INFO] [stdout] 9 | Boolean operators `OR' and `NOT` are supported if the expression is
[INFO] [stdout]   |                      ~
[INFO] [stdout] 
[INFO] [stdout] error: unknown start of token: `
[INFO] [stdout]  --> src/vec_u8_hash_map/google.cloud.retail.v2beta.rs:99:28
[INFO] [stdout]   |
[INFO] [stdout] 9 | Boolean operators `OR` and `NOT` are supported if the expression is
[INFO] [stdout]   |                            ^
[INFO] [stdout]   |
[INFO] [stdout] help: Unicode character '`' (Grave Accent) looks like ''' (Single Quote), but it is not
[INFO] [stdout]   |
[INFO] [stdout] 9 | Boolean operators `OR` and 'NOT` are supported if the expression is
[INFO] [stdout]   |                            ~
[INFO] [stdout] 
[INFO] [stdout] error: unknown start of token: `
[INFO] [stdout]  --> src/vec_u8_hash_map/google.cloud.retail.v2beta.rs:99:32
[INFO] [stdout]   |
[INFO] [stdout] 9 | Boolean operators `OR` and `NOT` are supported if the expression is
[INFO] [stdout]   |                                ^
[INFO] [stdout]   |
[INFO] [stdout] help: Unicode character '`' (Grave Accent) looks like ''' (Single Quote), but it is not
[INFO] [stdout]   |
[INFO] [stdout] 9 | Boolean operators `OR` and `NOT' are supported if the expression is
[INFO] [stdout]   |                                ~
[INFO] [stdout] 
[INFO] [stdout] error: unknown start of token: `
[INFO] [stdout]   --> src/vec_u8_hash_map/google.cloud.retail.v2beta.rs:101:3
[INFO] [stdout]    |
[INFO] [stdout] 11 |   `productType` values by a space.
[INFO] [stdout]    |   ^
[INFO] [stdout]    |
[INFO] [stdout] help: Unicode character '`' (Grave Accent) looks like ''' (Single Quote), but it is not
[INFO] [stdout]    |
[INFO] [stdout] 11 |   'productType` values by a space.
[INFO] [stdout]    |   ~
[INFO] [stdout] 
[INFO] [stdout] error: unknown start of token: `
[INFO] [stdout]   --> src/vec_u8_hash_map/google.cloud.retail.v2beta.rs:101:15
[INFO] [stdout]    |
[INFO] [stdout] 11 |   `productType` values by a space.
[INFO] [stdout]    |               ^
[INFO] [stdout]    |
[INFO] [stdout] help: Unicode character '`' (Grave Accent) looks like ''' (Single Quote), but it is not
[INFO] [stdout]    |
[INFO] [stdout] 11 |   `productType' values by a space.
[INFO] [stdout]    |               ~
[INFO] [stdout] 
[INFO] [stdout] error: unknown start of token: `
[INFO] [stdout]   --> src/vec_u8_hash_map/google.cloud.retail.v2beta.rs:103:3
[INFO] [stdout]    |
[INFO] [stdout] 13 | * `availability`: Supported values are `IN_STOCK`, `OUT_OF_STOCK`,
[INFO] [stdout]    |   ^
[INFO] [stdout]    |
[INFO] [stdout] help: Unicode character '`' (Grave Accent) looks like ''' (Single Quote), but it is not
[INFO] [stdout]    |
[INFO] [stdout] 13 | * 'availability`: Supported values are `IN_STOCK`, `OUT_OF_STOCK`,
[INFO] [stdout]    |   ~
[INFO] [stdout] 
[INFO] [stdout] error: unknown start of token: `
[INFO] [stdout]   --> src/vec_u8_hash_map/google.cloud.retail.v2beta.rs:103:16
[INFO] [stdout]    |
[INFO] [stdout] 13 | * `availability`: Supported values are `IN_STOCK`, `OUT_OF_STOCK`,
[INFO] [stdout]    |                ^
[INFO] [stdout]    |
[INFO] [stdout] help: Unicode character '`' (Grave Accent) looks like ''' (Single Quote), but it is not
[INFO] [stdout]    |
[INFO] [stdout] 13 | * `availability': Supported values are `IN_STOCK`, `OUT_OF_STOCK`,
[INFO] [stdout]    |                ~
[INFO] [stdout] 
[INFO] [stdout] error: unknown start of token: `
[INFO] [stdout]   --> src/vec_u8_hash_map/google.cloud.retail.v2beta.rs:103:40
[INFO] [stdout]    |
[INFO] [stdout] 13 | * `availability`: Supported values are `IN_STOCK`, `OUT_OF_STOCK`,
[INFO] [stdout]    |                                        ^
[INFO] [stdout]    |
[INFO] [stdout] help: Unicode character '`' (Grave Accent) looks like ''' (Single Quote), but it is not
[INFO] [stdout]    |
[INFO] [stdout] 13 | * `availability`: Supported values are 'IN_STOCK`, `OUT_OF_STOCK`,
[INFO] [stdout]    |                                        ~
[INFO] [stdout] 
[INFO] [stdout] error: unknown start of token: `
[INFO] [stdout]   --> src/vec_u8_hash_map/google.cloud.retail.v2beta.rs:103:49
[INFO] [stdout]    |
[INFO] [stdout] 13 | * `availability`: Supported values are `IN_STOCK`, `OUT_OF_STOCK`,
[INFO] [stdout]    |                                                 ^
[INFO] [stdout]    |
[INFO] [stdout] help: Unicode character '`' (Grave Accent) looks like ''' (Single Quote), but it is not
[INFO] [stdout]    |
[INFO] [stdout] 13 | * `availability`: Supported values are `IN_STOCK', `OUT_OF_STOCK`,
[INFO] [stdout]    |                                                 ~
[INFO] [stdout] 
[INFO] [stdout] error: unknown start of token: `
[INFO] [stdout]   --> src/vec_u8_hash_map/google.cloud.retail.v2beta.rs:103:52
[INFO] [stdout]    |
[INFO] [stdout] 13 | * `availability`: Supported values are `IN_STOCK`, `OUT_OF_STOCK`,
[INFO] [stdout]    |                                                    ^
[INFO] [stdout]    |
[INFO] [stdout] help: Unicode character '`' (Grave Accent) looks like ''' (Single Quote), but it is not
[INFO] [stdout]    |
[INFO] [stdout] 13 | * `availability`: Supported values are `IN_STOCK`, 'OUT_OF_STOCK`,
[INFO] [stdout]    |                                                    ~
[INFO] [stdout] 
[INFO] [stdout] error: unknown start of token: `
[INFO] [stdout]   --> src/vec_u8_hash_map/google.cloud.retail.v2beta.rs:103:65
[INFO] [stdout]    |
[INFO] [stdout] 13 | * `availability`: Supported values are `IN_STOCK`, `OUT_OF_STOCK`,
[INFO] [stdout]    |                                                                 ^
[INFO] [stdout]    |
[INFO] [stdout] help: Unicode character '`' (Grave Accent) looks like ''' (Single Quote), but it is not
[INFO] [stdout]    |
[INFO] [stdout] 13 | * `availability`: Supported values are `IN_STOCK`, `OUT_OF_STOCK',
[INFO] [stdout]    |                                                                 ~
[INFO] [stdout] 
[INFO] [stdout] error: unknown start of token: `
[INFO] [stdout]   --> src/vec_u8_hash_map/google.cloud.retail.v2beta.rs:104:1
[INFO] [stdout]    |
[INFO] [stdout] 14 | `PREORDER`, and `BACKORDER`. Boolean operators `OR` and `NOT` are
[INFO] [stdout]    | ^
[INFO] [stdout]    |
[INFO] [stdout] help: Unicode character '`' (Grave Accent) looks like ''' (Single Quote), but it is not
[INFO] [stdout]    |
[INFO] [stdout] 14 | 'PREORDER`, and `BACKORDER`. Boolean operators `OR` and `NOT` are
[INFO] [stdout]    | ~
[INFO] [stdout] 
[INFO] [stdout] error: unknown start of token: `
[INFO] [stdout]   --> src/vec_u8_hash_map/google.cloud.retail.v2beta.rs:104:10
[INFO] [stdout]    |
[INFO] [stdout] 14 | `PREORDER`, and `BACKORDER`. Boolean operators `OR` and `NOT` are
[INFO] [stdout]    |          ^
[INFO] [stdout]    |
[INFO] [stdout] help: Unicode character '`' (Grave Accent) looks like ''' (Single Quote), but it is not
[INFO] [stdout]    |
[INFO] [stdout] 14 | `PREORDER', and `BACKORDER`. Boolean operators `OR` and `NOT` are
[INFO] [stdout]    |          ~
[INFO] [stdout] 
[INFO] [stdout] error: unknown start of token: `
[INFO] [stdout]   --> src/vec_u8_hash_map/google.cloud.retail.v2beta.rs:104:17
[INFO] [stdout]    |
[INFO] [stdout] 14 | `PREORDER`, and `BACKORDER`. Boolean operators `OR` and `NOT` are
[INFO] [stdout]    |                 ^
[INFO] [stdout]    |
[INFO] [stdout] help: Unicode character '`' (Grave Accent) looks like ''' (Single Quote), but it is not
[INFO] [stdout]    |
[INFO] [stdout] 14 | `PREORDER`, and 'BACKORDER`. Boolean operators `OR` and `NOT` are
[INFO] [stdout]    |                 ~
[INFO] [stdout] 
[INFO] [stdout] error: unknown start of token: `
[INFO] [stdout]   --> src/vec_u8_hash_map/google.cloud.retail.v2beta.rs:104:27
[INFO] [stdout]    |
[INFO] [stdout] 14 | `PREORDER`, and `BACKORDER`. Boolean operators `OR` and `NOT` are
[INFO] [stdout]    |                           ^
[INFO] [stdout]    |
[INFO] [stdout] help: Unicode character '`' (Grave Accent) looks like ''' (Single Quote), but it is not
[INFO] [stdout]    |
[INFO] [stdout] 14 | `PREORDER`, and `BACKORDER'. Boolean operators `OR` and `NOT` are
[INFO] [stdout]    |                           ~
[INFO] [stdout] 
[INFO] [stdout] error: unknown start of token: `
[INFO] [stdout]   --> src/vec_u8_hash_map/google.cloud.retail.v2beta.rs:104:48
[INFO] [stdout]    |
[INFO] [stdout] 14 | `PREORDER`, and `BACKORDER`. Boolean operators `OR` and `NOT` are
[INFO] [stdout]    |                                                ^
[INFO] [stdout]    |
[INFO] [stdout] help: Unicode character '`' (Grave Accent) looks like ''' (Single Quote), but it is not
[INFO] [stdout]    |
[INFO] [stdout] 14 | `PREORDER`, and `BACKORDER`. Boolean operators 'OR` and `NOT` are
[INFO] [stdout]    |                                                ~
[INFO] [stdout] 
[INFO] [stdout] error: unknown start of token: `
[INFO] [stdout]   --> src/vec_u8_hash_map/google.cloud.retail.v2beta.rs:104:51
[INFO] [stdout]    |
[INFO] [stdout] 14 | `PREORDER`, and `BACKORDER`. Boolean operators `OR` and `NOT` are
[INFO] [stdout]    |                                                   ^
[INFO] [stdout]    |
[INFO] [stdout] help: Unicode character '`' (Grave Accent) looks like ''' (Single Quote), but it is not
[INFO] [stdout]    |
[INFO] [stdout] 14 | `PREORDER`, and `BACKORDER`. Boolean operators `OR' and `NOT` are
[INFO] [stdout]    |                                                   ~
[INFO] [stdout] 
[INFO] [stdout] error: unknown start of token: `
[INFO] [stdout]   --> src/vec_u8_hash_map/google.cloud.retail.v2beta.rs:104:57
[INFO] [stdout]    |
[INFO] [stdout] 14 | `PREORDER`, and `BACKORDER`. Boolean operators `OR` and `NOT` are
[INFO] [stdout]    |                                                         ^
[INFO] [stdout]    |
[INFO] [stdout] help: Unicode character '`' (Grave Accent) looks like ''' (Single Quote), but it is not
[INFO] [stdout]    |
[INFO] [stdout] 14 | `PREORDER`, and `BACKORDER`. Boolean operators `OR` and 'NOT` are
[INFO] [stdout]    |                                                         ~
[INFO] [stdout] 
[INFO] [stdout] error: unknown start of token: `
[INFO] [stdout]   --> src/vec_u8_hash_map/google.cloud.retail.v2beta.rs:104:61
[INFO] [stdout]    |
[INFO] [stdout] 14 | `PREORDER`, and `BACKORDER`. Boolean operators `OR` and `NOT` are
[INFO] [stdout]    |                                                             ^
[INFO] [stdout]    |
[INFO] [stdout] help: Unicode character '`' (Grave Accent) looks like ''' (Single Quote), but it is not
[INFO] [stdout]    |
[INFO] [stdout] 14 | `PREORDER`, and `BACKORDER`. Boolean operators `OR` and `NOT' are
[INFO] [stdout]    |                                                             ~
[INFO] [stdout] 
[INFO] [stdout] error: unknown start of token: `
[INFO] [stdout]   --> src/vec_u8_hash_map/google.cloud.retail.v2beta.rs:106:20
[INFO] [stdout]    |
[INFO] [stdout] 16 | separated from the `availability` values by a space.
[INFO] [stdout]    |                    ^
[INFO] [stdout]    |
[INFO] [stdout] help: Unicode character '`' (Grave Accent) looks like ''' (Single Quote), but it is not
[INFO] [stdout]    |
[INFO] [stdout] 16 | separated from the 'availability` values by a space.
[INFO] [stdout]    |                    ~
[INFO] [stdout] 
[INFO] [stdout] error: unknown start of token: `
[INFO] [stdout]   --> src/vec_u8_hash_map/google.cloud.retail.v2beta.rs:106:33
[INFO] [stdout]    |
[INFO] [stdout] 16 | separated from the `availability` values by a space.
[INFO] [stdout]    |                                 ^
[INFO] [stdout]    |
[INFO] [stdout] help: Unicode character '`' (Grave Accent) looks like ''' (Single Quote), but it is not
[INFO] [stdout]    |
[INFO] [stdout] 16 | separated from the `availability' values by a space.
[INFO] [stdout]    |                                 ~
[INFO] [stdout] 
[INFO] [stdout] error: unknown start of token: `
[INFO] [stdout]   --> src/vec_u8_hash_map/google.cloud.retail.v2beta.rs:108:3
[INFO] [stdout]    |
[INFO] [stdout] 18 | * `Tag expressions`: Restricts output to products that match all of the
[INFO] [stdout]    |   ^
[INFO] [stdout]    |
[INFO] [stdout] help: Unicode character '`' (Grave Accent) looks like ''' (Single Quote), but it is not
[INFO] [stdout]    |
[INFO] [stdout] 18 | * 'Tag expressions`: Restricts output to products that match all of the
[INFO] [stdout]    |   ~
[INFO] [stdout] 
[INFO] [stdout] error: unknown start of token: `
[INFO] [stdout]   --> src/vec_u8_hash_map/google.cloud.retail.v2beta.rs:108:19
[INFO] [stdout]    |
[INFO] [stdout] 18 | * `Tag expressions`: Restricts output to products that match all of the
[INFO] [stdout]    |                   ^
[INFO] [stdout]    |
[INFO] [stdout] help: Unicode character '`' (Grave Accent) looks like ''' (Single Quote), but it is not
[INFO] [stdout]    |
[INFO] [stdout] 18 | * `Tag expressions': Restricts output to products that match all of the
[INFO] [stdout]    |                   ~
[INFO] [stdout] 
[INFO] [stdout] error: unknown start of token: `
[INFO] [stdout]   --> src/vec_u8_hash_map/google.cloud.retail.v2beta.rs:109:37
[INFO] [stdout]    |
[INFO] [stdout] 19 |   specified tags. Boolean operators `OR` and `NOT` are supported if the
[INFO] [stdout]    |                                     ^
[INFO] [stdout]    |
[INFO] [stdout] help: Unicode character '`' (Grave Accent) looks like ''' (Single Quote), but it is not
[INFO] [stdout]    |
[INFO] [stdout] 19 |   specified tags. Boolean operators 'OR` and `NOT` are supported if the
[INFO] [stdout]    |                                     ~
[INFO] [stdout] 
[INFO] [stdout] error: unknown start of token: `
[INFO] [stdout]   --> src/vec_u8_hash_map/google.cloud.retail.v2beta.rs:109:40
[INFO] [stdout]    |
[INFO] [stdout] 19 |   specified tags. Boolean operators `OR` and `NOT` are supported if the
[INFO] [stdout]    |                                        ^
[INFO] [stdout]    |
[INFO] [stdout] help: Unicode character '`' (Grave Accent) looks like ''' (Single Quote), but it is not
[INFO] [stdout]    |
[INFO] [stdout] 19 |   specified tags. Boolean operators `OR' and `NOT` are supported if the
[INFO] [stdout]    |                                        ~
[INFO] [stdout] 
[INFO] [stdout] error: unknown start of token: `
[INFO] [stdout]   --> src/vec_u8_hash_map/google.cloud.retail.v2beta.rs:109:46
[INFO] [stdout]    |
[INFO] [stdout] 19 |   specified tags. Boolean operators `OR` and `NOT` are supported if the
[INFO] [stdout]    |                                              ^
[INFO] [stdout]    |
[INFO] [stdout] help: Unicode character '`' (Grave Accent) looks like ''' (Single Quote), but it is not
[INFO] [stdout]    |
[INFO] [stdout] 19 |   specified tags. Boolean operators `OR` and 'NOT` are supported if the
[INFO] [stdout]    |                                              ~
[INFO] [stdout] 
[INFO] [stdout] error: unknown start of token: `
[INFO] [stdout]   --> src/vec_u8_hash_map/google.cloud.retail.v2beta.rs:109:50
[INFO] [stdout]    |
[INFO] [stdout] 19 |   specified tags. Boolean operators `OR` and `NOT` are supported if the
[INFO] [stdout]    |                                                  ^
[INFO] [stdout]    |
[INFO] [stdout] help: Unicode character '`' (Grave Accent) looks like ''' (Single Quote), but it is not
[INFO] [stdout]    |
[INFO] [stdout] 19 |   specified tags. Boolean operators `OR` and `NOT' are supported if the
[INFO] [stdout]    |                                                  ~
[INFO] [stdout] 
[INFO] [stdout] error: character literal may only contain one codepoint
[INFO] [stdout]   --> src/vec_u8_hash_map/google.cloud.retail.v2beta.rs:111:53
[INFO] [stdout]    |
[INFO] [stdout] 21 |   from the tag values by a space. Also supported is '`-"tagA"`', which
[INFO] [stdout]    |                                                     ^^^^^^^^^^^
[INFO] [stdout]    |
[INFO] [stdout] help: if you meant to write a string literal, use double quotes
[INFO] [stdout]    |
[INFO] [stdout] 21 |   from the tag values by a space. Also supported is "`-\"tagA\"`", which
[INFO] [stdout]    |                                                     ~~~~~~~~~~~~~
[INFO] [stdout] 
[INFO] [stdout] error: character literal may only contain one codepoint
[INFO] [stdout]   --> src/vec_u8_hash_map/google.cloud.retail.v2beta.rs:112:20
[INFO] [stdout]    |
[INFO] [stdout] 22 |   is equivalent to '`NOT "tagA"`'. Tag values must be double-quoted,
[INFO] [stdout]    |                    ^^^^^^^^^^^^^^
[INFO] [stdout]    |
[INFO] [stdout] help: if you meant to write a string literal, use double quotes
[INFO] [stdout]    |
[INFO] [stdout] 22 |   is equivalent to "`NOT \"tagA\"`". Tag values must be double-quoted,
[INFO] [stdout]    |                    ~~~~~~~~~~~~~~~~
[INFO] [stdout] 
[INFO] [stdout] error: expected identifier, found `:`
[INFO] [stdout]  --> src/vec_u8_hash_map/google.cloud.retail.v2beta.rs:93:21
[INFO] [stdout]   |
[INFO] [stdout] 3 | * `lastModifiedTime`: This can be specified twice, once with a
[INFO] [stdout]   |                     ^ expected identifier
[INFO] [stdout]   |
[INFO] [stdout]   = note: type ascription syntax has been removed, see issue #101728 <https://github.com/rust-lang/rust/issues/101728>
[INFO] [stdout] 
[INFO] [stdout] error: aborting due to 41 previous errors
[INFO] [stdout] 
[INFO] [stdout] Couldn't compile the test.
[INFO] [stdout] ---- src/vec_u8_hash_map/google.cloud.retail.v2beta.rs - vec_u8_hash_map::google::cloud::retail::v2beta::ExportUserEventsRequest::filter (line 149) stdout ----
[INFO] [stdout] error: unknown start of token: `
[INFO] [stdout]  --> src/vec_u8_hash_map/google.cloud.retail.v2beta.rs:150:3
[INFO] [stdout]   |
[INFO] [stdout] 3 | * `eventTime`: This can be specified twice, once with a
[INFO] [stdout]   |   ^
[INFO] [stdout]   |
[INFO] [stdout] help: Unicode character '`' (Grave Accent) looks like ''' (Single Quote), but it is not
[INFO] [stdout]   |
[INFO] [stdout] 3 | * 'eventTime`: This can be specified twice, once with a
[INFO] [stdout]   |   ~
[INFO] [stdout] 
[INFO] [stdout] error: unknown start of token: `
[INFO] [stdout]  --> src/vec_u8_hash_map/google.cloud.retail.v2beta.rs:150:13
[INFO] [stdout]   |
[INFO] [stdout] 3 | * `eventTime`: This can be specified twice, once with a
[INFO] [stdout]   |             ^
[INFO] [stdout]   |
[INFO] [stdout] help: Unicode character '`' (Grave Accent) looks like ''' (Single Quote), but it is not
[INFO] [stdout]   |
[INFO] [stdout] 3 | * `eventTime': This can be specified twice, once with a
[INFO] [stdout]   |             ~
[INFO] [stdout] 
[INFO] [stdout] error: unknown start of token: `
[INFO] [stdout]  --> src/vec_u8_hash_map/google.cloud.retail.v2beta.rs:152:3
[INFO] [stdout]   |
[INFO] [stdout] 5 |   `eventTime` restriction should result in one, contiguous, valid,
[INFO] [stdout]   |   ^
[INFO] [stdout]   |
[INFO] [stdout] help: Unicode character '`' (Grave Accent) looks like ''' (Single Quote), but it is not
[INFO] [stdout]   |
[INFO] [stdout] 5 |   'eventTime` restriction should result in one, contiguous, valid,
[INFO] [stdout]   |   ~
[INFO] [stdout] 
[INFO] [stdout] error: unknown start of token: `
[INFO] [stdout]  --> src/vec_u8_hash_map/google.cloud.retail.v2beta.rs:152:13
[INFO] [stdout]   |
[INFO] [stdout] 5 |   `eventTime` restriction should result in one, contiguous, valid,
[INFO] [stdout]   |             ^
[INFO] [stdout]   |
[INFO] [stdout] help: Unicode character '`' (Grave Accent) looks like ''' (Single Quote), but it is not
[INFO] [stdout]   |
[INFO] [stdout] 5 |   `eventTime' restriction should result in one, contiguous, valid,
[INFO] [stdout]   |             ~
[INFO] [stdout] 
[INFO] [stdout] error: unknown start of token: `
[INFO] [stdout]  --> src/vec_u8_hash_map/google.cloud.retail.v2beta.rs:153:3
[INFO] [stdout]   |
[INFO] [stdout] 6 |   `eventTime` range.
[INFO] [stdout]   |   ^
[INFO] [stdout]   |
[INFO] [stdout] help: Unicode character '`' (Grave Accent) looks like ''' (Single Quote), but it is not
[INFO] [stdout]   |
[INFO] [stdout] 6 |   'eventTime` range.
[INFO] [stdout]   |   ~
[INFO] [stdout] 
[INFO] [stdout] error: unknown start of token: `
[INFO] [stdout]  --> src/vec_u8_hash_map/google.cloud.retail.v2beta.rs:153:13
[INFO] [stdout]   |
[INFO] [stdout] 6 |   `eventTime` range.
[INFO] [stdout]   |             ^
[INFO] [stdout]   |
[INFO] [stdout] help: Unicode character '`' (Grave Accent) looks like ''' (Single Quote), but it is not
[INFO] [stdout]   |
[INFO] [stdout] 6 |   `eventTime' range.
[INFO] [stdout]   |             ~
[INFO] [stdout] 
[INFO] [stdout] error: unknown start of token: `
[INFO] [stdout]  --> src/vec_u8_hash_map/google.cloud.retail.v2beta.rs:155:3
[INFO] [stdout]   |
[INFO] [stdout] 8 | * `eventType`: Boolean operators `OR` and `NOT` are supported if the
[INFO] [stdout]   |   ^
[INFO] [stdout]   |
[INFO] [stdout] help: Unicode character '`' (Grave Accent) looks like ''' (Single Quote), but it is not
[INFO] [stdout]   |
[INFO] [stdout] 8 | * 'eventType`: Boolean operators `OR` and `NOT` are supported if the
[INFO] [stdout]   |   ~
[INFO] [stdout] 
[INFO] [stdout] error: unknown start of token: `
[INFO] [stdout]  --> src/vec_u8_hash_map/google.cloud.retail.v2beta.rs:155:13
[INFO] [stdout]   |
[INFO] [stdout] 8 | * `eventType`: Boolean operators `OR` and `NOT` are supported if the
[INFO] [stdout]   |             ^
[INFO] [stdout]   |
[INFO] [stdout] help: Unicode character '`' (Grave Accent) looks like ''' (Single Quote), but it is not
[INFO] [stdout]   |
[INFO] [stdout] 8 | * `eventType': Boolean operators `OR` and `NOT` are supported if the
[INFO] [stdout]   |             ~
[INFO] [stdout] 
[INFO] [stdout] error: unknown start of token: `
[INFO] [stdout]  --> src/vec_u8_hash_map/google.cloud.retail.v2beta.rs:155:34
[INFO] [stdout]   |
[INFO] [stdout] 8 | * `eventType`: Boolean operators `OR` and `NOT` are supported if the
[INFO] [stdout]   |                                  ^
[INFO] [stdout]   |
[INFO] [stdout] help: Unicode character '`' (Grave Accent) looks like ''' (Single Quote), but it is not
[INFO] [stdout]   |
[INFO] [stdout] 8 | * `eventType`: Boolean operators 'OR` and `NOT` are supported if the
[INFO] [stdout]   |                                  ~
[INFO] [stdout] 
[INFO] [stdout] error: unknown start of token: `
[INFO] [stdout]  --> src/vec_u8_hash_map/google.cloud.retail.v2beta.rs:155:37
[INFO] [stdout]   |
[INFO] [stdout] 8 | * `eventType`: Boolean operators `OR` and `NOT` are supported if the
[INFO] [stdout]   |                                     ^
[INFO] [stdout]   |
[INFO] [stdout] help: Unicode character '`' (Grave Accent) looks like ''' (Single Quote), but it is not
[INFO] [stdout]   |
[INFO] [stdout] 8 | * `eventType`: Boolean operators `OR' and `NOT` are supported if the
[INFO] [stdout]   |                                     ~
[INFO] [stdout] 
[INFO] [stdout] error: unknown start of token: `
[INFO] [stdout]  --> src/vec_u8_hash_map/google.cloud.retail.v2beta.rs:155:43
[INFO] [stdout]   |
[INFO] [stdout] 8 | * `eventType`: Boolean operators `OR` and `NOT` are supported if the
[INFO] [stdout]   |                                           ^
[INFO] [stdout]   |
[INFO] [stdout] help: Unicode character '`' (Grave Accent) looks like ''' (Single Quote), but it is not
[INFO] [stdout]   |
[INFO] [stdout] 8 | * `eventType`: Boolean operators `OR` and 'NOT` are supported if the
[INFO] [stdout]   |                                           ~
[INFO] [stdout] 
[INFO] [stdout] error: unknown start of token: `
[INFO] [stdout]  --> src/vec_u8_hash_map/google.cloud.retail.v2beta.rs:155:47
[INFO] [stdout]   |
[INFO] [stdout] 8 | * `eventType`: Boolean operators `OR` and `NOT` are supported if the
[INFO] [stdout]   |                                               ^
[INFO] [stdout]   |
[INFO] [stdout] help: Unicode character '`' (Grave Accent) looks like ''' (Single Quote), but it is not
[INFO] [stdout]   |
[INFO] [stdout] 8 | * `eventType`: Boolean operators `OR` and `NOT' are supported if the
[INFO] [stdout]   |                                               ~
[INFO] [stdout] 
[INFO] [stdout] error: unknown start of token: `
[INFO] [stdout]   --> src/vec_u8_hash_map/google.cloud.retail.v2beta.rs:159:3
[INFO] [stdout]    |
[INFO] [stdout] 12 | * `eventsMissingCatalogItems`: This restricts results
[INFO] [stdout]    |   ^
[INFO] [stdout]    |
[INFO] [stdout] help: Unicode character '`' (Grave Accent) looks like ''' (Single Quote), but it is not
[INFO] [stdout]    |
[INFO] [stdout] 12 | * 'eventsMissingCatalogItems`: This restricts results
[INFO] [stdout]    |   ~
[INFO] [stdout] 
[INFO] [stdout] error: unknown start of token: `
[INFO] [stdout]   --> src/vec_u8_hash_map/google.cloud.retail.v2beta.rs:159:29
[INFO] [stdout]    |
[INFO] [stdout] 12 | * `eventsMissingCatalogItems`: This restricts results
[INFO] [stdout]    |                             ^
[INFO] [stdout]    |
[INFO] [stdout] help: Unicode character '`' (Grave Accent) looks like ''' (Single Quote), but it is not
[INFO] [stdout]    |
[INFO] [stdout] 12 | * `eventsMissingCatalogItems': This restricts results
[INFO] [stdout]    |                             ~
[INFO] [stdout] 
[INFO] [stdout] error: expected identifier, found `:`
[INFO] [stdout]  --> src/vec_u8_hash_map/google.cloud.retail.v2beta.rs:150:14
[INFO] [stdout]   |
[INFO] [stdout] 3 | * `eventTime`: This can be specified twice, once with a
[INFO] [stdout]   |              ^ expected identifier
[INFO] [stdout]   |
[INFO] [stdout]   = note: type ascription syntax has been removed, see issue #101728 <https://github.com/rust-lang/rust/issues/101728>
[INFO] [stdout] 
[INFO] [stdout] error: aborting due to 15 previous errors
[INFO] [stdout] 
[INFO] [stdout] Couldn't compile the test.
[INFO] [stdout] 
[INFO] [stdout] failures:
[INFO] [stdout]     src/vec_u8_hash_map/google.cloud.retail.v2beta.rs - vec_u8_hash_map::google::cloud::retail::v2beta::ExportAnalyticsMetricsRequest::filter (line 195)
[INFO] [stdout]     src/vec_u8_hash_map/google.cloud.retail.v2beta.rs - vec_u8_hash_map::google::cloud::retail::v2beta::ExportProductsRequest::filter (line 92)
[INFO] [stdout]     src/vec_u8_hash_map/google.cloud.retail.v2beta.rs - vec_u8_hash_map::google::cloud::retail::v2beta::ExportUserEventsRequest::filter (line 149)
[INFO] [stdout]     src/vec_u8_hash_map/google.cloud.retail.v2beta.rs - vec_u8_hash_map::google::cloud::retail::v2beta::Product::categories (line 1528)
[INFO] [stdout]     src/vec_u8_hash_map/google.cloud.retail.v2beta.rs - vec_u8_hash_map::google::cloud::retail::v2beta::search_response::SearchResult::variant_rollup_values (line 5865)
[INFO] [stdout] 
[INFO] [stdout] test result: FAILED. 0 passed; 5 failed; 0 ignored; 0 measured; 0 filtered out; finished in 0.03s
[INFO] [stdout] 
[INFO] [stderr] error: doctest failed, to rerun pass `--doc`
[INFO] running `Command { std: "docker" "inspect" "05784acc0809b7067561ec64bcf7854014a874ba5d98648147e7c4d2bfa864b1", kill_on_drop: false }`
[INFO] running `Command { std: "docker" "rm" "-f" "05784acc0809b7067561ec64bcf7854014a874ba5d98648147e7c4d2bfa864b1", kill_on_drop: false }`
[INFO] [stdout] 05784acc0809b7067561ec64bcf7854014a874ba5d98648147e7c4d2bfa864b1
