[INFO] fetching crate googleapis-tonic-google-cloud-retail-v2 0.10.0...
[INFO] testing googleapis-tonic-google-cloud-retail-v2-0.10.0 against nightly-2024-10-28+rustflags=-Zrandomize-layout for randomize-layout
[INFO] extracting crate googleapis-tonic-google-cloud-retail-v2 0.10.0 into /workspace/builds/worker-3-tc2/source
[INFO] validating manifest of crates.io crate googleapis-tonic-google-cloud-retail-v2 0.10.0 on toolchain nightly-2024-10-28
[INFO] running `Command { std: CARGO_HOME="/workspace/cargo-home" RUSTUP_HOME="/workspace/rustup-home" "/workspace/cargo-home/bin/cargo" "+nightly-2024-10-28" "metadata" "--manifest-path" "Cargo.toml" "--no-deps", kill_on_drop: false }`
[INFO] started tweaking crates.io crate googleapis-tonic-google-cloud-retail-v2 0.10.0
[INFO] finished tweaking crates.io crate googleapis-tonic-google-cloud-retail-v2 0.10.0
[INFO] tweaked toml for crates.io crate googleapis-tonic-google-cloud-retail-v2 0.10.0 written to /workspace/builds/worker-3-tc2/source/Cargo.toml
[INFO] running `Command { std: CARGO_HOME="/workspace/cargo-home" RUSTUP_HOME="/workspace/rustup-home" "/workspace/cargo-home/bin/cargo" "+nightly-2024-10-28" "generate-lockfile" "--manifest-path" "Cargo.toml", kill_on_drop: false }`
[INFO] [stderr]     Updating crates.io index
[INFO] [stderr]      Locking 58 packages to latest compatible versions
[INFO] [stderr]       Adding googleapis-tonic-google-api v0.9.0 (available: v0.10.0)
[INFO] [stderr]       Adding googleapis-tonic-google-longrunning v0.9.0 (available: v0.10.0)
[INFO] running `Command { std: CARGO_HOME="/workspace/cargo-home" RUSTUP_HOME="/workspace/rustup-home" "/workspace/cargo-home/bin/cargo" "+nightly-2024-10-28" "fetch" "--manifest-path" "Cargo.toml", kill_on_drop: false }`
[INFO] running `Command { std: "docker" "create" "-v" "/var/lib/crater-agent-workspace/builds/worker-3-tc2/target:/opt/rustwide/target:rw,Z" "-v" "/var/lib/crater-agent-workspace/builds/worker-3-tc2/source:/opt/rustwide/workdir:ro,Z" "-v" "/var/lib/crater-agent-workspace/cargo-home:/opt/rustwide/cargo-home:ro,Z" "-v" "/var/lib/crater-agent-workspace/rustup-home:/opt/rustwide/rustup-home:ro,Z" "-e" "SOURCE_DIR=/opt/rustwide/workdir" "-e" "CARGO_TARGET_DIR=/opt/rustwide/target" "-e" "CARGO_HOME=/opt/rustwide/cargo-home" "-e" "RUSTUP_HOME=/opt/rustwide/rustup-home" "-w" "/opt/rustwide/workdir" "-m" "1610612736" "--user" "0:0" "--network" "none" "ghcr.io/rust-lang/crates-build-env/linux@sha256:4a844ea9eb2546a2d2c7022eacef16ef2e8229c7fbb2c7d4d55a9ceca922f72d" "/opt/rustwide/cargo-home/bin/cargo" "+nightly-2024-10-28" "metadata" "--no-deps" "--format-version=1", kill_on_drop: false }`
[INFO] [stdout] c048edf7385ff0a494372c1459de6fc0e87a4ef69b9a4cb140f69afa1b41f2bb
[INFO] running `Command { std: "docker" "start" "-a" "c048edf7385ff0a494372c1459de6fc0e87a4ef69b9a4cb140f69afa1b41f2bb", kill_on_drop: false }`
[INFO] running `Command { std: "docker" "inspect" "c048edf7385ff0a494372c1459de6fc0e87a4ef69b9a4cb140f69afa1b41f2bb", kill_on_drop: false }`
[INFO] running `Command { std: "docker" "rm" "-f" "c048edf7385ff0a494372c1459de6fc0e87a4ef69b9a4cb140f69afa1b41f2bb", kill_on_drop: false }`
[INFO] [stdout] c048edf7385ff0a494372c1459de6fc0e87a4ef69b9a4cb140f69afa1b41f2bb
[INFO] running `Command { std: "docker" "create" "-v" "/var/lib/crater-agent-workspace/builds/worker-3-tc2/target:/opt/rustwide/target:rw,Z" "-v" "/var/lib/crater-agent-workspace/builds/worker-3-tc2/source:/opt/rustwide/workdir:ro,Z" "-v" "/var/lib/crater-agent-workspace/cargo-home:/opt/rustwide/cargo-home:ro,Z" "-v" "/var/lib/crater-agent-workspace/rustup-home:/opt/rustwide/rustup-home:ro,Z" "-e" "SOURCE_DIR=/opt/rustwide/workdir" "-e" "CARGO_TARGET_DIR=/opt/rustwide/target" "-e" "CARGO_INCREMENTAL=0" "-e" "RUST_BACKTRACE=full" "-e" "RUSTFLAGS=--cap-lints=forbid -Zrandomize-layout" "-e" "RUSTDOCFLAGS=--cap-lints=forbid" "-e" "CARGO_HOME=/opt/rustwide/cargo-home" "-e" "RUSTUP_HOME=/opt/rustwide/rustup-home" "-w" "/opt/rustwide/workdir" "-m" "1610612736" "--user" "0:0" "--network" "none" "ghcr.io/rust-lang/crates-build-env/linux@sha256:4a844ea9eb2546a2d2c7022eacef16ef2e8229c7fbb2c7d4d55a9ceca922f72d" "/opt/rustwide/cargo-home/bin/cargo" "+nightly-2024-10-28" "build" "--frozen" "--message-format=json", kill_on_drop: false }`
[INFO] [stdout] c8a08d869f2bf686af9235c54a7ac85a3e02fca65d175bd02efe3e01973c5e89
[INFO] running `Command { std: "docker" "start" "-a" "c8a08d869f2bf686af9235c54a7ac85a3e02fca65d175bd02efe3e01973c5e89", kill_on_drop: false }`
[INFO] [stderr]    Compiling googleapis-tonic-google-cloud-retail-v2 v0.10.0 (/opt/rustwide/workdir)
[INFO] [stderr]     Finished `dev` profile [unoptimized + debuginfo] target(s) in 2.32s
[INFO] running `Command { std: "docker" "inspect" "c8a08d869f2bf686af9235c54a7ac85a3e02fca65d175bd02efe3e01973c5e89", kill_on_drop: false }`
[INFO] running `Command { std: "docker" "rm" "-f" "c8a08d869f2bf686af9235c54a7ac85a3e02fca65d175bd02efe3e01973c5e89", kill_on_drop: false }`
[INFO] [stdout] c8a08d869f2bf686af9235c54a7ac85a3e02fca65d175bd02efe3e01973c5e89
[INFO] running `Command { std: "docker" "create" "-v" "/var/lib/crater-agent-workspace/builds/worker-3-tc2/target:/opt/rustwide/target:rw,Z" "-v" "/var/lib/crater-agent-workspace/builds/worker-3-tc2/source:/opt/rustwide/workdir:ro,Z" "-v" "/var/lib/crater-agent-workspace/cargo-home:/opt/rustwide/cargo-home:ro,Z" "-v" "/var/lib/crater-agent-workspace/rustup-home:/opt/rustwide/rustup-home:ro,Z" "-e" "SOURCE_DIR=/opt/rustwide/workdir" "-e" "CARGO_TARGET_DIR=/opt/rustwide/target" "-e" "CARGO_INCREMENTAL=0" "-e" "RUST_BACKTRACE=full" "-e" "RUSTFLAGS=--cap-lints=forbid -Zrandomize-layout" "-e" "RUSTDOCFLAGS=--cap-lints=forbid" "-e" "CARGO_HOME=/opt/rustwide/cargo-home" "-e" "RUSTUP_HOME=/opt/rustwide/rustup-home" "-w" "/opt/rustwide/workdir" "-m" "1610612736" "--user" "0:0" "--network" "none" "ghcr.io/rust-lang/crates-build-env/linux@sha256:4a844ea9eb2546a2d2c7022eacef16ef2e8229c7fbb2c7d4d55a9ceca922f72d" "/opt/rustwide/cargo-home/bin/cargo" "+nightly-2024-10-28" "test" "--frozen" "--no-run" "--message-format=json", kill_on_drop: false }`
[INFO] [stdout] 352533ffa2341174cbc9d8ca270b0a31783d47e870bc523a47e7dfa55cc70a85
[INFO] running `Command { std: "docker" "start" "-a" "352533ffa2341174cbc9d8ca270b0a31783d47e870bc523a47e7dfa55cc70a85", kill_on_drop: false }`
[INFO] [stderr]    Compiling googleapis-tonic-google-cloud-retail-v2 v0.10.0 (/opt/rustwide/workdir)
[INFO] [stderr]     Finished `test` profile [unoptimized + debuginfo] target(s) in 1.91s
[INFO] running `Command { std: "docker" "inspect" "352533ffa2341174cbc9d8ca270b0a31783d47e870bc523a47e7dfa55cc70a85", kill_on_drop: false }`
[INFO] running `Command { std: "docker" "rm" "-f" "352533ffa2341174cbc9d8ca270b0a31783d47e870bc523a47e7dfa55cc70a85", kill_on_drop: false }`
[INFO] [stdout] 352533ffa2341174cbc9d8ca270b0a31783d47e870bc523a47e7dfa55cc70a85
[INFO] running `Command { std: "docker" "create" "-v" "/var/lib/crater-agent-workspace/builds/worker-3-tc2/target:/opt/rustwide/target:rw,Z" "-v" "/var/lib/crater-agent-workspace/builds/worker-3-tc2/source:/opt/rustwide/workdir:ro,Z" "-v" "/var/lib/crater-agent-workspace/cargo-home:/opt/rustwide/cargo-home:ro,Z" "-v" "/var/lib/crater-agent-workspace/rustup-home:/opt/rustwide/rustup-home:ro,Z" "-e" "SOURCE_DIR=/opt/rustwide/workdir" "-e" "CARGO_TARGET_DIR=/opt/rustwide/target" "-e" "CARGO_INCREMENTAL=0" "-e" "RUST_BACKTRACE=full" "-e" "RUSTFLAGS=--cap-lints=forbid -Zrandomize-layout" "-e" "RUSTDOCFLAGS=--cap-lints=forbid" "-e" "CARGO_HOME=/opt/rustwide/cargo-home" "-e" "RUSTUP_HOME=/opt/rustwide/rustup-home" "-w" "/opt/rustwide/workdir" "-m" "1610612736" "--user" "0:0" "--network" "none" "ghcr.io/rust-lang/crates-build-env/linux@sha256:4a844ea9eb2546a2d2c7022eacef16ef2e8229c7fbb2c7d4d55a9ceca922f72d" "/opt/rustwide/cargo-home/bin/cargo" "+nightly-2024-10-28" "test" "--frozen", kill_on_drop: false }`
[INFO] [stdout] 17186ebbe97660f62ab6f833a8127631eb26a731e7d63049bf22a9e173d59dfe
[INFO] running `Command { std: "docker" "start" "-a" "17186ebbe97660f62ab6f833a8127631eb26a731e7d63049bf22a9e173d59dfe", kill_on_drop: false }`
[INFO] [stderr]     Finished `test` profile [unoptimized + debuginfo] target(s) in 0.03s
[INFO] [stderr]      Running unittests src/lib.rs (/opt/rustwide/target/debug/deps/googleapis_tonic_google_cloud_retail_v2-fa074e974338a0a8)
[INFO] [stdout] 
[INFO] [stdout] running 0 tests
[INFO] [stdout] 
[INFO] [stdout] test result: ok. 0 passed; 0 failed; 0 ignored; 0 measured; 0 filtered out; finished in 0.00s
[INFO] [stdout] 
[INFO] [stderr]    Doc-tests googleapis_tonic_google_cloud_retail_v2
[INFO] [stdout] 
[INFO] [stdout] running 3 tests
[INFO] [stdout] test src/vec_u8_hash_map/google.cloud.retail.v2.rs - vec_u8_hash_map::google::cloud::retail::v2::search_response::SearchResult::variant_rollup_values (line 8737) ... FAILED
[INFO] [stdout] test src/vec_u8_hash_map/google.cloud.retail.v2.rs - vec_u8_hash_map::google::cloud::retail::v2::Product::categories (line 1379) ... FAILED
[INFO] [stdout] test src/vec_u8_hash_map/google.cloud.retail.v2.rs - vec_u8_hash_map::google::cloud::retail::v2::ExportAnalyticsMetricsRequest::filter (line 88) ... FAILED
[INFO] [stdout] 
[INFO] [stdout] failures:
[INFO] [stdout] 
[INFO] [stdout] ---- src/vec_u8_hash_map/google.cloud.retail.v2.rs - vec_u8_hash_map::google::cloud::retail::v2::search_response::SearchResult::variant_rollup_values (line 8737) stdout ----
[INFO] [stdout] error: expected one of `!`, `.`, `::`, `;`, `?`, `{`, `}`, or an operator, found `:`
[INFO] [stdout]  --> src/vec_u8_hash_map/google.cloud.retail.v2.rs:8738:6
[INFO] [stdout]   |
[INFO] [stdout] 3 | { key: "colorFamilies"
[INFO] [stdout]   |      ^ expected one of 8 possible tokens
[INFO] [stdout] 
[INFO] [stdout] error: aborting due to 1 previous error
[INFO] [stdout] 
[INFO] [stdout] Couldn't compile the test.
[INFO] [stdout] ---- src/vec_u8_hash_map/google.cloud.retail.v2.rs - vec_u8_hash_map::google::cloud::retail::v2::Product::categories (line 1379) stdout ----
[INFO] [stdout] error: expected one of `.`, `;`, `?`, `}`, or an operator, found `:`
[INFO] [stdout]  --> src/vec_u8_hash_map/google.cloud.retail.v2.rs:1380:13
[INFO] [stdout]   |
[INFO] [stdout] 3 | "categories": [
[INFO] [stdout]   |             ^ expected one of `.`, `;`, `?`, `}`, or an operator
[INFO] [stdout] 
[INFO] [stdout] error: aborting due to 1 previous error
[INFO] [stdout] 
[INFO] [stdout] Couldn't compile the test.
[INFO] [stdout] ---- src/vec_u8_hash_map/google.cloud.retail.v2.rs - vec_u8_hash_map::google::cloud::retail::v2::ExportAnalyticsMetricsRequest::filter (line 88) stdout ----
[INFO] [stdout] error: unknown start of token: `
[INFO] [stdout]  --> src/vec_u8_hash_map/google.cloud.retail.v2.rs:89:3
[INFO] [stdout]   |
[INFO] [stdout] 3 | * `timestamp`: This can be specified twice, once with a
[INFO] [stdout]   |   ^
[INFO] [stdout]   |
[INFO] [stdout] help: Unicode character '`' (Grave Accent) looks like ''' (Single Quote), but it is not
[INFO] [stdout]   |
[INFO] [stdout] 3 | * 'timestamp`: This can be specified twice, once with a
[INFO] [stdout]   |   ~
[INFO] [stdout] 
[INFO] [stdout] error: unknown start of token: `
[INFO] [stdout]  --> src/vec_u8_hash_map/google.cloud.retail.v2.rs:89:13
[INFO] [stdout]   |
[INFO] [stdout] 3 | * `timestamp`: This can be specified twice, once with a
[INFO] [stdout]   |             ^
[INFO] [stdout]   |
[INFO] [stdout] help: Unicode character '`' (Grave Accent) looks like ''' (Single Quote), but it is not
[INFO] [stdout]   |
[INFO] [stdout] 3 | * `timestamp': This can be specified twice, once with a
[INFO] [stdout]   |             ~
[INFO] [stdout] 
[INFO] [stdout] error: unknown start of token: `
[INFO] [stdout]  --> src/vec_u8_hash_map/google.cloud.retail.v2.rs:91:3
[INFO] [stdout]   |
[INFO] [stdout] 5 |   `timestamp` restriction should result in one, contiguous, valid,
[INFO] [stdout]   |   ^
[INFO] [stdout]   |
[INFO] [stdout] help: Unicode character '`' (Grave Accent) looks like ''' (Single Quote), but it is not
[INFO] [stdout]   |
[INFO] [stdout] 5 |   'timestamp` restriction should result in one, contiguous, valid,
[INFO] [stdout]   |   ~
[INFO] [stdout] 
[INFO] [stdout] error: unknown start of token: `
[INFO] [stdout]  --> src/vec_u8_hash_map/google.cloud.retail.v2.rs:91:13
[INFO] [stdout]   |
[INFO] [stdout] 5 |   `timestamp` restriction should result in one, contiguous, valid,
[INFO] [stdout]   |             ^
[INFO] [stdout]   |
[INFO] [stdout] help: Unicode character '`' (Grave Accent) looks like ''' (Single Quote), but it is not
[INFO] [stdout]   |
[INFO] [stdout] 5 |   `timestamp' restriction should result in one, contiguous, valid,
[INFO] [stdout]   |             ~
[INFO] [stdout] 
[INFO] [stdout] error: unknown start of token: `
[INFO] [stdout]  --> src/vec_u8_hash_map/google.cloud.retail.v2.rs:92:3
[INFO] [stdout]   |
[INFO] [stdout] 6 |   `timestamp` range.
[INFO] [stdout]   |   ^
[INFO] [stdout]   |
[INFO] [stdout] help: Unicode character '`' (Grave Accent) looks like ''' (Single Quote), but it is not
[INFO] [stdout]   |
[INFO] [stdout] 6 |   'timestamp` range.
[INFO] [stdout]   |   ~
[INFO] [stdout] 
[INFO] [stdout] error: unknown start of token: `
[INFO] [stdout]  --> src/vec_u8_hash_map/google.cloud.retail.v2.rs:92:13
[INFO] [stdout]   |
[INFO] [stdout] 6 |   `timestamp` range.
[INFO] [stdout]   |             ^
[INFO] [stdout]   |
[INFO] [stdout] help: Unicode character '`' (Grave Accent) looks like ''' (Single Quote), but it is not
[INFO] [stdout]   |
[INFO] [stdout] 6 |   `timestamp' range.
[INFO] [stdout]   |             ~
[INFO] [stdout] 
[INFO] [stdout] error: expected identifier, found `:`
[INFO] [stdout]  --> src/vec_u8_hash_map/google.cloud.retail.v2.rs:89:14
[INFO] [stdout]   |
[INFO] [stdout] 3 | * `timestamp`: This can be specified twice, once with a
[INFO] [stdout]   |              ^ expected identifier
[INFO] [stdout]   |
[INFO] [stdout]   = note: type ascription syntax has been removed, see issue #101728 <https://github.com/rust-lang/rust/issues/101728>
[INFO] [stdout] 
[INFO] [stdout] error: aborting due to 7 previous errors
[INFO] [stdout] 
[INFO] [stdout] Couldn't compile the test.
[INFO] [stdout] 
[INFO] [stdout] failures:
[INFO] [stdout]     src/vec_u8_hash_map/google.cloud.retail.v2.rs - vec_u8_hash_map::google::cloud::retail::v2::ExportAnalyticsMetricsRequest::filter (line 88)
[INFO] [stdout]     src/vec_u8_hash_map/google.cloud.retail.v2.rs - vec_u8_hash_map::google::cloud::retail::v2::Product::categories (line 1379)
[INFO] [stdout]     src/vec_u8_hash_map/google.cloud.retail.v2.rs - vec_u8_hash_map::google::cloud::retail::v2::search_response::SearchResult::variant_rollup_values (line 8737)
[INFO] [stdout] 
[INFO] [stdout] test result: FAILED. 0 passed; 3 failed; 0 ignored; 0 measured; 0 filtered out; finished in 0.03s
[INFO] [stdout] 
[INFO] [stderr] error: doctest failed, to rerun pass `--doc`
[INFO] running `Command { std: "docker" "inspect" "17186ebbe97660f62ab6f833a8127631eb26a731e7d63049bf22a9e173d59dfe", kill_on_drop: false }`
[INFO] running `Command { std: "docker" "rm" "-f" "17186ebbe97660f62ab6f833a8127631eb26a731e7d63049bf22a9e173d59dfe", kill_on_drop: false }`
[INFO] [stdout] 17186ebbe97660f62ab6f833a8127631eb26a731e7d63049bf22a9e173d59dfe
