[INFO] fetching crate googleapis-tonic-google-cloud-resourcemanager-v3 0.10.0...
[INFO] testing googleapis-tonic-google-cloud-resourcemanager-v3-0.10.0 against nightly-2024-10-28 for randomize-layout
[INFO] extracting crate googleapis-tonic-google-cloud-resourcemanager-v3 0.10.0 into /workspace/builds/worker-5-tc1/source
[INFO] validating manifest of crates.io crate googleapis-tonic-google-cloud-resourcemanager-v3 0.10.0 on toolchain nightly-2024-10-28
[INFO] running `Command { std: CARGO_HOME="/workspace/cargo-home" RUSTUP_HOME="/workspace/rustup-home" "/workspace/cargo-home/bin/cargo" "+nightly-2024-10-28" "metadata" "--manifest-path" "Cargo.toml" "--no-deps", kill_on_drop: false }`
[INFO] started tweaking crates.io crate googleapis-tonic-google-cloud-resourcemanager-v3 0.10.0
[INFO] finished tweaking crates.io crate googleapis-tonic-google-cloud-resourcemanager-v3 0.10.0
[INFO] tweaked toml for crates.io crate googleapis-tonic-google-cloud-resourcemanager-v3 0.10.0 written to /workspace/builds/worker-5-tc1/source/Cargo.toml
[INFO] running `Command { std: CARGO_HOME="/workspace/cargo-home" RUSTUP_HOME="/workspace/rustup-home" "/workspace/cargo-home/bin/cargo" "+nightly-2024-10-28" "generate-lockfile" "--manifest-path" "Cargo.toml", kill_on_drop: false }`
[INFO] [stderr]     Updating crates.io index
[INFO] [stderr]      Locking 59 packages to latest compatible versions
[INFO] [stderr]       Adding googleapis-tonic-google-api v0.9.0 (available: v0.10.0)
[INFO] [stderr]       Adding googleapis-tonic-google-iam-v1 v0.10.0 (available: v0.11.0)
[INFO] [stderr]       Adding googleapis-tonic-google-longrunning v0.9.0 (available: v0.10.0)
[INFO] running `Command { std: CARGO_HOME="/workspace/cargo-home" RUSTUP_HOME="/workspace/rustup-home" "/workspace/cargo-home/bin/cargo" "+nightly-2024-10-28" "fetch" "--manifest-path" "Cargo.toml", kill_on_drop: false }`
[INFO] [stderr]  Downloading crates ...
[INFO] [stderr]   Downloaded googleapis-tonic-google-iam-v1 v0.10.0
[INFO] running `Command { std: "docker" "create" "-v" "/var/lib/crater-agent-workspace/builds/worker-5-tc1/target:/opt/rustwide/target:rw,Z" "-v" "/var/lib/crater-agent-workspace/builds/worker-5-tc1/source:/opt/rustwide/workdir:ro,Z" "-v" "/var/lib/crater-agent-workspace/cargo-home:/opt/rustwide/cargo-home:ro,Z" "-v" "/var/lib/crater-agent-workspace/rustup-home:/opt/rustwide/rustup-home:ro,Z" "-e" "SOURCE_DIR=/opt/rustwide/workdir" "-e" "CARGO_TARGET_DIR=/opt/rustwide/target" "-e" "CARGO_HOME=/opt/rustwide/cargo-home" "-e" "RUSTUP_HOME=/opt/rustwide/rustup-home" "-w" "/opt/rustwide/workdir" "-m" "1610612736" "--user" "0:0" "--network" "none" "ghcr.io/rust-lang/crates-build-env/linux@sha256:4a844ea9eb2546a2d2c7022eacef16ef2e8229c7fbb2c7d4d55a9ceca922f72d" "/opt/rustwide/cargo-home/bin/cargo" "+nightly-2024-10-28" "metadata" "--no-deps" "--format-version=1", kill_on_drop: false }`
[INFO] [stdout] 9d99b22426997f9a8dcadbfc544474dd0dae86a95ea21448a6f51b2783ea9ac6
[INFO] running `Command { std: "docker" "start" "-a" "9d99b22426997f9a8dcadbfc544474dd0dae86a95ea21448a6f51b2783ea9ac6", kill_on_drop: false }`
[INFO] running `Command { std: "docker" "inspect" "9d99b22426997f9a8dcadbfc544474dd0dae86a95ea21448a6f51b2783ea9ac6", kill_on_drop: false }`
[INFO] running `Command { std: "docker" "rm" "-f" "9d99b22426997f9a8dcadbfc544474dd0dae86a95ea21448a6f51b2783ea9ac6", kill_on_drop: false }`
[INFO] [stdout] 9d99b22426997f9a8dcadbfc544474dd0dae86a95ea21448a6f51b2783ea9ac6
[INFO] running `Command { std: "docker" "create" "-v" "/var/lib/crater-agent-workspace/builds/worker-5-tc1/target:/opt/rustwide/target:rw,Z" "-v" "/var/lib/crater-agent-workspace/builds/worker-5-tc1/source:/opt/rustwide/workdir:ro,Z" "-v" "/var/lib/crater-agent-workspace/cargo-home:/opt/rustwide/cargo-home:ro,Z" "-v" "/var/lib/crater-agent-workspace/rustup-home:/opt/rustwide/rustup-home:ro,Z" "-e" "SOURCE_DIR=/opt/rustwide/workdir" "-e" "CARGO_TARGET_DIR=/opt/rustwide/target" "-e" "CARGO_INCREMENTAL=0" "-e" "RUST_BACKTRACE=full" "-e" "RUSTFLAGS=--cap-lints=forbid" "-e" "RUSTDOCFLAGS=--cap-lints=forbid" "-e" "CARGO_HOME=/opt/rustwide/cargo-home" "-e" "RUSTUP_HOME=/opt/rustwide/rustup-home" "-w" "/opt/rustwide/workdir" "-m" "1610612736" "--user" "0:0" "--network" "none" "ghcr.io/rust-lang/crates-build-env/linux@sha256:4a844ea9eb2546a2d2c7022eacef16ef2e8229c7fbb2c7d4d55a9ceca922f72d" "/opt/rustwide/cargo-home/bin/cargo" "+nightly-2024-10-28" "build" "--frozen" "--message-format=json", kill_on_drop: false }`
[INFO] [stdout] fed7cd1728f9e79b32a650f9a6330ffb02938d05a83019b7c8a60352285f5bd3
[INFO] running `Command { std: "docker" "start" "-a" "fed7cd1728f9e79b32a650f9a6330ffb02938d05a83019b7c8a60352285f5bd3", kill_on_drop: false }`
[INFO] [stderr]    Compiling googleapis-tonic-google-type v0.8.0
[INFO] [stderr]    Compiling googleapis-tonic-google-rpc v0.8.0
[INFO] [stderr]    Compiling googleapis-tonic-google-longrunning v0.9.0
[INFO] [stderr]    Compiling googleapis-tonic-google-iam-v1 v0.10.0
[INFO] [stderr]    Compiling googleapis-tonic-google-cloud-resourcemanager-v3 v0.10.0 (/opt/rustwide/workdir)
[INFO] [stderr]     Finished `dev` profile [unoptimized + debuginfo] target(s) in 1.44s
[INFO] running `Command { std: "docker" "inspect" "fed7cd1728f9e79b32a650f9a6330ffb02938d05a83019b7c8a60352285f5bd3", kill_on_drop: false }`
[INFO] running `Command { std: "docker" "rm" "-f" "fed7cd1728f9e79b32a650f9a6330ffb02938d05a83019b7c8a60352285f5bd3", kill_on_drop: false }`
[INFO] [stdout] fed7cd1728f9e79b32a650f9a6330ffb02938d05a83019b7c8a60352285f5bd3
[INFO] running `Command { std: "docker" "create" "-v" "/var/lib/crater-agent-workspace/builds/worker-5-tc1/target:/opt/rustwide/target:rw,Z" "-v" "/var/lib/crater-agent-workspace/builds/worker-5-tc1/source:/opt/rustwide/workdir:ro,Z" "-v" "/var/lib/crater-agent-workspace/cargo-home:/opt/rustwide/cargo-home:ro,Z" "-v" "/var/lib/crater-agent-workspace/rustup-home:/opt/rustwide/rustup-home:ro,Z" "-e" "SOURCE_DIR=/opt/rustwide/workdir" "-e" "CARGO_TARGET_DIR=/opt/rustwide/target" "-e" "CARGO_INCREMENTAL=0" "-e" "RUST_BACKTRACE=full" "-e" "RUSTFLAGS=--cap-lints=forbid" "-e" "RUSTDOCFLAGS=--cap-lints=forbid" "-e" "CARGO_HOME=/opt/rustwide/cargo-home" "-e" "RUSTUP_HOME=/opt/rustwide/rustup-home" "-w" "/opt/rustwide/workdir" "-m" "1610612736" "--user" "0:0" "--network" "none" "ghcr.io/rust-lang/crates-build-env/linux@sha256:4a844ea9eb2546a2d2c7022eacef16ef2e8229c7fbb2c7d4d55a9ceca922f72d" "/opt/rustwide/cargo-home/bin/cargo" "+nightly-2024-10-28" "test" "--frozen" "--no-run" "--message-format=json", kill_on_drop: false }`
[INFO] [stdout] 0993e44291402a76ee5a8ef131037288008c3f02b687f71a405db13b7f643d08
[INFO] running `Command { std: "docker" "start" "-a" "0993e44291402a76ee5a8ef131037288008c3f02b687f71a405db13b7f643d08", kill_on_drop: false }`
[INFO] [stderr]    Compiling googleapis-tonic-google-cloud-resourcemanager-v3 v0.10.0 (/opt/rustwide/workdir)
[INFO] [stderr]     Finished `test` profile [unoptimized + debuginfo] target(s) in 0.89s
[INFO] running `Command { std: "docker" "inspect" "0993e44291402a76ee5a8ef131037288008c3f02b687f71a405db13b7f643d08", kill_on_drop: false }`
[INFO] running `Command { std: "docker" "rm" "-f" "0993e44291402a76ee5a8ef131037288008c3f02b687f71a405db13b7f643d08", kill_on_drop: false }`
[INFO] [stdout] 0993e44291402a76ee5a8ef131037288008c3f02b687f71a405db13b7f643d08
[INFO] running `Command { std: "docker" "create" "-v" "/var/lib/crater-agent-workspace/builds/worker-5-tc1/target:/opt/rustwide/target:rw,Z" "-v" "/var/lib/crater-agent-workspace/builds/worker-5-tc1/source:/opt/rustwide/workdir:ro,Z" "-v" "/var/lib/crater-agent-workspace/cargo-home:/opt/rustwide/cargo-home:ro,Z" "-v" "/var/lib/crater-agent-workspace/rustup-home:/opt/rustwide/rustup-home:ro,Z" "-e" "SOURCE_DIR=/opt/rustwide/workdir" "-e" "CARGO_TARGET_DIR=/opt/rustwide/target" "-e" "CARGO_INCREMENTAL=0" "-e" "RUST_BACKTRACE=full" "-e" "RUSTFLAGS=--cap-lints=forbid" "-e" "RUSTDOCFLAGS=--cap-lints=forbid" "-e" "CARGO_HOME=/opt/rustwide/cargo-home" "-e" "RUSTUP_HOME=/opt/rustwide/rustup-home" "-w" "/opt/rustwide/workdir" "-m" "1610612736" "--user" "0:0" "--network" "none" "ghcr.io/rust-lang/crates-build-env/linux@sha256:4a844ea9eb2546a2d2c7022eacef16ef2e8229c7fbb2c7d4d55a9ceca922f72d" "/opt/rustwide/cargo-home/bin/cargo" "+nightly-2024-10-28" "test" "--frozen", kill_on_drop: false }`
[INFO] [stdout] 30c0e57ef58935d44c2b7003355cf3030eac6b948faab031ee91d17f91b2d168
[INFO] running `Command { std: "docker" "start" "-a" "30c0e57ef58935d44c2b7003355cf3030eac6b948faab031ee91d17f91b2d168", kill_on_drop: false }`
[INFO] [stderr]     Finished `test` profile [unoptimized + debuginfo] target(s) in 0.03s
[INFO] [stderr]      Running unittests src/lib.rs (/opt/rustwide/target/debug/deps/googleapis_tonic_google_cloud_resourcemanager_v3-e6e9b3beb11c5039)
[INFO] [stdout] 
[INFO] [stdout] running 0 tests
[INFO] [stdout] 
[INFO] [stdout] test result: ok. 0 passed; 0 failed; 0 ignored; 0 measured; 0 filtered out; finished in 0.00s
[INFO] [stdout] 
[INFO] [stderr]    Doc-tests googleapis_tonic_google_cloud_resourcemanager_v3
[INFO] [stdout] 
[INFO] [stdout] running 2 tests
[INFO] [stdout] test src/vec_u8_hash_map/google.cloud.resourcemanager.v3.rs - vec_u8_hash_map::google::cloud::resourcemanager::v3::SearchFoldersRequest::query (line 163) ... FAILED
[INFO] [stdout] test src/vec_u8_hash_map/google.cloud.resourcemanager.v3.rs - vec_u8_hash_map::google::cloud::resourcemanager::v3::SearchOrganizationsRequest::query (line 940) ... FAILED
[INFO] [stdout] 
[INFO] [stdout] failures:
[INFO] [stdout] 
[INFO] [stdout] ---- src/vec_u8_hash_map/google.cloud.resourcemanager.v3.rs - vec_u8_hash_map::google::cloud::resourcemanager::v3::SearchFoldersRequest::query (line 163) stdout ----
[INFO] [stdout] error: expected parameter name, found `-`
[INFO] [stdout]  --> src/vec_u8_hash_map/google.cloud.resourcemanager.v3.rs:165:3
[INFO] [stdout]   |
[INFO] [stdout] 3 | | Field                   | Description                            |
[INFO] [stdout]   | --------------------------- while parsing the body of this closure
[INFO] [stdout] 4 | |-------------------------|----------------------------------------|
[INFO] [stdout]   |   ^ expected parameter name
[INFO] [stdout]   |
[INFO] [stdout] help: you might have meant to open the body of the closure, instead of enclosing the closure in a block
[INFO] [stdout]   |
[INFO] [stdout] 2 ~ fn main() { #[allow(non_snake_case)] fn _doctest_main_src_vec_u8_hash_map_google_cloud_resourcemanager_v3_rs_163_0() 
[INFO] [stdout] 3 ~ | Field                   | { Description                            |
[INFO] [stdout]   |
[INFO] [stdout] 
[INFO] [stdout] error: aborting due to 1 previous error
[INFO] [stdout] 
[INFO] [stdout] Couldn't compile the test.
[INFO] [stdout] ---- src/vec_u8_hash_map/google.cloud.resourcemanager.v3.rs - vec_u8_hash_map::google::cloud::resourcemanager::v3::SearchOrganizationsRequest::query (line 940) stdout ----
[INFO] [stdout] error: expected parameter name, found `-`
[INFO] [stdout]  --> src/vec_u8_hash_map/google.cloud.resourcemanager.v3.rs:942:3
[INFO] [stdout]   |
[INFO] [stdout] 3 | | Field            | Description                                |
[INFO] [stdout]   | -------------------- while parsing the body of this closure
[INFO] [stdout] 4 | |------------------|--------------------------------------------|
[INFO] [stdout]   |   ^ expected parameter name
[INFO] [stdout]   |
[INFO] [stdout] help: you might have meant to open the body of the closure, instead of enclosing the closure in a block
[INFO] [stdout]   |
[INFO] [stdout] 2 ~ fn main() { #[allow(non_snake_case)] fn _doctest_main_src_vec_u8_hash_map_google_cloud_resourcemanager_v3_rs_940_0() 
[INFO] [stdout] 3 ~ | Field            | { Description                                |
[INFO] [stdout]   |
[INFO] [stdout] 
[INFO] [stdout] error: aborting due to 1 previous error
[INFO] [stdout] 
[INFO] [stdout] Couldn't compile the test.
[INFO] [stdout] 
[INFO] [stdout] failures:
[INFO] [stdout]     src/vec_u8_hash_map/google.cloud.resourcemanager.v3.rs - vec_u8_hash_map::google::cloud::resourcemanager::v3::SearchFoldersRequest::query (line 163)
[INFO] [stdout]     src/vec_u8_hash_map/google.cloud.resourcemanager.v3.rs - vec_u8_hash_map::google::cloud::resourcemanager::v3::SearchOrganizationsRequest::query (line 940)
[INFO] [stdout] 
[INFO] [stdout] test result: FAILED. 0 passed; 2 failed; 0 ignored; 0 measured; 0 filtered out; finished in 0.03s
[INFO] [stdout] 
[INFO] [stderr] error: doctest failed, to rerun pass `--doc`
[INFO] running `Command { std: "docker" "inspect" "30c0e57ef58935d44c2b7003355cf3030eac6b948faab031ee91d17f91b2d168", kill_on_drop: false }`
[INFO] running `Command { std: "docker" "rm" "-f" "30c0e57ef58935d44c2b7003355cf3030eac6b948faab031ee91d17f91b2d168", kill_on_drop: false }`
[INFO] [stdout] 30c0e57ef58935d44c2b7003355cf3030eac6b948faab031ee91d17f91b2d168
