[INFO] fetching crate googleapis-tonic-google-cloud-recommender-v1 0.9.0...
[INFO] testing googleapis-tonic-google-cloud-recommender-v1-0.9.0 against nightly-2024-10-28 for randomize-layout
[INFO] extracting crate googleapis-tonic-google-cloud-recommender-v1 0.9.0 into /workspace/builds/worker-6-tc1/source
[INFO] validating manifest of crates.io crate googleapis-tonic-google-cloud-recommender-v1 0.9.0 on toolchain nightly-2024-10-28
[INFO] running `Command { std: CARGO_HOME="/workspace/cargo-home" RUSTUP_HOME="/workspace/rustup-home" "/workspace/cargo-home/bin/cargo" "+nightly-2024-10-28" "metadata" "--manifest-path" "Cargo.toml" "--no-deps", kill_on_drop: false }`
[INFO] started tweaking crates.io crate googleapis-tonic-google-cloud-recommender-v1 0.9.0
[INFO] finished tweaking crates.io crate googleapis-tonic-google-cloud-recommender-v1 0.9.0
[INFO] tweaked toml for crates.io crate googleapis-tonic-google-cloud-recommender-v1 0.9.0 written to /workspace/builds/worker-6-tc1/source/Cargo.toml
[INFO] running `Command { std: CARGO_HOME="/workspace/cargo-home" RUSTUP_HOME="/workspace/rustup-home" "/workspace/cargo-home/bin/cargo" "+nightly-2024-10-28" "generate-lockfile" "--manifest-path" "Cargo.toml", kill_on_drop: false }`
[INFO] [stderr]     Updating crates.io index
[INFO] [stderr]      Locking 56 packages to latest compatible versions
[INFO] [stderr]       Adding googleapis-tonic-google-api v0.9.0 (available: v0.10.0)
[INFO] running `Command { std: CARGO_HOME="/workspace/cargo-home" RUSTUP_HOME="/workspace/rustup-home" "/workspace/cargo-home/bin/cargo" "+nightly-2024-10-28" "fetch" "--manifest-path" "Cargo.toml", kill_on_drop: false }`
[INFO] running `Command { std: "docker" "create" "-v" "/var/lib/crater-agent-workspace/builds/worker-6-tc1/target:/opt/rustwide/target:rw,Z" "-v" "/var/lib/crater-agent-workspace/builds/worker-6-tc1/source:/opt/rustwide/workdir:ro,Z" "-v" "/var/lib/crater-agent-workspace/cargo-home:/opt/rustwide/cargo-home:ro,Z" "-v" "/var/lib/crater-agent-workspace/rustup-home:/opt/rustwide/rustup-home:ro,Z" "-e" "SOURCE_DIR=/opt/rustwide/workdir" "-e" "CARGO_TARGET_DIR=/opt/rustwide/target" "-e" "CARGO_HOME=/opt/rustwide/cargo-home" "-e" "RUSTUP_HOME=/opt/rustwide/rustup-home" "-w" "/opt/rustwide/workdir" "-m" "1610612736" "--user" "0:0" "--network" "none" "ghcr.io/rust-lang/crates-build-env/linux@sha256:4a844ea9eb2546a2d2c7022eacef16ef2e8229c7fbb2c7d4d55a9ceca922f72d" "/opt/rustwide/cargo-home/bin/cargo" "+nightly-2024-10-28" "metadata" "--no-deps" "--format-version=1", kill_on_drop: false }`
[INFO] [stdout] b73407183d815f2d4145ee28252381a6a9ba1ae5e17d4d6c5f4cb66d4601d313
[INFO] running `Command { std: "docker" "start" "-a" "b73407183d815f2d4145ee28252381a6a9ba1ae5e17d4d6c5f4cb66d4601d313", kill_on_drop: false }`
[INFO] running `Command { std: "docker" "inspect" "b73407183d815f2d4145ee28252381a6a9ba1ae5e17d4d6c5f4cb66d4601d313", kill_on_drop: false }`
[INFO] running `Command { std: "docker" "rm" "-f" "b73407183d815f2d4145ee28252381a6a9ba1ae5e17d4d6c5f4cb66d4601d313", kill_on_drop: false }`
[INFO] [stdout] b73407183d815f2d4145ee28252381a6a9ba1ae5e17d4d6c5f4cb66d4601d313
[INFO] running `Command { std: "docker" "create" "-v" "/var/lib/crater-agent-workspace/builds/worker-6-tc1/target:/opt/rustwide/target:rw,Z" "-v" "/var/lib/crater-agent-workspace/builds/worker-6-tc1/source:/opt/rustwide/workdir:ro,Z" "-v" "/var/lib/crater-agent-workspace/cargo-home:/opt/rustwide/cargo-home:ro,Z" "-v" "/var/lib/crater-agent-workspace/rustup-home:/opt/rustwide/rustup-home:ro,Z" "-e" "SOURCE_DIR=/opt/rustwide/workdir" "-e" "CARGO_TARGET_DIR=/opt/rustwide/target" "-e" "CARGO_INCREMENTAL=0" "-e" "RUST_BACKTRACE=full" "-e" "RUSTFLAGS=--cap-lints=forbid" "-e" "RUSTDOCFLAGS=--cap-lints=forbid" "-e" "CARGO_HOME=/opt/rustwide/cargo-home" "-e" "RUSTUP_HOME=/opt/rustwide/rustup-home" "-w" "/opt/rustwide/workdir" "-m" "1610612736" "--user" "0:0" "--network" "none" "ghcr.io/rust-lang/crates-build-env/linux@sha256:4a844ea9eb2546a2d2c7022eacef16ef2e8229c7fbb2c7d4d55a9ceca922f72d" "/opt/rustwide/cargo-home/bin/cargo" "+nightly-2024-10-28" "build" "--frozen" "--message-format=json", kill_on_drop: false }`
[INFO] [stdout] c49d86f684939983dfb8f28f7f954584b831f88d0b4b3fa684430126ac639444
[INFO] running `Command { std: "docker" "start" "-a" "c49d86f684939983dfb8f28f7f954584b831f88d0b4b3fa684430126ac639444", kill_on_drop: false }`
[INFO] [stderr]    Compiling googleapis-tonic-google-type v0.8.0
[INFO] [stderr]    Compiling googleapis-tonic-google-cloud-recommender-v1 v0.9.0 (/opt/rustwide/workdir)
[INFO] [stderr]     Finished `dev` profile [unoptimized + debuginfo] target(s) in 0.94s
[INFO] running `Command { std: "docker" "inspect" "c49d86f684939983dfb8f28f7f954584b831f88d0b4b3fa684430126ac639444", kill_on_drop: false }`
[INFO] running `Command { std: "docker" "rm" "-f" "c49d86f684939983dfb8f28f7f954584b831f88d0b4b3fa684430126ac639444", kill_on_drop: false }`
[INFO] [stdout] c49d86f684939983dfb8f28f7f954584b831f88d0b4b3fa684430126ac639444
[INFO] running `Command { std: "docker" "create" "-v" "/var/lib/crater-agent-workspace/builds/worker-6-tc1/target:/opt/rustwide/target:rw,Z" "-v" "/var/lib/crater-agent-workspace/builds/worker-6-tc1/source:/opt/rustwide/workdir:ro,Z" "-v" "/var/lib/crater-agent-workspace/cargo-home:/opt/rustwide/cargo-home:ro,Z" "-v" "/var/lib/crater-agent-workspace/rustup-home:/opt/rustwide/rustup-home:ro,Z" "-e" "SOURCE_DIR=/opt/rustwide/workdir" "-e" "CARGO_TARGET_DIR=/opt/rustwide/target" "-e" "CARGO_INCREMENTAL=0" "-e" "RUST_BACKTRACE=full" "-e" "RUSTFLAGS=--cap-lints=forbid" "-e" "RUSTDOCFLAGS=--cap-lints=forbid" "-e" "CARGO_HOME=/opt/rustwide/cargo-home" "-e" "RUSTUP_HOME=/opt/rustwide/rustup-home" "-w" "/opt/rustwide/workdir" "-m" "1610612736" "--user" "0:0" "--network" "none" "ghcr.io/rust-lang/crates-build-env/linux@sha256:4a844ea9eb2546a2d2c7022eacef16ef2e8229c7fbb2c7d4d55a9ceca922f72d" "/opt/rustwide/cargo-home/bin/cargo" "+nightly-2024-10-28" "test" "--frozen" "--no-run" "--message-format=json", kill_on_drop: false }`
[INFO] [stdout] 37771739bd5483e46a422768a21e48fb8966ffe6349317e3d98432a0401752eb
[INFO] running `Command { std: "docker" "start" "-a" "37771739bd5483e46a422768a21e48fb8966ffe6349317e3d98432a0401752eb", kill_on_drop: false }`
[INFO] [stderr]    Compiling googleapis-tonic-google-cloud-recommender-v1 v0.9.0 (/opt/rustwide/workdir)
[INFO] [stderr]     Finished `test` profile [unoptimized + debuginfo] target(s) in 0.47s
[INFO] running `Command { std: "docker" "inspect" "37771739bd5483e46a422768a21e48fb8966ffe6349317e3d98432a0401752eb", kill_on_drop: false }`
[INFO] running `Command { std: "docker" "rm" "-f" "37771739bd5483e46a422768a21e48fb8966ffe6349317e3d98432a0401752eb", kill_on_drop: false }`
[INFO] [stdout] 37771739bd5483e46a422768a21e48fb8966ffe6349317e3d98432a0401752eb
[INFO] running `Command { std: "docker" "create" "-v" "/var/lib/crater-agent-workspace/builds/worker-6-tc1/target:/opt/rustwide/target:rw,Z" "-v" "/var/lib/crater-agent-workspace/builds/worker-6-tc1/source:/opt/rustwide/workdir:ro,Z" "-v" "/var/lib/crater-agent-workspace/cargo-home:/opt/rustwide/cargo-home:ro,Z" "-v" "/var/lib/crater-agent-workspace/rustup-home:/opt/rustwide/rustup-home:ro,Z" "-e" "SOURCE_DIR=/opt/rustwide/workdir" "-e" "CARGO_TARGET_DIR=/opt/rustwide/target" "-e" "CARGO_INCREMENTAL=0" "-e" "RUST_BACKTRACE=full" "-e" "RUSTFLAGS=--cap-lints=forbid" "-e" "RUSTDOCFLAGS=--cap-lints=forbid" "-e" "CARGO_HOME=/opt/rustwide/cargo-home" "-e" "RUSTUP_HOME=/opt/rustwide/rustup-home" "-w" "/opt/rustwide/workdir" "-m" "1610612736" "--user" "0:0" "--network" "none" "ghcr.io/rust-lang/crates-build-env/linux@sha256:4a844ea9eb2546a2d2c7022eacef16ef2e8229c7fbb2c7d4d55a9ceca922f72d" "/opt/rustwide/cargo-home/bin/cargo" "+nightly-2024-10-28" "test" "--frozen", kill_on_drop: false }`
[INFO] [stdout] 0a025d656e07e19dd776d294ad99454872f22dbbefba33c389e8970a8951a1ea
[INFO] running `Command { std: "docker" "start" "-a" "0a025d656e07e19dd776d294ad99454872f22dbbefba33c389e8970a8951a1ea", kill_on_drop: false }`
[INFO] [stderr]     Finished `test` profile [unoptimized + debuginfo] target(s) in 0.04s
[INFO] [stderr]      Running unittests src/lib.rs (/opt/rustwide/target/debug/deps/googleapis_tonic_google_cloud_recommender_v1-391e8ae21c04f916)
[INFO] [stdout] 
[INFO] [stdout] running 0 tests
[INFO] [stderr]    Doc-tests googleapis_tonic_google_cloud_recommender_v1
[INFO] [stdout] 
[INFO] [stdout] test result: ok. 0 passed; 0 failed; 0 ignored; 0 measured; 0 filtered out; finished in 0.00s
[INFO] [stdout] 
[INFO] [stdout] 
[INFO] [stdout] running 3 tests
[INFO] [stdout] test src/vec_u8_hash_map/google.cloud.recommender.v1.rs - vec_u8_hash_map::google::cloud::recommender::v1::Operation::path_filters (line 434) ... FAILED
[INFO] [stdout] test src/vec_u8_hash_map/google.cloud.recommender.v1.rs - vec_u8_hash_map::google::cloud::recommender::v1::Operation::path_filters (line 427) ... FAILED
[INFO] [stdout] test src/vec_u8_hash_map/google.cloud.recommender.v1.rs - vec_u8_hash_map::google::cloud::recommender::v1::Operation::path_filters (line 441) ... FAILED
[INFO] [stdout] 
[INFO] [stdout] failures:
[INFO] [stdout] 
[INFO] [stdout] ---- src/vec_u8_hash_map/google.cloud.recommender.v1.rs - vec_u8_hash_map::google::cloud::recommender::v1::Operation::path_filters (line 434) stdout ----
[INFO] [stdout] error: expected one of `.`, `;`, `?`, `}`, or an operator, found `:`
[INFO] [stdout]  --> src/vec_u8_hash_map/google.cloud.recommender.v1.rs:436:22
[INFO] [stdout]   |
[INFO] [stdout] 4 |    "/bindings/*/role": "roles/owner"
[INFO] [stdout]   |                      ^ expected one of `.`, `;`, `?`, `}`, or an operator
[INFO] [stdout] 
[INFO] [stdout] error: aborting due to 1 previous error
[INFO] [stdout] 
[INFO] [stdout] Couldn't compile the test.
[INFO] [stdout] ---- src/vec_u8_hash_map/google.cloud.recommender.v1.rs - vec_u8_hash_map::google::cloud::recommender::v1::Operation::path_filters (line 427) stdout ----
[INFO] [stdout] error: expected one of `.`, `;`, `?`, `}`, or an operator, found `:`
[INFO] [stdout]  --> src/vec_u8_hash_map/google.cloud.recommender.v1.rs:429:23
[INFO] [stdout]   |
[INFO] [stdout] 4 |    "/versions/*/name" : "it-123"
[INFO] [stdout]   |                       ^ expected one of `.`, `;`, `?`, `}`, or an operator
[INFO] [stdout] 
[INFO] [stdout] error: aborting due to 1 previous error
[INFO] [stdout] 
[INFO] [stdout] Couldn't compile the test.
[INFO] [stdout] ---- src/vec_u8_hash_map/google.cloud.recommender.v1.rs - vec_u8_hash_map::google::cloud::recommender::v1::Operation::path_filters (line 441) stdout ----
[INFO] [stdout] error: unknown start of token: \
[INFO] [stdout]  --> src/vec_u8_hash_map/google.cloud.recommender.v1.rs:444:30
[INFO] [stdout]   |
[INFO] [stdout] 5 |    "/bindings/*/members/*" : \["x@example.com", "y@example.com"\]
[INFO] [stdout]   |                              ^
[INFO] [stdout] 
[INFO] [stdout] error: unknown start of token: \
[INFO] [stdout]  --> src/vec_u8_hash_map/google.cloud.recommender.v1.rs:444:64
[INFO] [stdout]   |
[INFO] [stdout] 5 |    "/bindings/*/members/*" : \["x@example.com", "y@example.com"\]
[INFO] [stdout]   |                                                                ^
[INFO] [stdout] 
[INFO] [stdout] error: expected one of `.`, `;`, `?`, `}`, or an operator, found `:`
[INFO] [stdout]  --> src/vec_u8_hash_map/google.cloud.recommender.v1.rs:443:22
[INFO] [stdout]   |
[INFO] [stdout] 4 |    "/bindings/*/role": "roles/owner"
[INFO] [stdout]   |                      ^ expected one of `.`, `;`, `?`, `}`, or an operator
[INFO] [stdout] 
[INFO] [stdout] error: aborting due to 3 previous errors
[INFO] [stdout] 
[INFO] [stdout] Couldn't compile the test.
[INFO] [stdout] 
[INFO] [stdout] failures:
[INFO] [stdout]     src/vec_u8_hash_map/google.cloud.recommender.v1.rs - vec_u8_hash_map::google::cloud::recommender::v1::Operation::path_filters (line 427)
[INFO] [stdout]     src/vec_u8_hash_map/google.cloud.recommender.v1.rs - vec_u8_hash_map::google::cloud::recommender::v1::Operation::path_filters (line 434)
[INFO] [stdout]     src/vec_u8_hash_map/google.cloud.recommender.v1.rs - vec_u8_hash_map::google::cloud::recommender::v1::Operation::path_filters (line 441)
[INFO] [stdout] 
[INFO] [stdout] test result: FAILED. 0 passed; 3 failed; 0 ignored; 0 measured; 0 filtered out; finished in 0.06s
[INFO] [stdout] 
[INFO] [stderr] error: doctest failed, to rerun pass `--doc`
[INFO] running `Command { std: "docker" "inspect" "0a025d656e07e19dd776d294ad99454872f22dbbefba33c389e8970a8951a1ea", kill_on_drop: false }`
[INFO] running `Command { std: "docker" "rm" "-f" "0a025d656e07e19dd776d294ad99454872f22dbbefba33c389e8970a8951a1ea", kill_on_drop: false }`
[INFO] [stdout] 0a025d656e07e19dd776d294ad99454872f22dbbefba33c389e8970a8951a1ea
