[INFO] fetching crate googleapis-tonic-google-cloud-recommendationengine-v1beta1 0.9.0...
[INFO] testing googleapis-tonic-google-cloud-recommendationengine-v1beta1-0.9.0 against nightly-2024-10-28 for randomize-layout
[INFO] extracting crate googleapis-tonic-google-cloud-recommendationengine-v1beta1 0.9.0 into /workspace/builds/worker-3-tc1/source
[INFO] validating manifest of crates.io crate googleapis-tonic-google-cloud-recommendationengine-v1beta1 0.9.0 on toolchain nightly-2024-10-28
[INFO] running `Command { std: CARGO_HOME="/workspace/cargo-home" RUSTUP_HOME="/workspace/rustup-home" "/workspace/cargo-home/bin/cargo" "+nightly-2024-10-28" "metadata" "--manifest-path" "Cargo.toml" "--no-deps", kill_on_drop: false }`
[INFO] started tweaking crates.io crate googleapis-tonic-google-cloud-recommendationengine-v1beta1 0.9.0
[INFO] finished tweaking crates.io crate googleapis-tonic-google-cloud-recommendationengine-v1beta1 0.9.0
[INFO] tweaked toml for crates.io crate googleapis-tonic-google-cloud-recommendationengine-v1beta1 0.9.0 written to /workspace/builds/worker-3-tc1/source/Cargo.toml
[INFO] running `Command { std: CARGO_HOME="/workspace/cargo-home" RUSTUP_HOME="/workspace/rustup-home" "/workspace/cargo-home/bin/cargo" "+nightly-2024-10-28" "generate-lockfile" "--manifest-path" "Cargo.toml", kill_on_drop: false }`
[INFO] [stderr]     Updating crates.io index
[INFO] [stderr]     Blocking waiting for file lock on package cache
[INFO] [stderr]      Locking 57 packages to latest compatible versions
[INFO] [stderr]       Adding googleapis-tonic-google-api v0.9.0 (available: v0.10.0)
[INFO] [stderr]       Adding googleapis-tonic-google-longrunning v0.9.0 (available: v0.10.0)
[INFO] running `Command { std: CARGO_HOME="/workspace/cargo-home" RUSTUP_HOME="/workspace/rustup-home" "/workspace/cargo-home/bin/cargo" "+nightly-2024-10-28" "fetch" "--manifest-path" "Cargo.toml", kill_on_drop: false }`
[INFO] [stderr]     Blocking waiting for file lock on package cache
[INFO] running `Command { std: "docker" "create" "-v" "/var/lib/crater-agent-workspace/builds/worker-3-tc1/target:/opt/rustwide/target:rw,Z" "-v" "/var/lib/crater-agent-workspace/builds/worker-3-tc1/source:/opt/rustwide/workdir:ro,Z" "-v" "/var/lib/crater-agent-workspace/cargo-home:/opt/rustwide/cargo-home:ro,Z" "-v" "/var/lib/crater-agent-workspace/rustup-home:/opt/rustwide/rustup-home:ro,Z" "-e" "SOURCE_DIR=/opt/rustwide/workdir" "-e" "CARGO_TARGET_DIR=/opt/rustwide/target" "-e" "CARGO_HOME=/opt/rustwide/cargo-home" "-e" "RUSTUP_HOME=/opt/rustwide/rustup-home" "-w" "/opt/rustwide/workdir" "-m" "1610612736" "--user" "0:0" "--network" "none" "ghcr.io/rust-lang/crates-build-env/linux@sha256:4a844ea9eb2546a2d2c7022eacef16ef2e8229c7fbb2c7d4d55a9ceca922f72d" "/opt/rustwide/cargo-home/bin/cargo" "+nightly-2024-10-28" "metadata" "--no-deps" "--format-version=1", kill_on_drop: false }`
[INFO] [stdout] 0646b4d48e4e852b98f26cfb9f019f0dc679821168f14af56b6ad8d1d96d8cf1
[INFO] running `Command { std: "docker" "start" "-a" "0646b4d48e4e852b98f26cfb9f019f0dc679821168f14af56b6ad8d1d96d8cf1", kill_on_drop: false }`
[INFO] running `Command { std: "docker" "inspect" "0646b4d48e4e852b98f26cfb9f019f0dc679821168f14af56b6ad8d1d96d8cf1", kill_on_drop: false }`
[INFO] running `Command { std: "docker" "rm" "-f" "0646b4d48e4e852b98f26cfb9f019f0dc679821168f14af56b6ad8d1d96d8cf1", kill_on_drop: false }`
[INFO] [stdout] 0646b4d48e4e852b98f26cfb9f019f0dc679821168f14af56b6ad8d1d96d8cf1
[INFO] running `Command { std: "docker" "create" "-v" "/var/lib/crater-agent-workspace/builds/worker-3-tc1/target:/opt/rustwide/target:rw,Z" "-v" "/var/lib/crater-agent-workspace/builds/worker-3-tc1/source:/opt/rustwide/workdir:ro,Z" "-v" "/var/lib/crater-agent-workspace/cargo-home:/opt/rustwide/cargo-home:ro,Z" "-v" "/var/lib/crater-agent-workspace/rustup-home:/opt/rustwide/rustup-home:ro,Z" "-e" "SOURCE_DIR=/opt/rustwide/workdir" "-e" "CARGO_TARGET_DIR=/opt/rustwide/target" "-e" "CARGO_INCREMENTAL=0" "-e" "RUST_BACKTRACE=full" "-e" "RUSTFLAGS=--cap-lints=forbid" "-e" "RUSTDOCFLAGS=--cap-lints=forbid" "-e" "CARGO_HOME=/opt/rustwide/cargo-home" "-e" "RUSTUP_HOME=/opt/rustwide/rustup-home" "-w" "/opt/rustwide/workdir" "-m" "1610612736" "--user" "0:0" "--network" "none" "ghcr.io/rust-lang/crates-build-env/linux@sha256:4a844ea9eb2546a2d2c7022eacef16ef2e8229c7fbb2c7d4d55a9ceca922f72d" "/opt/rustwide/cargo-home/bin/cargo" "+nightly-2024-10-28" "build" "--frozen" "--message-format=json", kill_on_drop: false }`
[INFO] [stdout] 93570c2ae34fe1a7ada9950754dfec65d3b53c2b534a471215fb0691fda7d04e
[INFO] running `Command { std: "docker" "start" "-a" "93570c2ae34fe1a7ada9950754dfec65d3b53c2b534a471215fb0691fda7d04e", kill_on_drop: false }`
[INFO] [stderr]    Compiling anyhow v1.0.92
[INFO] [stderr]    Compiling either v1.13.0
[INFO] [stderr]    Compiling futures-task v0.3.31
[INFO] [stderr]    Compiling tokio v1.41.0
[INFO] [stderr]    Compiling tower-layer v0.3.3
[INFO] [stderr]    Compiling syn v2.0.86
[INFO] [stderr]    Compiling futures-util v0.3.31
[INFO] [stderr]    Compiling itertools v0.13.0
[INFO] [stderr]    Compiling tokio-stream v0.1.16
[INFO] [stderr]    Compiling http-body-util v0.1.2
[INFO] [stderr]    Compiling prost-derive v0.13.3
[INFO] [stderr]    Compiling pin-project-internal v1.1.7
[INFO] [stderr]    Compiling tracing-attributes v0.1.27
[INFO] [stderr]    Compiling async-trait v0.1.83
[INFO] [stderr]    Compiling pin-project v1.1.7
[INFO] [stderr]    Compiling tracing v0.1.40
[INFO] [stderr]    Compiling prost v0.13.3
[INFO] [stderr]    Compiling prost-types v0.13.3
[INFO] [stderr]    Compiling tonic v0.12.3
[INFO] [stderr]    Compiling googleapis-tonic-google-api v0.9.0
[INFO] [stderr]    Compiling googleapis-tonic-google-rpc v0.8.0
[INFO] [stderr]    Compiling googleapis-tonic-google-longrunning v0.9.0
[INFO] [stderr]    Compiling googleapis-tonic-google-cloud-recommendationengine-v1beta1 v0.9.0 (/opt/rustwide/workdir)
[INFO] [stderr]     Finished `dev` profile [unoptimized + debuginfo] target(s) in 6.26s
[INFO] running `Command { std: "docker" "inspect" "93570c2ae34fe1a7ada9950754dfec65d3b53c2b534a471215fb0691fda7d04e", kill_on_drop: false }`
[INFO] running `Command { std: "docker" "rm" "-f" "93570c2ae34fe1a7ada9950754dfec65d3b53c2b534a471215fb0691fda7d04e", kill_on_drop: false }`
[INFO] [stdout] 93570c2ae34fe1a7ada9950754dfec65d3b53c2b534a471215fb0691fda7d04e
[INFO] running `Command { std: "docker" "create" "-v" "/var/lib/crater-agent-workspace/builds/worker-3-tc1/target:/opt/rustwide/target:rw,Z" "-v" "/var/lib/crater-agent-workspace/builds/worker-3-tc1/source:/opt/rustwide/workdir:ro,Z" "-v" "/var/lib/crater-agent-workspace/cargo-home:/opt/rustwide/cargo-home:ro,Z" "-v" "/var/lib/crater-agent-workspace/rustup-home:/opt/rustwide/rustup-home:ro,Z" "-e" "SOURCE_DIR=/opt/rustwide/workdir" "-e" "CARGO_TARGET_DIR=/opt/rustwide/target" "-e" "CARGO_INCREMENTAL=0" "-e" "RUST_BACKTRACE=full" "-e" "RUSTFLAGS=--cap-lints=forbid" "-e" "RUSTDOCFLAGS=--cap-lints=forbid" "-e" "CARGO_HOME=/opt/rustwide/cargo-home" "-e" "RUSTUP_HOME=/opt/rustwide/rustup-home" "-w" "/opt/rustwide/workdir" "-m" "1610612736" "--user" "0:0" "--network" "none" "ghcr.io/rust-lang/crates-build-env/linux@sha256:4a844ea9eb2546a2d2c7022eacef16ef2e8229c7fbb2c7d4d55a9ceca922f72d" "/opt/rustwide/cargo-home/bin/cargo" "+nightly-2024-10-28" "test" "--frozen" "--no-run" "--message-format=json", kill_on_drop: false }`
[INFO] [stdout] 48ad30e2cf67842543056d66520c46bf9cd7696274da05cea69132abf9cb6e87
[INFO] running `Command { std: "docker" "start" "-a" "48ad30e2cf67842543056d66520c46bf9cd7696274da05cea69132abf9cb6e87", kill_on_drop: false }`
[INFO] [stderr]    Compiling googleapis-tonic-google-cloud-recommendationengine-v1beta1 v0.9.0 (/opt/rustwide/workdir)
[INFO] [stderr]     Finished `test` profile [unoptimized + debuginfo] target(s) in 0.63s
[INFO] running `Command { std: "docker" "inspect" "48ad30e2cf67842543056d66520c46bf9cd7696274da05cea69132abf9cb6e87", kill_on_drop: false }`
[INFO] running `Command { std: "docker" "rm" "-f" "48ad30e2cf67842543056d66520c46bf9cd7696274da05cea69132abf9cb6e87", kill_on_drop: false }`
[INFO] [stdout] 48ad30e2cf67842543056d66520c46bf9cd7696274da05cea69132abf9cb6e87
[INFO] running `Command { std: "docker" "create" "-v" "/var/lib/crater-agent-workspace/builds/worker-3-tc1/target:/opt/rustwide/target:rw,Z" "-v" "/var/lib/crater-agent-workspace/builds/worker-3-tc1/source:/opt/rustwide/workdir:ro,Z" "-v" "/var/lib/crater-agent-workspace/cargo-home:/opt/rustwide/cargo-home:ro,Z" "-v" "/var/lib/crater-agent-workspace/rustup-home:/opt/rustwide/rustup-home:ro,Z" "-e" "SOURCE_DIR=/opt/rustwide/workdir" "-e" "CARGO_TARGET_DIR=/opt/rustwide/target" "-e" "CARGO_INCREMENTAL=0" "-e" "RUST_BACKTRACE=full" "-e" "RUSTFLAGS=--cap-lints=forbid" "-e" "RUSTDOCFLAGS=--cap-lints=forbid" "-e" "CARGO_HOME=/opt/rustwide/cargo-home" "-e" "RUSTUP_HOME=/opt/rustwide/rustup-home" "-w" "/opt/rustwide/workdir" "-m" "1610612736" "--user" "0:0" "--network" "none" "ghcr.io/rust-lang/crates-build-env/linux@sha256:4a844ea9eb2546a2d2c7022eacef16ef2e8229c7fbb2c7d4d55a9ceca922f72d" "/opt/rustwide/cargo-home/bin/cargo" "+nightly-2024-10-28" "test" "--frozen", kill_on_drop: false }`
[INFO] [stdout] e305c9965735228221ab46f8c196a05967ad8e3d0fa35e4ba912c1908ece8c99
[INFO] running `Command { std: "docker" "start" "-a" "e305c9965735228221ab46f8c196a05967ad8e3d0fa35e4ba912c1908ece8c99", kill_on_drop: false }`
[INFO] [stderr]     Finished `test` profile [unoptimized + debuginfo] target(s) in 0.03s
[INFO] [stderr]      Running unittests src/lib.rs (/opt/rustwide/target/debug/deps/googleapis_tonic_google_cloud_recommendationengine_v1beta1-0460fadd837ac620)
[INFO] [stdout] 
[INFO] [stdout] running 0 tests
[INFO] [stdout] 
[INFO] [stdout] test result: ok. 0 passed; 0 failed; 0 ignored; 0 measured; 0 filtered out; finished in 0.00s
[INFO] [stdout] 
[INFO] [stderr]    Doc-tests googleapis_tonic_google_cloud_recommendationengine_v1beta1
[INFO] [stdout] 
[INFO] [stdout] running 2 tests
[INFO] [stdout] test src/vec_u8_hash_map/google.cloud.recommendationengine.v1beta1.rs - vec_u8_hash_map::google::cloud::recommendationengine::v1beta1::ListUserEventsRequest::filter (line 1748) ... FAILED
[INFO] [stdout] test src/vec_u8_hash_map/google.cloud.recommendationengine.v1beta1.rs - vec_u8_hash_map::google::cloud::recommendationengine::v1beta1::CatalogItem::category_hierarchies (line 69) ... FAILED
[INFO] [stdout] 
[INFO] [stdout] failures:
[INFO] [stdout] 
[INFO] [stdout] ---- src/vec_u8_hash_map/google.cloud.recommendationengine.v1beta1.rs - vec_u8_hash_map::google::cloud::recommendationengine::v1beta1::ListUserEventsRequest::filter (line 1748) stdout ----
[INFO] [stdout] error: expected identifier, found `:`
[INFO] [stdout]  --> src/vec_u8_hash_map/google.cloud.recommendationengine.v1beta1.rs:1749:12
[INFO] [stdout]   |
[INFO] [stdout] 3 | * eventTime: this can be specified a maximum of 2 times, once with a
[INFO] [stdout]   |            ^ expected identifier
[INFO] [stdout]   |
[INFO] [stdout]   = note: type ascription syntax has been removed, see issue #101728 <https://github.com/rust-lang/rust/issues/101728>
[INFO] [stdout] 
[INFO] [stdout] error: aborting due to 1 previous error
[INFO] [stdout] 
[INFO] [stdout] Couldn't compile the test.
[INFO] [stdout] ---- src/vec_u8_hash_map/google.cloud.recommendationengine.v1beta1.rs - vec_u8_hash_map::google::cloud::recommendationengine::v1beta1::CatalogItem::category_hierarchies (line 69) stdout ----
[INFO] [stdout] error: unknown start of token: \
[INFO] [stdout]  --> src/vec_u8_hash_map/google.cloud.recommendationengine.v1beta1.rs:71:21
[INFO] [stdout]   |
[INFO] [stdout] 4 |     { "categories": \["Shoes & Accessories", "Shoes"\]},
[INFO] [stdout]   |                     ^
[INFO] [stdout] 
[INFO] [stdout] error: unknown start of token: \
[INFO] [stdout]  --> src/vec_u8_hash_map/google.cloud.recommendationengine.v1beta1.rs:71:53
[INFO] [stdout]   |
[INFO] [stdout] 4 |     { "categories": \["Shoes & Accessories", "Shoes"\]},
[INFO] [stdout]   |                                                     ^
[INFO] [stdout] 
[INFO] [stdout] error: unknown start of token: \
[INFO] [stdout]  --> src/vec_u8_hash_map/google.cloud.recommendationengine.v1beta1.rs:72:21
[INFO] [stdout]   |
[INFO] [stdout] 5 |     { "categories": \["Sports & Fitness", "Athletic Clothing", "Shoes"\] }
[INFO] [stdout]   |                     ^
[INFO] [stdout] 
[INFO] [stdout] error: unknown start of token: \
[INFO] [stdout]  --> src/vec_u8_hash_map/google.cloud.recommendationengine.v1beta1.rs:72:71
[INFO] [stdout]   |
[INFO] [stdout] 5 |     { "categories": \["Sports & Fitness", "Athletic Clothing", "Shoes"\] }
[INFO] [stdout]   |                                                                       ^
[INFO] [stdout] 
[INFO] [stdout] error: expected one of `.`, `;`, `?`, `}`, or an operator, found `:`
[INFO] [stdout]  --> src/vec_u8_hash_map/google.cloud.recommendationengine.v1beta1.rs:70:22
[INFO] [stdout]   |
[INFO] [stdout] 3 | "categoryHierarchies": [
[INFO] [stdout]   |                      ^ expected one of `.`, `;`, `?`, `}`, or an operator
[INFO] [stdout] 
[INFO] [stdout] error: aborting due to 5 previous errors
[INFO] [stdout] 
[INFO] [stdout] Couldn't compile the test.
[INFO] [stdout] 
[INFO] [stdout] failures:
[INFO] [stdout]     src/vec_u8_hash_map/google.cloud.recommendationengine.v1beta1.rs - vec_u8_hash_map::google::cloud::recommendationengine::v1beta1::CatalogItem::category_hierarchies (line 69)
[INFO] [stdout]     src/vec_u8_hash_map/google.cloud.recommendationengine.v1beta1.rs - vec_u8_hash_map::google::cloud::recommendationengine::v1beta1::ListUserEventsRequest::filter (line 1748)
[INFO] [stdout] 
[INFO] [stdout] test result: FAILED. 0 passed; 2 failed; 0 ignored; 0 measured; 0 filtered out; finished in 0.03s
[INFO] [stdout] 
[INFO] [stderr] error: doctest failed, to rerun pass `--doc`
[INFO] running `Command { std: "docker" "inspect" "e305c9965735228221ab46f8c196a05967ad8e3d0fa35e4ba912c1908ece8c99", kill_on_drop: false }`
[INFO] running `Command { std: "docker" "rm" "-f" "e305c9965735228221ab46f8c196a05967ad8e3d0fa35e4ba912c1908ece8c99", kill_on_drop: false }`
[INFO] [stdout] e305c9965735228221ab46f8c196a05967ad8e3d0fa35e4ba912c1908ece8c99
