[INFO] fetching crate googleapis-tonic-google-cloud-privatecatalog-v1beta1 0.9.0...
[INFO] testing googleapis-tonic-google-cloud-privatecatalog-v1beta1-0.9.0 against nightly-2024-10-28 for randomize-layout
[INFO] extracting crate googleapis-tonic-google-cloud-privatecatalog-v1beta1 0.9.0 into /workspace/builds/worker-1-tc1/source
[INFO] validating manifest of crates.io crate googleapis-tonic-google-cloud-privatecatalog-v1beta1 0.9.0 on toolchain nightly-2024-10-28
[INFO] running `Command { std: CARGO_HOME="/workspace/cargo-home" RUSTUP_HOME="/workspace/rustup-home" "/workspace/cargo-home/bin/cargo" "+nightly-2024-10-28" "metadata" "--manifest-path" "Cargo.toml" "--no-deps", kill_on_drop: false }`
[INFO] started tweaking crates.io crate googleapis-tonic-google-cloud-privatecatalog-v1beta1 0.9.0
[INFO] finished tweaking crates.io crate googleapis-tonic-google-cloud-privatecatalog-v1beta1 0.9.0
[INFO] tweaked toml for crates.io crate googleapis-tonic-google-cloud-privatecatalog-v1beta1 0.9.0 written to /workspace/builds/worker-1-tc1/source/Cargo.toml
[INFO] running `Command { std: CARGO_HOME="/workspace/cargo-home" RUSTUP_HOME="/workspace/rustup-home" "/workspace/cargo-home/bin/cargo" "+nightly-2024-10-28" "generate-lockfile" "--manifest-path" "Cargo.toml", kill_on_drop: false }`
[INFO] [stderr]     Updating crates.io index
[INFO] [stderr]      Locking 57 packages to latest compatible versions
[INFO] [stderr]       Adding googleapis-tonic-google-api v0.9.0 (available: v0.10.0)
[INFO] [stderr]       Adding googleapis-tonic-google-longrunning v0.9.0 (available: v0.10.0)
[INFO] running `Command { std: CARGO_HOME="/workspace/cargo-home" RUSTUP_HOME="/workspace/rustup-home" "/workspace/cargo-home/bin/cargo" "+nightly-2024-10-28" "fetch" "--manifest-path" "Cargo.toml", kill_on_drop: false }`
[INFO] running `Command { std: "docker" "create" "-v" "/var/lib/crater-agent-workspace/builds/worker-1-tc1/target:/opt/rustwide/target:rw,Z" "-v" "/var/lib/crater-agent-workspace/builds/worker-1-tc1/source:/opt/rustwide/workdir:ro,Z" "-v" "/var/lib/crater-agent-workspace/cargo-home:/opt/rustwide/cargo-home:ro,Z" "-v" "/var/lib/crater-agent-workspace/rustup-home:/opt/rustwide/rustup-home:ro,Z" "-e" "SOURCE_DIR=/opt/rustwide/workdir" "-e" "CARGO_TARGET_DIR=/opt/rustwide/target" "-e" "CARGO_HOME=/opt/rustwide/cargo-home" "-e" "RUSTUP_HOME=/opt/rustwide/rustup-home" "-w" "/opt/rustwide/workdir" "-m" "1610612736" "--user" "0:0" "--network" "none" "ghcr.io/rust-lang/crates-build-env/linux@sha256:4a844ea9eb2546a2d2c7022eacef16ef2e8229c7fbb2c7d4d55a9ceca922f72d" "/opt/rustwide/cargo-home/bin/cargo" "+nightly-2024-10-28" "metadata" "--no-deps" "--format-version=1", kill_on_drop: false }`
[INFO] [stdout] f023cb64d552a9be700b25132aea4204d872d09797eb967e9b3b6dd484fbcef8
[INFO] running `Command { std: "docker" "start" "-a" "f023cb64d552a9be700b25132aea4204d872d09797eb967e9b3b6dd484fbcef8", kill_on_drop: false }`
[INFO] running `Command { std: "docker" "inspect" "f023cb64d552a9be700b25132aea4204d872d09797eb967e9b3b6dd484fbcef8", kill_on_drop: false }`
[INFO] running `Command { std: "docker" "rm" "-f" "f023cb64d552a9be700b25132aea4204d872d09797eb967e9b3b6dd484fbcef8", kill_on_drop: false }`
[INFO] [stdout] f023cb64d552a9be700b25132aea4204d872d09797eb967e9b3b6dd484fbcef8
[INFO] running `Command { std: "docker" "create" "-v" "/var/lib/crater-agent-workspace/builds/worker-1-tc1/target:/opt/rustwide/target:rw,Z" "-v" "/var/lib/crater-agent-workspace/builds/worker-1-tc1/source:/opt/rustwide/workdir:ro,Z" "-v" "/var/lib/crater-agent-workspace/cargo-home:/opt/rustwide/cargo-home:ro,Z" "-v" "/var/lib/crater-agent-workspace/rustup-home:/opt/rustwide/rustup-home:ro,Z" "-e" "SOURCE_DIR=/opt/rustwide/workdir" "-e" "CARGO_TARGET_DIR=/opt/rustwide/target" "-e" "CARGO_INCREMENTAL=0" "-e" "RUST_BACKTRACE=full" "-e" "RUSTFLAGS=--cap-lints=forbid" "-e" "RUSTDOCFLAGS=--cap-lints=forbid" "-e" "CARGO_HOME=/opt/rustwide/cargo-home" "-e" "RUSTUP_HOME=/opt/rustwide/rustup-home" "-w" "/opt/rustwide/workdir" "-m" "1610612736" "--user" "0:0" "--network" "none" "ghcr.io/rust-lang/crates-build-env/linux@sha256:4a844ea9eb2546a2d2c7022eacef16ef2e8229c7fbb2c7d4d55a9ceca922f72d" "/opt/rustwide/cargo-home/bin/cargo" "+nightly-2024-10-28" "build" "--frozen" "--message-format=json", kill_on_drop: false }`
[INFO] [stdout] f3bacd0c1b186ad9a660e9a86a74ea43674b2b1ddc39fd5257e38001361c1c24
[INFO] running `Command { std: "docker" "start" "-a" "f3bacd0c1b186ad9a660e9a86a74ea43674b2b1ddc39fd5257e38001361c1c24", kill_on_drop: false }`
[INFO] [stderr]    Compiling googleapis-tonic-google-api v0.9.0
[INFO] [stderr]    Compiling googleapis-tonic-google-longrunning v0.9.0
[INFO] [stderr]    Compiling googleapis-tonic-google-cloud-privatecatalog-v1beta1 v0.9.0 (/opt/rustwide/workdir)
[INFO] [stderr]     Finished `dev` profile [unoptimized + debuginfo] target(s) in 1.25s
[INFO] running `Command { std: "docker" "inspect" "f3bacd0c1b186ad9a660e9a86a74ea43674b2b1ddc39fd5257e38001361c1c24", kill_on_drop: false }`
[INFO] running `Command { std: "docker" "rm" "-f" "f3bacd0c1b186ad9a660e9a86a74ea43674b2b1ddc39fd5257e38001361c1c24", kill_on_drop: false }`
[INFO] [stdout] f3bacd0c1b186ad9a660e9a86a74ea43674b2b1ddc39fd5257e38001361c1c24
[INFO] running `Command { std: "docker" "create" "-v" "/var/lib/crater-agent-workspace/builds/worker-1-tc1/target:/opt/rustwide/target:rw,Z" "-v" "/var/lib/crater-agent-workspace/builds/worker-1-tc1/source:/opt/rustwide/workdir:ro,Z" "-v" "/var/lib/crater-agent-workspace/cargo-home:/opt/rustwide/cargo-home:ro,Z" "-v" "/var/lib/crater-agent-workspace/rustup-home:/opt/rustwide/rustup-home:ro,Z" "-e" "SOURCE_DIR=/opt/rustwide/workdir" "-e" "CARGO_TARGET_DIR=/opt/rustwide/target" "-e" "CARGO_INCREMENTAL=0" "-e" "RUST_BACKTRACE=full" "-e" "RUSTFLAGS=--cap-lints=forbid" "-e" "RUSTDOCFLAGS=--cap-lints=forbid" "-e" "CARGO_HOME=/opt/rustwide/cargo-home" "-e" "RUSTUP_HOME=/opt/rustwide/rustup-home" "-w" "/opt/rustwide/workdir" "-m" "1610612736" "--user" "0:0" "--network" "none" "ghcr.io/rust-lang/crates-build-env/linux@sha256:4a844ea9eb2546a2d2c7022eacef16ef2e8229c7fbb2c7d4d55a9ceca922f72d" "/opt/rustwide/cargo-home/bin/cargo" "+nightly-2024-10-28" "test" "--frozen" "--no-run" "--message-format=json", kill_on_drop: false }`
[INFO] [stdout] ee36fe752bc24c1df8e40827e183ffa5ee6099c26458cd3273b2067acb8f2931
[INFO] running `Command { std: "docker" "start" "-a" "ee36fe752bc24c1df8e40827e183ffa5ee6099c26458cd3273b2067acb8f2931", kill_on_drop: false }`
[INFO] [stderr]    Compiling googleapis-tonic-google-cloud-privatecatalog-v1beta1 v0.9.0 (/opt/rustwide/workdir)
[INFO] [stderr]     Finished `test` profile [unoptimized + debuginfo] target(s) in 0.31s
[INFO] running `Command { std: "docker" "inspect" "ee36fe752bc24c1df8e40827e183ffa5ee6099c26458cd3273b2067acb8f2931", kill_on_drop: false }`
[INFO] running `Command { std: "docker" "rm" "-f" "ee36fe752bc24c1df8e40827e183ffa5ee6099c26458cd3273b2067acb8f2931", kill_on_drop: false }`
[INFO] [stdout] ee36fe752bc24c1df8e40827e183ffa5ee6099c26458cd3273b2067acb8f2931
[INFO] running `Command { std: "docker" "create" "-v" "/var/lib/crater-agent-workspace/builds/worker-1-tc1/target:/opt/rustwide/target:rw,Z" "-v" "/var/lib/crater-agent-workspace/builds/worker-1-tc1/source:/opt/rustwide/workdir:ro,Z" "-v" "/var/lib/crater-agent-workspace/cargo-home:/opt/rustwide/cargo-home:ro,Z" "-v" "/var/lib/crater-agent-workspace/rustup-home:/opt/rustwide/rustup-home:ro,Z" "-e" "SOURCE_DIR=/opt/rustwide/workdir" "-e" "CARGO_TARGET_DIR=/opt/rustwide/target" "-e" "CARGO_INCREMENTAL=0" "-e" "RUST_BACKTRACE=full" "-e" "RUSTFLAGS=--cap-lints=forbid" "-e" "RUSTDOCFLAGS=--cap-lints=forbid" "-e" "CARGO_HOME=/opt/rustwide/cargo-home" "-e" "RUSTUP_HOME=/opt/rustwide/rustup-home" "-w" "/opt/rustwide/workdir" "-m" "1610612736" "--user" "0:0" "--network" "none" "ghcr.io/rust-lang/crates-build-env/linux@sha256:4a844ea9eb2546a2d2c7022eacef16ef2e8229c7fbb2c7d4d55a9ceca922f72d" "/opt/rustwide/cargo-home/bin/cargo" "+nightly-2024-10-28" "test" "--frozen", kill_on_drop: false }`
[INFO] [stdout] 67ffed3d50a08f02c896a1d83d4f771aefad34478b1c4f1111004c726282a328
[INFO] running `Command { std: "docker" "start" "-a" "67ffed3d50a08f02c896a1d83d4f771aefad34478b1c4f1111004c726282a328", kill_on_drop: false }`
[INFO] [stderr]     Finished `test` profile [unoptimized + debuginfo] target(s) in 0.03s
[INFO] [stderr]      Running unittests src/lib.rs (/opt/rustwide/target/debug/deps/googleapis_tonic_google_cloud_privatecatalog_v1beta1-658ec3942bc68a57)
[INFO] [stdout] 
[INFO] [stdout] running 0 tests
[INFO] [stdout] 
[INFO] [stdout] test result: ok. 0 passed; 0 failed; 0 ignored; 0 measured; 0 filtered out; finished in 0.00s
[INFO] [stdout] 
[INFO] [stderr]    Doc-tests googleapis_tonic_google_cloud_privatecatalog_v1beta1
[INFO] [stdout] 
[INFO] [stdout] running 3 tests
[INFO] [stdout] test src/vec_u8_hash_map/google.cloud.privatecatalog.v1beta1.rs - vec_u8_hash_map::google::cloud::privatecatalog::v1beta1::Product::display_metadata (line 256) ... FAILED
[INFO] [stdout] test src/vec_u8_hash_map/google.cloud.privatecatalog.v1beta1.rs - vec_u8_hash_map::google::cloud::privatecatalog::v1beta1::Product::display_metadata (line 149) ... FAILED
[INFO] [stdout] test src/vec_u8_hash_map/google.cloud.privatecatalog.v1beta1.rs - vec_u8_hash_map::google::cloud::privatecatalog::v1beta1::Product::display_metadata (line 200) ... FAILED
[INFO] [stdout] 
[INFO] [stdout] failures:
[INFO] [stdout] 
[INFO] [stdout] ---- src/vec_u8_hash_map/google.cloud.privatecatalog.v1beta1.rs - vec_u8_hash_map::google::cloud::privatecatalog::v1beta1::Product::display_metadata (line 256) stdout ----
[INFO] [stdout] error: unknown character escape: `[`
[INFO] [stdout]   --> src/vec_u8_hash_map/google.cloud.privatecatalog.v1beta1.rs:288:26
[INFO] [stdout]    |
[INFO] [stdout] 34 |            "^(https?)://\[-a-zA-Z0-9+&@#/%?=~_|!:,.;\]*[-a-zA-Z0-9+&@#/%=~_|]"
[INFO] [stdout]    |                          ^ unknown character escape
[INFO] [stdout]    |
[INFO] [stdout]    = help: for more information, visit <https://doc.rust-lang.org/reference/tokens.html#literals>
[INFO] [stdout] help: if you meant to write a literal backslash (perhaps escaping in a regular expression), consider a raw string literal
[INFO] [stdout]    |
[INFO] [stdout] 34 |            r"^(https?)://\[-a-zA-Z0-9+&@#/%?=~_|!:,.;\]*[-a-zA-Z0-9+&@#/%=~_|]"
[INFO] [stdout]    |
[INFO] [stdout] 
[INFO] [stdout] error: unknown character escape: `]`
[INFO] [stdout]   --> src/vec_u8_hash_map/google.cloud.privatecatalog.v1beta1.rs:288:54
[INFO] [stdout]    |
[INFO] [stdout] 34 |            "^(https?)://\[-a-zA-Z0-9+&@#/%?=~_|!:,.;\]*[-a-zA-Z0-9+&@#/%=~_|]"
[INFO] [stdout]    |                                                      ^ unknown character escape
[INFO] [stdout]    |
[INFO] [stdout]    = help: for more information, visit <https://doc.rust-lang.org/reference/tokens.html#literals>
[INFO] [stdout] help: if you meant to write a literal backslash (perhaps escaping in a regular expression), consider a raw string literal
[INFO] [stdout]    |
[INFO] [stdout] 34 |            r"^(https?)://\[-a-zA-Z0-9+&@#/%?=~_|!:,.;\]*[-a-zA-Z0-9+&@#/%=~_|]"
[INFO] [stdout]    |
[INFO] [stdout] 
[INFO] [stdout] error: expected one of `.`, `;`, `?`, `}`, or an operator, found `:`
[INFO] [stdout]  --> src/vec_u8_hash_map/google.cloud.privatecatalog.v1beta1.rs:257:10
[INFO] [stdout]   |
[INFO] [stdout] 3 | "$schema": <http://json-schema.org/draft-04/schema#>
[INFO] [stdout]   |          ^ expected one of `.`, `;`, `?`, `}`, or an operator
[INFO] [stdout] 
[INFO] [stdout] error: aborting due to 3 previous errors
[INFO] [stdout] 
[INFO] [stdout] Couldn't compile the test.
[INFO] [stdout] ---- src/vec_u8_hash_map/google.cloud.privatecatalog.v1beta1.rs - vec_u8_hash_map::google::cloud::privatecatalog::v1beta1::Product::display_metadata (line 149) stdout ----
[INFO] [stdout] error: unknown character escape: `[`
[INFO] [stdout]   --> src/vec_u8_hash_map/google.cloud.privatecatalog.v1beta1.rs:181:26
[INFO] [stdout]    |
[INFO] [stdout] 34 |            "^(https?)://\[-a-zA-Z0-9+&@#/%?=~_|!:,.;\]*[-a-zA-Z0-9+&@#/%=~_|]"
[INFO] [stdout]    |                          ^ unknown character escape
[INFO] [stdout]    |
[INFO] [stdout]    = help: for more information, visit <https://doc.rust-lang.org/reference/tokens.html#literals>
[INFO] [stdout] help: if you meant to write a literal backslash (perhaps escaping in a regular expression), consider a raw string literal
[INFO] [stdout]    |
[INFO] [stdout] 34 |            r"^(https?)://\[-a-zA-Z0-9+&@#/%?=~_|!:,.;\]*[-a-zA-Z0-9+&@#/%=~_|]"
[INFO] [stdout]    |
[INFO] [stdout] 
[INFO] [stdout] error: unknown character escape: `]`
[INFO] [stdout]   --> src/vec_u8_hash_map/google.cloud.privatecatalog.v1beta1.rs:181:54
[INFO] [stdout]    |
[INFO] [stdout] 34 |            "^(https?)://\[-a-zA-Z0-9+&@#/%?=~_|!:,.;\]*[-a-zA-Z0-9+&@#/%=~_|]"
[INFO] [stdout]    |                                                      ^ unknown character escape
[INFO] [stdout]    |
[INFO] [stdout]    = help: for more information, visit <https://doc.rust-lang.org/reference/tokens.html#literals>
[INFO] [stdout] help: if you meant to write a literal backslash (perhaps escaping in a regular expression), consider a raw string literal
[INFO] [stdout]    |
[INFO] [stdout] 34 |            r"^(https?)://\[-a-zA-Z0-9+&@#/%?=~_|!:,.;\]*[-a-zA-Z0-9+&@#/%=~_|]"
[INFO] [stdout]    |
[INFO] [stdout] 
[INFO] [stdout] error: expected one of `.`, `;`, `?`, `}`, or an operator, found `:`
[INFO] [stdout]  --> src/vec_u8_hash_map/google.cloud.privatecatalog.v1beta1.rs:150:10
[INFO] [stdout]   |
[INFO] [stdout] 3 | "$schema": <http://json-schema.org/draft-04/schema#>
[INFO] [stdout]   |          ^ expected one of `.`, `;`, `?`, `}`, or an operator
[INFO] [stdout] 
[INFO] [stdout] error: aborting due to 3 previous errors
[INFO] [stdout] 
[INFO] [stdout] Couldn't compile the test.
[INFO] [stdout] ---- src/vec_u8_hash_map/google.cloud.privatecatalog.v1beta1.rs - vec_u8_hash_map::google::cloud::privatecatalog::v1beta1::Product::display_metadata (line 200) stdout ----
[INFO] [stdout] error: unknown character escape: `[`
[INFO] [stdout]   --> src/vec_u8_hash_map/google.cloud.privatecatalog.v1beta1.rs:232:26
[INFO] [stdout]    |
[INFO] [stdout] 34 |            "^(https?)://\[-a-zA-Z0-9+&@#/%?=~_|!:,.;\]*[-a-zA-Z0-9+&@#/%=~_|]"
[INFO] [stdout]    |                          ^ unknown character escape
[INFO] [stdout]    |
[INFO] [stdout]    = help: for more information, visit <https://doc.rust-lang.org/reference/tokens.html#literals>
[INFO] [stdout] help: if you meant to write a literal backslash (perhaps escaping in a regular expression), consider a raw string literal
[INFO] [stdout]    |
[INFO] [stdout] 34 |            r"^(https?)://\[-a-zA-Z0-9+&@#/%?=~_|!:,.;\]*[-a-zA-Z0-9+&@#/%=~_|]"
[INFO] [stdout]    |
[INFO] [stdout] 
[INFO] [stdout] error: unknown character escape: `]`
[INFO] [stdout]   --> src/vec_u8_hash_map/google.cloud.privatecatalog.v1beta1.rs:232:54
[INFO] [stdout]    |
[INFO] [stdout] 34 |            "^(https?)://\[-a-zA-Z0-9+&@#/%?=~_|!:,.;\]*[-a-zA-Z0-9+&@#/%=~_|]"
[INFO] [stdout]    |                                                      ^ unknown character escape
[INFO] [stdout]    |
[INFO] [stdout]    = help: for more information, visit <https://doc.rust-lang.org/reference/tokens.html#literals>
[INFO] [stdout] help: if you meant to write a literal backslash (perhaps escaping in a regular expression), consider a raw string literal
[INFO] [stdout]    |
[INFO] [stdout] 34 |            r"^(https?)://\[-a-zA-Z0-9+&@#/%?=~_|!:,.;\]*[-a-zA-Z0-9+&@#/%=~_|]"
[INFO] [stdout]    |
[INFO] [stdout] 
[INFO] [stdout] error: unknown character escape: `[`
[INFO] [stdout]   --> src/vec_u8_hash_map/google.cloud.privatecatalog.v1beta1.rs:244:20
[INFO] [stdout]    |
[INFO] [stdout] 46 |      "^(https?)://\[-a-zA-Z0-9+&@#/%?=~_|!:,.;\]*[-a-zA-Z0-9+&@#/%=~_|]"
[INFO] [stdout]    |                    ^ unknown character escape
[INFO] [stdout]    |
[INFO] [stdout]    = help: for more information, visit <https://doc.rust-lang.org/reference/tokens.html#literals>
[INFO] [stdout] help: if you meant to write a literal backslash (perhaps escaping in a regular expression), consider a raw string literal
[INFO] [stdout]    |
[INFO] [stdout] 46 |      r"^(https?)://\[-a-zA-Z0-9+&@#/%?=~_|!:,.;\]*[-a-zA-Z0-9+&@#/%=~_|]"
[INFO] [stdout]    |
[INFO] [stdout] 
[INFO] [stdout] error: unknown character escape: `]`
[INFO] [stdout]   --> src/vec_u8_hash_map/google.cloud.privatecatalog.v1beta1.rs:244:48
[INFO] [stdout]    |
[INFO] [stdout] 46 |      "^(https?)://\[-a-zA-Z0-9+&@#/%?=~_|!:,.;\]*[-a-zA-Z0-9+&@#/%=~_|]"
[INFO] [stdout]    |                                                ^ unknown character escape
[INFO] [stdout]    |
[INFO] [stdout]    = help: for more information, visit <https://doc.rust-lang.org/reference/tokens.html#literals>
[INFO] [stdout] help: if you meant to write a literal backslash (perhaps escaping in a regular expression), consider a raw string literal
[INFO] [stdout]    |
[INFO] [stdout] 46 |      r"^(https?)://\[-a-zA-Z0-9+&@#/%?=~_|!:,.;\]*[-a-zA-Z0-9+&@#/%=~_|]"
[INFO] [stdout]    |
[INFO] [stdout] 
[INFO] [stdout] error: expected one of `.`, `;`, `?`, `}`, or an operator, found `:`
[INFO] [stdout]  --> src/vec_u8_hash_map/google.cloud.privatecatalog.v1beta1.rs:201:10
[INFO] [stdout]   |
[INFO] [stdout] 3 | "$schema": <http://json-schema.org/draft-04/schema#>
[INFO] [stdout]   |          ^ expected one of `.`, `;`, `?`, `}`, or an operator
[INFO] [stdout] 
[INFO] [stdout] error: aborting due to 5 previous errors
[INFO] [stdout] 
[INFO] [stdout] Couldn't compile the test.
[INFO] [stdout] 
[INFO] [stdout] failures:
[INFO] [stdout]     src/vec_u8_hash_map/google.cloud.privatecatalog.v1beta1.rs - vec_u8_hash_map::google::cloud::privatecatalog::v1beta1::Product::display_metadata (line 149)
[INFO] [stdout]     src/vec_u8_hash_map/google.cloud.privatecatalog.v1beta1.rs - vec_u8_hash_map::google::cloud::privatecatalog::v1beta1::Product::display_metadata (line 200)
[INFO] [stdout]     src/vec_u8_hash_map/google.cloud.privatecatalog.v1beta1.rs - vec_u8_hash_map::google::cloud::privatecatalog::v1beta1::Product::display_metadata (line 256)
[INFO] [stdout] 
[INFO] [stdout] test result: FAILED. 0 passed; 3 failed; 0 ignored; 0 measured; 0 filtered out; finished in 0.03s
[INFO] [stdout] 
[INFO] [stderr] error: doctest failed, to rerun pass `--doc`
[INFO] running `Command { std: "docker" "inspect" "67ffed3d50a08f02c896a1d83d4f771aefad34478b1c4f1111004c726282a328", kill_on_drop: false }`
[INFO] running `Command { std: "docker" "rm" "-f" "67ffed3d50a08f02c896a1d83d4f771aefad34478b1c4f1111004c726282a328", kill_on_drop: false }`
[INFO] [stdout] 67ffed3d50a08f02c896a1d83d4f771aefad34478b1c4f1111004c726282a328
