[INFO] fetching crate googleapis-tonic-google-cloud-orchestration-airflow-service-v1 0.10.0...
[INFO] testing googleapis-tonic-google-cloud-orchestration-airflow-service-v1-0.10.0 against nightly-2024-10-28+rustflags=-Zrandomize-layout for randomize-layout
[INFO] extracting crate googleapis-tonic-google-cloud-orchestration-airflow-service-v1 0.10.0 into /workspace/builds/worker-6-tc2/source
[INFO] validating manifest of crates.io crate googleapis-tonic-google-cloud-orchestration-airflow-service-v1 0.10.0 on toolchain nightly-2024-10-28
[INFO] running `Command { std: CARGO_HOME="/workspace/cargo-home" RUSTUP_HOME="/workspace/rustup-home" "/workspace/cargo-home/bin/cargo" "+nightly-2024-10-28" "metadata" "--manifest-path" "Cargo.toml" "--no-deps", kill_on_drop: false }`
[INFO] started tweaking crates.io crate googleapis-tonic-google-cloud-orchestration-airflow-service-v1 0.10.0
[INFO] finished tweaking crates.io crate googleapis-tonic-google-cloud-orchestration-airflow-service-v1 0.10.0
[INFO] tweaked toml for crates.io crate googleapis-tonic-google-cloud-orchestration-airflow-service-v1 0.10.0 written to /workspace/builds/worker-6-tc2/source/Cargo.toml
[INFO] running `Command { std: CARGO_HOME="/workspace/cargo-home" RUSTUP_HOME="/workspace/rustup-home" "/workspace/cargo-home/bin/cargo" "+nightly-2024-10-28" "generate-lockfile" "--manifest-path" "Cargo.toml", kill_on_drop: false }`
[INFO] [stderr]     Updating crates.io index
[INFO] [stderr]     Blocking waiting for file lock on package cache
[INFO] [stderr]      Locking 58 packages to latest compatible versions
[INFO] [stderr]       Adding googleapis-tonic-google-api v0.9.0 (available: v0.10.0)
[INFO] [stderr]       Adding googleapis-tonic-google-longrunning v0.9.0 (available: v0.10.0)
[INFO] running `Command { std: CARGO_HOME="/workspace/cargo-home" RUSTUP_HOME="/workspace/rustup-home" "/workspace/cargo-home/bin/cargo" "+nightly-2024-10-28" "fetch" "--manifest-path" "Cargo.toml", kill_on_drop: false }`
[INFO] [stderr]     Blocking waiting for file lock on package cache
[INFO] running `Command { std: "docker" "create" "-v" "/var/lib/crater-agent-workspace/builds/worker-6-tc2/target:/opt/rustwide/target:rw,Z" "-v" "/var/lib/crater-agent-workspace/builds/worker-6-tc2/source:/opt/rustwide/workdir:ro,Z" "-v" "/var/lib/crater-agent-workspace/cargo-home:/opt/rustwide/cargo-home:ro,Z" "-v" "/var/lib/crater-agent-workspace/rustup-home:/opt/rustwide/rustup-home:ro,Z" "-e" "SOURCE_DIR=/opt/rustwide/workdir" "-e" "CARGO_TARGET_DIR=/opt/rustwide/target" "-e" "CARGO_HOME=/opt/rustwide/cargo-home" "-e" "RUSTUP_HOME=/opt/rustwide/rustup-home" "-w" "/opt/rustwide/workdir" "-m" "1610612736" "--user" "0:0" "--network" "none" "ghcr.io/rust-lang/crates-build-env/linux@sha256:4a844ea9eb2546a2d2c7022eacef16ef2e8229c7fbb2c7d4d55a9ceca922f72d" "/opt/rustwide/cargo-home/bin/cargo" "+nightly-2024-10-28" "metadata" "--no-deps" "--format-version=1", kill_on_drop: false }`
[INFO] [stdout] 7a84f66b815ce975b1e93b2f6004ee77c36f3011fede1f4136540cc83e86d4f7
[INFO] running `Command { std: "docker" "start" "-a" "7a84f66b815ce975b1e93b2f6004ee77c36f3011fede1f4136540cc83e86d4f7", kill_on_drop: false }`
[INFO] running `Command { std: "docker" "inspect" "7a84f66b815ce975b1e93b2f6004ee77c36f3011fede1f4136540cc83e86d4f7", kill_on_drop: false }`
[INFO] running `Command { std: "docker" "rm" "-f" "7a84f66b815ce975b1e93b2f6004ee77c36f3011fede1f4136540cc83e86d4f7", kill_on_drop: false }`
[INFO] [stdout] 7a84f66b815ce975b1e93b2f6004ee77c36f3011fede1f4136540cc83e86d4f7
[INFO] running `Command { std: "docker" "create" "-v" "/var/lib/crater-agent-workspace/builds/worker-6-tc2/target:/opt/rustwide/target:rw,Z" "-v" "/var/lib/crater-agent-workspace/builds/worker-6-tc2/source:/opt/rustwide/workdir:ro,Z" "-v" "/var/lib/crater-agent-workspace/cargo-home:/opt/rustwide/cargo-home:ro,Z" "-v" "/var/lib/crater-agent-workspace/rustup-home:/opt/rustwide/rustup-home:ro,Z" "-e" "SOURCE_DIR=/opt/rustwide/workdir" "-e" "CARGO_TARGET_DIR=/opt/rustwide/target" "-e" "CARGO_INCREMENTAL=0" "-e" "RUST_BACKTRACE=full" "-e" "RUSTFLAGS=--cap-lints=forbid -Zrandomize-layout" "-e" "RUSTDOCFLAGS=--cap-lints=forbid" "-e" "CARGO_HOME=/opt/rustwide/cargo-home" "-e" "RUSTUP_HOME=/opt/rustwide/rustup-home" "-w" "/opt/rustwide/workdir" "-m" "1610612736" "--user" "0:0" "--network" "none" "ghcr.io/rust-lang/crates-build-env/linux@sha256:4a844ea9eb2546a2d2c7022eacef16ef2e8229c7fbb2c7d4d55a9ceca922f72d" "/opt/rustwide/cargo-home/bin/cargo" "+nightly-2024-10-28" "build" "--frozen" "--message-format=json", kill_on_drop: false }`
[INFO] [stdout] 05d065d423b1986bb299790f0b6289b445ca9d403ee61529c1547013cd1eee1a
[INFO] running `Command { std: "docker" "start" "-a" "05d065d423b1986bb299790f0b6289b445ca9d403ee61529c1547013cd1eee1a", kill_on_drop: false }`
[INFO] [stderr]    Compiling googleapis-tonic-google-rpc v0.8.0
[INFO] [stderr]    Compiling googleapis-tonic-google-longrunning v0.9.0
[INFO] [stderr]    Compiling googleapis-tonic-google-cloud-orchestration-airflow-service-v1 v0.10.0 (/opt/rustwide/workdir)
[INFO] [stderr]     Finished `dev` profile [unoptimized + debuginfo] target(s) in 1.39s
[INFO] running `Command { std: "docker" "inspect" "05d065d423b1986bb299790f0b6289b445ca9d403ee61529c1547013cd1eee1a", kill_on_drop: false }`
[INFO] running `Command { std: "docker" "rm" "-f" "05d065d423b1986bb299790f0b6289b445ca9d403ee61529c1547013cd1eee1a", kill_on_drop: false }`
[INFO] [stdout] 05d065d423b1986bb299790f0b6289b445ca9d403ee61529c1547013cd1eee1a
[INFO] running `Command { std: "docker" "create" "-v" "/var/lib/crater-agent-workspace/builds/worker-6-tc2/target:/opt/rustwide/target:rw,Z" "-v" "/var/lib/crater-agent-workspace/builds/worker-6-tc2/source:/opt/rustwide/workdir:ro,Z" "-v" "/var/lib/crater-agent-workspace/cargo-home:/opt/rustwide/cargo-home:ro,Z" "-v" "/var/lib/crater-agent-workspace/rustup-home:/opt/rustwide/rustup-home:ro,Z" "-e" "SOURCE_DIR=/opt/rustwide/workdir" "-e" "CARGO_TARGET_DIR=/opt/rustwide/target" "-e" "CARGO_INCREMENTAL=0" "-e" "RUST_BACKTRACE=full" "-e" "RUSTFLAGS=--cap-lints=forbid -Zrandomize-layout" "-e" "RUSTDOCFLAGS=--cap-lints=forbid" "-e" "CARGO_HOME=/opt/rustwide/cargo-home" "-e" "RUSTUP_HOME=/opt/rustwide/rustup-home" "-w" "/opt/rustwide/workdir" "-m" "1610612736" "--user" "0:0" "--network" "none" "ghcr.io/rust-lang/crates-build-env/linux@sha256:4a844ea9eb2546a2d2c7022eacef16ef2e8229c7fbb2c7d4d55a9ceca922f72d" "/opt/rustwide/cargo-home/bin/cargo" "+nightly-2024-10-28" "test" "--frozen" "--no-run" "--message-format=json", kill_on_drop: false }`
[INFO] [stdout] 88fddd607954cc9a596efa12748b70cbe0494de772dcaa3a4facbe5268d8cb3b
[INFO] running `Command { std: "docker" "start" "-a" "88fddd607954cc9a596efa12748b70cbe0494de772dcaa3a4facbe5268d8cb3b", kill_on_drop: false }`
[INFO] [stderr]    Compiling googleapis-tonic-google-cloud-orchestration-airflow-service-v1 v0.10.0 (/opt/rustwide/workdir)
[INFO] [stderr]     Finished `test` profile [unoptimized + debuginfo] target(s) in 0.91s
[INFO] running `Command { std: "docker" "inspect" "88fddd607954cc9a596efa12748b70cbe0494de772dcaa3a4facbe5268d8cb3b", kill_on_drop: false }`
[INFO] running `Command { std: "docker" "rm" "-f" "88fddd607954cc9a596efa12748b70cbe0494de772dcaa3a4facbe5268d8cb3b", kill_on_drop: false }`
[INFO] [stdout] 88fddd607954cc9a596efa12748b70cbe0494de772dcaa3a4facbe5268d8cb3b
[INFO] running `Command { std: "docker" "create" "-v" "/var/lib/crater-agent-workspace/builds/worker-6-tc2/target:/opt/rustwide/target:rw,Z" "-v" "/var/lib/crater-agent-workspace/builds/worker-6-tc2/source:/opt/rustwide/workdir:ro,Z" "-v" "/var/lib/crater-agent-workspace/cargo-home:/opt/rustwide/cargo-home:ro,Z" "-v" "/var/lib/crater-agent-workspace/rustup-home:/opt/rustwide/rustup-home:ro,Z" "-e" "SOURCE_DIR=/opt/rustwide/workdir" "-e" "CARGO_TARGET_DIR=/opt/rustwide/target" "-e" "CARGO_INCREMENTAL=0" "-e" "RUST_BACKTRACE=full" "-e" "RUSTFLAGS=--cap-lints=forbid -Zrandomize-layout" "-e" "RUSTDOCFLAGS=--cap-lints=forbid" "-e" "CARGO_HOME=/opt/rustwide/cargo-home" "-e" "RUSTUP_HOME=/opt/rustwide/rustup-home" "-w" "/opt/rustwide/workdir" "-m" "1610612736" "--user" "0:0" "--network" "none" "ghcr.io/rust-lang/crates-build-env/linux@sha256:4a844ea9eb2546a2d2c7022eacef16ef2e8229c7fbb2c7d4d55a9ceca922f72d" "/opt/rustwide/cargo-home/bin/cargo" "+nightly-2024-10-28" "test" "--frozen", kill_on_drop: false }`
[INFO] [stdout] a8eee993f9f5fe39291cd2f4d54741a3528ff880d53a36a3fe191931be1fc466
[INFO] running `Command { std: "docker" "start" "-a" "a8eee993f9f5fe39291cd2f4d54741a3528ff880d53a36a3fe191931be1fc466", kill_on_drop: false }`
[INFO] [stderr]     Finished `test` profile [unoptimized + debuginfo] target(s) in 0.03s
[INFO] [stderr]      Running unittests src/lib.rs (/opt/rustwide/target/debug/deps/googleapis_tonic_google_cloud_orchestration_airflow_service_v1-5291b8c9881b6fae)
[INFO] [stdout] 
[INFO] [stdout] running 0 tests
[INFO] [stdout] 
[INFO] [stdout] test result: ok. 0 passed; 0 failed; 0 ignored; 0 measured; 0 filtered out; finished in 0.00s
[INFO] [stdout] 
[INFO] [stderr]    Doc-tests googleapis_tonic_google_cloud_orchestration_airflow_service_v1
[INFO] [stdout] 
[INFO] [stdout] running 4 tests
[INFO] [stdout] test src/vec_u8_hash_map/google.cloud.orchestration.airflow.service.v1.rs - vec_u8_hash_map::google::cloud::orchestration::airflow::service::v1::MaintenanceWindow (line 1177) ... FAILED
[INFO] [stdout] test src/vec_u8_hash_map/google.cloud.orchestration.airflow.service.v1.rs - vec_u8_hash_map::google::cloud::orchestration::airflow::service::v1::UpdateEnvironmentRequest::update_mask (line 255) ... FAILED
[INFO] [stdout] test src/vec_u8_hash_map/google.cloud.orchestration.airflow.service.v1.rs - vec_u8_hash_map::google::cloud::orchestration::airflow::service::v1::UpdateEnvironmentRequest::update_mask (line 237) ... FAILED
[INFO] [stdout] test src/vec_u8_hash_map/google.cloud.orchestration.airflow.service.v1.rs - vec_u8_hash_map::google::cloud::orchestration::airflow::service::v1::UpdateEnvironmentRequest::update_mask (line 215) ... FAILED
[INFO] [stdout] 
[INFO] [stdout] failures:
[INFO] [stdout] 
[INFO] [stdout] ---- src/vec_u8_hash_map/google.cloud.orchestration.airflow.service.v1.rs - vec_u8_hash_map::google::cloud::orchestration::airflow::service::v1::MaintenanceWindow (line 1177) stdout ----
[INFO] [stdout] error: expected one of `.`, `;`, `?`, `}`, or an operator, found `:`
[INFO] [stdout]  --> src/vec_u8_hash_map/google.cloud.orchestration.airflow.service.v1.rs:1179:18
[INFO] [stdout]   |
[INFO] [stdout] 4 |       "startTime":"2019-08-01T01:00:00Z"
[INFO] [stdout]   |                  ^ expected one of `.`, `;`, `?`, `}`, or an operator
[INFO] [stdout] 
[INFO] [stdout] error: aborting due to 1 previous error
[INFO] [stdout] 
[INFO] [stdout] Couldn't compile the test.
[INFO] [stdout] ---- src/vec_u8_hash_map/google.cloud.orchestration.airflow.service.v1.rs - vec_u8_hash_map::google::cloud::orchestration::airflow::service::v1::UpdateEnvironmentRequest::update_mask (line 255) stdout ----
[INFO] [stdout] error: expected one of `.`, `;`, `?`, `}`, or an operator, found `:`
[INFO] [stdout]  --> src/vec_u8_hash_map/google.cloud.orchestration.airflow.service.v1.rs:257:12
[INFO] [stdout]   |
[INFO] [stdout] 4 |    "config":{
[INFO] [stdout]   |            ^ expected one of `.`, `;`, `?`, `}`, or an operator
[INFO] [stdout] 
[INFO] [stdout] error: aborting due to 1 previous error
[INFO] [stdout] 
[INFO] [stdout] Couldn't compile the test.
[INFO] [stdout] ---- src/vec_u8_hash_map/google.cloud.orchestration.airflow.service.v1.rs - vec_u8_hash_map::google::cloud::orchestration::airflow::service::v1::UpdateEnvironmentRequest::update_mask (line 237) stdout ----
[INFO] [stdout] error: expected one of `.`, `;`, `?`, `}`, or an operator, found `:`
[INFO] [stdout]  --> src/vec_u8_hash_map/google.cloud.orchestration.airflow.service.v1.rs:239:12
[INFO] [stdout]   |
[INFO] [stdout] 4 |    "labels":{
[INFO] [stdout]   |            ^ expected one of `.`, `;`, `?`, `}`, or an operator
[INFO] [stdout] 
[INFO] [stdout] error: aborting due to 1 previous error
[INFO] [stdout] 
[INFO] [stdout] Couldn't compile the test.
[INFO] [stdout] ---- src/vec_u8_hash_map/google.cloud.orchestration.airflow.service.v1.rs - vec_u8_hash_map::google::cloud::orchestration::airflow::service::v1::UpdateEnvironmentRequest::update_mask (line 215) stdout ----
[INFO] [stdout] error: expected one of `.`, `;`, `?`, `}`, or an operator, found `:`
[INFO] [stdout]  --> src/vec_u8_hash_map/google.cloud.orchestration.airflow.service.v1.rs:217:12
[INFO] [stdout]   |
[INFO] [stdout] 4 |    "config":{
[INFO] [stdout]   |            ^ expected one of `.`, `;`, `?`, `}`, or an operator
[INFO] [stdout] 
[INFO] [stdout] error: aborting due to 1 previous error
[INFO] [stdout] 
[INFO] [stdout] Couldn't compile the test.
[INFO] [stdout] 
[INFO] [stdout] failures:
[INFO] [stdout]     src/vec_u8_hash_map/google.cloud.orchestration.airflow.service.v1.rs - vec_u8_hash_map::google::cloud::orchestration::airflow::service::v1::MaintenanceWindow (line 1177)
[INFO] [stdout]     src/vec_u8_hash_map/google.cloud.orchestration.airflow.service.v1.rs - vec_u8_hash_map::google::cloud::orchestration::airflow::service::v1::UpdateEnvironmentRequest::update_mask (line 215)
[INFO] [stdout]     src/vec_u8_hash_map/google.cloud.orchestration.airflow.service.v1.rs - vec_u8_hash_map::google::cloud::orchestration::airflow::service::v1::UpdateEnvironmentRequest::update_mask (line 237)
[INFO] [stdout]     src/vec_u8_hash_map/google.cloud.orchestration.airflow.service.v1.rs - vec_u8_hash_map::google::cloud::orchestration::airflow::service::v1::UpdateEnvironmentRequest::update_mask (line 255)
[INFO] [stdout] 
[INFO] [stdout] test result: FAILED. 0 passed; 4 failed; 0 ignored; 0 measured; 0 filtered out; finished in 0.03s
[INFO] [stdout] 
[INFO] [stderr] error: doctest failed, to rerun pass `--doc`
[INFO] running `Command { std: "docker" "inspect" "a8eee993f9f5fe39291cd2f4d54741a3528ff880d53a36a3fe191931be1fc466", kill_on_drop: false }`
[INFO] running `Command { std: "docker" "rm" "-f" "a8eee993f9f5fe39291cd2f4d54741a3528ff880d53a36a3fe191931be1fc466", kill_on_drop: false }`
[INFO] [stdout] a8eee993f9f5fe39291cd2f4d54741a3528ff880d53a36a3fe191931be1fc466
