[INFO] fetching crate googleapis-tonic-google-cloud-notebooks-v2 0.9.0...
[INFO] testing googleapis-tonic-google-cloud-notebooks-v2-0.9.0 against nightly-2024-10-28 for randomize-layout
[INFO] extracting crate googleapis-tonic-google-cloud-notebooks-v2 0.9.0 into /workspace/builds/worker-5-tc1/source
[INFO] validating manifest of crates.io crate googleapis-tonic-google-cloud-notebooks-v2 0.9.0 on toolchain nightly-2024-10-28
[INFO] running `Command { std: CARGO_HOME="/workspace/cargo-home" RUSTUP_HOME="/workspace/rustup-home" "/workspace/cargo-home/bin/cargo" "+nightly-2024-10-28" "metadata" "--manifest-path" "Cargo.toml" "--no-deps", kill_on_drop: false }`
[INFO] started tweaking crates.io crate googleapis-tonic-google-cloud-notebooks-v2 0.9.0
[INFO] finished tweaking crates.io crate googleapis-tonic-google-cloud-notebooks-v2 0.9.0
[INFO] tweaked toml for crates.io crate googleapis-tonic-google-cloud-notebooks-v2 0.9.0 written to /workspace/builds/worker-5-tc1/source/Cargo.toml
[INFO] running `Command { std: CARGO_HOME="/workspace/cargo-home" RUSTUP_HOME="/workspace/rustup-home" "/workspace/cargo-home/bin/cargo" "+nightly-2024-10-28" "generate-lockfile" "--manifest-path" "Cargo.toml", kill_on_drop: false }`
[INFO] [stderr]     Updating crates.io index
[INFO] [stderr]      Locking 57 packages to latest compatible versions
[INFO] [stderr]       Adding googleapis-tonic-google-api v0.9.0 (available: v0.10.0)
[INFO] [stderr]       Adding googleapis-tonic-google-longrunning v0.9.0 (available: v0.10.0)
[INFO] running `Command { std: CARGO_HOME="/workspace/cargo-home" RUSTUP_HOME="/workspace/rustup-home" "/workspace/cargo-home/bin/cargo" "+nightly-2024-10-28" "fetch" "--manifest-path" "Cargo.toml", kill_on_drop: false }`
[INFO] running `Command { std: "docker" "create" "-v" "/var/lib/crater-agent-workspace/builds/worker-5-tc1/target:/opt/rustwide/target:rw,Z" "-v" "/var/lib/crater-agent-workspace/builds/worker-5-tc1/source:/opt/rustwide/workdir:ro,Z" "-v" "/var/lib/crater-agent-workspace/cargo-home:/opt/rustwide/cargo-home:ro,Z" "-v" "/var/lib/crater-agent-workspace/rustup-home:/opt/rustwide/rustup-home:ro,Z" "-e" "SOURCE_DIR=/opt/rustwide/workdir" "-e" "CARGO_TARGET_DIR=/opt/rustwide/target" "-e" "CARGO_HOME=/opt/rustwide/cargo-home" "-e" "RUSTUP_HOME=/opt/rustwide/rustup-home" "-w" "/opt/rustwide/workdir" "-m" "1610612736" "--user" "0:0" "--network" "none" "ghcr.io/rust-lang/crates-build-env/linux@sha256:4a844ea9eb2546a2d2c7022eacef16ef2e8229c7fbb2c7d4d55a9ceca922f72d" "/opt/rustwide/cargo-home/bin/cargo" "+nightly-2024-10-28" "metadata" "--no-deps" "--format-version=1", kill_on_drop: false }`
[INFO] [stdout] 37779e20b36051386f951c7edc6147a7e9abef7eef8e9324e2c28e77a5e33412
[INFO] running `Command { std: "docker" "start" "-a" "37779e20b36051386f951c7edc6147a7e9abef7eef8e9324e2c28e77a5e33412", kill_on_drop: false }`
[INFO] running `Command { std: "docker" "inspect" "37779e20b36051386f951c7edc6147a7e9abef7eef8e9324e2c28e77a5e33412", kill_on_drop: false }`
[INFO] running `Command { std: "docker" "rm" "-f" "37779e20b36051386f951c7edc6147a7e9abef7eef8e9324e2c28e77a5e33412", kill_on_drop: false }`
[INFO] [stdout] 37779e20b36051386f951c7edc6147a7e9abef7eef8e9324e2c28e77a5e33412
[INFO] running `Command { std: "docker" "create" "-v" "/var/lib/crater-agent-workspace/builds/worker-5-tc1/target:/opt/rustwide/target:rw,Z" "-v" "/var/lib/crater-agent-workspace/builds/worker-5-tc1/source:/opt/rustwide/workdir:ro,Z" "-v" "/var/lib/crater-agent-workspace/cargo-home:/opt/rustwide/cargo-home:ro,Z" "-v" "/var/lib/crater-agent-workspace/rustup-home:/opt/rustwide/rustup-home:ro,Z" "-e" "SOURCE_DIR=/opt/rustwide/workdir" "-e" "CARGO_TARGET_DIR=/opt/rustwide/target" "-e" "CARGO_INCREMENTAL=0" "-e" "RUST_BACKTRACE=full" "-e" "RUSTFLAGS=--cap-lints=forbid" "-e" "RUSTDOCFLAGS=--cap-lints=forbid" "-e" "CARGO_HOME=/opt/rustwide/cargo-home" "-e" "RUSTUP_HOME=/opt/rustwide/rustup-home" "-w" "/opt/rustwide/workdir" "-m" "1610612736" "--user" "0:0" "--network" "none" "ghcr.io/rust-lang/crates-build-env/linux@sha256:4a844ea9eb2546a2d2c7022eacef16ef2e8229c7fbb2c7d4d55a9ceca922f72d" "/opt/rustwide/cargo-home/bin/cargo" "+nightly-2024-10-28" "build" "--frozen" "--message-format=json", kill_on_drop: false }`
[INFO] [stdout] 186061ff5991f735022c9f733eaff290b0e8907c36e1786884b759455f7a7e76
[INFO] running `Command { std: "docker" "start" "-a" "186061ff5991f735022c9f733eaff290b0e8907c36e1786884b759455f7a7e76", kill_on_drop: false }`
[INFO] [stderr]    Compiling googleapis-tonic-google-cloud-notebooks-v2 v0.9.0 (/opt/rustwide/workdir)
[INFO] [stderr]     Finished `dev` profile [unoptimized + debuginfo] target(s) in 0.53s
[INFO] running `Command { std: "docker" "inspect" "186061ff5991f735022c9f733eaff290b0e8907c36e1786884b759455f7a7e76", kill_on_drop: false }`
[INFO] running `Command { std: "docker" "rm" "-f" "186061ff5991f735022c9f733eaff290b0e8907c36e1786884b759455f7a7e76", kill_on_drop: false }`
[INFO] [stdout] 186061ff5991f735022c9f733eaff290b0e8907c36e1786884b759455f7a7e76
[INFO] running `Command { std: "docker" "create" "-v" "/var/lib/crater-agent-workspace/builds/worker-5-tc1/target:/opt/rustwide/target:rw,Z" "-v" "/var/lib/crater-agent-workspace/builds/worker-5-tc1/source:/opt/rustwide/workdir:ro,Z" "-v" "/var/lib/crater-agent-workspace/cargo-home:/opt/rustwide/cargo-home:ro,Z" "-v" "/var/lib/crater-agent-workspace/rustup-home:/opt/rustwide/rustup-home:ro,Z" "-e" "SOURCE_DIR=/opt/rustwide/workdir" "-e" "CARGO_TARGET_DIR=/opt/rustwide/target" "-e" "CARGO_INCREMENTAL=0" "-e" "RUST_BACKTRACE=full" "-e" "RUSTFLAGS=--cap-lints=forbid" "-e" "RUSTDOCFLAGS=--cap-lints=forbid" "-e" "CARGO_HOME=/opt/rustwide/cargo-home" "-e" "RUSTUP_HOME=/opt/rustwide/rustup-home" "-w" "/opt/rustwide/workdir" "-m" "1610612736" "--user" "0:0" "--network" "none" "ghcr.io/rust-lang/crates-build-env/linux@sha256:4a844ea9eb2546a2d2c7022eacef16ef2e8229c7fbb2c7d4d55a9ceca922f72d" "/opt/rustwide/cargo-home/bin/cargo" "+nightly-2024-10-28" "test" "--frozen" "--no-run" "--message-format=json", kill_on_drop: false }`
[INFO] [stdout] 391ef554ca9cc19b9e9c6520d7244b533c09ba9924d127d3b27a7b5e0e721656
[INFO] running `Command { std: "docker" "start" "-a" "391ef554ca9cc19b9e9c6520d7244b533c09ba9924d127d3b27a7b5e0e721656", kill_on_drop: false }`
[INFO] [stderr]    Compiling googleapis-tonic-google-cloud-notebooks-v2 v0.9.0 (/opt/rustwide/workdir)
[INFO] [stderr]     Finished `test` profile [unoptimized + debuginfo] target(s) in 0.50s
[INFO] running `Command { std: "docker" "inspect" "391ef554ca9cc19b9e9c6520d7244b533c09ba9924d127d3b27a7b5e0e721656", kill_on_drop: false }`
[INFO] running `Command { std: "docker" "rm" "-f" "391ef554ca9cc19b9e9c6520d7244b533c09ba9924d127d3b27a7b5e0e721656", kill_on_drop: false }`
[INFO] [stdout] 391ef554ca9cc19b9e9c6520d7244b533c09ba9924d127d3b27a7b5e0e721656
[INFO] running `Command { std: "docker" "create" "-v" "/var/lib/crater-agent-workspace/builds/worker-5-tc1/target:/opt/rustwide/target:rw,Z" "-v" "/var/lib/crater-agent-workspace/builds/worker-5-tc1/source:/opt/rustwide/workdir:ro,Z" "-v" "/var/lib/crater-agent-workspace/cargo-home:/opt/rustwide/cargo-home:ro,Z" "-v" "/var/lib/crater-agent-workspace/rustup-home:/opt/rustwide/rustup-home:ro,Z" "-e" "SOURCE_DIR=/opt/rustwide/workdir" "-e" "CARGO_TARGET_DIR=/opt/rustwide/target" "-e" "CARGO_INCREMENTAL=0" "-e" "RUST_BACKTRACE=full" "-e" "RUSTFLAGS=--cap-lints=forbid" "-e" "RUSTDOCFLAGS=--cap-lints=forbid" "-e" "CARGO_HOME=/opt/rustwide/cargo-home" "-e" "RUSTUP_HOME=/opt/rustwide/rustup-home" "-w" "/opt/rustwide/workdir" "-m" "1610612736" "--user" "0:0" "--network" "none" "ghcr.io/rust-lang/crates-build-env/linux@sha256:4a844ea9eb2546a2d2c7022eacef16ef2e8229c7fbb2c7d4d55a9ceca922f72d" "/opt/rustwide/cargo-home/bin/cargo" "+nightly-2024-10-28" "test" "--frozen", kill_on_drop: false }`
[INFO] [stdout] 943fbc91c7f4aa977b7122352331ce67e29f320896765087bbd126b63b271f63
[INFO] running `Command { std: "docker" "start" "-a" "943fbc91c7f4aa977b7122352331ce67e29f320896765087bbd126b63b271f63", kill_on_drop: false }`
[INFO] [stderr]     Finished `test` profile [unoptimized + debuginfo] target(s) in 0.03s
[INFO] [stderr]      Running unittests src/lib.rs (/opt/rustwide/target/debug/deps/googleapis_tonic_google_cloud_notebooks_v2-8d6a630c3cb7b0b1)
[INFO] [stdout] 
[INFO] [stdout] running 0 tests
[INFO] [stdout] 
[INFO] [stdout] test result: ok. 0 passed; 0 failed; 0 ignored; 0 measured; 0 filtered out; finished in 0.00s
[INFO] [stdout] 
[INFO] [stderr]    Doc-tests googleapis_tonic_google_cloud_notebooks_v2
[INFO] [stdout] 
[INFO] [stdout] running 1 test
[INFO] [stdout] test src/vec_u8_hash_map/google.cloud.notebooks.v2.rs - vec_u8_hash_map::google::cloud::notebooks::v2::Instance::health_info (line 722) ... FAILED
[INFO] [stdout] 
[INFO] [stdout] failures:
[INFO] [stdout] 
[INFO] [stdout] ---- src/vec_u8_hash_map/google.cloud.notebooks.v2.rs - vec_u8_hash_map::google::cloud::notebooks::v2::Instance::health_info (line 722) stdout ----
[INFO] [stdout] error: prefix `healthInfo` is unknown
[INFO] [stdout]  --> src/vec_u8_hash_map/google.cloud.notebooks.v2.rs:723:2
[INFO] [stdout]   |
[INFO] [stdout] 1 |  healthInfo": {
[INFO] [stdout]   |  ^^^^^^^^^^ unknown prefix
[INFO] [stdout]   |
[INFO] [stdout]   = note: prefixed identifiers and literals are reserved since Rust 2021
[INFO] [stdout] help: consider inserting whitespace here
[INFO] [stdout]   |
[INFO] [stdout] 1 |  healthInfo ": {
[INFO] [stdout]   |            +
[INFO] [stdout] 
[INFO] [stdout] error[E0765]: unterminated double quote string
[INFO] [stdout]  --> src/vec_u8_hash_map/google.cloud.notebooks.v2.rs:728:42
[INFO] [stdout]   |
[INFO] [stdout] 6 |      "updated": "2020-10-18 09:40:03.573409"
[INFO] [stdout]   |  __________________________________________^
[INFO] [stdout] 7 | |  }
[INFO] [stdout]   | |__^
[INFO] [stdout] 
[INFO] [stdout] error: aborting due to 2 previous errors
[INFO] [stdout] 
[INFO] [stdout] For more information about this error, try `rustc --explain E0765`.
[INFO] [stdout] Couldn't compile the test.
[INFO] [stdout] 
[INFO] [stdout] failures:
[INFO] [stdout]     src/vec_u8_hash_map/google.cloud.notebooks.v2.rs - vec_u8_hash_map::google::cloud::notebooks::v2::Instance::health_info (line 722)
[INFO] [stdout] 
[INFO] [stdout] test result: FAILED. 0 passed; 1 failed; 0 ignored; 0 measured; 0 filtered out; finished in 0.03s
[INFO] [stdout] 
[INFO] [stderr] error: doctest failed, to rerun pass `--doc`
[INFO] running `Command { std: "docker" "inspect" "943fbc91c7f4aa977b7122352331ce67e29f320896765087bbd126b63b271f63", kill_on_drop: false }`
[INFO] running `Command { std: "docker" "rm" "-f" "943fbc91c7f4aa977b7122352331ce67e29f320896765087bbd126b63b271f63", kill_on_drop: false }`
[INFO] [stdout] 943fbc91c7f4aa977b7122352331ce67e29f320896765087bbd126b63b271f63
