[INFO] fetching crate googleapis-tonic-google-cloud-notebooks-v1 0.9.0...
[INFO] testing googleapis-tonic-google-cloud-notebooks-v1-0.9.0 against nightly-2024-10-28+rustflags=-Zrandomize-layout for randomize-layout
[INFO] extracting crate googleapis-tonic-google-cloud-notebooks-v1 0.9.0 into /workspace/builds/worker-6-tc2/source
[INFO] validating manifest of crates.io crate googleapis-tonic-google-cloud-notebooks-v1 0.9.0 on toolchain nightly-2024-10-28
[INFO] running `Command { std: CARGO_HOME="/workspace/cargo-home" RUSTUP_HOME="/workspace/rustup-home" "/workspace/cargo-home/bin/cargo" "+nightly-2024-10-28" "metadata" "--manifest-path" "Cargo.toml" "--no-deps", kill_on_drop: false }`
[INFO] started tweaking crates.io crate googleapis-tonic-google-cloud-notebooks-v1 0.9.0
[INFO] finished tweaking crates.io crate googleapis-tonic-google-cloud-notebooks-v1 0.9.0
[INFO] tweaked toml for crates.io crate googleapis-tonic-google-cloud-notebooks-v1 0.9.0 written to /workspace/builds/worker-6-tc2/source/Cargo.toml
[INFO] running `Command { std: CARGO_HOME="/workspace/cargo-home" RUSTUP_HOME="/workspace/rustup-home" "/workspace/cargo-home/bin/cargo" "+nightly-2024-10-28" "generate-lockfile" "--manifest-path" "Cargo.toml", kill_on_drop: false }`
[INFO] [stderr]     Updating crates.io index
[INFO] [stderr]      Locking 57 packages to latest compatible versions
[INFO] [stderr]       Adding googleapis-tonic-google-api v0.9.0 (available: v0.10.0)
[INFO] [stderr]       Adding googleapis-tonic-google-longrunning v0.9.0 (available: v0.10.0)
[INFO] running `Command { std: CARGO_HOME="/workspace/cargo-home" RUSTUP_HOME="/workspace/rustup-home" "/workspace/cargo-home/bin/cargo" "+nightly-2024-10-28" "fetch" "--manifest-path" "Cargo.toml", kill_on_drop: false }`
[INFO] running `Command { std: "docker" "create" "-v" "/var/lib/crater-agent-workspace/builds/worker-6-tc2/target:/opt/rustwide/target:rw,Z" "-v" "/var/lib/crater-agent-workspace/builds/worker-6-tc2/source:/opt/rustwide/workdir:ro,Z" "-v" "/var/lib/crater-agent-workspace/cargo-home:/opt/rustwide/cargo-home:ro,Z" "-v" "/var/lib/crater-agent-workspace/rustup-home:/opt/rustwide/rustup-home:ro,Z" "-e" "SOURCE_DIR=/opt/rustwide/workdir" "-e" "CARGO_TARGET_DIR=/opt/rustwide/target" "-e" "CARGO_HOME=/opt/rustwide/cargo-home" "-e" "RUSTUP_HOME=/opt/rustwide/rustup-home" "-w" "/opt/rustwide/workdir" "-m" "1610612736" "--user" "0:0" "--network" "none" "ghcr.io/rust-lang/crates-build-env/linux@sha256:4a844ea9eb2546a2d2c7022eacef16ef2e8229c7fbb2c7d4d55a9ceca922f72d" "/opt/rustwide/cargo-home/bin/cargo" "+nightly-2024-10-28" "metadata" "--no-deps" "--format-version=1", kill_on_drop: false }`
[INFO] [stdout] 521e9227dc9f1a0f5f6ae99a17753f8d4624ab35f2a49512b96ff8ba6ce33ca8
[INFO] running `Command { std: "docker" "start" "-a" "521e9227dc9f1a0f5f6ae99a17753f8d4624ab35f2a49512b96ff8ba6ce33ca8", kill_on_drop: false }`
[INFO] running `Command { std: "docker" "inspect" "521e9227dc9f1a0f5f6ae99a17753f8d4624ab35f2a49512b96ff8ba6ce33ca8", kill_on_drop: false }`
[INFO] running `Command { std: "docker" "rm" "-f" "521e9227dc9f1a0f5f6ae99a17753f8d4624ab35f2a49512b96ff8ba6ce33ca8", kill_on_drop: false }`
[INFO] [stdout] 521e9227dc9f1a0f5f6ae99a17753f8d4624ab35f2a49512b96ff8ba6ce33ca8
[INFO] running `Command { std: "docker" "create" "-v" "/var/lib/crater-agent-workspace/builds/worker-6-tc2/target:/opt/rustwide/target:rw,Z" "-v" "/var/lib/crater-agent-workspace/builds/worker-6-tc2/source:/opt/rustwide/workdir:ro,Z" "-v" "/var/lib/crater-agent-workspace/cargo-home:/opt/rustwide/cargo-home:ro,Z" "-v" "/var/lib/crater-agent-workspace/rustup-home:/opt/rustwide/rustup-home:ro,Z" "-e" "SOURCE_DIR=/opt/rustwide/workdir" "-e" "CARGO_TARGET_DIR=/opt/rustwide/target" "-e" "CARGO_INCREMENTAL=0" "-e" "RUST_BACKTRACE=full" "-e" "RUSTFLAGS=--cap-lints=forbid -Zrandomize-layout" "-e" "RUSTDOCFLAGS=--cap-lints=forbid" "-e" "CARGO_HOME=/opt/rustwide/cargo-home" "-e" "RUSTUP_HOME=/opt/rustwide/rustup-home" "-w" "/opt/rustwide/workdir" "-m" "1610612736" "--user" "0:0" "--network" "none" "ghcr.io/rust-lang/crates-build-env/linux@sha256:4a844ea9eb2546a2d2c7022eacef16ef2e8229c7fbb2c7d4d55a9ceca922f72d" "/opt/rustwide/cargo-home/bin/cargo" "+nightly-2024-10-28" "build" "--frozen" "--message-format=json", kill_on_drop: false }`
[INFO] [stdout] 77f47dca3c853314ff308b5e02f71f19ab360667e2badcf9392f8701f7cbbc4b
[INFO] running `Command { std: "docker" "start" "-a" "77f47dca3c853314ff308b5e02f71f19ab360667e2badcf9392f8701f7cbbc4b", kill_on_drop: false }`
[INFO] [stderr]    Compiling googleapis-tonic-google-rpc v0.8.0
[INFO] [stderr]    Compiling googleapis-tonic-google-longrunning v0.9.0
[INFO] [stderr]    Compiling googleapis-tonic-google-cloud-notebooks-v1 v0.9.0 (/opt/rustwide/workdir)
[INFO] [stderr]     Finished `dev` profile [unoptimized + debuginfo] target(s) in 2.16s
[INFO] running `Command { std: "docker" "inspect" "77f47dca3c853314ff308b5e02f71f19ab360667e2badcf9392f8701f7cbbc4b", kill_on_drop: false }`
[INFO] running `Command { std: "docker" "rm" "-f" "77f47dca3c853314ff308b5e02f71f19ab360667e2badcf9392f8701f7cbbc4b", kill_on_drop: false }`
[INFO] [stdout] 77f47dca3c853314ff308b5e02f71f19ab360667e2badcf9392f8701f7cbbc4b
[INFO] running `Command { std: "docker" "create" "-v" "/var/lib/crater-agent-workspace/builds/worker-6-tc2/target:/opt/rustwide/target:rw,Z" "-v" "/var/lib/crater-agent-workspace/builds/worker-6-tc2/source:/opt/rustwide/workdir:ro,Z" "-v" "/var/lib/crater-agent-workspace/cargo-home:/opt/rustwide/cargo-home:ro,Z" "-v" "/var/lib/crater-agent-workspace/rustup-home:/opt/rustwide/rustup-home:ro,Z" "-e" "SOURCE_DIR=/opt/rustwide/workdir" "-e" "CARGO_TARGET_DIR=/opt/rustwide/target" "-e" "CARGO_INCREMENTAL=0" "-e" "RUST_BACKTRACE=full" "-e" "RUSTFLAGS=--cap-lints=forbid -Zrandomize-layout" "-e" "RUSTDOCFLAGS=--cap-lints=forbid" "-e" "CARGO_HOME=/opt/rustwide/cargo-home" "-e" "RUSTUP_HOME=/opt/rustwide/rustup-home" "-w" "/opt/rustwide/workdir" "-m" "1610612736" "--user" "0:0" "--network" "none" "ghcr.io/rust-lang/crates-build-env/linux@sha256:4a844ea9eb2546a2d2c7022eacef16ef2e8229c7fbb2c7d4d55a9ceca922f72d" "/opt/rustwide/cargo-home/bin/cargo" "+nightly-2024-10-28" "test" "--frozen" "--no-run" "--message-format=json", kill_on_drop: false }`
[INFO] [stdout] 2272872b7efcb21ed42152433eb98e86957dc7692fc025eede93b752e2daaec5
[INFO] running `Command { std: "docker" "start" "-a" "2272872b7efcb21ed42152433eb98e86957dc7692fc025eede93b752e2daaec5", kill_on_drop: false }`
[INFO] [stderr]    Compiling googleapis-tonic-google-cloud-notebooks-v1 v0.9.0 (/opt/rustwide/workdir)
[INFO] [stderr]     Finished `test` profile [unoptimized + debuginfo] target(s) in 1.33s
[INFO] running `Command { std: "docker" "inspect" "2272872b7efcb21ed42152433eb98e86957dc7692fc025eede93b752e2daaec5", kill_on_drop: false }`
[INFO] running `Command { std: "docker" "rm" "-f" "2272872b7efcb21ed42152433eb98e86957dc7692fc025eede93b752e2daaec5", kill_on_drop: false }`
[INFO] [stdout] 2272872b7efcb21ed42152433eb98e86957dc7692fc025eede93b752e2daaec5
[INFO] running `Command { std: "docker" "create" "-v" "/var/lib/crater-agent-workspace/builds/worker-6-tc2/target:/opt/rustwide/target:rw,Z" "-v" "/var/lib/crater-agent-workspace/builds/worker-6-tc2/source:/opt/rustwide/workdir:ro,Z" "-v" "/var/lib/crater-agent-workspace/cargo-home:/opt/rustwide/cargo-home:ro,Z" "-v" "/var/lib/crater-agent-workspace/rustup-home:/opt/rustwide/rustup-home:ro,Z" "-e" "SOURCE_DIR=/opt/rustwide/workdir" "-e" "CARGO_TARGET_DIR=/opt/rustwide/target" "-e" "CARGO_INCREMENTAL=0" "-e" "RUST_BACKTRACE=full" "-e" "RUSTFLAGS=--cap-lints=forbid -Zrandomize-layout" "-e" "RUSTDOCFLAGS=--cap-lints=forbid" "-e" "CARGO_HOME=/opt/rustwide/cargo-home" "-e" "RUSTUP_HOME=/opt/rustwide/rustup-home" "-w" "/opt/rustwide/workdir" "-m" "1610612736" "--user" "0:0" "--network" "none" "ghcr.io/rust-lang/crates-build-env/linux@sha256:4a844ea9eb2546a2d2c7022eacef16ef2e8229c7fbb2c7d4d55a9ceca922f72d" "/opt/rustwide/cargo-home/bin/cargo" "+nightly-2024-10-28" "test" "--frozen", kill_on_drop: false }`
[INFO] [stdout] c4ff2fe7ab830a53ee5756b73fdd720c04d96b9388606b1059cf7910ff7ff8f4
[INFO] running `Command { std: "docker" "start" "-a" "c4ff2fe7ab830a53ee5756b73fdd720c04d96b9388606b1059cf7910ff7ff8f4", kill_on_drop: false }`
[INFO] [stderr]     Finished `test` profile [unoptimized + debuginfo] target(s) in 0.05s
[INFO] [stderr]      Running unittests src/lib.rs (/opt/rustwide/target/debug/deps/googleapis_tonic_google_cloud_notebooks_v1-2d1e1dc1d2496e45)
[INFO] [stdout] 
[INFO] [stdout] running 0 tests
[INFO] [stdout] 
[INFO] [stdout] test result: ok. 0 passed; 0 failed; 0 ignored; 0 measured; 0 filtered out; finished in 0.00s
[INFO] [stdout] 
[INFO] [stderr]    Doc-tests googleapis_tonic_google_cloud_notebooks_v1
[INFO] [stdout] 
[INFO] [stdout] running 4 tests
[INFO] [stdout] test src/vec_u8_hash_map/google.cloud.notebooks.v1.rs - vec_u8_hash_map::google::cloud::notebooks::v1::ListSchedulesResponse::unreachable (line 3668) ... FAILED
[INFO] [stdout] test src/vec_u8_hash_map/google.cloud.notebooks.v1.rs - vec_u8_hash_map::google::cloud::notebooks::v1::UpdateRuntimeRequest::update_mask (line 2510) ... FAILED
[INFO] [stdout] test src/vec_u8_hash_map/google.cloud.notebooks.v1.rs - vec_u8_hash_map::google::cloud::notebooks::v1::ListExecutionsResponse::unreachable (line 3746) ... FAILED
[INFO] [stdout] test src/vec_u8_hash_map/google.cloud.notebooks.v1.rs - vec_u8_hash_map::google::cloud::notebooks::v1::VirtualMachineConfig::reserved_ip_range (line 2286) ... FAILED
[INFO] [stdout] 
[INFO] [stdout] failures:
[INFO] [stdout] 
[INFO] [stdout] ---- src/vec_u8_hash_map/google.cloud.notebooks.v1.rs - vec_u8_hash_map::google::cloud::notebooks::v1::ListSchedulesResponse::unreachable (line 3668) stdout ----
[INFO] [stdout] error: prefix `monthly_digest` is unknown
[INFO] [stdout]  --> src/vec_u8_hash_map/google.cloud.notebooks.v1.rs:3669:56
[INFO] [stdout]   |
[INFO] [stdout] 1 |  ['projects/{project_id}/location/{location}/schedules/monthly_digest',
[INFO] [stdout]   |                                                        ^^^^^^^^^^^^^^ unknown prefix
[INFO] [stdout]   |
[INFO] [stdout]   = note: prefixed identifiers and literals are reserved since Rust 2021
[INFO] [stdout] help: consider inserting whitespace here
[INFO] [stdout]   |
[INFO] [stdout] 1 |  ['projects/{project_id}/location/{location}/schedules/monthly_digest ',
[INFO] [stdout]   |                                                                      +
[INFO] [stdout] 
[INFO] [stdout] error[E0762]: unterminated character literal
[INFO] [stdout]  --> src/vec_u8_hash_map/google.cloud.notebooks.v1.rs:3669:70
[INFO] [stdout]   |
[INFO] [stdout] 1 |  ['projects/{project_id}/location/{location}/schedules/monthly_digest',
[INFO] [stdout]   |                                                                      ^^
[INFO] [stdout] 
[INFO] [stdout] error: aborting due to 2 previous errors
[INFO] [stdout] 
[INFO] [stdout] For more information about this error, try `rustc --explain E0762`.
[INFO] [stdout] Couldn't compile the test.
[INFO] [stdout] ---- src/vec_u8_hash_map/google.cloud.notebooks.v1.rs - vec_u8_hash_map::google::cloud::notebooks::v1::UpdateRuntimeRequest::update_mask (line 2510) stdout ----
[INFO] [stdout] error: character literal may only contain one codepoint
[INFO] [stdout]  --> src/vec_u8_hash_map/google.cloud.notebooks.v1.rs:2514:9
[INFO] [stdout]   |
[INFO] [stdout] 4 |         'repository':
[INFO] [stdout]   |         ^^^^^^^^^^^^
[INFO] [stdout]   |
[INFO] [stdout] help: if you meant to write a string literal, use double quotes
[INFO] [stdout]   |
[INFO] [stdout] 4 |         "repository":
[INFO] [stdout]   |         ~          ~
[INFO] [stdout] 
[INFO] [stdout] error: prefix `gpu` is unknown
[INFO] [stdout]  --> src/vec_u8_hash_map/google.cloud.notebooks.v1.rs:2515:55
[INFO] [stdout]   |
[INFO] [stdout] 5 |         'gcr.io/deeplearning-platform-release/pytorch-gpu', 'tag':
[INFO] [stdout]   |                                                       ^^^ unknown prefix
[INFO] [stdout]   |
[INFO] [stdout]   = note: prefixed identifiers and literals are reserved since Rust 2021
[INFO] [stdout] help: if you meant to write a string literal, use double quotes
[INFO] [stdout]   |
[INFO] [stdout] 5 |         "gcr.io/deeplearning-platform-release/pytorch-gpu", 'tag':
[INFO] [stdout]   |         ~                                                ~
[INFO] [stdout] 
[INFO] [stdout] error: character literal may only contain one codepoint
[INFO] [stdout]  --> src/vec_u8_hash_map/google.cloud.notebooks.v1.rs:2515:58
[INFO] [stdout]   |
[INFO] [stdout] 5 |         'gcr.io/deeplearning-platform-release/pytorch-gpu', 'tag':
[INFO] [stdout]   |                                                          ^^^^
[INFO] [stdout]   |
[INFO] [stdout] note: there are non-printing characters, the full sequence is `, `
[INFO] [stdout]  --> src/vec_u8_hash_map/google.cloud.notebooks.v1.rs:2515:59
[INFO] [stdout]   |
[INFO] [stdout] 5 |         'gcr.io/deeplearning-platform-release/pytorch-gpu', 'tag':
[INFO] [stdout]   |                                                           ^^
[INFO] [stdout] help: consider removing the non-printing characters
[INFO] [stdout]   |
[INFO] [stdout] 5 |         'gcr.io/deeplearning-platform-release/pytorch-gpu','tag':
[INFO] [stdout]   |                                                           ~
[INFO] [stdout] 
[INFO] [stdout] error[E0762]: unterminated character literal
[INFO] [stdout]  --> src/vec_u8_hash_map/google.cloud.notebooks.v1.rs:2515:65
[INFO] [stdout]   |
[INFO] [stdout] 5 |         'gcr.io/deeplearning-platform-release/pytorch-gpu', 'tag':
[INFO] [stdout]   |                                                                 ^^
[INFO] [stdout]   |
[INFO] [stdout] help: if you meant to write a string literal, use double quotes
[INFO] [stdout]   |
[INFO] [stdout] 5 |         "gcr.io/deeplearning-platform-release/pytorch-gpu', 'tag":
[INFO] [stdout]   |         ~                                                       ~
[INFO] [stdout] 
[INFO] [stdout] error: aborting due to 4 previous errors
[INFO] [stdout] 
[INFO] [stdout] For more information about this error, try `rustc --explain E0762`.
[INFO] [stdout] Couldn't compile the test.
[INFO] [stdout] ---- src/vec_u8_hash_map/google.cloud.notebooks.v1.rs - vec_u8_hash_map::google::cloud::notebooks::v1::ListExecutionsResponse::unreachable (line 3746) stdout ----
[INFO] [stdout] error: prefix `imagenet_test1` is unknown
[INFO] [stdout]  --> src/vec_u8_hash_map/google.cloud.notebooks.v1.rs:3747:57
[INFO] [stdout]   |
[INFO] [stdout] 1 |  ['projects/{project_id}/location/{location}/executions/imagenet_test1',
[INFO] [stdout]   |                                                         ^^^^^^^^^^^^^^ unknown prefix
[INFO] [stdout]   |
[INFO] [stdout]   = note: prefixed identifiers and literals are reserved since Rust 2021
[INFO] [stdout] help: consider inserting whitespace here
[INFO] [stdout]   |
[INFO] [stdout] 1 |  ['projects/{project_id}/location/{location}/executions/imagenet_test1 ',
[INFO] [stdout]   |                                                                       +
[INFO] [stdout] 
[INFO] [stdout] error[E0762]: unterminated character literal
[INFO] [stdout]  --> src/vec_u8_hash_map/google.cloud.notebooks.v1.rs:3747:71
[INFO] [stdout]   |
[INFO] [stdout] 1 |  ['projects/{project_id}/location/{location}/executions/imagenet_test1',
[INFO] [stdout]   |                                                                       ^^
[INFO] [stdout] 
[INFO] [stdout] error: aborting due to 2 previous errors
[INFO] [stdout] 
[INFO] [stdout] For more information about this error, try `rustc --explain E0762`.
[INFO] [stdout] Couldn't compile the test.
[INFO] [stdout] ---- src/vec_u8_hash_map/google.cloud.notebooks.v1.rs - vec_u8_hash_map::google::cloud::notebooks::v1::VirtualMachineConfig::reserved_ip_range (line 2286) stdout ----
[INFO] [stdout] error: unknown start of token: \
[INFO] [stdout]  --> src/vec_u8_hash_map/google.cloud.notebooks.v1.rs:2288:56
[INFO] [stdout]   |
[INFO] [stdout] 4 |  gcloud compute addresses create $PEERING_RANGE_NAME_3 \
[INFO] [stdout]   |                                                        ^
[INFO] [stdout] 
[INFO] [stdout] error: unknown start of token: \
[INFO] [stdout]  --> src/vec_u8_hash_map/google.cloud.notebooks.v1.rs:2289:13
[INFO] [stdout]   |
[INFO] [stdout] 5 |    --global \
[INFO] [stdout]   |             ^
[INFO] [stdout] 
[INFO] [stdout] error: unknown start of token: \
[INFO] [stdout]  --> src/vec_u8_hash_map/google.cloud.notebooks.v1.rs:2290:23
[INFO] [stdout]   |
[INFO] [stdout] 6 |    --prefix-length=24 \
[INFO] [stdout]   |                       ^
[INFO] [stdout] 
[INFO] [stdout] error: unknown start of token: \
[INFO] [stdout]  --> src/vec_u8_hash_map/google.cloud.notebooks.v1.rs:2291:62
[INFO] [stdout]   |
[INFO] [stdout] 7 |    --description="Google Cloud Managed Notebooks Range 24 c" \
[INFO] [stdout]   |                                                              ^
[INFO] [stdout] 
[INFO] [stdout] error: unknown start of token: \
[INFO] [stdout]  --> src/vec_u8_hash_map/google.cloud.notebooks.v1.rs:2292:23
[INFO] [stdout]   |
[INFO] [stdout] 8 |    --network=$NETWORK \
[INFO] [stdout]   |                       ^
[INFO] [stdout] 
[INFO] [stdout] error: unknown start of token: \
[INFO] [stdout]  --> src/vec_u8_hash_map/google.cloud.notebooks.v1.rs:2293:28
[INFO] [stdout]   |
[INFO] [stdout] 9 |    --addresses=192.168.0.0 \
[INFO] [stdout]   |                            ^
[INFO] [stdout] 
[INFO] [stdout] error: expected `;`, found `gcloud`
[INFO] [stdout]  --> src/vec_u8_hash_map/google.cloud.notebooks.v1.rs:2287:47
[INFO] [stdout]   |
[INFO] [stdout] 3 | PEERING_RANGE_NAME_3=managed-notebooks-range-c
[INFO] [stdout]   |                                               ^ help: add `;` here
[INFO] [stdout] 4 |  gcloud compute addresses create $PEERING_RANGE_NAME_3 \
[INFO] [stdout]   |  ------ unexpected token
[INFO] [stdout] 
[INFO] [stdout] error: expected one of `!`, `.`, `::`, `;`, `?`, `{`, `}`, or an operator, found `compute`
[INFO] [stdout]  --> src/vec_u8_hash_map/google.cloud.notebooks.v1.rs:2288:9
[INFO] [stdout]   |
[INFO] [stdout] 4 |  gcloud compute addresses create $PEERING_RANGE_NAME_3 \
[INFO] [stdout]   |         ^^^^^^^ expected one of 8 possible tokens
[INFO] [stdout] 
[INFO] [stdout] error: aborting due to 8 previous errors
[INFO] [stdout] 
[INFO] [stdout] Couldn't compile the test.
[INFO] [stdout] 
[INFO] [stdout] failures:
[INFO] [stdout]     src/vec_u8_hash_map/google.cloud.notebooks.v1.rs - vec_u8_hash_map::google::cloud::notebooks::v1::ListExecutionsResponse::unreachable (line 3746)
[INFO] [stdout]     src/vec_u8_hash_map/google.cloud.notebooks.v1.rs - vec_u8_hash_map::google::cloud::notebooks::v1::ListSchedulesResponse::unreachable (line 3668)
[INFO] [stdout]     src/vec_u8_hash_map/google.cloud.notebooks.v1.rs - vec_u8_hash_map::google::cloud::notebooks::v1::UpdateRuntimeRequest::update_mask (line 2510)
[INFO] [stdout]     src/vec_u8_hash_map/google.cloud.notebooks.v1.rs - vec_u8_hash_map::google::cloud::notebooks::v1::VirtualMachineConfig::reserved_ip_range (line 2286)
[INFO] [stdout] 
[INFO] [stdout] test result: FAILED. 0 passed; 4 failed; 0 ignored; 0 measured; 0 filtered out; finished in 0.03s
[INFO] [stdout] 
[INFO] [stderr] error: doctest failed, to rerun pass `--doc`
[INFO] running `Command { std: "docker" "inspect" "c4ff2fe7ab830a53ee5756b73fdd720c04d96b9388606b1059cf7910ff7ff8f4", kill_on_drop: false }`
[INFO] running `Command { std: "docker" "rm" "-f" "c4ff2fe7ab830a53ee5756b73fdd720c04d96b9388606b1059cf7910ff7ff8f4", kill_on_drop: false }`
[INFO] [stdout] c4ff2fe7ab830a53ee5756b73fdd720c04d96b9388606b1059cf7910ff7ff8f4
