[INFO] fetching crate googleapis-tonic-google-cloud-identitytoolkit-logging 0.8.0...
[INFO] testing googleapis-tonic-google-cloud-identitytoolkit-logging-0.8.0 against nightly-2024-10-28+rustflags=-Zrandomize-layout for randomize-layout
[INFO] extracting crate googleapis-tonic-google-cloud-identitytoolkit-logging 0.8.0 into /workspace/builds/worker-4-tc2/source
[INFO] validating manifest of crates.io crate googleapis-tonic-google-cloud-identitytoolkit-logging 0.8.0 on toolchain nightly-2024-10-28
[INFO] running `Command { std: CARGO_HOME="/workspace/cargo-home" RUSTUP_HOME="/workspace/rustup-home" "/workspace/cargo-home/bin/cargo" "+nightly-2024-10-28" "metadata" "--manifest-path" "Cargo.toml" "--no-deps", kill_on_drop: false }`
[INFO] started tweaking crates.io crate googleapis-tonic-google-cloud-identitytoolkit-logging 0.8.0
[INFO] finished tweaking crates.io crate googleapis-tonic-google-cloud-identitytoolkit-logging 0.8.0
[INFO] tweaked toml for crates.io crate googleapis-tonic-google-cloud-identitytoolkit-logging 0.8.0 written to /workspace/builds/worker-4-tc2/source/Cargo.toml
[INFO] running `Command { std: CARGO_HOME="/workspace/cargo-home" RUSTUP_HOME="/workspace/rustup-home" "/workspace/cargo-home/bin/cargo" "+nightly-2024-10-28" "generate-lockfile" "--manifest-path" "Cargo.toml", kill_on_drop: false }`
[INFO] [stderr]     Updating crates.io index
[INFO] [stderr]      Locking 55 packages to latest compatible versions
[INFO] running `Command { std: CARGO_HOME="/workspace/cargo-home" RUSTUP_HOME="/workspace/rustup-home" "/workspace/cargo-home/bin/cargo" "+nightly-2024-10-28" "fetch" "--manifest-path" "Cargo.toml", kill_on_drop: false }`
[INFO] running `Command { std: "docker" "create" "-v" "/var/lib/crater-agent-workspace/builds/worker-4-tc2/target:/opt/rustwide/target:rw,Z" "-v" "/var/lib/crater-agent-workspace/builds/worker-4-tc2/source:/opt/rustwide/workdir:ro,Z" "-v" "/var/lib/crater-agent-workspace/cargo-home:/opt/rustwide/cargo-home:ro,Z" "-v" "/var/lib/crater-agent-workspace/rustup-home:/opt/rustwide/rustup-home:ro,Z" "-e" "SOURCE_DIR=/opt/rustwide/workdir" "-e" "CARGO_TARGET_DIR=/opt/rustwide/target" "-e" "CARGO_HOME=/opt/rustwide/cargo-home" "-e" "RUSTUP_HOME=/opt/rustwide/rustup-home" "-w" "/opt/rustwide/workdir" "-m" "1610612736" "--user" "0:0" "--network" "none" "ghcr.io/rust-lang/crates-build-env/linux@sha256:4a844ea9eb2546a2d2c7022eacef16ef2e8229c7fbb2c7d4d55a9ceca922f72d" "/opt/rustwide/cargo-home/bin/cargo" "+nightly-2024-10-28" "metadata" "--no-deps" "--format-version=1", kill_on_drop: false }`
[INFO] [stdout] e670785a12c674d4fc45331d01207f2564c5a02c7d34142549f6ab3a0df06767
[INFO] running `Command { std: "docker" "start" "-a" "e670785a12c674d4fc45331d01207f2564c5a02c7d34142549f6ab3a0df06767", kill_on_drop: false }`
[INFO] running `Command { std: "docker" "inspect" "e670785a12c674d4fc45331d01207f2564c5a02c7d34142549f6ab3a0df06767", kill_on_drop: false }`
[INFO] running `Command { std: "docker" "rm" "-f" "e670785a12c674d4fc45331d01207f2564c5a02c7d34142549f6ab3a0df06767", kill_on_drop: false }`
[INFO] [stdout] e670785a12c674d4fc45331d01207f2564c5a02c7d34142549f6ab3a0df06767
[INFO] running `Command { std: "docker" "create" "-v" "/var/lib/crater-agent-workspace/builds/worker-4-tc2/target:/opt/rustwide/target:rw,Z" "-v" "/var/lib/crater-agent-workspace/builds/worker-4-tc2/source:/opt/rustwide/workdir:ro,Z" "-v" "/var/lib/crater-agent-workspace/cargo-home:/opt/rustwide/cargo-home:ro,Z" "-v" "/var/lib/crater-agent-workspace/rustup-home:/opt/rustwide/rustup-home:ro,Z" "-e" "SOURCE_DIR=/opt/rustwide/workdir" "-e" "CARGO_TARGET_DIR=/opt/rustwide/target" "-e" "CARGO_INCREMENTAL=0" "-e" "RUST_BACKTRACE=full" "-e" "RUSTFLAGS=--cap-lints=forbid -Zrandomize-layout" "-e" "RUSTDOCFLAGS=--cap-lints=forbid" "-e" "CARGO_HOME=/opt/rustwide/cargo-home" "-e" "RUSTUP_HOME=/opt/rustwide/rustup-home" "-w" "/opt/rustwide/workdir" "-m" "1610612736" "--user" "0:0" "--network" "none" "ghcr.io/rust-lang/crates-build-env/linux@sha256:4a844ea9eb2546a2d2c7022eacef16ef2e8229c7fbb2c7d4d55a9ceca922f72d" "/opt/rustwide/cargo-home/bin/cargo" "+nightly-2024-10-28" "build" "--frozen" "--message-format=json", kill_on_drop: false }`
[INFO] [stdout] 6b32a86148b883e8cede2260ed3dfd011e5c34156ea00011d32b33fddad9d932
[INFO] running `Command { std: "docker" "start" "-a" "6b32a86148b883e8cede2260ed3dfd011e5c34156ea00011d32b33fddad9d932", kill_on_drop: false }`
[INFO] [stderr]    Compiling either v1.13.0
[INFO] [stderr]    Compiling anyhow v1.0.92
[INFO] [stderr]    Compiling futures-task v0.3.31
[INFO] [stderr]    Compiling tokio v1.41.0
[INFO] [stderr]    Compiling tower-layer v0.3.3
[INFO] [stderr]    Compiling tracing-attributes v0.1.27
[INFO] [stderr]    Compiling pin-project-internal v1.1.7
[INFO] [stderr]    Compiling futures-util v0.3.31
[INFO] [stderr]    Compiling itertools v0.13.0
[INFO] [stderr]    Compiling pin-project v1.1.7
[INFO] [stderr]    Compiling tokio-stream v0.1.16
[INFO] [stderr]    Compiling tracing v0.1.40
[INFO] [stderr]    Compiling http-body-util v0.1.2
[INFO] [stderr]    Compiling prost-derive v0.13.3
[INFO] [stderr]    Compiling prost v0.13.3
[INFO] [stderr]    Compiling tonic v0.12.3
[INFO] [stderr]    Compiling prost-types v0.13.3
[INFO] [stderr]    Compiling googleapis-tonic-google-rpc v0.8.0
[INFO] [stderr]    Compiling googleapis-tonic-google-cloud-identitytoolkit-logging v0.8.0 (/opt/rustwide/workdir)
[INFO] [stderr]     Finished `dev` profile [unoptimized + debuginfo] target(s) in 5.09s
[INFO] running `Command { std: "docker" "inspect" "6b32a86148b883e8cede2260ed3dfd011e5c34156ea00011d32b33fddad9d932", kill_on_drop: false }`
[INFO] running `Command { std: "docker" "rm" "-f" "6b32a86148b883e8cede2260ed3dfd011e5c34156ea00011d32b33fddad9d932", kill_on_drop: false }`
[INFO] [stdout] 6b32a86148b883e8cede2260ed3dfd011e5c34156ea00011d32b33fddad9d932
[INFO] running `Command { std: "docker" "create" "-v" "/var/lib/crater-agent-workspace/builds/worker-4-tc2/target:/opt/rustwide/target:rw,Z" "-v" "/var/lib/crater-agent-workspace/builds/worker-4-tc2/source:/opt/rustwide/workdir:ro,Z" "-v" "/var/lib/crater-agent-workspace/cargo-home:/opt/rustwide/cargo-home:ro,Z" "-v" "/var/lib/crater-agent-workspace/rustup-home:/opt/rustwide/rustup-home:ro,Z" "-e" "SOURCE_DIR=/opt/rustwide/workdir" "-e" "CARGO_TARGET_DIR=/opt/rustwide/target" "-e" "CARGO_INCREMENTAL=0" "-e" "RUST_BACKTRACE=full" "-e" "RUSTFLAGS=--cap-lints=forbid -Zrandomize-layout" "-e" "RUSTDOCFLAGS=--cap-lints=forbid" "-e" "CARGO_HOME=/opt/rustwide/cargo-home" "-e" "RUSTUP_HOME=/opt/rustwide/rustup-home" "-w" "/opt/rustwide/workdir" "-m" "1610612736" "--user" "0:0" "--network" "none" "ghcr.io/rust-lang/crates-build-env/linux@sha256:4a844ea9eb2546a2d2c7022eacef16ef2e8229c7fbb2c7d4d55a9ceca922f72d" "/opt/rustwide/cargo-home/bin/cargo" "+nightly-2024-10-28" "test" "--frozen" "--no-run" "--message-format=json", kill_on_drop: false }`
[INFO] [stdout] e8021e37e2c79cc44be3e2a467dbf0f7509304709268f111ad49881fe2b6536e
[INFO] running `Command { std: "docker" "start" "-a" "e8021e37e2c79cc44be3e2a467dbf0f7509304709268f111ad49881fe2b6536e", kill_on_drop: false }`
[INFO] [stderr]    Compiling googleapis-tonic-google-cloud-identitytoolkit-logging v0.8.0 (/opt/rustwide/workdir)
[INFO] [stderr]     Finished `test` profile [unoptimized + debuginfo] target(s) in 0.12s
[INFO] running `Command { std: "docker" "inspect" "e8021e37e2c79cc44be3e2a467dbf0f7509304709268f111ad49881fe2b6536e", kill_on_drop: false }`
[INFO] running `Command { std: "docker" "rm" "-f" "e8021e37e2c79cc44be3e2a467dbf0f7509304709268f111ad49881fe2b6536e", kill_on_drop: false }`
[INFO] [stdout] e8021e37e2c79cc44be3e2a467dbf0f7509304709268f111ad49881fe2b6536e
[INFO] running `Command { std: "docker" "create" "-v" "/var/lib/crater-agent-workspace/builds/worker-4-tc2/target:/opt/rustwide/target:rw,Z" "-v" "/var/lib/crater-agent-workspace/builds/worker-4-tc2/source:/opt/rustwide/workdir:ro,Z" "-v" "/var/lib/crater-agent-workspace/cargo-home:/opt/rustwide/cargo-home:ro,Z" "-v" "/var/lib/crater-agent-workspace/rustup-home:/opt/rustwide/rustup-home:ro,Z" "-e" "SOURCE_DIR=/opt/rustwide/workdir" "-e" "CARGO_TARGET_DIR=/opt/rustwide/target" "-e" "CARGO_INCREMENTAL=0" "-e" "RUST_BACKTRACE=full" "-e" "RUSTFLAGS=--cap-lints=forbid -Zrandomize-layout" "-e" "RUSTDOCFLAGS=--cap-lints=forbid" "-e" "CARGO_HOME=/opt/rustwide/cargo-home" "-e" "RUSTUP_HOME=/opt/rustwide/rustup-home" "-w" "/opt/rustwide/workdir" "-m" "1610612736" "--user" "0:0" "--network" "none" "ghcr.io/rust-lang/crates-build-env/linux@sha256:4a844ea9eb2546a2d2c7022eacef16ef2e8229c7fbb2c7d4d55a9ceca922f72d" "/opt/rustwide/cargo-home/bin/cargo" "+nightly-2024-10-28" "test" "--frozen", kill_on_drop: false }`
[INFO] [stdout] bedb6f48ccafdd964d32971f5bb0199a4e8d67c7087f5e3d2290bcaad75bd49e
[INFO] running `Command { std: "docker" "start" "-a" "bedb6f48ccafdd964d32971f5bb0199a4e8d67c7087f5e3d2290bcaad75bd49e", kill_on_drop: false }`
[INFO] [stderr]     Finished `test` profile [unoptimized + debuginfo] target(s) in 0.03s
[INFO] [stderr]      Running unittests src/lib.rs (/opt/rustwide/target/debug/deps/googleapis_tonic_google_cloud_identitytoolkit_logging-3f08daf0d1a82a68)
[INFO] [stdout] 
[INFO] [stdout] running 0 tests
[INFO] [stdout] 
[INFO] [stdout] test result: ok. 0 passed; 0 failed; 0 ignored; 0 measured; 0 filtered out; finished in 0.00s
[INFO] [stdout] 
[INFO] [stderr]    Doc-tests googleapis_tonic_google_cloud_identitytoolkit_logging
[INFO] [stdout] 
[INFO] [stdout] running 1 test
[INFO] [stdout] test src/vec_u8_hash_map/google.cloud.identitytoolkit.logging.rs - vec_u8_hash_map::google::cloud::identitytoolkit::logging::RequestLog::method_name (line 12) ... FAILED
[INFO] [stdout] 
[INFO] [stdout] failures:
[INFO] [stdout] 
[INFO] [stdout] ---- src/vec_u8_hash_map/google.cloud.identitytoolkit.logging.rs - vec_u8_hash_map::google::cloud::identitytoolkit::logging::RequestLog::method_name (line 12) stdout ----
[INFO] [stdout] error: expected `;`, found `"google.logging.v1.LoggingService.DeleteLog"`
[INFO] [stdout]  --> src/vec_u8_hash_map/google.cloud.identitytoolkit.logging.rs:13:41
[INFO] [stdout]   |
[INFO] [stdout] 3 | "google.datastore.v1.Datastore.RunQuery"
[INFO] [stdout]   |                                         ^ help: add `;` here
[INFO] [stdout] 4 |  "google.logging.v1.LoggingService.DeleteLog"
[INFO] [stdout]   |  -------------------------------------------- unexpected token
[INFO] [stdout] 
[INFO] [stdout] error[E0308]: mismatched types
[INFO] [stdout]  --> src/vec_u8_hash_map/google.cloud.identitytoolkit.logging.rs:14:2
[INFO] [stdout]   |
[INFO] [stdout] 2 | fn main() { #[allow(non_snake_case)] fn _doctest_main_src_vec_u8_hash_map_google_cloud_identitytoolkit_logging_rs_12_0() {
[INFO] [stdout]   |                                                                                                                         - help: try adding a return type: `-> &'static str`
[INFO] [stdout] 3 | "google.datastore.v1.Datastore.RunQuery"
[INFO] [stdout] 4 |  "google.logging.v1.LoggingService.DeleteLog"
[INFO] [stdout]   |  ^^^^^^^^^^^^^^^^^^^^^^^^^^^^^^^^^^^^^^^^^^^^ expected `()`, found `&str`
[INFO] [stdout] 
[INFO] [stdout] error: aborting due to 2 previous errors
[INFO] [stdout] 
[INFO] [stdout] For more information about this error, try `rustc --explain E0308`.
[INFO] [stdout] Couldn't compile the test.
[INFO] [stdout] 
[INFO] [stdout] failures:
[INFO] [stdout]     src/vec_u8_hash_map/google.cloud.identitytoolkit.logging.rs - vec_u8_hash_map::google::cloud::identitytoolkit::logging::RequestLog::method_name (line 12)
[INFO] [stdout] 
[INFO] [stdout] test result: FAILED. 0 passed; 1 failed; 0 ignored; 0 measured; 0 filtered out; finished in 0.03s
[INFO] [stdout] 
[INFO] [stderr] error: doctest failed, to rerun pass `--doc`
[INFO] running `Command { std: "docker" "inspect" "bedb6f48ccafdd964d32971f5bb0199a4e8d67c7087f5e3d2290bcaad75bd49e", kill_on_drop: false }`
[INFO] running `Command { std: "docker" "rm" "-f" "bedb6f48ccafdd964d32971f5bb0199a4e8d67c7087f5e3d2290bcaad75bd49e", kill_on_drop: false }`
[INFO] [stdout] bedb6f48ccafdd964d32971f5bb0199a4e8d67c7087f5e3d2290bcaad75bd49e
