[INFO] fetching crate googleapis-tonic-google-cloud-gkehub-v1alpha 0.9.0...
[INFO] testing googleapis-tonic-google-cloud-gkehub-v1alpha-0.9.0 against nightly-2024-10-28 for randomize-layout
[INFO] extracting crate googleapis-tonic-google-cloud-gkehub-v1alpha 0.9.0 into /workspace/builds/worker-3-tc1/source
[INFO] validating manifest of crates.io crate googleapis-tonic-google-cloud-gkehub-v1alpha 0.9.0 on toolchain nightly-2024-10-28
[INFO] running `Command { std: CARGO_HOME="/workspace/cargo-home" RUSTUP_HOME="/workspace/rustup-home" "/workspace/cargo-home/bin/cargo" "+nightly-2024-10-28" "metadata" "--manifest-path" "Cargo.toml" "--no-deps", kill_on_drop: false }`
[INFO] started tweaking crates.io crate googleapis-tonic-google-cloud-gkehub-v1alpha 0.9.0
[INFO] finished tweaking crates.io crate googleapis-tonic-google-cloud-gkehub-v1alpha 0.9.0
[INFO] tweaked toml for crates.io crate googleapis-tonic-google-cloud-gkehub-v1alpha 0.9.0 written to /workspace/builds/worker-3-tc1/source/Cargo.toml
[INFO] running `Command { std: CARGO_HOME="/workspace/cargo-home" RUSTUP_HOME="/workspace/rustup-home" "/workspace/cargo-home/bin/cargo" "+nightly-2024-10-28" "generate-lockfile" "--manifest-path" "Cargo.toml", kill_on_drop: false }`
[INFO] [stderr]     Updating crates.io index
[INFO] [stderr]      Locking 57 packages to latest compatible versions
[INFO] [stderr]       Adding googleapis-tonic-google-api v0.9.0 (available: v0.10.0)
[INFO] [stderr]       Adding googleapis-tonic-google-longrunning v0.9.0 (available: v0.10.0)
[INFO] running `Command { std: CARGO_HOME="/workspace/cargo-home" RUSTUP_HOME="/workspace/rustup-home" "/workspace/cargo-home/bin/cargo" "+nightly-2024-10-28" "fetch" "--manifest-path" "Cargo.toml", kill_on_drop: false }`
[INFO] [stderr]  Downloading crates ...
[INFO] [stderr]   Downloaded googleapis-tonic-google-longrunning v0.9.0
[INFO] running `Command { std: "docker" "create" "-v" "/var/lib/crater-agent-workspace/builds/worker-3-tc1/target:/opt/rustwide/target:rw,Z" "-v" "/var/lib/crater-agent-workspace/builds/worker-3-tc1/source:/opt/rustwide/workdir:ro,Z" "-v" "/var/lib/crater-agent-workspace/cargo-home:/opt/rustwide/cargo-home:ro,Z" "-v" "/var/lib/crater-agent-workspace/rustup-home:/opt/rustwide/rustup-home:ro,Z" "-e" "SOURCE_DIR=/opt/rustwide/workdir" "-e" "CARGO_TARGET_DIR=/opt/rustwide/target" "-e" "CARGO_HOME=/opt/rustwide/cargo-home" "-e" "RUSTUP_HOME=/opt/rustwide/rustup-home" "-w" "/opt/rustwide/workdir" "-m" "1610612736" "--user" "0:0" "--network" "none" "ghcr.io/rust-lang/crates-build-env/linux@sha256:4a844ea9eb2546a2d2c7022eacef16ef2e8229c7fbb2c7d4d55a9ceca922f72d" "/opt/rustwide/cargo-home/bin/cargo" "+nightly-2024-10-28" "metadata" "--no-deps" "--format-version=1", kill_on_drop: false }`
[INFO] [stdout] c06bcc0843a8e3b790bedced0b12ed5d345a872e7e67fc1adfcb1e80ecad5423
[INFO] running `Command { std: "docker" "start" "-a" "c06bcc0843a8e3b790bedced0b12ed5d345a872e7e67fc1adfcb1e80ecad5423", kill_on_drop: false }`
[INFO] running `Command { std: "docker" "inspect" "c06bcc0843a8e3b790bedced0b12ed5d345a872e7e67fc1adfcb1e80ecad5423", kill_on_drop: false }`
[INFO] running `Command { std: "docker" "rm" "-f" "c06bcc0843a8e3b790bedced0b12ed5d345a872e7e67fc1adfcb1e80ecad5423", kill_on_drop: false }`
[INFO] [stdout] c06bcc0843a8e3b790bedced0b12ed5d345a872e7e67fc1adfcb1e80ecad5423
[INFO] running `Command { std: "docker" "create" "-v" "/var/lib/crater-agent-workspace/builds/worker-3-tc1/target:/opt/rustwide/target:rw,Z" "-v" "/var/lib/crater-agent-workspace/builds/worker-3-tc1/source:/opt/rustwide/workdir:ro,Z" "-v" "/var/lib/crater-agent-workspace/cargo-home:/opt/rustwide/cargo-home:ro,Z" "-v" "/var/lib/crater-agent-workspace/rustup-home:/opt/rustwide/rustup-home:ro,Z" "-e" "SOURCE_DIR=/opt/rustwide/workdir" "-e" "CARGO_TARGET_DIR=/opt/rustwide/target" "-e" "CARGO_INCREMENTAL=0" "-e" "RUST_BACKTRACE=full" "-e" "RUSTFLAGS=--cap-lints=forbid" "-e" "RUSTDOCFLAGS=--cap-lints=forbid" "-e" "CARGO_HOME=/opt/rustwide/cargo-home" "-e" "RUSTUP_HOME=/opt/rustwide/rustup-home" "-w" "/opt/rustwide/workdir" "-m" "1610612736" "--user" "0:0" "--network" "none" "ghcr.io/rust-lang/crates-build-env/linux@sha256:4a844ea9eb2546a2d2c7022eacef16ef2e8229c7fbb2c7d4d55a9ceca922f72d" "/opt/rustwide/cargo-home/bin/cargo" "+nightly-2024-10-28" "build" "--frozen" "--message-format=json", kill_on_drop: false }`
[INFO] [stdout] 5c1b0e26fa2a1413dd10c084dff9ceeb4b9ef820cd578b45ca910a444adcc958
[INFO] running `Command { std: "docker" "start" "-a" "5c1b0e26fa2a1413dd10c084dff9ceeb4b9ef820cd578b45ca910a444adcc958", kill_on_drop: false }`
[INFO] [stderr]    Compiling either v1.13.0
[INFO] [stderr]    Compiling anyhow v1.0.92
[INFO] [stderr]    Compiling tokio v1.41.0
[INFO] [stderr]    Compiling tower-layer v0.3.3
[INFO] [stderr]    Compiling pin-project-internal v1.1.7
[INFO] [stderr]    Compiling http-body-util v0.1.2
[INFO] [stderr]    Compiling itertools v0.13.0
[INFO] [stderr]    Compiling pin-project v1.1.7
[INFO] [stderr]    Compiling tokio-stream v0.1.16
[INFO] [stderr]    Compiling prost-derive v0.13.3
[INFO] [stderr]    Compiling prost v0.13.3
[INFO] [stderr]    Compiling prost-types v0.13.3
[INFO] [stderr]    Compiling tonic v0.12.3
[INFO] [stderr]    Compiling googleapis-tonic-google-api v0.9.0
[INFO] [stderr]    Compiling googleapis-tonic-google-rpc v0.8.0
[INFO] [stderr]    Compiling googleapis-tonic-google-longrunning v0.9.0
[INFO] [stderr]    Compiling googleapis-tonic-google-cloud-gkehub-v1alpha v0.9.0 (/opt/rustwide/workdir)
[INFO] [stderr]     Finished `dev` profile [unoptimized + debuginfo] target(s) in 3.89s
[INFO] running `Command { std: "docker" "inspect" "5c1b0e26fa2a1413dd10c084dff9ceeb4b9ef820cd578b45ca910a444adcc958", kill_on_drop: false }`
[INFO] running `Command { std: "docker" "rm" "-f" "5c1b0e26fa2a1413dd10c084dff9ceeb4b9ef820cd578b45ca910a444adcc958", kill_on_drop: false }`
[INFO] [stdout] 5c1b0e26fa2a1413dd10c084dff9ceeb4b9ef820cd578b45ca910a444adcc958
[INFO] running `Command { std: "docker" "create" "-v" "/var/lib/crater-agent-workspace/builds/worker-3-tc1/target:/opt/rustwide/target:rw,Z" "-v" "/var/lib/crater-agent-workspace/builds/worker-3-tc1/source:/opt/rustwide/workdir:ro,Z" "-v" "/var/lib/crater-agent-workspace/cargo-home:/opt/rustwide/cargo-home:ro,Z" "-v" "/var/lib/crater-agent-workspace/rustup-home:/opt/rustwide/rustup-home:ro,Z" "-e" "SOURCE_DIR=/opt/rustwide/workdir" "-e" "CARGO_TARGET_DIR=/opt/rustwide/target" "-e" "CARGO_INCREMENTAL=0" "-e" "RUST_BACKTRACE=full" "-e" "RUSTFLAGS=--cap-lints=forbid" "-e" "RUSTDOCFLAGS=--cap-lints=forbid" "-e" "CARGO_HOME=/opt/rustwide/cargo-home" "-e" "RUSTUP_HOME=/opt/rustwide/rustup-home" "-w" "/opt/rustwide/workdir" "-m" "1610612736" "--user" "0:0" "--network" "none" "ghcr.io/rust-lang/crates-build-env/linux@sha256:4a844ea9eb2546a2d2c7022eacef16ef2e8229c7fbb2c7d4d55a9ceca922f72d" "/opt/rustwide/cargo-home/bin/cargo" "+nightly-2024-10-28" "test" "--frozen" "--no-run" "--message-format=json", kill_on_drop: false }`
[INFO] [stdout] b91de5a9d37af69d473bf85d2f61007c4f240504a94814a5979a3776fd7db083
[INFO] running `Command { std: "docker" "start" "-a" "b91de5a9d37af69d473bf85d2f61007c4f240504a94814a5979a3776fd7db083", kill_on_drop: false }`
[INFO] [stderr]    Compiling googleapis-tonic-google-cloud-gkehub-v1alpha v0.9.0 (/opt/rustwide/workdir)
[INFO] [stderr]     Finished `test` profile [unoptimized + debuginfo] target(s) in 0.46s
[INFO] running `Command { std: "docker" "inspect" "b91de5a9d37af69d473bf85d2f61007c4f240504a94814a5979a3776fd7db083", kill_on_drop: false }`
[INFO] running `Command { std: "docker" "rm" "-f" "b91de5a9d37af69d473bf85d2f61007c4f240504a94814a5979a3776fd7db083", kill_on_drop: false }`
[INFO] [stdout] b91de5a9d37af69d473bf85d2f61007c4f240504a94814a5979a3776fd7db083
[INFO] running `Command { std: "docker" "create" "-v" "/var/lib/crater-agent-workspace/builds/worker-3-tc1/target:/opt/rustwide/target:rw,Z" "-v" "/var/lib/crater-agent-workspace/builds/worker-3-tc1/source:/opt/rustwide/workdir:ro,Z" "-v" "/var/lib/crater-agent-workspace/cargo-home:/opt/rustwide/cargo-home:ro,Z" "-v" "/var/lib/crater-agent-workspace/rustup-home:/opt/rustwide/rustup-home:ro,Z" "-e" "SOURCE_DIR=/opt/rustwide/workdir" "-e" "CARGO_TARGET_DIR=/opt/rustwide/target" "-e" "CARGO_INCREMENTAL=0" "-e" "RUST_BACKTRACE=full" "-e" "RUSTFLAGS=--cap-lints=forbid" "-e" "RUSTDOCFLAGS=--cap-lints=forbid" "-e" "CARGO_HOME=/opt/rustwide/cargo-home" "-e" "RUSTUP_HOME=/opt/rustwide/rustup-home" "-w" "/opt/rustwide/workdir" "-m" "1610612736" "--user" "0:0" "--network" "none" "ghcr.io/rust-lang/crates-build-env/linux@sha256:4a844ea9eb2546a2d2c7022eacef16ef2e8229c7fbb2c7d4d55a9ceca922f72d" "/opt/rustwide/cargo-home/bin/cargo" "+nightly-2024-10-28" "test" "--frozen", kill_on_drop: false }`
[INFO] [stdout] 1eee0cead297faf995d8e9ec6173e88ec8246157caed31a2da89ac9a88fe7db4
[INFO] running `Command { std: "docker" "start" "-a" "1eee0cead297faf995d8e9ec6173e88ec8246157caed31a2da89ac9a88fe7db4", kill_on_drop: false }`
[INFO] [stderr]     Finished `test` profile [unoptimized + debuginfo] target(s) in 0.03s
[INFO] [stderr]      Running unittests src/lib.rs (/opt/rustwide/target/debug/deps/googleapis_tonic_google_cloud_gkehub_v1alpha-2706cbb7328bf6f3)
[INFO] [stdout] 
[INFO] [stdout] running 0 tests
[INFO] [stdout] 
[INFO] [stdout] test result: ok. 0 passed; 0 failed; 0 ignored; 0 measured; 0 filtered out; finished in 0.00s
[INFO] [stdout] 
[INFO] [stderr]    Doc-tests googleapis_tonic_google_cloud_gkehub_v1alpha
[INFO] [stdout] 
[INFO] [stdout] running 2 tests
[INFO] [stdout] test src/vec_u8_hash_map/google.cloud.gkehub.v1alpha.rs - vec_u8_hash_map::google::cloud::gkehub::v1alpha::Feature::membership_states (line 52) ... FAILED
[INFO] [stdout] test src/vec_u8_hash_map/google.cloud.gkehub.v1alpha.rs - vec_u8_hash_map::google::cloud::gkehub::v1alpha::Feature::membership_specs (line 27) ... FAILED
[INFO] [stdout] 
[INFO] [stdout] failures:
[INFO] [stdout] 
[INFO] [stdout] ---- src/vec_u8_hash_map/google.cloud.gkehub.v1alpha.rs - vec_u8_hash_map::google::cloud::gkehub::v1alpha::Feature::membership_states (line 52) stdout ----
[INFO] [stdout] error[E0425]: cannot find value `projects` in this scope
[INFO] [stdout]  --> src/vec_u8_hash_map/google.cloud.gkehub.v1alpha.rs:53:1
[INFO] [stdout]   |
[INFO] [stdout] 3 | projects/{p}/locations/{l}/memberships/{m}
[INFO] [stdout]   | ^^^^^^^^ not found in this scope
[INFO] [stdout] 
[INFO] [stdout] error[E0425]: cannot find value `p` in this scope
[INFO] [stdout]  --> src/vec_u8_hash_map/google.cloud.gkehub.v1alpha.rs:53:11
[INFO] [stdout]   |
[INFO] [stdout] 3 | projects/{p}/locations/{l}/memberships/{m}
[INFO] [stdout]   |           ^ not found in this scope
[INFO] [stdout] 
[INFO] [stdout] error[E0425]: cannot find value `locations` in this scope
[INFO] [stdout]  --> src/vec_u8_hash_map/google.cloud.gkehub.v1alpha.rs:53:14
[INFO] [stdout]   |
[INFO] [stdout] 3 | projects/{p}/locations/{l}/memberships/{m}
[INFO] [stdout]   |              ^^^^^^^^^ not found in this scope
[INFO] [stdout] 
[INFO] [stdout] error[E0425]: cannot find value `l` in this scope
[INFO] [stdout]  --> src/vec_u8_hash_map/google.cloud.gkehub.v1alpha.rs:53:25
[INFO] [stdout]   |
[INFO] [stdout] 3 | projects/{p}/locations/{l}/memberships/{m}
[INFO] [stdout]   |                         ^ not found in this scope
[INFO] [stdout] 
[INFO] [stdout] error[E0425]: cannot find value `memberships` in this scope
[INFO] [stdout]  --> src/vec_u8_hash_map/google.cloud.gkehub.v1alpha.rs:53:28
[INFO] [stdout]   |
[INFO] [stdout] 3 | projects/{p}/locations/{l}/memberships/{m}
[INFO] [stdout]   |                            ^^^^^^^^^^^ not found in this scope
[INFO] [stdout] 
[INFO] [stdout] error[E0425]: cannot find value `m` in this scope
[INFO] [stdout]  --> src/vec_u8_hash_map/google.cloud.gkehub.v1alpha.rs:53:41
[INFO] [stdout]   |
[INFO] [stdout] 3 | projects/{p}/locations/{l}/memberships/{m}
[INFO] [stdout]   |                                         ^ not found in this scope
[INFO] [stdout] 
[INFO] [stdout] error: aborting due to 6 previous errors
[INFO] [stdout] 
[INFO] [stdout] For more information about this error, try `rustc --explain E0425`.
[INFO] [stdout] Couldn't compile the test.
[INFO] [stdout] ---- src/vec_u8_hash_map/google.cloud.gkehub.v1alpha.rs - vec_u8_hash_map::google::cloud::gkehub::v1alpha::Feature::membership_specs (line 27) stdout ----
[INFO] [stdout] error[E0425]: cannot find value `projects` in this scope
[INFO] [stdout]  --> src/vec_u8_hash_map/google.cloud.gkehub.v1alpha.rs:28:1
[INFO] [stdout]   |
[INFO] [stdout] 3 | projects/{p}/locations/{l}/memberships/{m}
[INFO] [stdout]   | ^^^^^^^^ not found in this scope
[INFO] [stdout] 
[INFO] [stdout] error[E0425]: cannot find value `p` in this scope
[INFO] [stdout]  --> src/vec_u8_hash_map/google.cloud.gkehub.v1alpha.rs:28:11
[INFO] [stdout]   |
[INFO] [stdout] 3 | projects/{p}/locations/{l}/memberships/{m}
[INFO] [stdout]   |           ^ not found in this scope
[INFO] [stdout] 
[INFO] [stdout] error[E0425]: cannot find value `locations` in this scope
[INFO] [stdout]  --> src/vec_u8_hash_map/google.cloud.gkehub.v1alpha.rs:28:14
[INFO] [stdout]   |
[INFO] [stdout] 3 | projects/{p}/locations/{l}/memberships/{m}
[INFO] [stdout]   |              ^^^^^^^^^ not found in this scope
[INFO] [stdout] 
[INFO] [stdout] error[E0425]: cannot find value `l` in this scope
[INFO] [stdout]  --> src/vec_u8_hash_map/google.cloud.gkehub.v1alpha.rs:28:25
[INFO] [stdout]   |
[INFO] [stdout] 3 | projects/{p}/locations/{l}/memberships/{m}
[INFO] [stdout]   |                         ^ not found in this scope
[INFO] [stdout] 
[INFO] [stdout] error[E0425]: cannot find value `memberships` in this scope
[INFO] [stdout]  --> src/vec_u8_hash_map/google.cloud.gkehub.v1alpha.rs:28:28
[INFO] [stdout]   |
[INFO] [stdout] 3 | projects/{p}/locations/{l}/memberships/{m}
[INFO] [stdout]   |                            ^^^^^^^^^^^ not found in this scope
[INFO] [stdout] 
[INFO] [stdout] error[E0425]: cannot find value `m` in this scope
[INFO] [stdout]  --> src/vec_u8_hash_map/google.cloud.gkehub.v1alpha.rs:28:41
[INFO] [stdout]   |
[INFO] [stdout] 3 | projects/{p}/locations/{l}/memberships/{m}
[INFO] [stdout]   |                                         ^ not found in this scope
[INFO] [stdout] 
[INFO] [stdout] error: aborting due to 6 previous errors
[INFO] [stdout] 
[INFO] [stdout] For more information about this error, try `rustc --explain E0425`.
[INFO] [stdout] Couldn't compile the test.
[INFO] [stdout] 
[INFO] [stdout] failures:
[INFO] [stdout]     src/vec_u8_hash_map/google.cloud.gkehub.v1alpha.rs - vec_u8_hash_map::google::cloud::gkehub::v1alpha::Feature::membership_specs (line 27)
[INFO] [stdout]     src/vec_u8_hash_map/google.cloud.gkehub.v1alpha.rs - vec_u8_hash_map::google::cloud::gkehub::v1alpha::Feature::membership_states (line 52)
[INFO] [stdout] 
[INFO] [stdout] test result: FAILED. 0 passed; 2 failed; 0 ignored; 0 measured; 0 filtered out; finished in 0.05s
[INFO] [stdout] 
[INFO] [stderr] error: doctest failed, to rerun pass `--doc`
[INFO] running `Command { std: "docker" "inspect" "1eee0cead297faf995d8e9ec6173e88ec8246157caed31a2da89ac9a88fe7db4", kill_on_drop: false }`
[INFO] running `Command { std: "docker" "rm" "-f" "1eee0cead297faf995d8e9ec6173e88ec8246157caed31a2da89ac9a88fe7db4", kill_on_drop: false }`
[INFO] [stdout] 1eee0cead297faf995d8e9ec6173e88ec8246157caed31a2da89ac9a88fe7db4
