[INFO] fetching crate googleapis-tonic-google-cloud-gkehub-v1 0.9.0...
[INFO] testing googleapis-tonic-google-cloud-gkehub-v1-0.9.0 against nightly-2024-10-28+rustflags=-Zrandomize-layout for randomize-layout
[INFO] extracting crate googleapis-tonic-google-cloud-gkehub-v1 0.9.0 into /workspace/builds/worker-5-tc2/source
[INFO] validating manifest of crates.io crate googleapis-tonic-google-cloud-gkehub-v1 0.9.0 on toolchain nightly-2024-10-28
[INFO] running `Command { std: CARGO_HOME="/workspace/cargo-home" RUSTUP_HOME="/workspace/rustup-home" "/workspace/cargo-home/bin/cargo" "+nightly-2024-10-28" "metadata" "--manifest-path" "Cargo.toml" "--no-deps", kill_on_drop: false }`
[INFO] started tweaking crates.io crate googleapis-tonic-google-cloud-gkehub-v1 0.9.0
[INFO] finished tweaking crates.io crate googleapis-tonic-google-cloud-gkehub-v1 0.9.0
[INFO] tweaked toml for crates.io crate googleapis-tonic-google-cloud-gkehub-v1 0.9.0 written to /workspace/builds/worker-5-tc2/source/Cargo.toml
[INFO] running `Command { std: CARGO_HOME="/workspace/cargo-home" RUSTUP_HOME="/workspace/rustup-home" "/workspace/cargo-home/bin/cargo" "+nightly-2024-10-28" "generate-lockfile" "--manifest-path" "Cargo.toml", kill_on_drop: false }`
[INFO] [stderr]     Updating crates.io index
[INFO] [stderr]      Locking 57 packages to latest compatible versions
[INFO] [stderr]       Adding googleapis-tonic-google-api v0.9.0 (available: v0.10.0)
[INFO] [stderr]       Adding googleapis-tonic-google-longrunning v0.9.0 (available: v0.10.0)
[INFO] running `Command { std: CARGO_HOME="/workspace/cargo-home" RUSTUP_HOME="/workspace/rustup-home" "/workspace/cargo-home/bin/cargo" "+nightly-2024-10-28" "fetch" "--manifest-path" "Cargo.toml", kill_on_drop: false }`
[INFO] running `Command { std: "docker" "create" "-v" "/var/lib/crater-agent-workspace/builds/worker-5-tc2/target:/opt/rustwide/target:rw,Z" "-v" "/var/lib/crater-agent-workspace/builds/worker-5-tc2/source:/opt/rustwide/workdir:ro,Z" "-v" "/var/lib/crater-agent-workspace/cargo-home:/opt/rustwide/cargo-home:ro,Z" "-v" "/var/lib/crater-agent-workspace/rustup-home:/opt/rustwide/rustup-home:ro,Z" "-e" "SOURCE_DIR=/opt/rustwide/workdir" "-e" "CARGO_TARGET_DIR=/opt/rustwide/target" "-e" "CARGO_HOME=/opt/rustwide/cargo-home" "-e" "RUSTUP_HOME=/opt/rustwide/rustup-home" "-w" "/opt/rustwide/workdir" "-m" "1610612736" "--user" "0:0" "--network" "none" "ghcr.io/rust-lang/crates-build-env/linux@sha256:4a844ea9eb2546a2d2c7022eacef16ef2e8229c7fbb2c7d4d55a9ceca922f72d" "/opt/rustwide/cargo-home/bin/cargo" "+nightly-2024-10-28" "metadata" "--no-deps" "--format-version=1", kill_on_drop: false }`
[INFO] [stdout] 3e4780865137f7f94bedea836dc42aea4c9412a514a410bf78a169fbcde76ed4
[INFO] running `Command { std: "docker" "start" "-a" "3e4780865137f7f94bedea836dc42aea4c9412a514a410bf78a169fbcde76ed4", kill_on_drop: false }`
[INFO] running `Command { std: "docker" "inspect" "3e4780865137f7f94bedea836dc42aea4c9412a514a410bf78a169fbcde76ed4", kill_on_drop: false }`
[INFO] running `Command { std: "docker" "rm" "-f" "3e4780865137f7f94bedea836dc42aea4c9412a514a410bf78a169fbcde76ed4", kill_on_drop: false }`
[INFO] [stdout] 3e4780865137f7f94bedea836dc42aea4c9412a514a410bf78a169fbcde76ed4
[INFO] running `Command { std: "docker" "create" "-v" "/var/lib/crater-agent-workspace/builds/worker-5-tc2/target:/opt/rustwide/target:rw,Z" "-v" "/var/lib/crater-agent-workspace/builds/worker-5-tc2/source:/opt/rustwide/workdir:ro,Z" "-v" "/var/lib/crater-agent-workspace/cargo-home:/opt/rustwide/cargo-home:ro,Z" "-v" "/var/lib/crater-agent-workspace/rustup-home:/opt/rustwide/rustup-home:ro,Z" "-e" "SOURCE_DIR=/opt/rustwide/workdir" "-e" "CARGO_TARGET_DIR=/opt/rustwide/target" "-e" "CARGO_INCREMENTAL=0" "-e" "RUST_BACKTRACE=full" "-e" "RUSTFLAGS=--cap-lints=forbid -Zrandomize-layout" "-e" "RUSTDOCFLAGS=--cap-lints=forbid" "-e" "CARGO_HOME=/opt/rustwide/cargo-home" "-e" "RUSTUP_HOME=/opt/rustwide/rustup-home" "-w" "/opt/rustwide/workdir" "-m" "1610612736" "--user" "0:0" "--network" "none" "ghcr.io/rust-lang/crates-build-env/linux@sha256:4a844ea9eb2546a2d2c7022eacef16ef2e8229c7fbb2c7d4d55a9ceca922f72d" "/opt/rustwide/cargo-home/bin/cargo" "+nightly-2024-10-28" "build" "--frozen" "--message-format=json", kill_on_drop: false }`
[INFO] [stdout] 70c38add3a9224a495d015acd19e5c28f04344ab2842f05da90707c216330cc1
[INFO] running `Command { std: "docker" "start" "-a" "70c38add3a9224a495d015acd19e5c28f04344ab2842f05da90707c216330cc1", kill_on_drop: false }`
[INFO] [stderr]    Compiling googleapis-tonic-google-longrunning v0.9.0
[INFO] [stderr]    Compiling googleapis-tonic-google-cloud-gkehub-v1 v0.9.0 (/opt/rustwide/workdir)
[INFO] [stderr]     Finished `dev` profile [unoptimized + debuginfo] target(s) in 0.88s
[INFO] running `Command { std: "docker" "inspect" "70c38add3a9224a495d015acd19e5c28f04344ab2842f05da90707c216330cc1", kill_on_drop: false }`
[INFO] running `Command { std: "docker" "rm" "-f" "70c38add3a9224a495d015acd19e5c28f04344ab2842f05da90707c216330cc1", kill_on_drop: false }`
[INFO] [stdout] 70c38add3a9224a495d015acd19e5c28f04344ab2842f05da90707c216330cc1
[INFO] running `Command { std: "docker" "create" "-v" "/var/lib/crater-agent-workspace/builds/worker-5-tc2/target:/opt/rustwide/target:rw,Z" "-v" "/var/lib/crater-agent-workspace/builds/worker-5-tc2/source:/opt/rustwide/workdir:ro,Z" "-v" "/var/lib/crater-agent-workspace/cargo-home:/opt/rustwide/cargo-home:ro,Z" "-v" "/var/lib/crater-agent-workspace/rustup-home:/opt/rustwide/rustup-home:ro,Z" "-e" "SOURCE_DIR=/opt/rustwide/workdir" "-e" "CARGO_TARGET_DIR=/opt/rustwide/target" "-e" "CARGO_INCREMENTAL=0" "-e" "RUST_BACKTRACE=full" "-e" "RUSTFLAGS=--cap-lints=forbid -Zrandomize-layout" "-e" "RUSTDOCFLAGS=--cap-lints=forbid" "-e" "CARGO_HOME=/opt/rustwide/cargo-home" "-e" "RUSTUP_HOME=/opt/rustwide/rustup-home" "-w" "/opt/rustwide/workdir" "-m" "1610612736" "--user" "0:0" "--network" "none" "ghcr.io/rust-lang/crates-build-env/linux@sha256:4a844ea9eb2546a2d2c7022eacef16ef2e8229c7fbb2c7d4d55a9ceca922f72d" "/opt/rustwide/cargo-home/bin/cargo" "+nightly-2024-10-28" "test" "--frozen" "--no-run" "--message-format=json", kill_on_drop: false }`
[INFO] [stdout] b4cfa4e808dbbbbca615ced1ec2860783428c679654aadbeaebfea29650fa12e
[INFO] running `Command { std: "docker" "start" "-a" "b4cfa4e808dbbbbca615ced1ec2860783428c679654aadbeaebfea29650fa12e", kill_on_drop: false }`
[INFO] [stderr]    Compiling googleapis-tonic-google-cloud-gkehub-v1 v0.9.0 (/opt/rustwide/workdir)
[INFO] [stderr]     Finished `test` profile [unoptimized + debuginfo] target(s) in 0.72s
[INFO] running `Command { std: "docker" "inspect" "b4cfa4e808dbbbbca615ced1ec2860783428c679654aadbeaebfea29650fa12e", kill_on_drop: false }`
[INFO] running `Command { std: "docker" "rm" "-f" "b4cfa4e808dbbbbca615ced1ec2860783428c679654aadbeaebfea29650fa12e", kill_on_drop: false }`
[INFO] [stdout] b4cfa4e808dbbbbca615ced1ec2860783428c679654aadbeaebfea29650fa12e
[INFO] running `Command { std: "docker" "create" "-v" "/var/lib/crater-agent-workspace/builds/worker-5-tc2/target:/opt/rustwide/target:rw,Z" "-v" "/var/lib/crater-agent-workspace/builds/worker-5-tc2/source:/opt/rustwide/workdir:ro,Z" "-v" "/var/lib/crater-agent-workspace/cargo-home:/opt/rustwide/cargo-home:ro,Z" "-v" "/var/lib/crater-agent-workspace/rustup-home:/opt/rustwide/rustup-home:ro,Z" "-e" "SOURCE_DIR=/opt/rustwide/workdir" "-e" "CARGO_TARGET_DIR=/opt/rustwide/target" "-e" "CARGO_INCREMENTAL=0" "-e" "RUST_BACKTRACE=full" "-e" "RUSTFLAGS=--cap-lints=forbid -Zrandomize-layout" "-e" "RUSTDOCFLAGS=--cap-lints=forbid" "-e" "CARGO_HOME=/opt/rustwide/cargo-home" "-e" "RUSTUP_HOME=/opt/rustwide/rustup-home" "-w" "/opt/rustwide/workdir" "-m" "1610612736" "--user" "0:0" "--network" "none" "ghcr.io/rust-lang/crates-build-env/linux@sha256:4a844ea9eb2546a2d2c7022eacef16ef2e8229c7fbb2c7d4d55a9ceca922f72d" "/opt/rustwide/cargo-home/bin/cargo" "+nightly-2024-10-28" "test" "--frozen", kill_on_drop: false }`
[INFO] [stdout] 6edc029bc3c25af37f148bd972ccae27cb73ad287595a052dcd85aa382179983
[INFO] running `Command { std: "docker" "start" "-a" "6edc029bc3c25af37f148bd972ccae27cb73ad287595a052dcd85aa382179983", kill_on_drop: false }`
[INFO] [stderr]     Finished `test` profile [unoptimized + debuginfo] target(s) in 0.03s
[INFO] [stderr]      Running unittests src/lib.rs (/opt/rustwide/target/debug/deps/googleapis_tonic_google_cloud_gkehub_v1-7915029a1704a427)
[INFO] [stdout] 
[INFO] [stdout] running 0 tests
[INFO] [stdout] 
[INFO] [stdout] test result: ok. 0 passed; 0 failed; 0 ignored; 0 measured; 0 filtered out; finished in 0.00s
[INFO] [stdout] 
[INFO] [stderr]    Doc-tests googleapis_tonic_google_cloud_gkehub_v1
[INFO] [stdout] 
[INFO] [stdout] running 2 tests
[INFO] [stdout] test src/vec_u8_hash_map/google.cloud.gkehub.v1.rs - vec_u8_hash_map::google::cloud::gkehub::v1::Feature::membership_specs (line 27) ... FAILED
[INFO] [stdout] test src/vec_u8_hash_map/google.cloud.gkehub.v1.rs - vec_u8_hash_map::google::cloud::gkehub::v1::Feature::membership_states (line 52) ... FAILED
[INFO] [stdout] 
[INFO] [stdout] failures:
[INFO] [stdout] 
[INFO] [stdout] ---- src/vec_u8_hash_map/google.cloud.gkehub.v1.rs - vec_u8_hash_map::google::cloud::gkehub::v1::Feature::membership_specs (line 27) stdout ----
[INFO] [stdout] error[E0425]: cannot find value `projects` in this scope
[INFO] [stdout]  --> src/vec_u8_hash_map/google.cloud.gkehub.v1.rs:28:1
[INFO] [stdout]   |
[INFO] [stdout] 3 | projects/{p}/locations/{l}/memberships/{m}
[INFO] [stdout]   | ^^^^^^^^ not found in this scope
[INFO] [stdout] 
[INFO] [stdout] error[E0425]: cannot find value `p` in this scope
[INFO] [stdout]  --> src/vec_u8_hash_map/google.cloud.gkehub.v1.rs:28:11
[INFO] [stdout]   |
[INFO] [stdout] 3 | projects/{p}/locations/{l}/memberships/{m}
[INFO] [stdout]   |           ^ not found in this scope
[INFO] [stdout] 
[INFO] [stdout] error[E0425]: cannot find value `locations` in this scope
[INFO] [stdout]  --> src/vec_u8_hash_map/google.cloud.gkehub.v1.rs:28:14
[INFO] [stdout]   |
[INFO] [stdout] 3 | projects/{p}/locations/{l}/memberships/{m}
[INFO] [stdout]   |              ^^^^^^^^^ not found in this scope
[INFO] [stdout] 
[INFO] [stdout] error[E0425]: cannot find value `l` in this scope
[INFO] [stdout]  --> src/vec_u8_hash_map/google.cloud.gkehub.v1.rs:28:25
[INFO] [stdout]   |
[INFO] [stdout] 3 | projects/{p}/locations/{l}/memberships/{m}
[INFO] [stdout]   |                         ^ not found in this scope
[INFO] [stdout] 
[INFO] [stdout] error[E0425]: cannot find value `memberships` in this scope
[INFO] [stdout]  --> src/vec_u8_hash_map/google.cloud.gkehub.v1.rs:28:28
[INFO] [stdout]   |
[INFO] [stdout] 3 | projects/{p}/locations/{l}/memberships/{m}
[INFO] [stdout]   |                            ^^^^^^^^^^^ not found in this scope
[INFO] [stdout] 
[INFO] [stdout] error[E0425]: cannot find value `m` in this scope
[INFO] [stdout]  --> src/vec_u8_hash_map/google.cloud.gkehub.v1.rs:28:41
[INFO] [stdout]   |
[INFO] [stdout] 3 | projects/{p}/locations/{l}/memberships/{m}
[INFO] [stdout]   |                                         ^ not found in this scope
[INFO] [stdout] 
[INFO] [stdout] error: aborting due to 6 previous errors
[INFO] [stdout] 
[INFO] [stdout] For more information about this error, try `rustc --explain E0425`.
[INFO] [stdout] Couldn't compile the test.
[INFO] [stdout] ---- src/vec_u8_hash_map/google.cloud.gkehub.v1.rs - vec_u8_hash_map::google::cloud::gkehub::v1::Feature::membership_states (line 52) stdout ----
[INFO] [stdout] error[E0425]: cannot find value `projects` in this scope
[INFO] [stdout]  --> src/vec_u8_hash_map/google.cloud.gkehub.v1.rs:53:1
[INFO] [stdout]   |
[INFO] [stdout] 3 | projects/{p}/locations/{l}/memberships/{m}
[INFO] [stdout]   | ^^^^^^^^ not found in this scope
[INFO] [stdout] 
[INFO] [stdout] error[E0425]: cannot find value `p` in this scope
[INFO] [stdout]  --> src/vec_u8_hash_map/google.cloud.gkehub.v1.rs:53:11
[INFO] [stdout]   |
[INFO] [stdout] 3 | projects/{p}/locations/{l}/memberships/{m}
[INFO] [stdout]   |           ^ not found in this scope
[INFO] [stdout] 
[INFO] [stdout] error[E0425]: cannot find value `locations` in this scope
[INFO] [stdout]  --> src/vec_u8_hash_map/google.cloud.gkehub.v1.rs:53:14
[INFO] [stdout]   |
[INFO] [stdout] 3 | projects/{p}/locations/{l}/memberships/{m}
[INFO] [stdout]   |              ^^^^^^^^^ not found in this scope
[INFO] [stdout] 
[INFO] [stdout] error[E0425]: cannot find value `l` in this scope
[INFO] [stdout]  --> src/vec_u8_hash_map/google.cloud.gkehub.v1.rs:53:25
[INFO] [stdout]   |
[INFO] [stdout] 3 | projects/{p}/locations/{l}/memberships/{m}
[INFO] [stdout]   |                         ^ not found in this scope
[INFO] [stdout] 
[INFO] [stdout] error[E0425]: cannot find value `memberships` in this scope
[INFO] [stdout]  --> src/vec_u8_hash_map/google.cloud.gkehub.v1.rs:53:28
[INFO] [stdout]   |
[INFO] [stdout] 3 | projects/{p}/locations/{l}/memberships/{m}
[INFO] [stdout]   |                            ^^^^^^^^^^^ not found in this scope
[INFO] [stdout] 
[INFO] [stdout] error[E0425]: cannot find value `m` in this scope
[INFO] [stdout]  --> src/vec_u8_hash_map/google.cloud.gkehub.v1.rs:53:41
[INFO] [stdout]   |
[INFO] [stdout] 3 | projects/{p}/locations/{l}/memberships/{m}
[INFO] [stdout]   |                                         ^ not found in this scope
[INFO] [stdout] 
[INFO] [stdout] error: aborting due to 6 previous errors
[INFO] [stdout] 
[INFO] [stdout] For more information about this error, try `rustc --explain E0425`.
[INFO] [stdout] Couldn't compile the test.
[INFO] [stdout] 
[INFO] [stdout] failures:
[INFO] [stdout]     src/vec_u8_hash_map/google.cloud.gkehub.v1.rs - vec_u8_hash_map::google::cloud::gkehub::v1::Feature::membership_specs (line 27)
[INFO] [stdout]     src/vec_u8_hash_map/google.cloud.gkehub.v1.rs - vec_u8_hash_map::google::cloud::gkehub::v1::Feature::membership_states (line 52)
[INFO] [stdout] 
[INFO] [stdout] test result: FAILED. 0 passed; 2 failed; 0 ignored; 0 measured; 0 filtered out; finished in 0.05s
[INFO] [stdout] 
[INFO] [stderr] error: doctest failed, to rerun pass `--doc`
[INFO] running `Command { std: "docker" "inspect" "6edc029bc3c25af37f148bd972ccae27cb73ad287595a052dcd85aa382179983", kill_on_drop: false }`
[INFO] running `Command { std: "docker" "rm" "-f" "6edc029bc3c25af37f148bd972ccae27cb73ad287595a052dcd85aa382179983", kill_on_drop: false }`
[INFO] [stdout] 6edc029bc3c25af37f148bd972ccae27cb73ad287595a052dcd85aa382179983
