[INFO] fetching crate googleapis-tonic-google-cloud-discoveryengine-v1beta 0.10.0...
[INFO] testing googleapis-tonic-google-cloud-discoveryengine-v1beta-0.10.0 against nightly-2024-10-28 for randomize-layout
[INFO] extracting crate googleapis-tonic-google-cloud-discoveryengine-v1beta 0.10.0 into /workspace/builds/worker-5-tc1/source
[INFO] validating manifest of crates.io crate googleapis-tonic-google-cloud-discoveryengine-v1beta 0.10.0 on toolchain nightly-2024-10-28
[INFO] running `Command { std: CARGO_HOME="/workspace/cargo-home" RUSTUP_HOME="/workspace/rustup-home" "/workspace/cargo-home/bin/cargo" "+nightly-2024-10-28" "metadata" "--manifest-path" "Cargo.toml" "--no-deps", kill_on_drop: false }`
[INFO] started tweaking crates.io crate googleapis-tonic-google-cloud-discoveryengine-v1beta 0.10.0
[INFO] finished tweaking crates.io crate googleapis-tonic-google-cloud-discoveryengine-v1beta 0.10.0
[INFO] tweaked toml for crates.io crate googleapis-tonic-google-cloud-discoveryengine-v1beta 0.10.0 written to /workspace/builds/worker-5-tc1/source/Cargo.toml
[INFO] running `Command { std: CARGO_HOME="/workspace/cargo-home" RUSTUP_HOME="/workspace/rustup-home" "/workspace/cargo-home/bin/cargo" "+nightly-2024-10-28" "generate-lockfile" "--manifest-path" "Cargo.toml", kill_on_drop: false }`
[INFO] [stderr]     Updating crates.io index
[INFO] [stderr]      Locking 58 packages to latest compatible versions
[INFO] [stderr]       Adding googleapis-tonic-google-api v0.9.0 (available: v0.10.0)
[INFO] [stderr]       Adding googleapis-tonic-google-longrunning v0.9.0 (available: v0.10.0)
[INFO] running `Command { std: CARGO_HOME="/workspace/cargo-home" RUSTUP_HOME="/workspace/rustup-home" "/workspace/cargo-home/bin/cargo" "+nightly-2024-10-28" "fetch" "--manifest-path" "Cargo.toml", kill_on_drop: false }`
[INFO] running `Command { std: "docker" "create" "-v" "/var/lib/crater-agent-workspace/builds/worker-5-tc1/target:/opt/rustwide/target:rw,Z" "-v" "/var/lib/crater-agent-workspace/builds/worker-5-tc1/source:/opt/rustwide/workdir:ro,Z" "-v" "/var/lib/crater-agent-workspace/cargo-home:/opt/rustwide/cargo-home:ro,Z" "-v" "/var/lib/crater-agent-workspace/rustup-home:/opt/rustwide/rustup-home:ro,Z" "-e" "SOURCE_DIR=/opt/rustwide/workdir" "-e" "CARGO_TARGET_DIR=/opt/rustwide/target" "-e" "CARGO_HOME=/opt/rustwide/cargo-home" "-e" "RUSTUP_HOME=/opt/rustwide/rustup-home" "-w" "/opt/rustwide/workdir" "-m" "1610612736" "--user" "0:0" "--network" "none" "ghcr.io/rust-lang/crates-build-env/linux@sha256:4a844ea9eb2546a2d2c7022eacef16ef2e8229c7fbb2c7d4d55a9ceca922f72d" "/opt/rustwide/cargo-home/bin/cargo" "+nightly-2024-10-28" "metadata" "--no-deps" "--format-version=1", kill_on_drop: false }`
[INFO] [stdout] 4fd0e1c1575950702ac3fb15a6f0a2c6c6a86c74535a7e4591f9cf9e90ef23fc
[INFO] running `Command { std: "docker" "start" "-a" "4fd0e1c1575950702ac3fb15a6f0a2c6c6a86c74535a7e4591f9cf9e90ef23fc", kill_on_drop: false }`
[INFO] running `Command { std: "docker" "inspect" "4fd0e1c1575950702ac3fb15a6f0a2c6c6a86c74535a7e4591f9cf9e90ef23fc", kill_on_drop: false }`
[INFO] running `Command { std: "docker" "rm" "-f" "4fd0e1c1575950702ac3fb15a6f0a2c6c6a86c74535a7e4591f9cf9e90ef23fc", kill_on_drop: false }`
[INFO] [stdout] 4fd0e1c1575950702ac3fb15a6f0a2c6c6a86c74535a7e4591f9cf9e90ef23fc
[INFO] running `Command { std: "docker" "create" "-v" "/var/lib/crater-agent-workspace/builds/worker-5-tc1/target:/opt/rustwide/target:rw,Z" "-v" "/var/lib/crater-agent-workspace/builds/worker-5-tc1/source:/opt/rustwide/workdir:ro,Z" "-v" "/var/lib/crater-agent-workspace/cargo-home:/opt/rustwide/cargo-home:ro,Z" "-v" "/var/lib/crater-agent-workspace/rustup-home:/opt/rustwide/rustup-home:ro,Z" "-e" "SOURCE_DIR=/opt/rustwide/workdir" "-e" "CARGO_TARGET_DIR=/opt/rustwide/target" "-e" "CARGO_INCREMENTAL=0" "-e" "RUST_BACKTRACE=full" "-e" "RUSTFLAGS=--cap-lints=forbid" "-e" "RUSTDOCFLAGS=--cap-lints=forbid" "-e" "CARGO_HOME=/opt/rustwide/cargo-home" "-e" "RUSTUP_HOME=/opt/rustwide/rustup-home" "-w" "/opt/rustwide/workdir" "-m" "1610612736" "--user" "0:0" "--network" "none" "ghcr.io/rust-lang/crates-build-env/linux@sha256:4a844ea9eb2546a2d2c7022eacef16ef2e8229c7fbb2c7d4d55a9ceca922f72d" "/opt/rustwide/cargo-home/bin/cargo" "+nightly-2024-10-28" "build" "--frozen" "--message-format=json", kill_on_drop: false }`
[INFO] [stdout] d2441cae5b26491a2c8b397bce47a1bb2a6b90aa4b0b40f9fec51b1e5a0a396f
[INFO] running `Command { std: "docker" "start" "-a" "d2441cae5b26491a2c8b397bce47a1bb2a6b90aa4b0b40f9fec51b1e5a0a396f", kill_on_drop: false }`
[INFO] [stderr]    Compiling googleapis-tonic-google-type v0.8.0
[INFO] [stderr]    Compiling googleapis-tonic-google-cloud-discoveryengine-v1beta v0.10.0 (/opt/rustwide/workdir)
[INFO] [stderr]     Finished `dev` profile [unoptimized + debuginfo] target(s) in 4.23s
[INFO] running `Command { std: "docker" "inspect" "d2441cae5b26491a2c8b397bce47a1bb2a6b90aa4b0b40f9fec51b1e5a0a396f", kill_on_drop: false }`
[INFO] running `Command { std: "docker" "rm" "-f" "d2441cae5b26491a2c8b397bce47a1bb2a6b90aa4b0b40f9fec51b1e5a0a396f", kill_on_drop: false }`
[INFO] [stdout] d2441cae5b26491a2c8b397bce47a1bb2a6b90aa4b0b40f9fec51b1e5a0a396f
[INFO] running `Command { std: "docker" "create" "-v" "/var/lib/crater-agent-workspace/builds/worker-5-tc1/target:/opt/rustwide/target:rw,Z" "-v" "/var/lib/crater-agent-workspace/builds/worker-5-tc1/source:/opt/rustwide/workdir:ro,Z" "-v" "/var/lib/crater-agent-workspace/cargo-home:/opt/rustwide/cargo-home:ro,Z" "-v" "/var/lib/crater-agent-workspace/rustup-home:/opt/rustwide/rustup-home:ro,Z" "-e" "SOURCE_DIR=/opt/rustwide/workdir" "-e" "CARGO_TARGET_DIR=/opt/rustwide/target" "-e" "CARGO_INCREMENTAL=0" "-e" "RUST_BACKTRACE=full" "-e" "RUSTFLAGS=--cap-lints=forbid" "-e" "RUSTDOCFLAGS=--cap-lints=forbid" "-e" "CARGO_HOME=/opt/rustwide/cargo-home" "-e" "RUSTUP_HOME=/opt/rustwide/rustup-home" "-w" "/opt/rustwide/workdir" "-m" "1610612736" "--user" "0:0" "--network" "none" "ghcr.io/rust-lang/crates-build-env/linux@sha256:4a844ea9eb2546a2d2c7022eacef16ef2e8229c7fbb2c7d4d55a9ceca922f72d" "/opt/rustwide/cargo-home/bin/cargo" "+nightly-2024-10-28" "test" "--frozen" "--no-run" "--message-format=json", kill_on_drop: false }`
[INFO] [stdout] a9221bcf901b15f45c6818bc0db7c46aab09019ead2f1cc6dce15cb5dc891e75
[INFO] running `Command { std: "docker" "start" "-a" "a9221bcf901b15f45c6818bc0db7c46aab09019ead2f1cc6dce15cb5dc891e75", kill_on_drop: false }`
[INFO] [stderr]    Compiling googleapis-tonic-google-cloud-discoveryengine-v1beta v0.10.0 (/opt/rustwide/workdir)
[INFO] [stderr]     Finished `test` profile [unoptimized + debuginfo] target(s) in 3.30s
[INFO] running `Command { std: "docker" "inspect" "a9221bcf901b15f45c6818bc0db7c46aab09019ead2f1cc6dce15cb5dc891e75", kill_on_drop: false }`
[INFO] running `Command { std: "docker" "rm" "-f" "a9221bcf901b15f45c6818bc0db7c46aab09019ead2f1cc6dce15cb5dc891e75", kill_on_drop: false }`
[INFO] [stdout] a9221bcf901b15f45c6818bc0db7c46aab09019ead2f1cc6dce15cb5dc891e75
[INFO] running `Command { std: "docker" "create" "-v" "/var/lib/crater-agent-workspace/builds/worker-5-tc1/target:/opt/rustwide/target:rw,Z" "-v" "/var/lib/crater-agent-workspace/builds/worker-5-tc1/source:/opt/rustwide/workdir:ro,Z" "-v" "/var/lib/crater-agent-workspace/cargo-home:/opt/rustwide/cargo-home:ro,Z" "-v" "/var/lib/crater-agent-workspace/rustup-home:/opt/rustwide/rustup-home:ro,Z" "-e" "SOURCE_DIR=/opt/rustwide/workdir" "-e" "CARGO_TARGET_DIR=/opt/rustwide/target" "-e" "CARGO_INCREMENTAL=0" "-e" "RUST_BACKTRACE=full" "-e" "RUSTFLAGS=--cap-lints=forbid" "-e" "RUSTDOCFLAGS=--cap-lints=forbid" "-e" "CARGO_HOME=/opt/rustwide/cargo-home" "-e" "RUSTUP_HOME=/opt/rustwide/rustup-home" "-w" "/opt/rustwide/workdir" "-m" "1610612736" "--user" "0:0" "--network" "none" "ghcr.io/rust-lang/crates-build-env/linux@sha256:4a844ea9eb2546a2d2c7022eacef16ef2e8229c7fbb2c7d4d55a9ceca922f72d" "/opt/rustwide/cargo-home/bin/cargo" "+nightly-2024-10-28" "test" "--frozen", kill_on_drop: false }`
[INFO] [stdout] c61940da2e018dd2a54ffbb4019d0d1cc8b59cf22474b8a81707d51e47c3f30b
[INFO] running `Command { std: "docker" "start" "-a" "c61940da2e018dd2a54ffbb4019d0d1cc8b59cf22474b8a81707d51e47c3f30b", kill_on_drop: false }`
[INFO] [stderr]     Finished `test` profile [unoptimized + debuginfo] target(s) in 0.03s
[INFO] [stderr]      Running unittests src/lib.rs (/opt/rustwide/target/debug/deps/googleapis_tonic_google_cloud_discoveryengine_v1beta-524d79d6c402f503)
[INFO] [stdout] 
[INFO] [stdout] running 0 tests
[INFO] [stdout] 
[INFO] [stdout] test result: ok. 0 passed; 0 failed; 0 ignored; 0 measured; 0 filtered out; finished in 0.00s
[INFO] [stdout] 
[INFO] [stderr]    Doc-tests googleapis_tonic_google_cloud_discoveryengine_v1beta
[INFO] [stdout] 
[INFO] [stdout] running 3 tests
[INFO] [stdout] test src/vec_u8_hash_map/google.cloud.discoveryengine.v1beta.rs - vec_u8_hash_map::google::cloud::discoveryengine::v1beta::search_request::SessionSpec::query_id (line 5076) ... FAILED
[INFO] [stdout] test src/vec_u8_hash_map/google.cloud.discoveryengine.v1beta.rs - vec_u8_hash_map::google::cloud::discoveryengine::v1beta::ServingConfig::ranking_expression (line 12722) ... FAILED
[INFO] [stdout] test src/vec_u8_hash_map/google.cloud.discoveryengine.v1beta.rs - vec_u8_hash_map::google::cloud::discoveryengine::v1beta::SearchRequest::ranking_expression (line 4032) ... FAILED
[INFO] [stdout] 
[INFO] [stdout] failures:
[INFO] [stdout] 
[INFO] [stdout] ---- src/vec_u8_hash_map/google.cloud.discoveryengine.v1beta.rs - vec_u8_hash_map::google::cloud::discoveryengine::v1beta::search_request::SessionSpec::query_id (line 5076) stdout ----
[INFO] [stdout] error: expected one of `!`, `.`, `::`, `;`, `?`, `{`, `}`, or an operator, found `:`
[INFO] [stdout]  --> src/vec_u8_hash_map/google.cloud.discoveryengine.v1beta.rs:5077:8
[INFO] [stdout]   |
[INFO] [stdout] 3 | session: ".../sessions/xxx"
[INFO] [stdout]   |        ^ expected one of 8 possible tokens
[INFO] [stdout] 
[INFO] [stdout] error: aborting due to 1 previous error
[INFO] [stdout] 
[INFO] [stdout] Couldn't compile the test.
[INFO] [stdout] ---- src/vec_u8_hash_map/google.cloud.discoveryengine.v1beta.rs - vec_u8_hash_map::google::cloud::discoveryengine::v1beta::ServingConfig::ranking_expression (line 12722) stdout ----
[INFO] [stdout] error: unknown start of token: `
[INFO] [stdout]  --> src/vec_u8_hash_map/google.cloud.discoveryengine.v1beta.rs:12724:10
[INFO] [stdout]   |
[INFO] [stdout] 4 | could be `0.5 * relevance_score + 0.3 * dotProduct(doc_embedding)`.
[INFO] [stdout]   |          ^
[INFO] [stdout]   |
[INFO] [stdout] help: Unicode character '`' (Grave Accent) looks like ''' (Single Quote), but it is not
[INFO] [stdout]   |
[INFO] [stdout] 4 | could be '0.5 * relevance_score + 0.3 * dotProduct(doc_embedding)`.
[INFO] [stdout]   |          ~
[INFO] [stdout] 
[INFO] [stdout] error: unknown start of token: `
[INFO] [stdout]  --> src/vec_u8_hash_map/google.cloud.discoveryengine.v1beta.rs:12724:66
[INFO] [stdout]   |
[INFO] [stdout] 4 | could be `0.5 * relevance_score + 0.3 * dotProduct(doc_embedding)`.
[INFO] [stdout]   |                                                                  ^
[INFO] [stdout]   |
[INFO] [stdout] help: Unicode character '`' (Grave Accent) looks like ''' (Single Quote), but it is not
[INFO] [stdout]   |
[INFO] [stdout] 4 | could be `0.5 * relevance_score + 0.3 * dotProduct(doc_embedding)'.
[INFO] [stdout]   |                                                                  ~
[INFO] [stdout] 
[INFO] [stdout] error: expected one of `!`, `.`, `::`, `;`, `?`, `{`, `}`, or an operator, found `document`
[INFO] [stdout]  --> src/vec_u8_hash_map/google.cloud.discoveryengine.v1beta.rs:12723:4
[INFO] [stdout]   |
[INFO] [stdout] 3 | If document has an embedding field doc_embedding, the ranking expression
[INFO] [stdout]   |    ^^^^^^^^ expected one of 8 possible tokens
[INFO] [stdout]   |
[INFO] [stdout] help: write keyword `if` in lowercase (notice the capitalization difference)
[INFO] [stdout]   |
[INFO] [stdout] 3 | if document has an embedding field doc_embedding, the ranking expression
[INFO] [stdout]   | ~~
[INFO] [stdout] 
[INFO] [stdout] error: aborting due to 3 previous errors
[INFO] [stdout] 
[INFO] [stdout] Couldn't compile the test.
[INFO] [stdout] ---- src/vec_u8_hash_map/google.cloud.discoveryengine.v1beta.rs - vec_u8_hash_map::google::cloud::discoveryengine::v1beta::SearchRequest::ranking_expression (line 4032) stdout ----
[INFO] [stdout] error: unknown start of token: `
[INFO] [stdout]  --> src/vec_u8_hash_map/google.cloud.discoveryengine.v1beta.rs:4034:10
[INFO] [stdout]   |
[INFO] [stdout] 4 | could be `0.5 * relevance_score + 0.3 * dotProduct(doc_embedding)`.
[INFO] [stdout]   |          ^
[INFO] [stdout]   |
[INFO] [stdout] help: Unicode character '`' (Grave Accent) looks like ''' (Single Quote), but it is not
[INFO] [stdout]   |
[INFO] [stdout] 4 | could be '0.5 * relevance_score + 0.3 * dotProduct(doc_embedding)`.
[INFO] [stdout]   |          ~
[INFO] [stdout] 
[INFO] [stdout] error: unknown start of token: `
[INFO] [stdout]  --> src/vec_u8_hash_map/google.cloud.discoveryengine.v1beta.rs:4034:66
[INFO] [stdout]   |
[INFO] [stdout] 4 | could be `0.5 * relevance_score + 0.3 * dotProduct(doc_embedding)`.
[INFO] [stdout]   |                                                                  ^
[INFO] [stdout]   |
[INFO] [stdout] help: Unicode character '`' (Grave Accent) looks like ''' (Single Quote), but it is not
[INFO] [stdout]   |
[INFO] [stdout] 4 | could be `0.5 * relevance_score + 0.3 * dotProduct(doc_embedding)'.
[INFO] [stdout]   |                                                                  ~
[INFO] [stdout] 
[INFO] [stdout] error: expected one of `!`, `.`, `::`, `;`, `?`, `{`, `}`, or an operator, found `document`
[INFO] [stdout]  --> src/vec_u8_hash_map/google.cloud.discoveryengine.v1beta.rs:4033:4
[INFO] [stdout]   |
[INFO] [stdout] 3 | If document has an embedding field doc_embedding, the ranking expression
[INFO] [stdout]   |    ^^^^^^^^ expected one of 8 possible tokens
[INFO] [stdout]   |
[INFO] [stdout] help: write keyword `if` in lowercase (notice the capitalization difference)
[INFO] [stdout]   |
[INFO] [stdout] 3 | if document has an embedding field doc_embedding, the ranking expression
[INFO] [stdout]   | ~~
[INFO] [stdout] 
[INFO] [stdout] error: aborting due to 3 previous errors
[INFO] [stdout] 
[INFO] [stdout] Couldn't compile the test.
[INFO] [stdout] 
[INFO] [stdout] failures:
[INFO] [stdout]     src/vec_u8_hash_map/google.cloud.discoveryengine.v1beta.rs - vec_u8_hash_map::google::cloud::discoveryengine::v1beta::SearchRequest::ranking_expression (line 4032)
[INFO] [stdout]     src/vec_u8_hash_map/google.cloud.discoveryengine.v1beta.rs - vec_u8_hash_map::google::cloud::discoveryengine::v1beta::ServingConfig::ranking_expression (line 12722)
[INFO] [stdout]     src/vec_u8_hash_map/google.cloud.discoveryengine.v1beta.rs - vec_u8_hash_map::google::cloud::discoveryengine::v1beta::search_request::SessionSpec::query_id (line 5076)
[INFO] [stdout] 
[INFO] [stdout] test result: FAILED. 0 passed; 3 failed; 0 ignored; 0 measured; 0 filtered out; finished in 0.03s
[INFO] [stdout] 
[INFO] [stderr] error: doctest failed, to rerun pass `--doc`
[INFO] running `Command { std: "docker" "inspect" "c61940da2e018dd2a54ffbb4019d0d1cc8b59cf22474b8a81707d51e47c3f30b", kill_on_drop: false }`
[INFO] running `Command { std: "docker" "rm" "-f" "c61940da2e018dd2a54ffbb4019d0d1cc8b59cf22474b8a81707d51e47c3f30b", kill_on_drop: false }`
[INFO] [stdout] c61940da2e018dd2a54ffbb4019d0d1cc8b59cf22474b8a81707d51e47c3f30b
