[INFO] fetching crate googleapis-tonic-google-cloud-discoveryengine-v1alpha 0.10.0...
[INFO] testing googleapis-tonic-google-cloud-discoveryengine-v1alpha-0.10.0 against nightly-2024-10-28 for randomize-layout
[INFO] extracting crate googleapis-tonic-google-cloud-discoveryengine-v1alpha 0.10.0 into /workspace/builds/worker-6-tc1/source
[INFO] validating manifest of crates.io crate googleapis-tonic-google-cloud-discoveryengine-v1alpha 0.10.0 on toolchain nightly-2024-10-28
[INFO] running `Command { std: CARGO_HOME="/workspace/cargo-home" RUSTUP_HOME="/workspace/rustup-home" "/workspace/cargo-home/bin/cargo" "+nightly-2024-10-28" "metadata" "--manifest-path" "Cargo.toml" "--no-deps", kill_on_drop: false }`
[INFO] started tweaking crates.io crate googleapis-tonic-google-cloud-discoveryengine-v1alpha 0.10.0
[INFO] finished tweaking crates.io crate googleapis-tonic-google-cloud-discoveryengine-v1alpha 0.10.0
[INFO] tweaked toml for crates.io crate googleapis-tonic-google-cloud-discoveryengine-v1alpha 0.10.0 written to /workspace/builds/worker-6-tc1/source/Cargo.toml
[INFO] running `Command { std: CARGO_HOME="/workspace/cargo-home" RUSTUP_HOME="/workspace/rustup-home" "/workspace/cargo-home/bin/cargo" "+nightly-2024-10-28" "generate-lockfile" "--manifest-path" "Cargo.toml", kill_on_drop: false }`
[INFO] [stderr]     Updating crates.io index
[INFO] [stderr]      Locking 58 packages to latest compatible versions
[INFO] [stderr]       Adding googleapis-tonic-google-api v0.9.0 (available: v0.10.0)
[INFO] [stderr]       Adding googleapis-tonic-google-longrunning v0.9.0 (available: v0.10.0)
[INFO] running `Command { std: CARGO_HOME="/workspace/cargo-home" RUSTUP_HOME="/workspace/rustup-home" "/workspace/cargo-home/bin/cargo" "+nightly-2024-10-28" "fetch" "--manifest-path" "Cargo.toml", kill_on_drop: false }`
[INFO] running `Command { std: "docker" "create" "-v" "/var/lib/crater-agent-workspace/builds/worker-6-tc1/target:/opt/rustwide/target:rw,Z" "-v" "/var/lib/crater-agent-workspace/builds/worker-6-tc1/source:/opt/rustwide/workdir:ro,Z" "-v" "/var/lib/crater-agent-workspace/cargo-home:/opt/rustwide/cargo-home:ro,Z" "-v" "/var/lib/crater-agent-workspace/rustup-home:/opt/rustwide/rustup-home:ro,Z" "-e" "SOURCE_DIR=/opt/rustwide/workdir" "-e" "CARGO_TARGET_DIR=/opt/rustwide/target" "-e" "CARGO_HOME=/opt/rustwide/cargo-home" "-e" "RUSTUP_HOME=/opt/rustwide/rustup-home" "-w" "/opt/rustwide/workdir" "-m" "1610612736" "--user" "0:0" "--network" "none" "ghcr.io/rust-lang/crates-build-env/linux@sha256:4a844ea9eb2546a2d2c7022eacef16ef2e8229c7fbb2c7d4d55a9ceca922f72d" "/opt/rustwide/cargo-home/bin/cargo" "+nightly-2024-10-28" "metadata" "--no-deps" "--format-version=1", kill_on_drop: false }`
[INFO] [stdout] 13f5f416b81632fb91e86743bff812e18f6be41cd8bb988f3d15a39e2eb7848b
[INFO] running `Command { std: "docker" "start" "-a" "13f5f416b81632fb91e86743bff812e18f6be41cd8bb988f3d15a39e2eb7848b", kill_on_drop: false }`
[INFO] running `Command { std: "docker" "inspect" "13f5f416b81632fb91e86743bff812e18f6be41cd8bb988f3d15a39e2eb7848b", kill_on_drop: false }`
[INFO] running `Command { std: "docker" "rm" "-f" "13f5f416b81632fb91e86743bff812e18f6be41cd8bb988f3d15a39e2eb7848b", kill_on_drop: false }`
[INFO] [stdout] 13f5f416b81632fb91e86743bff812e18f6be41cd8bb988f3d15a39e2eb7848b
[INFO] running `Command { std: "docker" "create" "-v" "/var/lib/crater-agent-workspace/builds/worker-6-tc1/target:/opt/rustwide/target:rw,Z" "-v" "/var/lib/crater-agent-workspace/builds/worker-6-tc1/source:/opt/rustwide/workdir:ro,Z" "-v" "/var/lib/crater-agent-workspace/cargo-home:/opt/rustwide/cargo-home:ro,Z" "-v" "/var/lib/crater-agent-workspace/rustup-home:/opt/rustwide/rustup-home:ro,Z" "-e" "SOURCE_DIR=/opt/rustwide/workdir" "-e" "CARGO_TARGET_DIR=/opt/rustwide/target" "-e" "CARGO_INCREMENTAL=0" "-e" "RUST_BACKTRACE=full" "-e" "RUSTFLAGS=--cap-lints=forbid" "-e" "RUSTDOCFLAGS=--cap-lints=forbid" "-e" "CARGO_HOME=/opt/rustwide/cargo-home" "-e" "RUSTUP_HOME=/opt/rustwide/rustup-home" "-w" "/opt/rustwide/workdir" "-m" "1610612736" "--user" "0:0" "--network" "none" "ghcr.io/rust-lang/crates-build-env/linux@sha256:4a844ea9eb2546a2d2c7022eacef16ef2e8229c7fbb2c7d4d55a9ceca922f72d" "/opt/rustwide/cargo-home/bin/cargo" "+nightly-2024-10-28" "build" "--frozen" "--message-format=json", kill_on_drop: false }`
[INFO] [stdout] 146f75f219627bedf82753a4484947c23b3c4ce27efe5d1ec77ab6dad852f075
[INFO] running `Command { std: "docker" "start" "-a" "146f75f219627bedf82753a4484947c23b3c4ce27efe5d1ec77ab6dad852f075", kill_on_drop: false }`
[INFO] [stderr]    Compiling proc-macro2 v1.0.89
[INFO] [stderr]    Compiling unicode-ident v1.0.13
[INFO] [stderr]    Compiling bytes v1.8.0
[INFO] [stderr]    Compiling anyhow v1.0.92
[INFO] [stderr]    Compiling pin-project-lite v0.2.15
[INFO] [stderr]    Compiling either v1.13.0
[INFO] [stderr]    Compiling fnv v1.0.7
[INFO] [stderr]    Compiling futures-core v0.3.31
[INFO] [stderr]    Compiling itoa v1.0.11
[INFO] [stderr]    Compiling futures-task v0.3.31
[INFO] [stderr]    Compiling pin-utils v0.1.0
[INFO] [stderr]    Compiling once_cell v1.20.2
[INFO] [stderr]    Compiling base64 v0.22.1
[INFO] [stderr]    Compiling percent-encoding v2.3.1
[INFO] [stderr]    Compiling tower-service v0.3.3
[INFO] [stderr]    Compiling tower-layer v0.3.3
[INFO] [stderr]    Compiling tokio v1.41.0
[INFO] [stderr]    Compiling futures-util v0.3.31
[INFO] [stderr]    Compiling tracing-core v0.1.32
[INFO] [stderr]    Compiling itertools v0.13.0
[INFO] [stderr]    Compiling http v1.1.0
[INFO] [stderr]    Compiling quote v1.0.37
[INFO] [stderr]    Compiling syn v2.0.86
[INFO] [stderr]    Compiling tokio-stream v0.1.16
[INFO] [stderr]    Compiling http-body v1.0.1
[INFO] [stderr]    Compiling http-body-util v0.1.2
[INFO] [stderr]    Compiling prost-derive v0.13.3
[INFO] [stderr]    Compiling tracing-attributes v0.1.27
[INFO] [stderr]    Compiling pin-project-internal v1.1.7
[INFO] [stderr]    Compiling async-trait v0.1.83
[INFO] [stderr]    Compiling pin-project v1.1.7
[INFO] [stderr]    Compiling tracing v0.1.40
[INFO] [stderr]    Compiling prost v0.13.3
[INFO] [stderr]    Compiling prost-types v0.13.3
[INFO] [stderr]    Compiling tonic v0.12.3
[INFO] [stderr]    Compiling googleapis-tonic-google-rpc v0.8.0
[INFO] [stderr]    Compiling googleapis-tonic-google-api v0.9.0
[INFO] [stderr]    Compiling googleapis-tonic-google-type v0.8.0
[INFO] [stderr]    Compiling googleapis-tonic-google-longrunning v0.9.0
[INFO] [stderr]    Compiling googleapis-tonic-google-cloud-discoveryengine-v1alpha v0.10.0 (/opt/rustwide/workdir)
[INFO] [stderr]     Finished `dev` profile [unoptimized + debuginfo] target(s) in 10.52s
[INFO] running `Command { std: "docker" "inspect" "146f75f219627bedf82753a4484947c23b3c4ce27efe5d1ec77ab6dad852f075", kill_on_drop: false }`
[INFO] running `Command { std: "docker" "rm" "-f" "146f75f219627bedf82753a4484947c23b3c4ce27efe5d1ec77ab6dad852f075", kill_on_drop: false }`
[INFO] [stdout] 146f75f219627bedf82753a4484947c23b3c4ce27efe5d1ec77ab6dad852f075
[INFO] running `Command { std: "docker" "create" "-v" "/var/lib/crater-agent-workspace/builds/worker-6-tc1/target:/opt/rustwide/target:rw,Z" "-v" "/var/lib/crater-agent-workspace/builds/worker-6-tc1/source:/opt/rustwide/workdir:ro,Z" "-v" "/var/lib/crater-agent-workspace/cargo-home:/opt/rustwide/cargo-home:ro,Z" "-v" "/var/lib/crater-agent-workspace/rustup-home:/opt/rustwide/rustup-home:ro,Z" "-e" "SOURCE_DIR=/opt/rustwide/workdir" "-e" "CARGO_TARGET_DIR=/opt/rustwide/target" "-e" "CARGO_INCREMENTAL=0" "-e" "RUST_BACKTRACE=full" "-e" "RUSTFLAGS=--cap-lints=forbid" "-e" "RUSTDOCFLAGS=--cap-lints=forbid" "-e" "CARGO_HOME=/opt/rustwide/cargo-home" "-e" "RUSTUP_HOME=/opt/rustwide/rustup-home" "-w" "/opt/rustwide/workdir" "-m" "1610612736" "--user" "0:0" "--network" "none" "ghcr.io/rust-lang/crates-build-env/linux@sha256:4a844ea9eb2546a2d2c7022eacef16ef2e8229c7fbb2c7d4d55a9ceca922f72d" "/opt/rustwide/cargo-home/bin/cargo" "+nightly-2024-10-28" "test" "--frozen" "--no-run" "--message-format=json", kill_on_drop: false }`
[INFO] [stdout] bf8a9e40cfb76e7279806701d065160eda84e454180cd699695211ad82267a30
[INFO] running `Command { std: "docker" "start" "-a" "bf8a9e40cfb76e7279806701d065160eda84e454180cd699695211ad82267a30", kill_on_drop: false }`
[INFO] [stderr]    Compiling googleapis-tonic-google-cloud-discoveryengine-v1alpha v0.10.0 (/opt/rustwide/workdir)
[INFO] [stderr]     Finished `test` profile [unoptimized + debuginfo] target(s) in 4.02s
[INFO] running `Command { std: "docker" "inspect" "bf8a9e40cfb76e7279806701d065160eda84e454180cd699695211ad82267a30", kill_on_drop: false }`
[INFO] running `Command { std: "docker" "rm" "-f" "bf8a9e40cfb76e7279806701d065160eda84e454180cd699695211ad82267a30", kill_on_drop: false }`
[INFO] [stdout] bf8a9e40cfb76e7279806701d065160eda84e454180cd699695211ad82267a30
[INFO] running `Command { std: "docker" "create" "-v" "/var/lib/crater-agent-workspace/builds/worker-6-tc1/target:/opt/rustwide/target:rw,Z" "-v" "/var/lib/crater-agent-workspace/builds/worker-6-tc1/source:/opt/rustwide/workdir:ro,Z" "-v" "/var/lib/crater-agent-workspace/cargo-home:/opt/rustwide/cargo-home:ro,Z" "-v" "/var/lib/crater-agent-workspace/rustup-home:/opt/rustwide/rustup-home:ro,Z" "-e" "SOURCE_DIR=/opt/rustwide/workdir" "-e" "CARGO_TARGET_DIR=/opt/rustwide/target" "-e" "CARGO_INCREMENTAL=0" "-e" "RUST_BACKTRACE=full" "-e" "RUSTFLAGS=--cap-lints=forbid" "-e" "RUSTDOCFLAGS=--cap-lints=forbid" "-e" "CARGO_HOME=/opt/rustwide/cargo-home" "-e" "RUSTUP_HOME=/opt/rustwide/rustup-home" "-w" "/opt/rustwide/workdir" "-m" "1610612736" "--user" "0:0" "--network" "none" "ghcr.io/rust-lang/crates-build-env/linux@sha256:4a844ea9eb2546a2d2c7022eacef16ef2e8229c7fbb2c7d4d55a9ceca922f72d" "/opt/rustwide/cargo-home/bin/cargo" "+nightly-2024-10-28" "test" "--frozen", kill_on_drop: false }`
[INFO] [stdout] 302bdc6752a8226785f35ff5a39235793d07c7979ca5dd4190c7cd0b87f44435
[INFO] running `Command { std: "docker" "start" "-a" "302bdc6752a8226785f35ff5a39235793d07c7979ca5dd4190c7cd0b87f44435", kill_on_drop: false }`
[INFO] [stderr]     Finished `test` profile [unoptimized + debuginfo] target(s) in 0.03s
[INFO] [stderr]      Running unittests src/lib.rs (/opt/rustwide/target/debug/deps/googleapis_tonic_google_cloud_discoveryengine_v1alpha-c1718236c17b1e23)
[INFO] [stdout] 
[INFO] [stdout] running 0 tests
[INFO] [stdout] 
[INFO] [stdout] test result: ok. 0 passed; 0 failed; 0 ignored; 0 measured; 0 filtered out; finished in 0.00s
[INFO] [stdout] 
[INFO] [stderr]    Doc-tests googleapis_tonic_google_cloud_discoveryengine_v1alpha
[INFO] [stdout] 
[INFO] [stdout] running 3 tests
[INFO] [stdout] test src/vec_u8_hash_map/google.cloud.discoveryengine.v1alpha.rs - vec_u8_hash_map::google::cloud::discoveryengine::v1alpha::ServingConfig::ranking_expression (line 14918) ... FAILED
[INFO] [stdout] test src/vec_u8_hash_map/google.cloud.discoveryengine.v1alpha.rs - vec_u8_hash_map::google::cloud::discoveryengine::v1alpha::search_request::SessionSpec::query_id (line 5688) ... FAILED
[INFO] [stdout] test src/vec_u8_hash_map/google.cloud.discoveryengine.v1alpha.rs - vec_u8_hash_map::google::cloud::discoveryengine::v1alpha::SearchRequest::ranking_expression (line 4639) ... FAILED
[INFO] [stdout] 
[INFO] [stdout] failures:
[INFO] [stdout] 
[INFO] [stdout] ---- src/vec_u8_hash_map/google.cloud.discoveryengine.v1alpha.rs - vec_u8_hash_map::google::cloud::discoveryengine::v1alpha::ServingConfig::ranking_expression (line 14918) stdout ----
[INFO] [stdout] error: unknown start of token: `
[INFO] [stdout]  --> src/vec_u8_hash_map/google.cloud.discoveryengine.v1alpha.rs:14920:10
[INFO] [stdout]   |
[INFO] [stdout] 4 | could be `0.5 * relevance_score + 0.3 * dotProduct(doc_embedding)`.
[INFO] [stdout]   |          ^
[INFO] [stdout]   |
[INFO] [stdout] help: Unicode character '`' (Grave Accent) looks like ''' (Single Quote), but it is not
[INFO] [stdout]   |
[INFO] [stdout] 4 | could be '0.5 * relevance_score + 0.3 * dotProduct(doc_embedding)`.
[INFO] [stdout]   |          ~
[INFO] [stdout] 
[INFO] [stdout] error: unknown start of token: `
[INFO] [stdout]  --> src/vec_u8_hash_map/google.cloud.discoveryengine.v1alpha.rs:14920:66
[INFO] [stdout]   |
[INFO] [stdout] 4 | could be `0.5 * relevance_score + 0.3 * dotProduct(doc_embedding)`.
[INFO] [stdout]   |                                                                  ^
[INFO] [stdout]   |
[INFO] [stdout] help: Unicode character '`' (Grave Accent) looks like ''' (Single Quote), but it is not
[INFO] [stdout]   |
[INFO] [stdout] 4 | could be `0.5 * relevance_score + 0.3 * dotProduct(doc_embedding)'.
[INFO] [stdout]   |                                                                  ~
[INFO] [stdout] 
[INFO] [stdout] error: expected one of `!`, `.`, `::`, `;`, `?`, `{`, `}`, or an operator, found `document`
[INFO] [stdout]  --> src/vec_u8_hash_map/google.cloud.discoveryengine.v1alpha.rs:14919:4
[INFO] [stdout]   |
[INFO] [stdout] 3 | If document has an embedding field doc_embedding, the ranking expression
[INFO] [stdout]   |    ^^^^^^^^ expected one of 8 possible tokens
[INFO] [stdout]   |
[INFO] [stdout] help: write keyword `if` in lowercase (notice the capitalization difference)
[INFO] [stdout]   |
[INFO] [stdout] 3 | if document has an embedding field doc_embedding, the ranking expression
[INFO] [stdout]   | ~~
[INFO] [stdout] 
[INFO] [stdout] error: aborting due to 3 previous errors
[INFO] [stdout] 
[INFO] [stdout] Couldn't compile the test.
[INFO] [stdout] ---- src/vec_u8_hash_map/google.cloud.discoveryengine.v1alpha.rs - vec_u8_hash_map::google::cloud::discoveryengine::v1alpha::search_request::SessionSpec::query_id (line 5688) stdout ----
[INFO] [stdout] error: expected one of `!`, `.`, `::`, `;`, `?`, `{`, `}`, or an operator, found `:`
[INFO] [stdout]  --> src/vec_u8_hash_map/google.cloud.discoveryengine.v1alpha.rs:5689:8
[INFO] [stdout]   |
[INFO] [stdout] 3 | session: ".../sessions/xxx"
[INFO] [stdout]   |        ^ expected one of 8 possible tokens
[INFO] [stdout] 
[INFO] [stdout] error: aborting due to 1 previous error
[INFO] [stdout] 
[INFO] [stdout] Couldn't compile the test.
[INFO] [stdout] ---- src/vec_u8_hash_map/google.cloud.discoveryengine.v1alpha.rs - vec_u8_hash_map::google::cloud::discoveryengine::v1alpha::SearchRequest::ranking_expression (line 4639) stdout ----
[INFO] [stdout] error: unknown start of token: `
[INFO] [stdout]  --> src/vec_u8_hash_map/google.cloud.discoveryengine.v1alpha.rs:4641:10
[INFO] [stdout]   |
[INFO] [stdout] 4 | could be `0.5 * relevance_score + 0.3 * dotProduct(doc_embedding)`.
[INFO] [stdout]   |          ^
[INFO] [stdout]   |
[INFO] [stdout] help: Unicode character '`' (Grave Accent) looks like ''' (Single Quote), but it is not
[INFO] [stdout]   |
[INFO] [stdout] 4 | could be '0.5 * relevance_score + 0.3 * dotProduct(doc_embedding)`.
[INFO] [stdout]   |          ~
[INFO] [stdout] 
[INFO] [stdout] error: unknown start of token: `
[INFO] [stdout]  --> src/vec_u8_hash_map/google.cloud.discoveryengine.v1alpha.rs:4641:66
[INFO] [stdout]   |
[INFO] [stdout] 4 | could be `0.5 * relevance_score + 0.3 * dotProduct(doc_embedding)`.
[INFO] [stdout]   |                                                                  ^
[INFO] [stdout]   |
[INFO] [stdout] help: Unicode character '`' (Grave Accent) looks like ''' (Single Quote), but it is not
[INFO] [stdout]   |
[INFO] [stdout] 4 | could be `0.5 * relevance_score + 0.3 * dotProduct(doc_embedding)'.
[INFO] [stdout]   |                                                                  ~
[INFO] [stdout] 
[INFO] [stdout] error: expected one of `!`, `.`, `::`, `;`, `?`, `{`, `}`, or an operator, found `document`
[INFO] [stdout]  --> src/vec_u8_hash_map/google.cloud.discoveryengine.v1alpha.rs:4640:4
[INFO] [stdout]   |
[INFO] [stdout] 3 | If document has an embedding field doc_embedding, the ranking expression
[INFO] [stdout]   |    ^^^^^^^^ expected one of 8 possible tokens
[INFO] [stdout]   |
[INFO] [stdout] help: write keyword `if` in lowercase (notice the capitalization difference)
[INFO] [stdout]   |
[INFO] [stdout] 3 | if document has an embedding field doc_embedding, the ranking expression
[INFO] [stdout]   | ~~
[INFO] [stdout] 
[INFO] [stdout] error: aborting due to 3 previous errors
[INFO] [stdout] 
[INFO] [stdout] Couldn't compile the test.
[INFO] [stdout] 
[INFO] [stdout] failures:
[INFO] [stdout]     src/vec_u8_hash_map/google.cloud.discoveryengine.v1alpha.rs - vec_u8_hash_map::google::cloud::discoveryengine::v1alpha::SearchRequest::ranking_expression (line 4639)
[INFO] [stdout]     src/vec_u8_hash_map/google.cloud.discoveryengine.v1alpha.rs - vec_u8_hash_map::google::cloud::discoveryengine::v1alpha::ServingConfig::ranking_expression (line 14918)
[INFO] [stdout]     src/vec_u8_hash_map/google.cloud.discoveryengine.v1alpha.rs - vec_u8_hash_map::google::cloud::discoveryengine::v1alpha::search_request::SessionSpec::query_id (line 5688)
[INFO] [stdout] 
[INFO] [stdout] test result: FAILED. 0 passed; 3 failed; 0 ignored; 0 measured; 0 filtered out; finished in 0.03s
[INFO] [stdout] 
[INFO] [stderr] error: doctest failed, to rerun pass `--doc`
[INFO] running `Command { std: "docker" "inspect" "302bdc6752a8226785f35ff5a39235793d07c7979ca5dd4190c7cd0b87f44435", kill_on_drop: false }`
[INFO] running `Command { std: "docker" "rm" "-f" "302bdc6752a8226785f35ff5a39235793d07c7979ca5dd4190c7cd0b87f44435", kill_on_drop: false }`
[INFO] [stdout] 302bdc6752a8226785f35ff5a39235793d07c7979ca5dd4190c7cd0b87f44435
