[INFO] fetching crate googleapis-tonic-google-cloud-dialogflow-v2beta1 0.9.0...
[INFO] testing googleapis-tonic-google-cloud-dialogflow-v2beta1-0.9.0 against nightly-2024-10-28+rustflags=-Zrandomize-layout for randomize-layout
[INFO] extracting crate googleapis-tonic-google-cloud-dialogflow-v2beta1 0.9.0 into /workspace/builds/worker-4-tc2/source
[INFO] validating manifest of crates.io crate googleapis-tonic-google-cloud-dialogflow-v2beta1 0.9.0 on toolchain nightly-2024-10-28
[INFO] running `Command { std: CARGO_HOME="/workspace/cargo-home" RUSTUP_HOME="/workspace/rustup-home" "/workspace/cargo-home/bin/cargo" "+nightly-2024-10-28" "metadata" "--manifest-path" "Cargo.toml" "--no-deps", kill_on_drop: false }`
[INFO] started tweaking crates.io crate googleapis-tonic-google-cloud-dialogflow-v2beta1 0.9.0
[INFO] finished tweaking crates.io crate googleapis-tonic-google-cloud-dialogflow-v2beta1 0.9.0
[INFO] tweaked toml for crates.io crate googleapis-tonic-google-cloud-dialogflow-v2beta1 0.9.0 written to /workspace/builds/worker-4-tc2/source/Cargo.toml
[INFO] running `Command { std: CARGO_HOME="/workspace/cargo-home" RUSTUP_HOME="/workspace/rustup-home" "/workspace/cargo-home/bin/cargo" "+nightly-2024-10-28" "generate-lockfile" "--manifest-path" "Cargo.toml", kill_on_drop: false }`
[INFO] [stderr]     Updating crates.io index
[INFO] [stderr]      Locking 58 packages to latest compatible versions
[INFO] [stderr]       Adding googleapis-tonic-google-api v0.9.0 (available: v0.10.0)
[INFO] [stderr]       Adding googleapis-tonic-google-longrunning v0.9.0 (available: v0.10.0)
[INFO] running `Command { std: CARGO_HOME="/workspace/cargo-home" RUSTUP_HOME="/workspace/rustup-home" "/workspace/cargo-home/bin/cargo" "+nightly-2024-10-28" "fetch" "--manifest-path" "Cargo.toml", kill_on_drop: false }`
[INFO] running `Command { std: "docker" "create" "-v" "/var/lib/crater-agent-workspace/builds/worker-4-tc2/target:/opt/rustwide/target:rw,Z" "-v" "/var/lib/crater-agent-workspace/builds/worker-4-tc2/source:/opt/rustwide/workdir:ro,Z" "-v" "/var/lib/crater-agent-workspace/cargo-home:/opt/rustwide/cargo-home:ro,Z" "-v" "/var/lib/crater-agent-workspace/rustup-home:/opt/rustwide/rustup-home:ro,Z" "-e" "SOURCE_DIR=/opt/rustwide/workdir" "-e" "CARGO_TARGET_DIR=/opt/rustwide/target" "-e" "CARGO_HOME=/opt/rustwide/cargo-home" "-e" "RUSTUP_HOME=/opt/rustwide/rustup-home" "-w" "/opt/rustwide/workdir" "-m" "1610612736" "--user" "0:0" "--network" "none" "ghcr.io/rust-lang/crates-build-env/linux@sha256:4a844ea9eb2546a2d2c7022eacef16ef2e8229c7fbb2c7d4d55a9ceca922f72d" "/opt/rustwide/cargo-home/bin/cargo" "+nightly-2024-10-28" "metadata" "--no-deps" "--format-version=1", kill_on_drop: false }`
[INFO] [stdout] b24eb708f8de8c3643db6878995af374334a5c7cdb50fb9e26e17bd45274891e
[INFO] running `Command { std: "docker" "start" "-a" "b24eb708f8de8c3643db6878995af374334a5c7cdb50fb9e26e17bd45274891e", kill_on_drop: false }`
[INFO] running `Command { std: "docker" "inspect" "b24eb708f8de8c3643db6878995af374334a5c7cdb50fb9e26e17bd45274891e", kill_on_drop: false }`
[INFO] running `Command { std: "docker" "rm" "-f" "b24eb708f8de8c3643db6878995af374334a5c7cdb50fb9e26e17bd45274891e", kill_on_drop: false }`
[INFO] [stdout] b24eb708f8de8c3643db6878995af374334a5c7cdb50fb9e26e17bd45274891e
[INFO] running `Command { std: "docker" "create" "-v" "/var/lib/crater-agent-workspace/builds/worker-4-tc2/target:/opt/rustwide/target:rw,Z" "-v" "/var/lib/crater-agent-workspace/builds/worker-4-tc2/source:/opt/rustwide/workdir:ro,Z" "-v" "/var/lib/crater-agent-workspace/cargo-home:/opt/rustwide/cargo-home:ro,Z" "-v" "/var/lib/crater-agent-workspace/rustup-home:/opt/rustwide/rustup-home:ro,Z" "-e" "SOURCE_DIR=/opt/rustwide/workdir" "-e" "CARGO_TARGET_DIR=/opt/rustwide/target" "-e" "CARGO_INCREMENTAL=0" "-e" "RUST_BACKTRACE=full" "-e" "RUSTFLAGS=--cap-lints=forbid -Zrandomize-layout" "-e" "RUSTDOCFLAGS=--cap-lints=forbid" "-e" "CARGO_HOME=/opt/rustwide/cargo-home" "-e" "RUSTUP_HOME=/opt/rustwide/rustup-home" "-w" "/opt/rustwide/workdir" "-m" "1610612736" "--user" "0:0" "--network" "none" "ghcr.io/rust-lang/crates-build-env/linux@sha256:4a844ea9eb2546a2d2c7022eacef16ef2e8229c7fbb2c7d4d55a9ceca922f72d" "/opt/rustwide/cargo-home/bin/cargo" "+nightly-2024-10-28" "build" "--frozen" "--message-format=json", kill_on_drop: false }`
[INFO] [stdout] 854fcb54f5cefe4937769b20a838d895897ed5c0a63f248f79401993ba70ddaa
[INFO] running `Command { std: "docker" "start" "-a" "854fcb54f5cefe4937769b20a838d895897ed5c0a63f248f79401993ba70ddaa", kill_on_drop: false }`
[INFO] [stderr]    Compiling either v1.13.0
[INFO] [stderr]    Compiling futures-task v0.3.31
[INFO] [stderr]    Compiling tower-layer v0.3.3
[INFO] [stderr]    Compiling anyhow v1.0.92
[INFO] [stderr]    Compiling tokio v1.41.0
[INFO] [stderr]    Compiling tracing-attributes v0.1.27
[INFO] [stderr]    Compiling pin-project-internal v1.1.7
[INFO] [stderr]    Compiling futures-util v0.3.31
[INFO] [stderr]    Compiling itertools v0.13.0
[INFO] [stderr]    Compiling pin-project v1.1.7
[INFO] [stderr]    Compiling tracing v0.1.40
[INFO] [stderr]    Compiling tokio-stream v0.1.16
[INFO] [stderr]    Compiling http-body-util v0.1.2
[INFO] [stderr]    Compiling prost-derive v0.13.3
[INFO] [stderr]    Compiling prost v0.13.3
[INFO] [stderr]    Compiling prost-types v0.13.3
[INFO] [stderr]    Compiling tonic v0.12.3
[INFO] [stderr]    Compiling googleapis-tonic-google-api v0.9.0
[INFO] [stderr]    Compiling googleapis-tonic-google-rpc v0.8.0
[INFO] [stderr]    Compiling googleapis-tonic-google-type v0.8.0
[INFO] [stderr]    Compiling googleapis-tonic-google-longrunning v0.9.0
[INFO] [stderr]    Compiling googleapis-tonic-google-cloud-dialogflow-v2beta1 v0.9.0 (/opt/rustwide/workdir)
[INFO] [stderr]     Finished `dev` profile [unoptimized + debuginfo] target(s) in 7.93s
[INFO] running `Command { std: "docker" "inspect" "854fcb54f5cefe4937769b20a838d895897ed5c0a63f248f79401993ba70ddaa", kill_on_drop: false }`
[INFO] running `Command { std: "docker" "rm" "-f" "854fcb54f5cefe4937769b20a838d895897ed5c0a63f248f79401993ba70ddaa", kill_on_drop: false }`
[INFO] [stdout] 854fcb54f5cefe4937769b20a838d895897ed5c0a63f248f79401993ba70ddaa
[INFO] running `Command { std: "docker" "create" "-v" "/var/lib/crater-agent-workspace/builds/worker-4-tc2/target:/opt/rustwide/target:rw,Z" "-v" "/var/lib/crater-agent-workspace/builds/worker-4-tc2/source:/opt/rustwide/workdir:ro,Z" "-v" "/var/lib/crater-agent-workspace/cargo-home:/opt/rustwide/cargo-home:ro,Z" "-v" "/var/lib/crater-agent-workspace/rustup-home:/opt/rustwide/rustup-home:ro,Z" "-e" "SOURCE_DIR=/opt/rustwide/workdir" "-e" "CARGO_TARGET_DIR=/opt/rustwide/target" "-e" "CARGO_INCREMENTAL=0" "-e" "RUST_BACKTRACE=full" "-e" "RUSTFLAGS=--cap-lints=forbid -Zrandomize-layout" "-e" "RUSTDOCFLAGS=--cap-lints=forbid" "-e" "CARGO_HOME=/opt/rustwide/cargo-home" "-e" "RUSTUP_HOME=/opt/rustwide/rustup-home" "-w" "/opt/rustwide/workdir" "-m" "1610612736" "--user" "0:0" "--network" "none" "ghcr.io/rust-lang/crates-build-env/linux@sha256:4a844ea9eb2546a2d2c7022eacef16ef2e8229c7fbb2c7d4d55a9ceca922f72d" "/opt/rustwide/cargo-home/bin/cargo" "+nightly-2024-10-28" "test" "--frozen" "--no-run" "--message-format=json", kill_on_drop: false }`
[INFO] [stdout] 496d9fee9d44a5cabaab52cfdc0d6b484eb02a0602dafd9ab4d4e55e99008f49
[INFO] running `Command { std: "docker" "start" "-a" "496d9fee9d44a5cabaab52cfdc0d6b484eb02a0602dafd9ab4d4e55e99008f49", kill_on_drop: false }`
[INFO] [stderr]    Compiling googleapis-tonic-google-cloud-dialogflow-v2beta1 v0.9.0 (/opt/rustwide/workdir)
[INFO] [stderr]     Finished `test` profile [unoptimized + debuginfo] target(s) in 3.61s
[INFO] running `Command { std: "docker" "inspect" "496d9fee9d44a5cabaab52cfdc0d6b484eb02a0602dafd9ab4d4e55e99008f49", kill_on_drop: false }`
[INFO] running `Command { std: "docker" "rm" "-f" "496d9fee9d44a5cabaab52cfdc0d6b484eb02a0602dafd9ab4d4e55e99008f49", kill_on_drop: false }`
[INFO] [stdout] 496d9fee9d44a5cabaab52cfdc0d6b484eb02a0602dafd9ab4d4e55e99008f49
[INFO] running `Command { std: "docker" "create" "-v" "/var/lib/crater-agent-workspace/builds/worker-4-tc2/target:/opt/rustwide/target:rw,Z" "-v" "/var/lib/crater-agent-workspace/builds/worker-4-tc2/source:/opt/rustwide/workdir:ro,Z" "-v" "/var/lib/crater-agent-workspace/cargo-home:/opt/rustwide/cargo-home:ro,Z" "-v" "/var/lib/crater-agent-workspace/rustup-home:/opt/rustwide/rustup-home:ro,Z" "-e" "SOURCE_DIR=/opt/rustwide/workdir" "-e" "CARGO_TARGET_DIR=/opt/rustwide/target" "-e" "CARGO_INCREMENTAL=0" "-e" "RUST_BACKTRACE=full" "-e" "RUSTFLAGS=--cap-lints=forbid -Zrandomize-layout" "-e" "RUSTDOCFLAGS=--cap-lints=forbid" "-e" "CARGO_HOME=/opt/rustwide/cargo-home" "-e" "RUSTUP_HOME=/opt/rustwide/rustup-home" "-w" "/opt/rustwide/workdir" "-m" "1610612736" "--user" "0:0" "--network" "none" "ghcr.io/rust-lang/crates-build-env/linux@sha256:4a844ea9eb2546a2d2c7022eacef16ef2e8229c7fbb2c7d4d55a9ceca922f72d" "/opt/rustwide/cargo-home/bin/cargo" "+nightly-2024-10-28" "test" "--frozen", kill_on_drop: false }`
[INFO] [stdout] a547617adc21091f84bdca9d58d99b4c1bf6df35449c468eb68465fdc47a3273
[INFO] running `Command { std: "docker" "start" "-a" "a547617adc21091f84bdca9d58d99b4c1bf6df35449c468eb68465fdc47a3273", kill_on_drop: false }`
[INFO] [stderr]     Finished `test` profile [unoptimized + debuginfo] target(s) in 0.03s
[INFO] [stderr]      Running unittests src/lib.rs (/opt/rustwide/target/debug/deps/googleapis_tonic_google_cloud_dialogflow_v2beta1-d6d3413908f743e9)
[INFO] [stdout] 
[INFO] [stdout] running 0 tests
[INFO] [stdout] 
[INFO] [stdout] test result: ok. 0 passed; 0 failed; 0 ignored; 0 measured; 0 filtered out; finished in 0.00s
[INFO] [stdout] 
[INFO] [stderr]    Doc-tests googleapis_tonic_google_cloud_dialogflow_v2beta1
[INFO] [stdout] 
[INFO] [stdout] running 4 tests
[INFO] [stdout] test src/vec_u8_hash_map/google.cloud.dialogflow.v2beta1.rs - vec_u8_hash_map::google::cloud::dialogflow::v2beta1::StreamingRecognitionResult (line 6210) ... FAILED
[INFO] [stdout] test src/vec_u8_hash_map/google.cloud.dialogflow.v2beta1.rs - vec_u8_hash_map::google::cloud::dialogflow::v2beta1::BargeInConfig (line 1021) ... FAILED
[INFO] [stdout] test src/vec_u8_hash_map/google.cloud.dialogflow.v2beta1.rs - vec_u8_hash_map::google::cloud::dialogflow::v2beta1::Participant::documents_metadata_filters (line 6663) ... FAILED
[INFO] [stdout] test src/vec_u8_hash_map/google.cloud.dialogflow.v2beta1.rs - vec_u8_hash_map::google::cloud::dialogflow::v2beta1::AssistQueryParameters::documents_metadata_filters (line 7118) ... FAILED
[INFO] [stdout] 
[INFO] [stdout] failures:
[INFO] [stdout] 
[INFO] [stdout] ---- src/vec_u8_hash_map/google.cloud.dialogflow.v2beta1.rs - vec_u8_hash_map::google::cloud::dialogflow::v2beta1::StreamingRecognitionResult (line 6210) stdout ----
[INFO] [stdout] error: prefix `question` is unknown
[INFO] [stdout]   --> src/vec_u8_hash_map/google.cloud.dialogflow.v2beta1.rs:6220:21
[INFO] [stdout]    |
[INFO] [stdout] 10 | 8   | " that is the question" | TRANSCRIPT              | true
[INFO] [stdout]    |                     ^^^^^^^^ unknown prefix
[INFO] [stdout]    |
[INFO] [stdout]    = note: prefixed identifiers and literals are reserved since Rust 2021
[INFO] [stdout] help: consider inserting whitespace here
[INFO] [stdout]    |
[INFO] [stdout] 10 | 8   | " that is the question " | TRANSCRIPT              | true
[INFO] [stdout]    |                             +
[INFO] [stdout] 
[INFO] [stdout] error[E0765]: unterminated double quote string
[INFO] [stdout]   --> src/vec_u8_hash_map/google.cloud.dialogflow.v2beta1.rs:6220:29
[INFO] [stdout]    |
[INFO] [stdout] 10 | 8   | " that is the question" | TRANSCRIPT              | true
[INFO] [stdout]    |                             ^^^^^^^^^^^^^^^^^^^^^^^^^^^^^^^^^^
[INFO] [stdout] 
[INFO] [stdout] error: aborting due to 2 previous errors
[INFO] [stdout] 
[INFO] [stdout] For more information about this error, try `rustc --explain E0765`.
[INFO] [stdout] Couldn't compile the test.
[INFO] [stdout] ---- src/vec_u8_hash_map/google.cloud.dialogflow.v2beta1.rs - vec_u8_hash_map::google::cloud::dialogflow::v2beta1::BargeInConfig (line 1021) stdout ----
[INFO] [stdout] error: expected expression, found `->`
[INFO] [stdout]  --> src/vec_u8_hash_map/google.cloud.dialogflow.v2beta1.rs:1022:2
[INFO] [stdout]   |
[INFO] [stdout] 3 | --> Time
[INFO] [stdout]   |  ^^ expected expression
[INFO] [stdout] 
[INFO] [stdout] error: aborting due to 1 previous error
[INFO] [stdout] 
[INFO] [stdout] Couldn't compile the test.
[INFO] [stdout] ---- src/vec_u8_hash_map/google.cloud.dialogflow.v2beta1.rs - vec_u8_hash_map::google::cloud::dialogflow::v2beta1::Participant::documents_metadata_filters (line 6663) stdout ----
[INFO] [stdout] error: expected one of `,`, `.`, `?`, `}`, or an operator, found `value`
[INFO] [stdout]  --> src/vec_u8_hash_map/google.cloud.dialogflow.v2beta1.rs:6666:4
[INFO] [stdout]   |
[INFO] [stdout] 3 | documents_metadata_filters {
[INFO] [stdout]   | -------------------------- while parsing this struct
[INFO] [stdout] 4 |    key: "market"
[INFO] [stdout]   |                 -
[INFO] [stdout]   |                 |
[INFO] [stdout]   |                 expected one of `,`, `.`, `?`, `}`, or an operator
[INFO] [stdout]   |                 help: try adding a comma: `,`
[INFO] [stdout] 5 |    value: "US,CA"
[INFO] [stdout]   |    ^^^^^ unexpected token
[INFO] [stdout] 
[INFO] [stdout] error: expected `;`, found `documents_metadata_filters`
[INFO] [stdout]  --> src/vec_u8_hash_map/google.cloud.dialogflow.v2beta1.rs:6667:2
[INFO] [stdout]   |
[INFO] [stdout] 6 | }
[INFO] [stdout]   |  ^ help: add `;` here
[INFO] [stdout] 7 | documents_metadata_filters {
[INFO] [stdout]   | -------------------------- unexpected token
[INFO] [stdout] 
[INFO] [stdout] error: expected one of `,`, `.`, `?`, `}`, or an operator, found `value`
[INFO] [stdout]  --> src/vec_u8_hash_map/google.cloud.dialogflow.v2beta1.rs:6670:4
[INFO] [stdout]   |
[INFO] [stdout] 7 | documents_metadata_filters {
[INFO] [stdout]   | -------------------------- while parsing this struct
[INFO] [stdout] 8 |    key: "user"
[INFO] [stdout]   |               -
[INFO] [stdout]   |               |
[INFO] [stdout]   |               expected one of `,`, `.`, `?`, `}`, or an operator
[INFO] [stdout]   |               help: try adding a comma: `,`
[INFO] [stdout] 9 |    value: "agent"
[INFO] [stdout]   |    ^^^^^ unexpected token
[INFO] [stdout] 
[INFO] [stdout] error[E0422]: cannot find struct, variant or union type `documents_metadata_filters` in this scope
[INFO] [stdout]  --> src/vec_u8_hash_map/google.cloud.dialogflow.v2beta1.rs:6668:1
[INFO] [stdout]   |
[INFO] [stdout] 7 | documents_metadata_filters {
[INFO] [stdout]   | ^^^^^^^^^^^^^^^^^^^^^^^^^^ not found in this scope
[INFO] [stdout] 
[INFO] [stdout] error: aborting due to 4 previous errors
[INFO] [stdout] 
[INFO] [stdout] For more information about this error, try `rustc --explain E0422`.
[INFO] [stdout] Couldn't compile the test.
[INFO] [stdout] ---- src/vec_u8_hash_map/google.cloud.dialogflow.v2beta1.rs - vec_u8_hash_map::google::cloud::dialogflow::v2beta1::AssistQueryParameters::documents_metadata_filters (line 7118) stdout ----
[INFO] [stdout] error: expected one of `,`, `.`, `?`, `}`, or an operator, found `value`
[INFO] [stdout]  --> src/vec_u8_hash_map/google.cloud.dialogflow.v2beta1.rs:7121:4
[INFO] [stdout]   |
[INFO] [stdout] 3 | documents_metadata_filters {
[INFO] [stdout]   | -------------------------- while parsing this struct
[INFO] [stdout] 4 |    key: "market"
[INFO] [stdout]   |                 -
[INFO] [stdout]   |                 |
[INFO] [stdout]   |                 expected one of `,`, `.`, `?`, `}`, or an operator
[INFO] [stdout]   |                 help: try adding a comma: `,`
[INFO] [stdout] 5 |    value: "US,CA"
[INFO] [stdout]   |    ^^^^^ unexpected token
[INFO] [stdout] 
[INFO] [stdout] error: expected `;`, found `documents_metadata_filters`
[INFO] [stdout]  --> src/vec_u8_hash_map/google.cloud.dialogflow.v2beta1.rs:7122:2
[INFO] [stdout]   |
[INFO] [stdout] 6 | }
[INFO] [stdout]   |  ^ help: add `;` here
[INFO] [stdout] 7 | documents_metadata_filters {
[INFO] [stdout]   | -------------------------- unexpected token
[INFO] [stdout] 
[INFO] [stdout] error: expected one of `,`, `.`, `?`, `}`, or an operator, found `value`
[INFO] [stdout]  --> src/vec_u8_hash_map/google.cloud.dialogflow.v2beta1.rs:7125:4
[INFO] [stdout]   |
[INFO] [stdout] 7 | documents_metadata_filters {
[INFO] [stdout]   | -------------------------- while parsing this struct
[INFO] [stdout] 8 |    key: "user"
[INFO] [stdout]   |               -
[INFO] [stdout]   |               |
[INFO] [stdout]   |               expected one of `,`, `.`, `?`, `}`, or an operator
[INFO] [stdout]   |               help: try adding a comma: `,`
[INFO] [stdout] 9 |    value: "agent"
[INFO] [stdout]   |    ^^^^^ unexpected token
[INFO] [stdout] 
[INFO] [stdout] error[E0422]: cannot find struct, variant or union type `documents_metadata_filters` in this scope
[INFO] [stdout]  --> src/vec_u8_hash_map/google.cloud.dialogflow.v2beta1.rs:7123:1
[INFO] [stdout]   |
[INFO] [stdout] 7 | documents_metadata_filters {
[INFO] [stdout]   | ^^^^^^^^^^^^^^^^^^^^^^^^^^ not found in this scope
[INFO] [stdout] 
[INFO] [stdout] error: aborting due to 4 previous errors
[INFO] [stdout] 
[INFO] [stdout] For more information about this error, try `rustc --explain E0422`.
[INFO] [stdout] Couldn't compile the test.
[INFO] [stdout] 
[INFO] [stdout] failures:
[INFO] [stdout]     src/vec_u8_hash_map/google.cloud.dialogflow.v2beta1.rs - vec_u8_hash_map::google::cloud::dialogflow::v2beta1::AssistQueryParameters::documents_metadata_filters (line 7118)
[INFO] [stdout]     src/vec_u8_hash_map/google.cloud.dialogflow.v2beta1.rs - vec_u8_hash_map::google::cloud::dialogflow::v2beta1::BargeInConfig (line 1021)
[INFO] [stdout]     src/vec_u8_hash_map/google.cloud.dialogflow.v2beta1.rs - vec_u8_hash_map::google::cloud::dialogflow::v2beta1::Participant::documents_metadata_filters (line 6663)
[INFO] [stdout]     src/vec_u8_hash_map/google.cloud.dialogflow.v2beta1.rs - vec_u8_hash_map::google::cloud::dialogflow::v2beta1::StreamingRecognitionResult (line 6210)
[INFO] [stdout] 
[INFO] [stdout] test result: FAILED. 0 passed; 4 failed; 0 ignored; 0 measured; 0 filtered out; finished in 0.05s
[INFO] [stdout] 
[INFO] [stderr] error: doctest failed, to rerun pass `--doc`
[INFO] running `Command { std: "docker" "inspect" "a547617adc21091f84bdca9d58d99b4c1bf6df35449c468eb68465fdc47a3273", kill_on_drop: false }`
[INFO] running `Command { std: "docker" "rm" "-f" "a547617adc21091f84bdca9d58d99b4c1bf6df35449c468eb68465fdc47a3273", kill_on_drop: false }`
[INFO] [stdout] a547617adc21091f84bdca9d58d99b4c1bf6df35449c468eb68465fdc47a3273
